66.35.110.26 - - [01/Nov/2007:06:01:42 -0700] "GET /jodera2/joderaphoto/displayim...bum=random&cat=0&pos=-387//tools/send_reminders.php?includedir=ftp://80.50.253.90/upload/071011004039p/old? HTTP/1.1" 404 827 "-" "libwww-perl/5.808" "www.sancarloscity.org"
66.35.110.26 - - [01/Nov/2007:06:01:42 -0700] "GET //tools/send_reminders.php?includedir=ftp://80.50.253.90/upload/071011004039p/old? HTTP/1.1" 404 761 "-" "libwww-perl/5.808" "www.sancarloscity.org"
66.35.110.26 - - [01/Nov/2007:06:01:42 -0700] "GET /jodera2/joderaphoto//tools/send_reminders.php?includedir=ftp://80.50.253.90/upload/071011004039p/old? HTTP/1.1" 404 781 "-" "libwww-perl/5.808" "www.sancarloscity.org"
210.213.119.58 - - [01/Nov/2007:06:01:43 -0700] "GET /jobs/ HTTP/1.1" 200 23656 "http://search.yahoo.com/search?p=cebu+city+job+vacancy&fr=yfp-t-203-s&toggle=1&cop=mss&ei=UTF-8&vc=&fp_ip=PH" "Mozilla/4.0 (compatible; MSIE 7.0; Windows NT 5.1; .NET CLR 1.1.4322)" "www.sancarloscity.org"
210.213.119.58 - - [01/Nov/2007:06:01:44 -0700] "GET /style.css HTTP/1.1" 200 17050 "http://www.sancarloscity.org/jobs/" "Mozilla/4.0 (compatible; MSIE 7.0; Windows NT 5.1; .NET CLR 1.1.4322)" "www.sancarloscity.org"
210.213.119.58 - - [01/Nov/2007:06:01:45 -0700] "GET /scci01.jpg HTTP/1.1" 200 40666 "http://www.sancarloscity.org/jobs/" "Mozilla/4.0 (compatible; MSIE 7.0; Windows NT 5.1; .NET CLR 1.1.4322)" "www.sancarloscity.org"
210.213.119.58 - - [01/Nov/2007:06:01:45 -0700] "GET /banner/bannerjob.gif HTTP/1.1" 200 6228 "http://www.sancarloscity.org/jobs/" "Mozilla/4.0 (compatible; MSIE 7.0; Windows NT 5.1; .NET CLR 1.1.4322)" "www.sancarloscity.org"
210.213.119.58 - - [01/Nov/2007:06:01:46 -0700] "GET /dot.gif HTTP/1.1" 200 54 "http://www.sancarloscity.org/jobs/" "Mozilla/4.0 (compatible; MSIE 7.0; Windows NT 5.1; .NET CLR 1.1.4322)" "www.sancarloscity.org"
210.213.119.58 - - [01/Nov/2007:06:01:46 -0700] "GET /favicon.ico HTTP/1.1" 404 747 "-" "Mozilla/4.0 (compatible; MSIE 7.0; Windows NT 5.1; .NET CLR 1.1.4322)" "www.sancarloscity.org"
74.6.22.16 - - [01/Nov/2007:06:02:13 -0700] "GET /forum2/index.php?showtopic=114&mode=threaded&pid=871 HTTP/1.0" 200 7933 "-" "Mozilla/5.0 (compatible; Yahoo! Slurp; http://help.yahoo.com/help/us/ysearch/slurp)" "www.sancarloscity.org"
74.6.24.16 - - [01/Nov/2007:06:02:20 -0700] "GET /forum2/index.php?showtopic=145&mode=linearplus&view=findpost&p=825 HTTP/1.0" 302 0 "-" "Mozilla/5.0 (compatible; Yahoo! Slurp; http://help.yahoo.com/help/us/ysearch/slurp)" "www.sancarloscity.org"
74.6.24.16 - - [01/Nov/2007:06:02:21 -0700] "GET /forum2/index.php?s=08233bdb1544a2aabb5a57cf09e371f6&showtopic=145&st=0&p=825& HTTP/1.0" 200 6065 "-" "Mozilla/5.0 (compatible; Yahoo! Slurp; http://help.yahoo.com/help/us/ysearch/slurp)" "www.sancarloscity.org"
210.213.119.58 - - [01/Nov/2007:06:02:49 -0700] "GET /form/jobform.htm HTTP/1.1" 200 12332 "http://www.sancarloscity.org/jobs/" "Mozilla/4.0 (compatible; MSIE 7.0; Windows NT 5.1; .NET CLR 1.1.4322)" "www.sancarloscity.org"
210.213.119.58 - - [01/Nov/2007:06:02:49 -0700] "GET /images/bannerdir.gif HTTP/1.1" 200 7375 "http://www.sancarloscity.org/form/jobform.htm" "Mozilla/4.0 (compatible; MSIE 7.0; Windows NT 5.1; .NET CLR 1.1.4322)" "www.sancarloscity.org"
222.127.71.241 - - [01/Nov/2007:06:03:11 -0700] "GET / HTTP/1.1" 200 58676 "-" "Mozilla/4.0 (compatible; MSIE 6.0; Windows NT 5.1; SV1)" "www.sancarloscity.org"
210.213.119.58 - - [01/Nov/2007:06:03:14 -0700] "GET /places.htm HTTP/1.1" 200 30647 "http://www.sancarloscity.org/jobs/" "Mozilla/4.0 (compatible; MSIE 7.0; Windows NT 5.1; .NET CLR 1.1.4322)" "www.sancarloscity.org"
222.127.71.241 - - [01/Nov/2007:06:03:14 -0700] "GET /antenna.css HTTP/1.1" 200 1674 "http://www.sancarloscity.org/" "Mozilla/4.0 (compatible; MSIE 6.0; Windows NT 5.1; SV1)" "www.sancarloscity.org"
210.213.119.58 - - [01/Nov/2007:06:03:15 -0700] "GET /scdb/lagoon1.gif HTTP/1.1" 200 81711 "http://www.sancarloscity.org/places.htm" "Mozilla/4.0 (compatible; MSIE 7.0; Windows NT 5.1; .NET CLR 1.1.4322)" "www.sancarloscity.org"
210.213.119.58 - - [01/Nov/2007:06:03:16 -0700] "GET /scdb/lagoon3.gif HTTP/1.1" 200 92071 "http://www.sancarloscity.org/places.htm" "Mozilla/4.0 (compatible; MSIE 7.0; Windows NT 5.1; .NET CLR 1.1.4322)" "www.sancarloscity.org"
222.127.71.241 - - [01/Nov/2007:06:03:16 -0700] "GET /autoactivate.js HTTP/1.1" 200 5474 "http://www.sancarloscity.org/" "Mozilla/4.0 (compatible; MSIE 6.0; Windows NT 5.1; SV1)" "www.sancarloscity.org"
210.213.119.58 - - [01/Nov/2007:06:03:18 -0700] "GET /images/cityhall2.jpg HTTP/1.1" 200 3089 "http://www.sancarloscity.org/places.htm" "Mozilla/4.0 (compatible; MSIE 7.0; Windows NT 5.1; .NET CLR 1.1.4322)" "www.sancarloscity.org"
74.6.23.108 - - [01/Nov/2007:06:03:18 -0700] "GET /forum2/index.php?showtopic=130 HTTP/1.0" 200 7973 "-" "Mozilla/5.0 (compatible; Yahoo! Slurp; http://help.yahoo.com/help/us/ysearch/slurp)" "www.sancarloscity.org"
210.213.119.58 - - [01/Nov/2007:06:03:19 -0700] "GET /riceterraces.jpg HTTP/1.1" 200 32826 "http://www.sancarloscity.org/places.htm" "Mozilla/4.0 (compatible; MSIE 7.0; Windows NT 5.1; .NET CLR 1.1.4322)" "www.sancarloscity.org"
210.213.119.58 - - [01/Nov/2007:06:03:19 -0700] "GET /riceterraces1.jpg HTTP/1.1" 200 21301 "http://www.sancarloscity.org/places.htm" "Mozilla/4.0 (compatible; MSIE 7.0; Windows NT 5.1; .NET CLR 1.1.4322)" "www.sancarloscity.org"
222.127.71.241 - - [01/Nov/2007:06:03:19 -0700] "GET /sccirtpan1.jpg HTTP/1.1" 200 25068 "http://www.sancarloscity.org/" "Mozilla/4.0 (compatible; MSIE 6.0; Windows NT 5.1; SV1)" "www.sancarloscity.org"
210.213.119.58 - - [01/Nov/2007:06:03:21 -0700] "GET /DSC00384.JPG HTTP/1.1" 200 130696 "http://www.sancarloscity.org/places.htm" "Mozilla/4.0 (compatible; MSIE 7.0; Windows NT 5.1; .NET CLR 1.1.4322)" "www.sancarloscity.org"
210.213.119.58 - - [01/Nov/2007:06:03:21 -0700] "GET /alinsyawan.jpg HTTP/1.1" 200 30379 "http://www.sancarloscity.org/places.htm" "Mozilla/4.0 (compatible; MSIE 7.0; Windows NT 5.1; .NET CLR 1.1.4322)" "www.sancarloscity.org"
210.213.119.58 - - [01/Nov/2007:06:03:21 -0700] "GET /jobs HTTP/1.1" 301 97 "http://www.sancarloscity.org/places.htm" "Mozilla/4.0 (compatible; MSIE 7.0; Windows NT 5.1; .NET CLR 1.1.4322)" "www.sancarloscity.org"
210.213.119.58 - - [01/Nov/2007:06:03:22 -0700] "GET /jobs/ HTTP/1.1" 304 - "http://www.sancarloscity.org/places.htm" "Mozilla/4.0 (compatible; MSIE 7.0; Windows NT 5.1; .NET CLR 1.1.4322)" "www.sancarloscity.org"
222.127.71.241 - - [01/Nov/2007:06:03:24 -0700] "GET /bg_red_aurora.jpg HTTP/1.1" 200 32099 "http://www.sancarloscity.org/" "Mozilla/4.0 (compatible; MSIE 6.0; Windows NT 5.1; SV1)" "www.sancarloscity.org"
222.127.71.241 - - [01/Nov/2007:06:03:29 -0700] "GET /background_scci_top.jpg HTTP/1.1" 200 69602 "http://www.sancarloscity.org/" "Mozilla/4.0 (compatible; MSIE 6.0; Windows NT 5.1; SV1)" "www.sancarloscity.org"
222.127.71.241 - - [01/Nov/2007:06:03:36 -0700] "GET /bg_glass_bottomleft3.jpg HTTP/1.1" 200 18715 "http://www.sancarloscity.org/" "Mozilla/4.0 (compatible; MSIE 6.0; Windows NT 5.1; SV1)" "www.sancarloscity.org"
222.127.71.241 - - [01/Nov/2007:06:03:43 -0700] "GET /bg_glass_bottomright3.jpg HTTP/1.1" 200 18715 "http://www.sancarloscity.org/" "Mozilla/4.0 (compatible; MSIE 6.0; Windows NT 5.1; SV1)" "www.sancarloscity.org"
222.127.71.241 - - [01/Nov/2007:06:03:44 -0700] "GET /sccinewsidepan1.jpg HTTP/1.1" 200 29777 "http://www.sancarloscity.org/" "Mozilla/4.0 (compatible; MSIE 6.0; Windows NT 5.1; SV1)" "www.sancarloscity.org"
222.127.71.241 - - [01/Nov/2007:06:03:51 -0700] "GET /wheretostaytab2.jpg HTTP/1.1" 200 26860 "http://www.sancarloscity.org/" "Mozilla/4.0 (compatible; MSIE 6.0; Windows NT 5.1; SV1)" "www.sancarloscity.org"
222.127.71.241 - - [01/Nov/2007:06:03:55 -0700] "GET /wheretostaytab1.jpg HTTP/1.1" 200 25858 "http://www.sancarloscity.org/" "Mozilla/4.0 (compatible; MSIE 6.0; Windows NT 5.1; SV1)" "www.sancarloscity.org"
222.127.71.241 - - [01/Nov/2007:06:03:57 -0700] "GET /wheretoeattab2.jpg HTTP/1.1" 200 26730 "http://www.sancarloscity.org/" "Mozilla/4.0 (compatible; MSIE 6.0; Windows NT 5.1; SV1)" "www.sancarloscity.org"
222.127.71.241 - - [01/Nov/2007:06:04:02 -0700] "GET /wheretoeattab1.jpg HTTP/1.1" 200 25761 "http://www.sancarloscity.org/" "Mozilla/4.0 (compatible; MSIE 6.0; Windows NT 5.1; SV1)" "www.sancarloscity.org"
222.127.71.241 - - [01/Nov/2007:06:04:04 -0700] "GET /whattodotab2.jpg HTTP/1.1" 200 26426 "http://www.sancarloscity.org/" "Mozilla/4.0 (compatible; MSIE 6.0; Windows NT 5.1; SV1)" "www.sancarloscity.org"
222.127.71.241 - - [01/Nov/2007:06:04:08 -0700] "GET /whattodotab1.jpg HTTP/1.1" 200 25422 "http://www.sancarloscity.org/" "Mozilla/4.0 (compatible; MSIE 6.0; Windows NT 5.1; SV1)" "www.sancarloscity.org"
222.127.71.241 - - [01/Nov/2007:06:04:12 -0700] "GET /whattoseetab2.jpg HTTP/1.1" 200 26704 "http://www.sancarloscity.org/" "Mozilla/4.0 (compatible; MSIE 6.0; Windows NT 5.1; SV1)" "www.sancarloscity.org"
222.127.71.241 - - [01/Nov/2007:06:04:14 -0700] "GET /whattoseetab1.jpg HTTP/1.1" 200 25736 "http://www.sancarloscity.org/" "Mozilla/4.0 (compatible; MSIE 6.0; Windows NT 5.1; SV1)" "www.sancarloscity.org"
222.127.71.241 - - [01/Nov/2007:06:04:18 -0700] "GET /sccilinksicons.jpg HTTP/1.1" 200 33512 "http://www.sancarloscity.org/" "Mozilla/4.0 (compatible; MSIE 6.0; Windows NT 5.1; SV1)" "www.sancarloscity.org"
222.127.71.241 - - [01/Nov/2007:06:04:19 -0700] "GET / HTTP/1.1" 200 58676 "http://www.sancarloscity.org/" "Mozilla/4.0 (compatible; MSIE 6.0; Windows NT 5.1; SV1)" "www.sancarloscity.org"
222.127.71.241 - - [01/Nov/2007:06:04:21 -0700] "GET /360maps.jpg HTTP/1.1" 200 12355 "http://www.sancarloscity.org/" "Mozilla/4.0 (compatible; MSIE 6.0; Windows NT 5.1; SV1)" "www.sancarloscity.org"
210.213.119.58 - - [01/Nov/2007:06:04:21 -0700] "GET /DSC00384.JPG HTTP/1.1" 200 130696 "http://www.sancarloscity.org/places.htm" "Mozilla/4.0 (compatible; MSIE 7.0; Windows NT 5.1; .NET CLR 1.1.4322)" "www.sancarloscity.org"
210.213.119.58 - - [01/Nov/2007:06:04:21 -0700] "GET /alinsyawan.jpg HTTP/1.1" 200 30379 "http://www.sancarloscity.org/places.htm" "Mozilla/4.0 (compatible; MSIE 7.0; Windows NT 5.1; .NET CLR 1.1.4322)" "www.sancarloscity.org"
222.127.71.241 - - [01/Nov/2007:06:04:25 -0700] "GET /sccimidline.jpg HTTP/1.1" 200 22936 "http://www.sancarloscity.org/" "Mozilla/4.0 (compatible; MSIE 6.0; Windows NT 5.1; SV1)" "www.sancarloscity.org"
222.127.71.241 - - [01/Nov/2007:06:04:30 -0700] "GET /newpost.gif HTTP/1.1" 200 82 "http://www.sancarloscity.org/" "Mozilla/4.0 (compatible; MSIE 6.0; Windows NT 5.1; SV1)" "www.sancarloscity.org"
222.127.71.241 - - [01/Nov/2007:06:04:35 -0700] "GET /photo-116.jpg HTTP/1.1" 200 5005 "http://www.sancarloscity.org/" "Mozilla/4.0 (compatible; MSIE 6.0; Windows NT 5.1; SV1)" "www.sancarloscity.org"
222.127.71.241 - - [01/Nov/2007:06:04:35 -0700] "GET /pp-blank-large.png HTTP/1.1" 200 10903 "http://www.sancarloscity.org/" "Mozilla/4.0 (compatible; MSIE 6.0; Windows NT 5.1; SV1)" "www.sancarloscity.org"
65.55.209.54 - - [01/Nov/2007:06:04:35 -0700] "GET /forum2/index.php?s=762e16cb26fb8b340b6cfb3a1534e0e3&act=Help HTTP/1.0" 200 12532 "-" "msnbot/1.0 (+http://search.msn.com/msnbot.htm)" "www.sancarloscity.org"
222.127.71.241 - - [01/Nov/2007:06:04:41 -0700] "GET /ymblogo2new.gif HTTP/1.1" 200 8010 "http://www.sancarloscity.org/" "Mozilla/4.0 (compatible; MSIE 6.0; Windows NT 5.1; SV1)" "www.sancarloscity.org"
222.127.71.241 - - [01/Nov/2007:06:04:45 -0700] "GET /5star.jpg HTTP/1.1" 200 1016 "http://www.sancarloscity.org/" "Mozilla/4.0 (compatible; MSIE 6.0; Windows NT 5.1; SV1)" "www.sancarloscity.org"
222.127.71.241 - - [01/Nov/2007:06:04:47 -0700] "GET /banner.jpg HTTP/1.1" 200 5359 "http://www.sancarloscity.org/" "Mozilla/4.0 (compatible; MSIE 6.0; Windows NT 5.1; SV1)" "www.sancarloscity.org"
222.127.71.241 - - [01/Nov/2007:06:04:47 -0700] "GET /ad.gif HTTP/1.1" 200 6757 "http://www.sancarloscity.org/" "Mozilla/4.0 (compatible; MSIE 6.0; Windows NT 5.1; SV1)" "www.sancarloscity.org"
222.127.71.241 - - [01/Nov/2007:06:04:50 -0700] "GET /photo-163.jpg HTTP/1.1" 200 6164 "http://www.sancarloscity.org/" "Mozilla/4.0 (compatible; MSIE 6.0; Windows NT 5.1; SV1)" "www.sancarloscity.org"
222.127.71.241 - - [01/Nov/2007:06:04:53 -0700] "GET /photo-162.jpg HTTP/1.1" 200 5970 "http://www.sancarloscity.org/" "Mozilla/4.0 (compatible; MSIE 6.0; Windows NT 5.1; SV1)" "www.sancarloscity.org"
222.127.71.241 - - [01/Nov/2007:06:04:56 -0700] "GET /sccisamplepage_02.gif HTTP/1.1" 200 7431 "http://www.sancarloscity.org/" "Mozilla/4.0 (compatible; MSIE 6.0; Windows NT 5.1; SV1)" "www.sancarloscity.org"
222.127.71.241 - - [01/Nov/2007:06:04:56 -0700] "GET /newpanmaster.png HTTP/1.1" 200 943 "http://www.sancarloscity.org/" "Mozilla/4.0 (compatible; MSIE 6.0; Windows NT 5.1; SV1)" "www.sancarloscity.org"
222.127.71.241 - - [01/Nov/2007:06:04:58 -0700] "GET /newpanmaster2.png HTTP/1.1" 200 927 "http://www.sancarloscity.org/" "Mozilla/4.0 (compatible; MSIE 6.0; Windows NT 5.1; SV1)" "www.sancarloscity.org"
222.127.71.241 - - [01/Nov/2007:06:04:59 -0700] "GET /sccinewsearch.jpg HTTP/1.1" 200 22686 "http://www.sancarloscity.org/" "Mozilla/4.0 (compatible; MSIE 6.0; Windows NT 5.1; SV1)" "www.sancarloscity.org"
222.127.71.241 - - [01/Nov/2007:06:05:19 -0700] "GET /forum2/index.php?act=calendar&code=showevent&calendar_id=1&event_id=16 HTTP/1.1" 200 3661 "http://www.sancarloscity.org/" "Mozilla/4.0 (compatible; MSIE 6.0; Windows NT 5.1; SV1)" "www.sancarloscity.org"
222.127.71.241 - - [01/Nov/2007:06:05:22 -0700] "GET /forum2/style_images/css_2.css HTTP/1.1" 200 31951 "http://www.sancarloscity.org/forum2/index.php?act=calendar&code=showevent&calendar_id=1&event_id=16" "Mozilla/4.0 (compatible; MSIE 6.0; Windows NT 5.1; SV1)" "www.sancarloscity.org"
222.127.71.241 - - [01/Nov/2007:06:05:27 -0700] "GET /forum2/jscripts/ips_ipsclass.js HTTP/1.1" 200 6562 "http://www.sancarloscity.org/forum2/index.php?act=calendar&code=showevent&calendar_id=1&event_id=16" "Mozilla/4.0 (compatible; MSIE 6.0; Windows NT 5.1; SV1)" "www.sancarloscity.org"
222.127.71.241 - - [01/Nov/2007:06:05:32 -0700] "GET /forum2/jscripts/ipb_global.js HTTP/1.1" 200 17304 "http://www.sancarloscity.org/forum2/index.php?act=calendar&code=showevent&calendar_id=1&event_id=16" "Mozilla/4.0 (compatible; MSIE 6.0; Windows NT 5.1; SV1)" "www.sancarloscity.org"
82.171.121.225 - - [01/Nov/2007:06:05:34 -0700] "GET /forum2/ HTTP/1.1" 200 6365 "-" "Mozilla/4.0 (compatible; MSIE 7.0; Windows NT 5.1; .NET CLR 1.1.4322; IEMB3)" "www.sancarloscity.org"
82.171.121.225 - - [01/Nov/2007:06:05:35 -0700] "GET /forum2/style_images/css_2.css HTTP/1.1" 200 31951 "http://www.sancarloscity.org/forum2/" "Mozilla/4.0 (compatible; MSIE 7.0; Windows NT 5.1; .NET CLR 1.1.4322; IEMB3)" "www.sancarloscity.org"
82.171.121.225 - - [01/Nov/2007:06:05:36 -0700] "GET /forum2/jscripts/ips_ipsclass.js HTTP/1.1" 200 6562 "http://www.sancarloscity.org/forum2/" "Mozilla/4.0 (compatible; MSIE 7.0; Windows NT 5.1; .NET CLR 1.1.4322; IEMB3)" "www.sancarloscity.org"
222.127.71.241 - - [01/Nov/2007:06:05:36 -0700] "GET /forum2/jscripts/ips_menu.js HTTP/1.1" 200 6059 "http://www.sancarloscity.org/forum2/index.php?act=calendar&code=showevent&calendar_id=1&event_id=16" "Mozilla/4.0 (compatible; MSIE 6.0; Windows NT 5.1; SV1)" "www.sancarloscity.org"
82.171.121.225 - - [01/Nov/2007:06:05:36 -0700] "GET /forum2/jscripts/ipb_global.js HTTP/1.1" 200 17304 "http://www.sancarloscity.org/forum2/" "Mozilla/4.0 (compatible; MSIE 7.0; Windows NT 5.1; .NET CLR 1.1.4322; IEMB3)" "www.sancarloscity.org"
222.127.71.241 - - [01/Nov/2007:06:05:39 -0700] "GET /forum2/style_images/red_crysta/folder_js_skin/ips_menu_html.js HTTP/1.1" 200 2931 "http://www.sancarloscity.org/forum2/index.php?act=calendar&code=showevent&calendar_id=1&event_id=16" "Mozilla/4.0 (compatible; MSIE 6.0; Windows NT 5.1; SV1)" "www.sancarloscity.org"
82.171.121.225 - - [01/Nov/2007:06:05:39 -0700] "GET /forum2/jscripts/ips_menu.js HTTP/1.1" 200 6059 "http://www.sancarloscity.org/forum2/" "Mozilla/4.0 (compatible; MSIE 7.0; Windows NT 5.1; .NET CLR 1.1.4322; IEMB3)" "www.sancarloscity.org"
82.171.121.225 - - [01/Nov/2007:06:05:40 -0700] "GET /forum2/style_images/red_crysta/folder_js_skin/ips_menu_html.js HTTP/1.1" 200 2931 "http://www.sancarloscity.org/forum2/" "Mozilla/4.0 (compatible; MSIE 7.0; Windows NT 5.1; .NET CLR 1.1.4322; IEMB3)" "www.sancarloscity.org"
82.171.121.225 - - [01/Nov/2007:06:05:40 -0700] "GET /forum2/cache/lang_cache/en/lang_javascript.js HTTP/1.1" 200 2294 "http://www.sancarloscity.org/forum2/" "Mozilla/4.0 (compatible; MSIE 7.0; Windows NT 5.1; .NET CLR 1.1.4322; IEMB3)" "www.sancarloscity.org"
82.171.121.225 - - [01/Nov/2007:06:05:40 -0700] "GET /forum2/style_images/2_2_sccilogobluebkgrd.gif HTTP/1.1" 200 8834 "http://www.sancarloscity.org/forum2/" "Mozilla/4.0 (compatible; MSIE 7.0; Windows NT 5.1; .NET CLR 1.1.4322; IEMB3)" "www.sancarloscity.org"
82.171.121.225 - - [01/Nov/2007:06:05:40 -0700] "GET /forum2/style_images/red_crysta/tile_back.gif HTTP/1.1" 200 940 "http://www.sancarloscity.org/forum2/" "Mozilla/4.0 (compatible; MSIE 7.0; Windows NT 5.1; .NET CLR 1.1.4322; IEMB3)" "www.sancarloscity.org"
222.127.71.241 - - [01/Nov/2007:06:05:41 -0700] "GET /forum2/cache/lang_cache/en/lang_javascript.js HTTP/1.1" 200 2294 "http://www.sancarloscity.org/forum2/index.php?act=calendar&code=showevent&calendar_id=1&event_id=16" "Mozilla/4.0 (compatible; MSIE 6.0; Windows NT 5.1; SV1)" "www.sancarloscity.org"
82.171.121.225 - - [01/Nov/2007:06:05:41 -0700] "GET /forum2/style_images/red_crysta/login-button.gif HTTP/1.1" 200 1226 "http://www.sancarloscity.org/forum2/" "Mozilla/4.0 (compatible; MSIE 7.0; Windows NT 5.1; .NET CLR 1.1.4322; IEMB3)" "www.sancarloscity.org"
82.171.121.225 - - [01/Nov/2007:06:05:41 -0700] "GET /forum2/style_images/red_crysta/tile_sub.gif HTTP/1.1" 200 1581 "http://www.sancarloscity.org/forum2/" "Mozilla/4.0 (compatible; MSIE 7.0; Windows NT 5.1; .NET CLR 1.1.4322; IEMB3)" "www.sancarloscity.org"
82.171.121.225 - - [01/Nov/2007:06:05:41 -0700] "GET /forum2/style_images/red_crysta/tile_sub-lite.gif HTTP/1.1" 200 1511 "http://www.sancarloscity.org/forum2/" "Mozilla/4.0 (compatible; MSIE 7.0; Windows NT 5.1; .NET CLR 1.1.4322; IEMB3)" "www.sancarloscity.org"
82.171.121.225 - - [01/Nov/2007:06:05:42 -0700] "GET /forum2/jscripts/ips_xmlhttprequest.js HTTP/1.1" 200 3619 "http://www.sancarloscity.org/forum2/" "Mozilla/4.0 (compatible; MSIE 7.0; Windows NT 5.1; .NET CLR 1.1.4322; IEMB3)" "www.sancarloscity.org"
82.171.121.225 - - [01/Nov/2007:06:05:42 -0700] "GET /forum2/jscripts/ipb_global_xmlenhanced.js HTTP/1.1" 200 5981 "http://www.sancarloscity.org/forum2/" "Mozilla/4.0 (compatible; MSIE 7.0; Windows NT 5.1; .NET CLR 1.1.4322; IEMB3)" "www.sancarloscity.org"
82.171.121.225 - - [01/Nov/2007:06:05:43 -0700] "GET /forum2/jscripts/dom-drag.js HTTP/1.1" 200 4105 "http://www.sancarloscity.org/forum2/" "Mozilla/4.0 (compatible; MSIE 7.0; Windows NT 5.1; .NET CLR 1.1.4322; IEMB3)" "www.sancarloscity.org"
222.127.71.241 - - [01/Nov/2007:06:05:43 -0700] "GET /forum2/style_images/2_2_sccilogobluebkgrd.gif HTTP/1.1" 200 8834 "http://www.sancarloscity.org/forum2/index.php?act=calendar&code=showevent&calendar_id=1&event_id=16" "Mozilla/4.0 (compatible; MSIE 6.0; Windows NT 5.1; SV1)" "www.sancarloscity.org"
222.127.71.241 - - [01/Nov/2007:06:05:43 -0700] "GET /forum2/style_images/red_crysta/login-button.gif HTTP/1.1" 200 1226 "http://www.sancarloscity.org/forum2/index.php?act=calendar&code=showevent&calendar_id=1&event_id=16" "Mozilla/4.0 (compatible; MSIE 6.0; Windows NT 5.1; SV1)" "www.sancarloscity.org"
82.171.121.225 - - [01/Nov/2007:06:05:43 -0700] "GET /forum2/style_images/red_crysta/loading_anim.gif HTTP/1.1" 200 2800 "http://www.sancarloscity.org/forum2/" "Mozilla/4.0 (compatible; MSIE 7.0; Windows NT 5.1; .NET CLR 1.1.4322; IEMB3)" "www.sancarloscity.org"
82.171.121.225 - - [01/Nov/2007:06:05:43 -0700] "GET /forum2/style_images/red_crysta/close.png HTTP/1.1" 200 834 "http://www.sancarloscity.org/forum2/" "Mozilla/4.0 (compatible; MSIE 7.0; Windows NT 5.1; .NET CLR 1.1.4322; IEMB3)" "www.sancarloscity.org"
82.171.121.225 - - [01/Nov/2007:06:05:44 -0700] "GET /forum2/style_images/red_crysta/css_pp_header.gif HTTP/1.1" 200 2719 "http://www.sancarloscity.org/forum2/" "Mozilla/4.0 (compatible; MSIE 7.0; Windows NT 5.1; .NET CLR 1.1.4322; IEMB3)" "www.sancarloscity.org"
82.171.121.225 - - [01/Nov/2007:06:05:44 -0700] "GET /forum2/style_images/red_crysta/nav.gif HTTP/1.1" 200 113 "http://www.sancarloscity.org/forum2/" "Mozilla/4.0 (compatible; MSIE 7.0; Windows NT 5.1; .NET CLR 1.1.4322; IEMB3)" "www.sancarloscity.org"
82.171.121.225 - - [01/Nov/2007:06:05:44 -0700] "GET /forum2/style_images/red_crysta/tile_cat.gif HTTP/1.1" 200 2760 "http://www.sancarloscity.org/forum2/" "Mozilla/4.0 (compatible; MSIE 7.0; Windows NT 5.1; .NET CLR 1.1.4322; IEMB3)" "www.sancarloscity.org"
82.171.121.225 - - [01/Nov/2007:06:05:44 -0700] "GET /forum2/jscripts/ipb_forum.js HTTP/1.1" 200 11461 "http://www.sancarloscity.org/forum2/" "Mozilla/4.0 (compatible; MSIE 7.0; Windows NT 5.1; .NET CLR 1.1.4322; IEMB3)" "www.sancarloscity.org"
82.171.121.225 - - [01/Nov/2007:06:05:45 -0700] "GET /forum2/style_images/red_crysta/exp_plus.gif HTTP/1.1" 200 61 "http://www.sancarloscity.org/forum2/" "Mozilla/4.0 (compatible; MSIE 7.0; Windows NT 5.1; .NET CLR 1.1.4322; IEMB3)" "www.sancarloscity.org"
82.171.121.225 - - [01/Nov/2007:06:05:45 -0700] "GET /forum2/style_images/red_crysta/nav_m.gif HTTP/1.1" 200 53 "http://www.sancarloscity.org/forum2/" "Mozilla/4.0 (compatible; MSIE 7.0; Windows NT 5.1; .NET CLR 1.1.4322; IEMB3)" "www.sancarloscity.org"
82.171.121.225 - - [01/Nov/2007:06:05:45 -0700] "GET /forum2/style_images/red_crysta/iframe.html HTTP/1.1" 200 475 "http://www.sancarloscity.org/forum2/" "Mozilla/4.0 (compatible; MSIE 7.0; Windows NT 5.1; .NET CLR 1.1.4322; IEMB3)" "www.sancarloscity.org"
82.171.121.225 - - [01/Nov/2007:06:05:45 -0700] "GET /forum2/style_images/red_crysta/exp_minus.gif HTTP/1.1" 200 59 "http://www.sancarloscity.org/forum2/" "Mozilla/4.0 (compatible; MSIE 7.0; Windows NT 5.1; .NET CLR 1.1.4322; IEMB3)" "www.sancarloscity.org"
82.171.121.225 - - [01/Nov/2007:06:05:46 -0700] "GET /forum2/style_images/red_crysta/bf_new.gif HTTP/1.1" 200 1356 "http://www.sancarloscity.org/forum2/" "Mozilla/4.0 (compatible; MSIE 7.0; Windows NT 5.1; .NET CLR 1.1.4322; IEMB3)" "www.sancarloscity.org"
82.171.121.225 - - [01/Nov/2007:06:05:46 -0700] "GET /forum2/style_images/red_crysta/lastpost.gif HTTP/1.1" 200 61 "http://www.sancarloscity.org/forum2/" "Mozilla/4.0 (compatible; MSIE 7.0; Windows NT 5.1; .NET CLR 1.1.4322; IEMB3)" "www.sancarloscity.org"
82.171.121.225 - - [01/Nov/2007:06:05:46 -0700] "GET /forum2/style_images/red_crysta/bc_queued.gif HTTP/1.1" 200 70 "http://www.sancarloscity.org/forum2/" "Mozilla/4.0 (compatible; MSIE 7.0; Windows NT 5.1; .NET CLR 1.1.4322; IEMB3)" "www.sancarloscity.org"
82.171.121.225 - - [01/Nov/2007:06:05:46 -0700] "GET /forum2/style_images/red_crysta/bf_nonew.gif HTTP/1.1" 200 919 "http://www.sancarloscity.org/forum2/" "Mozilla/4.0 (compatible; MSIE 7.0; Windows NT 5.1; .NET CLR 1.1.4322; IEMB3)" "www.sancarloscity.org"
222.127.71.241 - - [01/Nov/2007:06:05:46 -0700] "GET /forum2/style_images/red_crysta/tile_back.gif HTTP/1.1" 200 940 "http://www.sancarloscity.org/forum2/index.php?act=calendar&code=showevent&calendar_id=1&event_id=16" "Mozilla/4.0 (compatible; MSIE 6.0; Windows NT 5.1; SV1)" "www.sancarloscity.org"
82.171.121.225 - - [01/Nov/2007:06:05:47 -0700] "GET /forum2/style_images/red_crysta/user.gif HTTP/1.1" 200 790 "http://www.sancarloscity.org/forum2/" "Mozilla/4.0 (compatible; MSIE 7.0; Windows NT 5.1; .NET CLR 1.1.4322; IEMB3)" "www.sancarloscity.org"
82.171.121.225 - - [01/Nov/2007:06:05:47 -0700] "GET /forum2/style_images/red_crysta/calen.gif HTTP/1.1" 200 369 "http://www.sancarloscity.org/forum2/" "Mozilla/4.0 (compatible; MSIE 7.0; Windows NT 5.1; .NET CLR 1.1.4322; IEMB3)" "www.sancarloscity.org"
82.171.121.225 - - [01/Nov/2007:06:05:47 -0700] "GET /forum2/style_images/red_crysta/stats.gif HTTP/1.1" 200 478 "http://www.sancarloscity.org/forum2/" "Mozilla/4.0 (compatible; MSIE 7.0; Windows NT 5.1; .NET CLR 1.1.4322; IEMB3)" "www.sancarloscity.org"
82.171.121.225 - - [01/Nov/2007:06:05:48 -0700] "GET /forum2/style_images/red_crysta/rss.png HTTP/1.1" 200 1090 "http://www.sancarloscity.org/forum2/" "Mozilla/4.0 (compatible; MSIE 7.0; Windows NT 5.1; .NET CLR 1.1.4322; IEMB3)" "www.sancarloscity.org"
82.171.121.225 - - [01/Nov/2007:06:05:48 -0700] "GET /forum2/index.php?s=f1603a4efc5364f204a9c8f5e6e77adc&act=task HTTP/1.1" 200 59 "http://www.sancarloscity.org/forum2/" "Mozilla/4.0 (compatible; MSIE 7.0; Windows NT 5.1; .NET CLR 1.1.4322; IEMB3)" "www.sancarloscity.org"
222.127.71.241 - - [01/Nov/2007:06:05:51 -0700] "GET /forum2/style_images/red_crysta/tile_sub.gif HTTP/1.1" 200 1581 "http://www.sancarloscity.org/forum2/index.php?act=calendar&code=showevent&calendar_id=1&event_id=16" "Mozilla/4.0 (compatible; MSIE 6.0; Windows NT 5.1; SV1)" "www.sancarloscity.org"
222.127.71.241 - - [01/Nov/2007:06:05:51 -0700] "GET /forum2/style_images/red_crysta/tile_sub-lite.gif HTTP/1.1" 200 1511 "http://www.sancarloscity.org/forum2/index.php?act=calendar&code=showevent&calendar_id=1&event_id=16" "Mozilla/4.0 (compatible; MSIE 6.0; Windows NT 5.1; SV1)" "www.sancarloscity.org"
222.127.71.241 - - [01/Nov/2007:06:05:53 -0700] "GET /forum2/jscripts/ips_xmlhttprequest.js HTTP/1.1" 200 3619 "http://www.sancarloscity.org/forum2/index.php?act=calendar&code=showevent&calendar_id=1&event_id=16" "Mozilla/4.0 (compatible; MSIE 6.0; Windows NT 5.1; SV1)" "www.sancarloscity.org"
222.127.71.241 - - [01/Nov/2007:06:05:55 -0700] "GET /forum2/jscripts/ipb_global_xmlenhanced.js HTTP/1.1" 200 5981 "http://www.sancarloscity.org/forum2/index.php?act=calendar&code=showevent&calendar_id=1&event_id=16" "Mozilla/4.0 (compatible; MSIE 6.0; Windows NT 5.1; SV1)" "www.sancarloscity.org"
222.127.71.241 - - [01/Nov/2007:06:06:02 -0700] "GET /forum2/jscripts/dom-drag.js HTTP/1.1" 200 4105 "http://www.sancarloscity.org/forum2/index.php?act=calendar&code=showevent&calendar_id=1&event_id=16" "Mozilla/4.0 (compatible; MSIE 6.0; Windows NT 5.1; SV1)" "www.sancarloscity.org"
222.127.71.241 - - [01/Nov/2007:06:06:05 -0700] "GET /forum2/style_images/red_crysta/loading_anim.gif HTTP/1.1" 200 2800 "http://www.sancarloscity.org/forum2/index.php?act=calendar&code=showevent&calendar_id=1&event_id=16" "Mozilla/4.0 (compatible; MSIE 6.0; Windows NT 5.1; SV1)" "www.sancarloscity.org"
222.127.71.241 - - [01/Nov/2007:06:06:05 -0700] "GET /forum2/style_images/red_crysta/close.png HTTP/1.1" 200 834 "http://www.sancarloscity.org/forum2/index.php?act=calendar&code=showevent&calendar_id=1&event_id=16" "Mozilla/4.0 (compatible; MSIE 6.0; Windows NT 5.1; SV1)" "www.sancarloscity.org"
222.127.71.241 - - [01/Nov/2007:06:06:07 -0700] "GET /forum2/style_images/red_crysta/css_pp_header.gif HTTP/1.1" 200 2719 "http://www.sancarloscity.org/forum2/index.php?act=calendar&code=showevent&calendar_id=1&event_id=16" "Mozilla/4.0 (compatible; MSIE 6.0; Windows NT 5.1; SV1)" "www.sancarloscity.org"
222.127.71.241 - - [01/Nov/2007:06:06:07 -0700] "GET /forum2/style_images/red_crysta/nav.gif HTTP/1.1" 200 113 "http://www.sancarloscity.org/forum2/index.php?act=calendar&code=showevent&calendar_id=1&event_id=16" "Mozilla/4.0 (compatible; MSIE 6.0; Windows NT 5.1; SV1)" "www.sancarloscity.org"
222.127.71.241 - - [01/Nov/2007:06:06:09 -0700] "GET /forum2/style_images/red_crysta/tile_cat.gif HTTP/1.1" 200 2760 "http://www.sancarloscity.org/forum2/index.php?act=calendar&code=showevent&calendar_id=1&event_id=16" "Mozilla/4.0 (compatible; MSIE 6.0; Windows NT 5.1; SV1)" "www.sancarloscity.org"
222.127.71.241 - - [01/Nov/2007:06:06:09 -0700] "GET /forum2/jscripts/ipb_topic.js HTTP/1.1" 200 14082 "http://www.sancarloscity.org/forum2/index.php?act=calendar&code=showevent&calendar_id=1&event_id=16" "Mozilla/4.0 (compatible; MSIE 6.0; Windows NT 5.1; SV1)" "www.sancarloscity.org"
222.127.71.241 - - [01/Nov/2007:06:06:13 -0700] "GET /forum2/style_images/red_crysta/folder_profile_portal/pp-blank-thumb.png HTTP/1.1" 200 10903 "http://www.sancarloscity.org/forum2/index.php?act=calendar&code=showevent&calendar_id=1&event_id=16" "Mozilla/4.0 (compatible; MSIE 6.0; Windows NT 5.1; SV1)" "www.sancarloscity.org"
222.127.71.241 - - [01/Nov/2007:06:06:13 -0700] "GET /forum2/style_images/red_crysta/folder_profile_portal/user-offline.png HTTP/1.1" 200 569 "http://www.sancarloscity.org/forum2/index.php?act=calendar&code=showevent&calendar_id=1&event_id=16" "Mozilla/4.0 (compatible; MSIE 6.0; Windows NT 5.1; SV1)" "www.sancarloscity.org"
222.127.71.241 - - [01/Nov/2007:06:06:15 -0700] "GET /forum2/style_images/red_crysta/iframe.html HTTP/1.1" 200 475 "http://www.sancarloscity.org/forum2/index.php?act=calendar&code=showevent&calendar_id=1&event_id=16" "Mozilla/4.0 (compatible; MSIE 6.0; Windows NT 5.1; SV1)" "www.sancarloscity.org"
222.127.71.241 - - [01/Nov/2007:06:06:16 -0700] "GET /forum2/style_images/red_crysta/rating_0_mini.gif HTTP/1.1" 200 256 "http://www.sancarloscity.org/forum2/index.php?act=calendar&code=showevent&calendar_id=1&event_id=16" "Mozilla/4.0 (compatible; MSIE 6.0; Windows NT 5.1; SV1)" "www.sancarloscity.org"
222.127.71.241 - - [01/Nov/2007:06:06:17 -0700] "GET /forum2/style_images/red_crysta/folder_profile_portal/find_posts.png HTTP/1.1" 200 677 "http://www.sancarloscity.org/forum2/index.php?act=calendar&code=showevent&calendar_id=1&event_id=16" "Mozilla/4.0 (compatible; MSIE 6.0; Windows NT 5.1; SV1)" "www.sancarloscity.org"
222.127.71.241 - - [01/Nov/2007:06:06:18 -0700] "GET /forum2/style_images/red_crysta/folder_profile_portal/gender_mystery.png HTTP/1.1" 200 697 "http://www.sancarloscity.org/forum2/index.php?act=calendar&code=showevent&calendar_id=1&event_id=16" "Mozilla/4.0 (compatible; MSIE 6.0; Windows NT 5.1; SV1)" "www.sancarloscity.org"
222.127.71.241 - - [01/Nov/2007:06:06:20 -0700] "GET /forum2/uploads/av-4.jpg HTTP/1.1" 200 1774 "http://www.sancarloscity.org/forum2/index.php?act=calendar&code=showevent&calendar_id=1&event_id=16" "Mozilla/4.0 (compatible; MSIE 6.0; Windows NT 5.1; SV1)" "www.sancarloscity.org"
222.127.71.241 - - [01/Nov/2007:06:06:22 -0700] "GET /forum2/style_images/red_crysta/pip.gif HTTP/1.1" 200 125 "http://www.sancarloscity.org/forum2/index.php?act=calendar&code=showevent&calendar_id=1&event_id=16" "Mozilla/4.0 (compatible; MSIE 6.0; Windows NT 5.1; SV1)" "www.sancarloscity.org"
222.127.71.241 - - [01/Nov/2007:06:06:22 -0700] "GET /forum2/style_images/red_crysta/spacer.gif HTTP/1.1" 200 43 "http://www.sancarloscity.org/forum2/index.php?act=calendar&code=showevent&calendar_id=1&event_id=16" "Mozilla/4.0 (compatible; MSIE 6.0; Windows NT 5.1; SV1)" "www.sancarloscity.org"
222.127.71.241 - - [01/Nov/2007:06:06:24 -0700] "GET /forum2/style_images/red_crysta/rss.png HTTP/1.1" 200 1090 "http://www.sancarloscity.org/forum2/index.php?act=calendar&code=showevent&calendar_id=1&event_id=16" "Mozilla/4.0 (compatible; MSIE 6.0; Windows NT 5.1; SV1)" "www.sancarloscity.org"
222.127.71.241 - - [01/Nov/2007:06:06:25 -0700] "GET /forum2/index.php?s=183a62875f203c1af5e7637f2b06df62&act=task HTTP/1.1" 200 59 "http://www.sancarloscity.org/forum2/index.php?act=calendar&code=showevent&calendar_id=1&event_id=16" "Mozilla/4.0 (compatible; MSIE 6.0; Windows NT 5.1; SV1)" "www.sancarloscity.org"
82.171.121.225 - - [01/Nov/2007:06:06:41 -0700] "GET /forum2/index.php?s=f1603a4efc5364f204a9c8f5e6e77adc&act=calendar&code=showevent&calendar_id=1&event_id=16 HTTP/1.1" 200 4367 "http://www.sancarloscity.org/forum2/" "Mozilla/4.0 (compatible; MSIE 7.0; Windows NT 5.1; .NET CLR 1.1.4322; IEMB3)" "www.sancarloscity.org"
82.171.121.225 - - [01/Nov/2007:06:06:42 -0700] "GET /forum2/jscripts/ipb_topic.js HTTP/1.1" 200 14082 "http://www.sancarloscity.org/forum2/index.php?s=f1603a4efc5364f204a9c8f5e6e77adc&act=calendar&code=showevent&calendar_id=1&event_id=16" "Mozilla/4.0 (compatible; MSIE 7.0; Windows NT 5.1; .NET CLR 1.1.4322; IEMB3)" "www.sancarloscity.org"
82.171.121.225 - - [01/Nov/2007:06:06:42 -0700] "GET /forum2/style_images/red_crysta/folder_profile_portal/user-offline.png HTTP/1.1" 200 569 "http://www.sancarloscity.org/forum2/index.php?s=f1603a4efc5364f204a9c8f5e6e77adc&act=calendar&code=showevent&calendar_id=1&event_id=16" "Mozilla/4.0 (compatible; MSIE 7.0; Windows NT 5.1; .NET CLR 1.1.4322; IEMB3)" "www.sancarloscity.org"
82.171.121.225 - - [01/Nov/2007:06:06:42 -0700] "GET /forum2/style_images/red_crysta/folder_profile_portal/pp-blank-thumb.png HTTP/1.1" 200 10903 "http://www.sancarloscity.org/forum2/index.php?s=f1603a4efc5364f204a9c8f5e6e77adc&act=calendar&code=showevent&calendar_id=1&event_id=16" "Mozilla/4.0 (compatible; MSIE 7.0; Windows NT 5.1; .NET CLR 1.1.4322; IEMB3)" "www.sancarloscity.org"
82.171.121.225 - - [01/Nov/2007:06:06:43 -0700] "GET /forum2/style_images/red_crysta/rating_0_mini.gif HTTP/1.1" 200 256 "http://www.sancarloscity.org/forum2/index.php?s=f1603a4efc5364f204a9c8f5e6e77adc&act=calendar&code=showevent&calendar_id=1&event_id=16" "Mozilla/4.0 (compatible; MSIE 7.0; Windows NT 5.1; .NET CLR 1.1.4322; IEMB3)" "www.sancarloscity.org"
82.171.121.225 - - [01/Nov/2007:06:06:43 -0700] "GET /forum2/style_images/red_crysta/folder_profile_portal/gender_mystery.png HTTP/1.1" 200 697 "http://www.sancarloscity.org/forum2/index.php?s=f1603a4efc5364f204a9c8f5e6e77adc&act=calendar&code=showevent&calendar_id=1&event_id=16" "Mozilla/4.0 (compatible; MSIE 7.0; Windows NT 5.1; .NET CLR 1.1.4322; IEMB3)" "www.sancarloscity.org"
82.171.121.225 - - [01/Nov/2007:06:06:43 -0700] "GET /forum2/style_images/red_crysta/folder_profile_portal/friend_add_small.png HTTP/1.1" 200 723 "http://www.sancarloscity.org/forum2/index.php?s=f1603a4efc5364f204a9c8f5e6e77adc&act=calendar&code=showevent&calendar_id=1&event_id=16" "Mozilla/4.0 (compatible; MSIE 7.0; Windows NT 5.1; .NET CLR 1.1.4322; IEMB3)" "www.sancarloscity.org"
82.171.121.225 - - [01/Nov/2007:06:06:44 -0700] "GET /forum2/style_images/red_crysta/folder_profile_portal/send_pm_small.png HTTP/1.1" 200 793 "http://www.sancarloscity.org/forum2/index.php?s=f1603a4efc5364f204a9c8f5e6e77adc&act=calendar&code=showevent&calendar_id=1&event_id=16" "Mozilla/4.0 (compatible; MSIE 7.0; Windows NT 5.1; .NET CLR 1.1.4322; IEMB3)" "www.sancarloscity.org"
82.171.121.225 - - [01/Nov/2007:06:06:44 -0700] "GET /forum2/style_images/red_crysta/folder_profile_portal/find_posts.png HTTP/1.1" 200 677 "http://www.sancarloscity.org/forum2/index.php?s=f1603a4efc5364f204a9c8f5e6e77adc&act=calendar&code=showevent&calendar_id=1&event_id=16" "Mozilla/4.0 (compatible; MSIE 7.0; Windows NT 5.1; .NET CLR 1.1.4322; IEMB3)" "www.sancarloscity.org"
82.171.121.225 - - [01/Nov/2007:06:06:44 -0700] "GET /forum2/uploads/av-4.jpg HTTP/1.1" 200 1774 "http://www.sancarloscity.org/forum2/index.php?s=f1603a4efc5364f204a9c8f5e6e77adc&act=calendar&code=showevent&calendar_id=1&event_id=16" "Mozilla/4.0 (compatible; MSIE 7.0; Windows NT 5.1; .NET CLR 1.1.4322; IEMB3)" "www.sancarloscity.org"
82.171.121.225 - - [01/Nov/2007:06:06:44 -0700] "GET /forum2/style_images/red_crysta/pip.gif HTTP/1.1" 200 125 "http://www.sancarloscity.org/forum2/index.php?s=f1603a4efc5364f204a9c8f5e6e77adc&act=calendar&code=showevent&calendar_id=1&event_id=16" "Mozilla/4.0 (compatible; MSIE 7.0; Windows NT 5.1; .NET CLR 1.1.4322; IEMB3)" "www.sancarloscity.org"
82.171.121.225 - - [01/Nov/2007:06:06:44 -0700] "GET /forum2/style_images/red_crysta/warn_minus.gif HTTP/1.1" 200 121 "http://www.sancarloscity.org/forum2/index.php?s=f1603a4efc5364f204a9c8f5e6e77adc&act=calendar&code=showevent&calendar_id=1&event_id=16" "Mozilla/4.0 (compatible; MSIE 7.0; Windows NT 5.1; .NET CLR 1.1.4322; IEMB3)" "www.sancarloscity.org"
82.171.121.225 - - [01/Nov/2007:06:06:44 -0700] "GET /forum2/style_images/red_crysta/warn0.gif HTTP/1.1" 200 213 "http://www.sancarloscity.org/forum2/index.php?s=f1603a4efc5364f204a9c8f5e6e77adc&act=calendar&code=showevent&calendar_id=1&event_id=16" "Mozilla/4.0 (compatible; MSIE 7.0; Windows NT 5.1; .NET CLR 1.1.4322; IEMB3)" "www.sancarloscity.org"
82.171.121.225 - - [01/Nov/2007:06:06:45 -0700] "GET /forum2/style_images/red_crysta/warn_add.gif HTTP/1.1" 200 120 "http://www.sancarloscity.org/forum2/index.php?s=f1603a4efc5364f204a9c8f5e6e77adc&act=calendar&code=showevent&calendar_id=1&event_id=16" "Mozilla/4.0 (compatible; MSIE 7.0; Windows NT 5.1; .NET CLR 1.1.4322; IEMB3)" "www.sancarloscity.org"
82.171.121.225 - - [01/Nov/2007:06:06:45 -0700] "GET /forum2/style_images/red_crysta/spacer.gif HTTP/1.1" 200 43 "http://www.sancarloscity.org/forum2/index.php?s=f1603a4efc5364f204a9c8f5e6e77adc&act=calendar&code=showevent&calendar_id=1&event_id=16" "Mozilla/4.0 (compatible; MSIE 7.0; Windows NT 5.1; .NET CLR 1.1.4322; IEMB3)" "www.sancarloscity.org"
82.171.121.225 - - [01/Nov/2007:06:06:45 -0700] "GET /forum2/index.php?act=task HTTP/1.1" 200 59 "http://www.sancarloscity.org/forum2/index.php?s=f1603a4efc5364f204a9c8f5e6e77adc&act=calendar&code=showevent&calendar_id=1&event_id=16" "Mozilla/4.0 (compatible; MSIE 7.0; Windows NT 5.1; .NET CLR 1.1.4322; IEMB3)" "www.sancarloscity.org"
82.99.30.5 - - [01/Nov/2007:06:06:45 -0700] "GET /forum2/index.php?showtopic=154 HTTP/1.0" 200 24292 "-" "Mozilla/4.0 (compatible; MSIE 6.0; Windows NT 5.1)" "www.sancarloscity.org"
82.171.121.225 - - [01/Nov/2007:06:06:46 -0700] "GET /forum2/favicon.ico HTTP/1.1" 200 1406 "-" "Mozilla/4.0 (compatible; MSIE 7.0; Windows NT 5.1; .NET CLR 1.1.4322; IEMB3)" "www.sancarloscity.org"
74.6.22.14 - - [01/Nov/2007:06:06:55 -0700] "GET /qphotogallery/thumbnails.php?album=18 HTTP/1.0" 200 16928 "-" "Mozilla/5.0 (compatible; Yahoo! Slurp; http://help.yahoo.com/help/us/ysearch/slurp)" "sancarloscity.org"
82.171.121.225 - - [01/Nov/2007:06:06:57 -0700] "GET /forum2/index.php?act=calendar HTTP/1.1" 200 4731 "http://www.sancarloscity.org/forum2/index.php?s=f1603a4efc5364f204a9c8f5e6e77adc&act=calendar&code=showevent&calendar_id=1&event_id=16" "Mozilla/4.0 (compatible; MSIE 7.0; Windows NT 5.1; .NET CLR 1.1.4322; IEMB3)" "www.sancarloscity.org"
82.171.121.225 - - [01/Nov/2007:06:06:58 -0700] "GET /forum2/style_images/red_crysta/cal_goto.gif HTTP/1.1" 200 1267 "http://www.sancarloscity.org/forum2/index.php?act=calendar" "Mozilla/4.0 (compatible; MSIE 7.0; Windows NT 5.1; .NET CLR 1.1.4322; IEMB3)" "www.sancarloscity.org"
82.171.121.225 - - [01/Nov/2007:06:06:58 -0700] "GET /forum2/index.php?act=task HTTP/1.1" 200 59 "http://www.sancarloscity.org/forum2/index.php?act=calendar" "Mozilla/4.0 (compatible; MSIE 7.0; Windows NT 5.1; .NET CLR 1.1.4322; IEMB3)" "www.sancarloscity.org"
82.171.121.225 - - [01/Nov/2007:06:07:06 -0700] "GET /forum2/index.php?act=calendar&cal_id=1&code=showday&y=2007&m=11&d=2 HTTP/1.1" 200 4760 "http://www.sancarloscity.org/forum2/index.php?act=calendar" "Mozilla/4.0 (compatible; MSIE 7.0; Windows NT 5.1; .NET CLR 1.1.4322; IEMB3)" "www.sancarloscity.org"
82.171.121.225 - - [01/Nov/2007:06:07:07 -0700] "GET /forum2/index.php?act=task HTTP/1.1" 200 59 "http://www.sancarloscity.org/forum2/index.php?act=calendar&cal_id=1&code=showday&y=2007&m=11&d=2" "Mozilla/4.0 (compatible; MSIE 7.0; Windows NT 5.1; .NET CLR 1.1.4322; IEMB3)" "www.sancarloscity.org"
65.55.209.51 - - [01/Nov/2007:06:08:44 -0700] "GET /robots.txt HTTP/1.0" 404 730 "-" "msnbot/1.0 (+http://search.msn.com/msnbot.htm)" "www.sancarloscity.org"
65.55.209.51 - - [01/Nov/2007:06:08:45 -0700] "GET /classifieds/index.php?method=login_form&list=classifiedsuser&fromlist=advertisement_active&frommethod=showhtmllist&fromfromlist=classifiedscategory&fromfrommethod=showhtmllist HTTP/1.0" 200 5173 "-" "msnbot/1.0 (+http://search.msn.com/msnbot.htm)" "www.sancarloscity.org"
222.127.71.241 - - [01/Nov/2007:06:09:04 -0700] "GET /forum2/style_images/red_crysta/menu_action_down-padded.gif HTTP/1.1" 200 838 "http://www.sancarloscity.org/forum2/index.php?act=calendar&code=showevent&calendar_id=1&event_id=16" "Mozilla/4.0 (compatible; MSIE 6.0; Windows NT 5.1; SV1)" "www.sancarloscity.org"
74.6.27.29 - - [01/Nov/2007:06:09:27 -0700] "GET /forum2/index.php?act=Msg&CODE=4&MID=24 HTTP/1.0" 200 2821 "-" "Mozilla/5.0 (compatible; Yahoo! Slurp; http://help.yahoo.com/help/us/ysearch/slurp)" "www.sancarloscity.org"
66.249.73.36 - - [01/Nov/2007:06:10:46 -0700] "GET /calendar/viewAll.php HTTP/1.1" 404 756 "-" "Mozilla/5.0 (compatible; Googlebot/2.1; +http://www.google.com/bot.html)" "www.sancarloscity.org"
66.249.73.36 - - [01/Nov/2007:06:11:17 -0700] "GET /picgallery/bridge/smf.inc.php HTTP/1.1" 200 5 "-" "Mozilla/5.0 (compatible; Googlebot/2.1; +http://www.google.com/bot.html)" "www.sancarloscity.org"
66.249.73.36 - - [01/Nov/2007:06:11:24 -0700] "GET /sancarloschat/config/chat.php HTTP/1.1" 200 5 "-" "Mozilla/5.0 (compatible; Googlebot/2.1; +http://www.google.com/bot.html)" "www.sancarloscity.org"
69.159.144.67 - - [01/Nov/2007:06:11:34 -0700] "GET /picgallery/index.php?cat=http://amyru.h18.ru/images/cs.txt? HTTP/1.1" 200 54427 "-" "Wget/1.1 (compatible; i486; Linux; RedHat7.3)" "www.sancarloscity.org"
66.249.73.36 - - [01/Nov/2007:06:12:05 -0700] "GET /picgallery/ratepic.php?pic=546&rate=3 HTTP/1.1" 302 5 "-" "Mozilla/5.0 (compatible; Googlebot/2.1; +http://www.google.com/bot.html)" "www.sancarloscity.org"
66.249.73.36 - - [01/Nov/2007:06:12:05 -0700] "GET /picgallery/ratepic.php?pic=546&rate=4 HTTP/1.1" 302 5 "-" "Mozilla/5.0 (compatible; Googlebot/2.1; +http://www.google.com/bot.html)" "www.sancarloscity.org"
66.249.73.36 - - [01/Nov/2007:06:12:06 -0700] "GET /picgallery/ratepic.php?pic=546&rate=0 HTTP/1.1" 302 5 "-" "Mozilla/5.0 (compatible; Googlebot/2.1; +http://www.google.com/bot.html)" "www.sancarloscity.org"
66.249.73.36 - - [01/Nov/2007:06:12:06 -0700] "GET /picgallery/ratepic.php?pic=546&rate=2 HTTP/1.1" 302 5 "-" "Mozilla/5.0 (compatible; Googlebot/2.1; +http://www.google.com/bot.html)" "www.sancarloscity.org"
66.249.73.36 - - [01/Nov/2007:06:12:08 -0700] "GET /demo/rollovers/new_menu1.html HTTP/1.1" 200 2411 "-" "Mozilla/5.0 (compatible; Googlebot/2.1; +http://www.google.com/bot.html)" "www.sancarloscity.org"
66.249.73.36 - - [01/Nov/2007:06:12:08 -0700] "GET /picgallery/ratepic.php?pic=546&rate=1 HTTP/1.1" 302 5 "-" "Mozilla/5.0 (compatible; Googlebot/2.1; +http://www.google.com/bot.html)" "www.sancarloscity.org"
65.95.28.49 - - [01/Nov/2007:06:12:40 -0700] "GET /forum2/index.php?act=findpost&hl=&pid=834 HTTP/1.1" 302 5 "http://search.yahoo.com/search?p=words+to+describe+a+person&rd=r1&meta=vc%3Dca&fr=yfp-t-471&fp_ip=CA&xargs=0&pstart=1&b=31" "Mozilla/4.0 (compatible; MSIE 6.0; Windows NT 5.1; SV1; .NET CLR 1.1.4322; .NET CLR 2.0.50727)" "www.sancarloscity.org"
65.95.28.49 - - [01/Nov/2007:06:12:40 -0700] "GET /forum2/index.php?s=5d17ca4228776cd2c882f623566718f6&showtopic=149&st=0&p=834&#entry834 HTTP/1.1" 200 6777 "http://search.yahoo.com/search?p=words+to+describe+a+person&rd=r1&meta=vc%3Dca&fr=yfp-t-471&fp_ip=CA&xargs=0&pstart=1&b=31" "Mozilla/4.0 (compatible; MSIE 6.0; Windows NT 5.1; SV1; .NET CLR 1.1.4322; .NET CLR 2.0.50727)" "www.sancarloscity.org"
65.95.28.49 - - [01/Nov/2007:06:12:41 -0700] "GET /forum2/style_images/css_2.css HTTP/1.1" 200 31951 "http://www.sancarloscity.org/forum2/index.php?s=5d17ca4228776cd2c882f623566718f6&showtopic=149&st=0&p=834&#entry834" "Mozilla/4.0 (compatible; MSIE 6.0; Windows NT 5.1; SV1; .NET CLR 1.1.4322; .NET CLR 2.0.50727)" "www.sancarloscity.org"
65.95.28.49 - - [01/Nov/2007:06:12:41 -0700] "GET /forum2/style_images/red_crysta/folder_editor_images/css_rte.css HTTP/1.1" 200 4313 "http://www.sancarloscity.org/forum2/index.php?s=5d17ca4228776cd2c882f623566718f6&showtopic=149&st=0&p=834&#entry834" "Mozilla/4.0 (compatible; MSIE 6.0; Windows NT 5.1; SV1; .NET CLR 1.1.4322; .NET CLR 2.0.50727)" "www.sancarloscity.org"
66.249.73.36 - - [01/Nov/2007:06:12:41 -0700] "GET /qphotogallery/displayimage.php?album=10&pos=1 HTTP/1.1" 200 22605 "-" "Mozilla/5.0 (compatible; Googlebot/2.1; +http://www.google.com/bot.html)" "sancarloscity.org"
65.95.28.49 - - [01/Nov/2007:06:12:41 -0700] "GET /forum2/jscripts/ips_ipsclass.js HTTP/1.1" 200 6562 "http://www.sancarloscity.org/forum2/index.php?s=5d17ca4228776cd2c882f623566718f6&showtopic=149&st=0&p=834&#entry834" "Mozilla/4.0 (compatible; MSIE 6.0; Windows NT 5.1; SV1; .NET CLR 1.1.4322; .NET CLR 2.0.50727)" "www.sancarloscity.org"
65.95.28.49 - - [01/Nov/2007:06:12:42 -0700] "GET /forum2/jscripts/ipb_global.js HTTP/1.1" 200 17304 "http://www.sancarloscity.org/forum2/index.php?s=5d17ca4228776cd2c882f623566718f6&showtopic=149&st=0&p=834&#entry834" "Mozilla/4.0 (compatible; MSIE 6.0; Windows NT 5.1; SV1; .NET CLR 1.1.4322; .NET CLR 2.0.50727)" "www.sancarloscity.org"
65.95.28.49 - - [01/Nov/2007:06:12:42 -0700] "GET /forum2/jscripts/ips_menu.js HTTP/1.1" 200 6059 "http://www.sancarloscity.org/forum2/index.php?s=5d17ca4228776cd2c882f623566718f6&showtopic=149&st=0&p=834&#entry834" "Mozilla/4.0 (compatible; MSIE 6.0; Windows NT 5.1; SV1; .NET CLR 1.1.4322; .NET CLR 2.0.50727)" "www.sancarloscity.org"
65.95.28.49 - - [01/Nov/2007:06:12:42 -0700] "GET /forum2/style_images/red_crysta/folder_js_skin/ips_menu_html.js HTTP/1.1" 200 2931 "http://www.sancarloscity.org/forum2/index.php?s=5d17ca4228776cd2c882f623566718f6&showtopic=149&st=0&p=834&#entry834" "Mozilla/4.0 (compatible; MSIE 6.0; Windows NT 5.1; SV1; .NET CLR 1.1.4322; .NET CLR 2.0.50727)" "www.sancarloscity.org"
65.95.28.49 - - [01/Nov/2007:06:12:43 -0700] "GET /forum2/cache/lang_cache/en/lang_javascript.js HTTP/1.1" 200 2294 "http://www.sancarloscity.org/forum2/index.php?s=5d17ca4228776cd2c882f623566718f6&showtopic=149&st=0&p=834&#entry834" "Mozilla/4.0 (compatible; MSIE 6.0; Windows NT 5.1; SV1; .NET CLR 1.1.4322; .NET CLR 2.0.50727)" "www.sancarloscity.org"
65.95.28.49 - - [01/Nov/2007:06:12:43 -0700] "GET /forum2/style_images/2_2_sccilogobluebkgrd.gif HTTP/1.1" 200 8834 "http://www.sancarloscity.org/forum2/index.php?s=5d17ca4228776cd2c882f623566718f6&showtopic=149&st=0&p=834&#entry834" "Mozilla/4.0 (compatible; MSIE 6.0; Windows NT 5.1; SV1; .NET CLR 1.1.4322; .NET CLR 2.0.50727)" "www.sancarloscity.org"
65.95.28.49 - - [01/Nov/2007:06:12:43 -0700] "GET /forum2/style_images/red_crysta/login-button.gif HTTP/1.1" 200 1226 "http://www.sancarloscity.org/forum2/index.php?s=5d17ca4228776cd2c882f623566718f6&showtopic=149&st=0&p=834&#entry834" "Mozilla/4.0 (compatible; MSIE 6.0; Windows NT 5.1; SV1; .NET CLR 1.1.4322; .NET CLR 2.0.50727)" "www.sancarloscity.org"
65.95.28.49 - - [01/Nov/2007:06:12:43 -0700] "GET /forum2/style_images/red_crysta/tile_back.gif HTTP/1.1" 200 940 "http://www.sancarloscity.org/forum2/index.php?s=5d17ca4228776cd2c882f623566718f6&showtopic=149&st=0&p=834&#entry834" "Mozilla/4.0 (compatible; MSIE 6.0; Windows NT 5.1; SV1; .NET CLR 1.1.4322; .NET CLR 2.0.50727)" "www.sancarloscity.org"
65.95.28.49 - - [01/Nov/2007:06:12:43 -0700] "GET /forum2/style_images/red_crysta/tile_sub.gif HTTP/1.1" 200 1581 "http://www.sancarloscity.org/forum2/index.php?s=5d17ca4228776cd2c882f623566718f6&showtopic=149&st=0&p=834&#entry834" "Mozilla/4.0 (compatible; MSIE 6.0; Windows NT 5.1; SV1; .NET CLR 1.1.4322; .NET CLR 2.0.50727)" "www.sancarloscity.org"
65.95.28.49 - - [01/Nov/2007:06:12:43 -0700] "GET /forum2/style_images/red_crysta/tile_sub-lite.gif HTTP/1.1" 200 1511 "http://www.sancarloscity.org/forum2/index.php?s=5d17ca4228776cd2c882f623566718f6&showtopic=149&st=0&p=834&#entry834" "Mozilla/4.0 (compatible; MSIE 6.0; Windows NT 5.1; SV1; .NET CLR 1.1.4322; .NET CLR 2.0.50727)" "www.sancarloscity.org"
65.95.28.49 - - [01/Nov/2007:06:12:43 -0700] "GET /forum2/jscripts/ips_xmlhttprequest.js HTTP/1.1" 200 3619 "http://www.sancarloscity.org/forum2/index.php?s=5d17ca4228776cd2c882f623566718f6&showtopic=149&st=0&p=834&#entry834" "Mozilla/4.0 (compatible; MSIE 6.0; Windows NT 5.1; SV1; .NET CLR 1.1.4322; .NET CLR 2.0.50727)" "www.sancarloscity.org"
65.95.28.49 - - [01/Nov/2007:06:12:44 -0700] "GET /forum2/jscripts/ipb_global_xmlenhanced.js HTTP/1.1" 200 5981 "http://www.sancarloscity.org/forum2/index.php?s=5d17ca4228776cd2c882f623566718f6&showtopic=149&st=0&p=834&#entry834" "Mozilla/4.0 (compatible; MSIE 6.0; Windows NT 5.1; SV1; .NET CLR 1.1.4322; .NET CLR 2.0.50727)" "www.sancarloscity.org"
65.95.28.49 - - [01/Nov/2007:06:12:44 -0700] "GET /forum2/jscripts/dom-drag.js HTTP/1.1" 200 4105 "http://www.sancarloscity.org/forum2/index.php?s=5d17ca4228776cd2c882f623566718f6&showtopic=149&st=0&p=834&#entry834" "Mozilla/4.0 (compatible; MSIE 6.0; Windows NT 5.1; SV1; .NET CLR 1.1.4322; .NET CLR 2.0.50727)" "www.sancarloscity.org"
65.95.28.49 - - [01/Nov/2007:06:12:44 -0700] "GET /forum2/style_images/red_crysta/loading_anim.gif HTTP/1.1" 200 2800 "http://www.sancarloscity.org/forum2/index.php?s=5d17ca4228776cd2c882f623566718f6&showtopic=149&st=0&p=834&#entry834" "Mozilla/4.0 (compatible; MSIE 6.0; Windows NT 5.1; SV1; .NET CLR 1.1.4322; .NET CLR 2.0.50727)" "www.sancarloscity.org"
65.95.28.49 - - [01/Nov/2007:06:12:44 -0700] "GET /forum2/style_images/red_crysta/close.png HTTP/1.1" 200 834 "http://www.sancarloscity.org/forum2/index.php?s=5d17ca4228776cd2c882f623566718f6&showtopic=149&st=0&p=834&#entry834" "Mozilla/4.0 (compatible; MSIE 6.0; Windows NT 5.1; SV1; .NET CLR 1.1.4322; .NET CLR 2.0.50727)" "www.sancarloscity.org"
65.95.28.49 - - [01/Nov/2007:06:12:45 -0700] "GET /forum2/style_images/red_crysta/nav.gif HTTP/1.1" 200 113 "http://www.sancarloscity.org/forum2/index.php?s=5d17ca4228776cd2c882f623566718f6&showtopic=149&st=0&p=834&#entry834" "Mozilla/4.0 (compatible; MSIE 6.0; Windows NT 5.1; SV1; .NET CLR 1.1.4322; .NET CLR 2.0.50727)" "www.sancarloscity.org"
