198.175.55.5 - - [05/Jan/2008:05:13:14 -0800] "GET /newpanmaster2.png HTTP/1.1" 304 - "http://sancarloscity.org/eatndine.htm" "Mozilla/4.0 (compatible; MSIE 6.0; Windows NT 5.1; SV1; .NET CLR 1.1.4322; .NET CLR 2.0.50727)" "sancarloscity.org"
198.175.55.5 - - [05/Jan/2008:05:13:14 -0800] "GET / HTTP/1.1" 304 - "http://sancarloscity.org/eatndine.htm" "Mozilla/4.0 (compatible; MSIE 6.0; Windows NT 5.1; SV1; .NET CLR 1.1.4322; .NET CLR 2.0.50727)" "sancarloscity.org"
198.175.55.5 - - [05/Jan/2008:05:13:14 -0800] "GET /sccinewsearch.jpg HTTP/1.1" 304 - "http://sancarloscity.org/eatndine.htm" "Mozilla/4.0 (compatible; MSIE 6.0; Windows NT 5.1; SV1; .NET CLR 1.1.4322; .NET CLR 2.0.50727)" "sancarloscity.org"
198.175.55.5 - - [05/Jan/2008:05:13:20 -0800] "GET /hotelrates.htm HTTP/1.1" 200 25724 "http://sancarloscity.org/eatndine.htm" "Mozilla/4.0 (compatible; MSIE 6.0; Windows NT 5.1; SV1; .NET CLR 1.1.4322; .NET CLR 2.0.50727)" "sancarloscity.org"
198.175.55.5 - - [05/Jan/2008:05:13:21 -0800] "GET /sccihotels.jpg HTTP/1.1" 200 84256 "http://sancarloscity.org/hotelrates.htm" "Mozilla/4.0 (compatible; MSIE 6.0; Windows NT 5.1; SV1; .NET CLR 1.1.4322; .NET CLR 2.0.50727)" "sancarloscity.org"
198.175.55.5 - - [05/Jan/2008:05:13:21 -0800] "GET /sccihotels2.jpg HTTP/1.1" 200 44038 "http://sancarloscity.org/hotelrates.htm" "Mozilla/4.0 (compatible; MSIE 6.0; Windows NT 5.1; SV1; .NET CLR 1.1.4322; .NET CLR 2.0.50727)" "sancarloscity.org"
198.175.55.5 - - [05/Jan/2008:05:13:21 -0800] "GET /wheretostayflash.jpg HTTP/1.1" 200 40595 "http://sancarloscity.org/hotelrates.htm" "Mozilla/4.0 (compatible; MSIE 6.0; Windows NT 5.1; SV1; .NET CLR 1.1.4322; .NET CLR 2.0.50727)" "sancarloscity.org"
198.175.55.5 - - [05/Jan/2008:05:13:33 -0800] "GET /forum2/index.php?showtopic=88 HTTP/1.1" 200 8600 "-" "Mozilla/4.0 (compatible; MSIE 6.0; Windows NT 5.1; SV1; .NET CLR 1.1.4322; .NET CLR 2.0.50727)" "www.sancarloscity.org"
198.175.55.5 - - [05/Jan/2008:05:13:33 -0800] "GET /forum2/style_images/css_2.css HTTP/1.1" 304 - "http://www.sancarloscity.org/forum2/index.php?showtopic=88" "Mozilla/4.0 (compatible; MSIE 6.0; Windows NT 5.1; SV1; .NET CLR 1.1.4322; .NET CLR 2.0.50727)" "www.sancarloscity.org"
198.175.55.5 - - [05/Jan/2008:05:13:33 -0800] "GET /forum2/style_images/red_crysta/folder_editor_images/css_rte.css HTTP/1.1" 304 - "http://www.sancarloscity.org/forum2/index.php?showtopic=88" "Mozilla/4.0 (compatible; MSIE 6.0; Windows NT 5.1; SV1; .NET CLR 1.1.4322; .NET CLR 2.0.50727)" "www.sancarloscity.org"
198.175.55.5 - - [05/Jan/2008:05:13:33 -0800] "GET /forum2/jscripts/ips_ipsclass.js HTTP/1.1" 304 - "http://www.sancarloscity.org/forum2/index.php?showtopic=88" "Mozilla/4.0 (compatible; MSIE 6.0; Windows NT 5.1; SV1; .NET CLR 1.1.4322; .NET CLR 2.0.50727)" "www.sancarloscity.org"
198.175.55.5 - - [05/Jan/2008:05:13:34 -0800] "GET /forum2/jscripts/ipb_global.js HTTP/1.1" 304 - "http://www.sancarloscity.org/forum2/index.php?showtopic=88" "Mozilla/4.0 (compatible; MSIE 6.0; Windows NT 5.1; SV1; .NET CLR 1.1.4322; .NET CLR 2.0.50727)" "www.sancarloscity.org"
198.175.55.5 - - [05/Jan/2008:05:13:34 -0800] "GET /forum2/jscripts/ips_menu.js HTTP/1.1" 304 - "http://www.sancarloscity.org/forum2/index.php?showtopic=88" "Mozilla/4.0 (compatible; MSIE 6.0; Windows NT 5.1; SV1; .NET CLR 1.1.4322; .NET CLR 2.0.50727)" "www.sancarloscity.org"
198.175.55.5 - - [05/Jan/2008:05:13:34 -0800] "GET /forum2/style_images/red_crysta/folder_js_skin/ips_menu_html.js HTTP/1.1" 304 - "http://www.sancarloscity.org/forum2/index.php?showtopic=88" "Mozilla/4.0 (compatible; MSIE 6.0; Windows NT 5.1; SV1; .NET CLR 1.1.4322; .NET CLR 2.0.50727)" "www.sancarloscity.org"
198.175.55.5 - - [05/Jan/2008:05:13:34 -0800] "GET /forum2/cache/lang_cache/en/lang_javascript.js HTTP/1.1" 304 - "http://www.sancarloscity.org/forum2/index.php?showtopic=88" "Mozilla/4.0 (compatible; MSIE 6.0; Windows NT 5.1; SV1; .NET CLR 1.1.4322; .NET CLR 2.0.50727)" "www.sancarloscity.org"
198.175.55.5 - - [05/Jan/2008:05:13:34 -0800] "GET /forum2/style_images/red_crysta/login-button.gif HTTP/1.1" 304 - "http://www.sancarloscity.org/forum2/index.php?showtopic=88" "Mozilla/4.0 (compatible; MSIE 6.0; Windows NT 5.1; SV1; .NET CLR 1.1.4322; .NET CLR 2.0.50727)" "www.sancarloscity.org"
198.175.55.5 - - [05/Jan/2008:05:13:34 -0800] "GET /forum2/style_images/2_2_sccilogobluebkgrd.gif HTTP/1.1" 304 - "http://www.sancarloscity.org/forum2/index.php?showtopic=88" "Mozilla/4.0 (compatible; MSIE 6.0; Windows NT 5.1; SV1; .NET CLR 1.1.4322; .NET CLR 2.0.50727)" "www.sancarloscity.org"
198.175.55.5 - - [05/Jan/2008:05:13:35 -0800] "GET /forum2/style_images/red_crysta/tile_sub.gif HTTP/1.1" 304 - "http://www.sancarloscity.org/forum2/index.php?showtopic=88" "Mozilla/4.0 (compatible; MSIE 6.0; Windows NT 5.1; SV1; .NET CLR 1.1.4322; .NET CLR 2.0.50727)" "www.sancarloscity.org"
198.175.55.5 - - [05/Jan/2008:05:13:35 -0800] "GET /forum2/style_images/red_crysta/tile_back.gif HTTP/1.1" 304 - "http://www.sancarloscity.org/forum2/index.php?showtopic=88" "Mozilla/4.0 (compatible; MSIE 6.0; Windows NT 5.1; SV1; .NET CLR 1.1.4322; .NET CLR 2.0.50727)" "www.sancarloscity.org"
77.91.227.181 - - [05/Jan/2008:05:13:35 -0800] "POST /guestbookadvance/addentry.php HTTP/1.1" 404 765 "http://www.sancarloscity.org/guestbookadvance/addentry.php" "Mozilla/5.0 (compatible; MSIE 6.0; Windows NT 5.1; SV1; .NET CLR 1.1.4324)" "www.sancarloscity.org"
198.175.55.5 - - [05/Jan/2008:05:13:35 -0800] "GET /forum2/jscripts/ips_xmlhttprequest.js HTTP/1.1" 304 - "http://www.sancarloscity.org/forum2/index.php?showtopic=88" "Mozilla/4.0 (compatible; MSIE 6.0; Windows NT 5.1; SV1; .NET CLR 1.1.4322; .NET CLR 2.0.50727)" "www.sancarloscity.org"
198.175.55.5 - - [05/Jan/2008:05:13:35 -0800] "GET /forum2/style_images/red_crysta/tile_sub-lite.gif HTTP/1.1" 304 - "http://www.sancarloscity.org/forum2/index.php?showtopic=88" "Mozilla/4.0 (compatible; MSIE 6.0; Windows NT 5.1; SV1; .NET CLR 1.1.4322; .NET CLR 2.0.50727)" "www.sancarloscity.org"
198.175.55.5 - - [05/Jan/2008:05:13:35 -0800] "GET /forum2/jscripts/ipb_global_xmlenhanced.js HTTP/1.1" 304 - "http://www.sancarloscity.org/forum2/index.php?showtopic=88" "Mozilla/4.0 (compatible; MSIE 6.0; Windows NT 5.1; SV1; .NET CLR 1.1.4322; .NET CLR 2.0.50727)" "www.sancarloscity.org"
198.175.55.5 - - [05/Jan/2008:05:13:35 -0800] "GET /forum2/jscripts/dom-drag.js HTTP/1.1" 304 - "http://www.sancarloscity.org/forum2/index.php?showtopic=88" "Mozilla/4.0 (compatible; MSIE 6.0; Windows NT 5.1; SV1; .NET CLR 1.1.4322; .NET CLR 2.0.50727)" "www.sancarloscity.org"
198.175.55.5 - - [05/Jan/2008:05:13:35 -0800] "GET /forum2/style_images/red_crysta/close.png HTTP/1.1" 304 - "http://www.sancarloscity.org/forum2/index.php?showtopic=88" "Mozilla/4.0 (compatible; MSIE 6.0; Windows NT 5.1; SV1; .NET CLR 1.1.4322; .NET CLR 2.0.50727)" "www.sancarloscity.org"
198.175.55.5 - - [05/Jan/2008:05:13:35 -0800] "GET /forum2/style_images/red_crysta/loading_anim.gif HTTP/1.1" 304 - "http://www.sancarloscity.org/forum2/index.php?showtopic=88" "Mozilla/4.0 (compatible; MSIE 6.0; Windows NT 5.1; SV1; .NET CLR 1.1.4322; .NET CLR 2.0.50727)" "www.sancarloscity.org"
198.175.55.5 - - [05/Jan/2008:05:13:35 -0800] "GET /forum2/style_images/red_crysta/css_pp_header.gif HTTP/1.1" 304 - "http://www.sancarloscity.org/forum2/index.php?showtopic=88" "Mozilla/4.0 (compatible; MSIE 6.0; Windows NT 5.1; SV1; .NET CLR 1.1.4322; .NET CLR 2.0.50727)" "www.sancarloscity.org"
198.175.55.5 - - [05/Jan/2008:05:13:35 -0800] "GET /forum2/style_images/red_crysta/nav.gif HTTP/1.1" 304 - "http://www.sancarloscity.org/forum2/index.php?showtopic=88" "Mozilla/4.0 (compatible; MSIE 6.0; Windows NT 5.1; SV1; .NET CLR 1.1.4322; .NET CLR 2.0.50727)" "www.sancarloscity.org"
198.175.55.5 - - [05/Jan/2008:05:13:36 -0800] "GET /forum2/jscripts/ipb_topic.js HTTP/1.1" 304 - "http://www.sancarloscity.org/forum2/index.php?showtopic=88" "Mozilla/4.0 (compatible; MSIE 6.0; Windows NT 5.1; SV1; .NET CLR 1.1.4322; .NET CLR 2.0.50727)" "www.sancarloscity.org"
198.175.55.5 - - [05/Jan/2008:05:13:36 -0800] "GET /forum2/jscripts/ips_text_editor_lite.js HTTP/1.1" 304 - "http://www.sancarloscity.org/forum2/index.php?showtopic=88" "Mozilla/4.0 (compatible; MSIE 6.0; Windows NT 5.1; SV1; .NET CLR 1.1.4322; .NET CLR 2.0.50727)" "www.sancarloscity.org"
198.175.55.5 - - [05/Jan/2008:05:13:36 -0800] "GET /forum2/style_images/red_crysta/t_reply.gif HTTP/1.1" 304 - "http://www.sancarloscity.org/forum2/index.php?showtopic=88" "Mozilla/4.0 (compatible; MSIE 6.0; Windows NT 5.1; SV1; .NET CLR 1.1.4322; .NET CLR 2.0.50727)" "www.sancarloscity.org"
198.175.55.5 - - [05/Jan/2008:05:13:36 -0800] "GET /forum2/style_images/red_crysta/t_new.gif HTTP/1.1" 304 - "http://www.sancarloscity.org/forum2/index.php?showtopic=88" "Mozilla/4.0 (compatible; MSIE 6.0; Windows NT 5.1; SV1; .NET CLR 1.1.4322; .NET CLR 2.0.50727)" "www.sancarloscity.org"
198.175.55.5 - - [05/Jan/2008:05:13:36 -0800] "GET /forum2/style_images/red_crysta/iframe.html HTTP/1.1" 304 - "http://www.sancarloscity.org/forum2/index.php?showtopic=88" "Mozilla/4.0 (compatible; MSIE 6.0; Windows NT 5.1; SV1; .NET CLR 1.1.4322; .NET CLR 2.0.50727)" "www.sancarloscity.org"
198.175.55.5 - - [05/Jan/2008:05:13:36 -0800] "GET /forum2/style_images/red_crysta/iframe.html HTTP/1.1" 304 - "http://www.sancarloscity.org/forum2/index.php?showtopic=88" "Mozilla/4.0 (compatible; MSIE 6.0; Windows NT 5.1; SV1; .NET CLR 1.1.4322; .NET CLR 2.0.50727)" "www.sancarloscity.org"
198.175.55.5 - - [05/Jan/2008:05:13:36 -0800] "GET /forum2/style_images/red_crysta/nav_m.gif HTTP/1.1" 304 - "http://www.sancarloscity.org/forum2/index.php?showtopic=88" "Mozilla/4.0 (compatible; MSIE 6.0; Windows NT 5.1; SV1; .NET CLR 1.1.4322; .NET CLR 2.0.50727)" "www.sancarloscity.org"
198.175.55.5 - - [05/Jan/2008:05:13:36 -0800] "GET /forum2/style_images/red_crysta/tile_cat.gif HTTP/1.1" 304 - "http://www.sancarloscity.org/forum2/index.php?showtopic=88" "Mozilla/4.0 (compatible; MSIE 6.0; Windows NT 5.1; SV1; .NET CLR 1.1.4322; .NET CLR 2.0.50727)" "www.sancarloscity.org"
198.175.55.5 - - [05/Jan/2008:05:13:37 -0800] "GET /forum2/style_images/red_crysta/bar.gif HTTP/1.1" 200 107 "http://www.sancarloscity.org/forum2/index.php?showtopic=88" "Mozilla/4.0 (compatible; MSIE 6.0; Windows NT 5.1; SV1; .NET CLR 1.1.4322; .NET CLR 2.0.50727)" "www.sancarloscity.org"
198.175.55.5 - - [05/Jan/2008:05:13:37 -0800] "GET /forum2/style_images/red_crysta/bar_left.gif HTTP/1.1" 200 106 "http://www.sancarloscity.org/forum2/index.php?showtopic=88" "Mozilla/4.0 (compatible; MSIE 6.0; Windows NT 5.1; SV1; .NET CLR 1.1.4322; .NET CLR 2.0.50727)" "www.sancarloscity.org"
198.175.55.5 - - [05/Jan/2008:05:13:37 -0800] "GET /forum2/style_images/red_crysta/bar_right.gif HTTP/1.1" 200 106 "http://www.sancarloscity.org/forum2/index.php?showtopic=88" "Mozilla/4.0 (compatible; MSIE 6.0; Windows NT 5.1; SV1; .NET CLR 1.1.4322; .NET CLR 2.0.50727)" "www.sancarloscity.org"
198.175.55.5 - - [05/Jan/2008:05:13:37 -0800] "GET /forum2/style_images/red_crysta/menu_action_down.gif HTTP/1.1" 304 - "http://www.sancarloscity.org/forum2/index.php?showtopic=88" "Mozilla/4.0 (compatible; MSIE 6.0; Windows NT 5.1; SV1; .NET CLR 1.1.4322; .NET CLR 2.0.50727)" "www.sancarloscity.org"
198.175.55.5 - - [05/Jan/2008:05:13:37 -0800] "GET /forum2/style_images/red_crysta/menu_item.gif HTTP/1.1" 304 - "http://www.sancarloscity.org/forum2/index.php?showtopic=88" "Mozilla/4.0 (compatible; MSIE 6.0; Windows NT 5.1; SV1; .NET CLR 1.1.4322; .NET CLR 2.0.50727)" "www.sancarloscity.org"
198.175.55.5 - - [05/Jan/2008:05:13:37 -0800] "GET /forum2/style_images/red_crysta/folder_profile_portal/user-offline.png HTTP/1.1" 304 - "http://www.sancarloscity.org/forum2/index.php?showtopic=88" "Mozilla/4.0 (compatible; MSIE 6.0; Windows NT 5.1; SV1; .NET CLR 1.1.4322; .NET CLR 2.0.50727)" "www.sancarloscity.org"
198.175.55.5 - - [05/Jan/2008:05:13:37 -0800] "GET /forum2/style_images/red_crysta/rating_0_mini.gif HTTP/1.1" 304 - "http://www.sancarloscity.org/forum2/index.php?showtopic=88" "Mozilla/4.0 (compatible; MSIE 6.0; Windows NT 5.1; SV1; .NET CLR 1.1.4322; .NET CLR 2.0.50727)" "www.sancarloscity.org"
198.175.55.5 - - [05/Jan/2008:05:13:37 -0800] "GET /forum2/style_images/red_crysta/folder_profile_portal/find_posts.png HTTP/1.1" 304 - "http://www.sancarloscity.org/forum2/index.php?showtopic=88" "Mozilla/4.0 (compatible; MSIE 6.0; Windows NT 5.1; SV1; .NET CLR 1.1.4322; .NET CLR 2.0.50727)" "www.sancarloscity.org"
198.175.55.5 - - [05/Jan/2008:05:13:37 -0800] "GET /forum2/style_images/red_crysta/folder_profile_portal/gender_mystery.png HTTP/1.1" 304 - "http://www.sancarloscity.org/forum2/index.php?showtopic=88" "Mozilla/4.0 (compatible; MSIE 6.0; Windows NT 5.1; SV1; .NET CLR 1.1.4322; .NET CLR 2.0.50727)" "www.sancarloscity.org"
198.175.55.5 - - [05/Jan/2008:05:13:37 -0800] "GET /forum2/style_images/red_crysta/folder_profile_portal/pp-blank-thumb.png HTTP/1.1" 304 - "http://www.sancarloscity.org/forum2/index.php?showtopic=88" "Mozilla/4.0 (compatible; MSIE 6.0; Windows NT 5.1; SV1; .NET CLR 1.1.4322; .NET CLR 2.0.50727)" "www.sancarloscity.org"
198.175.55.5 - - [05/Jan/2008:05:13:37 -0800] "GET /forum2/style_images/red_crysta/to_post_off.gif HTTP/1.1" 304 - "http://www.sancarloscity.org/forum2/index.php?showtopic=88" "Mozilla/4.0 (compatible; MSIE 6.0; Windows NT 5.1; SV1; .NET CLR 1.1.4322; .NET CLR 2.0.50727)" "www.sancarloscity.org"
198.175.55.5 - - [05/Jan/2008:05:13:37 -0800] "GET /forum2/style_images/red_crysta/pip.gif HTTP/1.1" 304 - "http://www.sancarloscity.org/forum2/index.php?showtopic=88" "Mozilla/4.0 (compatible; MSIE 6.0; Windows NT 5.1; SV1; .NET CLR 1.1.4322; .NET CLR 2.0.50727)" "www.sancarloscity.org"
198.175.55.5 - - [05/Jan/2008:05:13:38 -0800] "GET /forum2/style_images/red_crysta/spacer.gif HTTP/1.1" 304 - "http://www.sancarloscity.org/forum2/index.php?showtopic=88" "Mozilla/4.0 (compatible; MSIE 6.0; Windows NT 5.1; SV1; .NET CLR 1.1.4322; .NET CLR 2.0.50727)" "www.sancarloscity.org"
198.175.55.5 - - [05/Jan/2008:05:13:38 -0800] "GET /forum2/uploads/av-1.gif HTTP/1.1" 304 - "http://www.sancarloscity.org/forum2/index.php?showtopic=88" "Mozilla/4.0 (compatible; MSIE 6.0; Windows NT 5.1; SV1; .NET CLR 1.1.4322; .NET CLR 2.0.50727)" "www.sancarloscity.org"
198.175.55.5 - - [05/Jan/2008:05:13:38 -0800] "GET /forum2/style_images/red_crysta/p_up.gif HTTP/1.1" 304 - "http://www.sancarloscity.org/forum2/index.php?showtopic=88" "Mozilla/4.0 (compatible; MSIE 6.0; Windows NT 5.1; SV1; .NET CLR 1.1.4322; .NET CLR 2.0.50727)" "www.sancarloscity.org"
198.175.55.5 - - [05/Jan/2008:05:13:38 -0800] "GET /forum2/style_images/red_crysta/p_quote.gif HTTP/1.1" 304 - "http://www.sancarloscity.org/forum2/index.php?showtopic=88" "Mozilla/4.0 (compatible; MSIE 6.0; Windows NT 5.1; SV1; .NET CLR 1.1.4322; .NET CLR 2.0.50727)" "www.sancarloscity.org"
198.175.55.5 - - [05/Jan/2008:05:13:38 -0800] "GET /forum2/uploads/photo-thumb-94.jpg HTTP/1.1" 304 - "http://www.sancarloscity.org/forum2/index.php?showtopic=88" "Mozilla/4.0 (compatible; MSIE 6.0; Windows NT 5.1; SV1; .NET CLR 1.1.4322; .NET CLR 2.0.50727)" "www.sancarloscity.org"
198.175.55.5 - - [05/Jan/2008:05:13:38 -0800] "GET /forum2/style_images/red_crysta/folder_profile_portal/gender_male.png HTTP/1.1" 304 - "http://www.sancarloscity.org/forum2/index.php?showtopic=88" "Mozilla/4.0 (compatible; MSIE 6.0; Windows NT 5.1; SV1; .NET CLR 1.1.4322; .NET CLR 2.0.50727)" "www.sancarloscity.org"
198.175.55.5 - - [05/Jan/2008:05:13:38 -0800] "GET /forum2/style_images/red_crysta/p_mq_add.gif HTTP/1.1" 304 - "http://www.sancarloscity.org/forum2/index.php?showtopic=88" "Mozilla/4.0 (compatible; MSIE 6.0; Windows NT 5.1; SV1; .NET CLR 1.1.4322; .NET CLR 2.0.50727)" "www.sancarloscity.org"
198.175.55.5 - - [05/Jan/2008:05:13:38 -0800] "GET /forum2/uploads/av-94.jpg HTTP/1.1" 304 - "http://www.sancarloscity.org/forum2/index.php?showtopic=88" "Mozilla/4.0 (compatible; MSIE 6.0; Windows NT 5.1; SV1; .NET CLR 1.1.4322; .NET CLR 2.0.50727)" "www.sancarloscity.org"
198.175.55.5 - - [05/Jan/2008:05:13:38 -0800] "GET /forum2/uploads/photo-thumb-76.jpg HTTP/1.1" 304 - "http://www.sancarloscity.org/forum2/index.php?showtopic=88" "Mozilla/4.0 (compatible; MSIE 6.0; Windows NT 5.1; SV1; .NET CLR 1.1.4322; .NET CLR 2.0.50727)" "www.sancarloscity.org"
198.175.55.5 - - [05/Jan/2008:05:13:38 -0800] "GET /forum2/uploads/av-76.jpg HTTP/1.1" 304 - "http://www.sancarloscity.org/forum2/index.php?showtopic=88" "Mozilla/4.0 (compatible; MSIE 6.0; Windows NT 5.1; SV1; .NET CLR 1.1.4322; .NET CLR 2.0.50727)" "www.sancarloscity.org"
198.175.55.5 - - [05/Jan/2008:05:13:38 -0800] "GET /forum2/uploads/av-14.jpg HTTP/1.1" 304 - "http://www.sancarloscity.org/forum2/index.php?showtopic=88" "Mozilla/4.0 (compatible; MSIE 6.0; Windows NT 5.1; SV1; .NET CLR 1.1.4322; .NET CLR 2.0.50727)" "www.sancarloscity.org"
198.175.55.5 - - [05/Jan/2008:05:13:38 -0800] "GET /forum2/style_images/red_crysta/post_snapback.gif HTTP/1.1" 304 - "http://www.sancarloscity.org/forum2/index.php?showtopic=88" "Mozilla/4.0 (compatible; MSIE 6.0; Windows NT 5.1; SV1; .NET CLR 1.1.4322; .NET CLR 2.0.50727)" "www.sancarloscity.org"
198.175.55.5 - - [05/Jan/2008:05:13:39 -0800] "GET /forum2/style_images/red_crysta/css_img_quote.gif HTTP/1.1" 304 - "http://www.sancarloscity.org/forum2/index.php?showtopic=88" "Mozilla/4.0 (compatible; MSIE 6.0; Windows NT 5.1; SV1; .NET CLR 1.1.4322; .NET CLR 2.0.50727)" "www.sancarloscity.org"
198.175.55.5 - - [05/Jan/2008:05:13:39 -0800] "GET /forum2/style_images/red_crysta/rss.png HTTP/1.1" 304 - "http://www.sancarloscity.org/forum2/index.php?showtopic=88" "Mozilla/4.0 (compatible; MSIE 6.0; Windows NT 5.1; SV1; .NET CLR 1.1.4322; .NET CLR 2.0.50727)" "www.sancarloscity.org"
198.175.55.5 - - [05/Jan/2008:05:13:39 -0800] "GET /forum2/index.php?act=task HTTP/1.1" 200 59 "http://www.sancarloscity.org/forum2/index.php?showtopic=88" "Mozilla/4.0 (compatible; MSIE 6.0; Windows NT 5.1; SV1; .NET CLR 1.1.4322; .NET CLR 2.0.50727)" "www.sancarloscity.org"
64.1.215.166 - - [05/Jan/2008:05:13:46 -0800] "GET /picgallery/login.php?referer=%2Fpicgallery%2Fdisplayimage.php%3Falbum%3Dtoprated%26cat%3D-37%26pid%3D515%26slideshow%3D5000 HTTP/1.0" 200 5621 "-" "Mozilla/5.0 (Twiceler-0.9 http://www.cuill.com/twiceler/robot.html)" "www.sancarloscity.org"
198.175.55.5 - - [05/Jan/2008:05:14:37 -0800] "GET /attractions.htm HTTP/1.1" 200 22075 "http://sancarloscity.org/hotelrates.htm" "Mozilla/4.0 (compatible; MSIE 6.0; Windows NT 5.1; SV1; .NET CLR 1.1.4322; .NET CLR 2.0.50727)" "sancarloscity.org"
198.175.55.5 - - [05/Jan/2008:05:14:37 -0800] "GET /newsccilogo.gif HTTP/1.1" 200 4147 "http://sancarloscity.org/attractions.htm" "Mozilla/4.0 (compatible; MSIE 6.0; Windows NT 5.1; SV1; .NET CLR 1.1.4322; .NET CLR 2.0.50727)" "sancarloscity.org"
198.175.55.5 - - [05/Jan/2008:05:14:37 -0800] "GET /sccsites/thumbnails.htm HTTP/1.1" 200 4995 "http://sancarloscity.org/attractions.htm" "Mozilla/4.0 (compatible; MSIE 6.0; Windows NT 5.1; SV1; .NET CLR 1.1.4322; .NET CLR 2.0.50727)" "sancarloscity.org"
198.175.55.5 - - [05/Jan/2008:05:14:37 -0800] "GET /sccsites/alinsyawanbigbanner_photo.htm HTTP/1.1" 200 1121 "http://sancarloscity.org/attractions.htm" "Mozilla/4.0 (compatible; MSIE 6.0; Windows NT 5.1; SV1; .NET CLR 1.1.4322; .NET CLR 2.0.50727)" "sancarloscity.org"
198.175.55.5 - - [05/Jan/2008:05:14:37 -0800] "GET /wheretoflash3.jpg HTTP/1.1" 200 49194 "http://sancarloscity.org/attractions.htm" "Mozilla/4.0 (compatible; MSIE 6.0; Windows NT 5.1; SV1; .NET CLR 1.1.4322; .NET CLR 2.0.50727)" "sancarloscity.org"
198.175.55.5 - - [05/Jan/2008:05:14:37 -0800] "GET /sccsites/tmb_alinsyawanbigbanner.jpg HTTP/1.1" 200 2171 "http://sancarloscity.org/sccsites/thumbnails.htm" "Mozilla/4.0 (compatible; MSIE 6.0; Windows NT 5.1; SV1; .NET CLR 1.1.4322; .NET CLR 2.0.50727)" "sancarloscity.org"
198.175.55.5 - - [05/Jan/2008:05:14:38 -0800] "GET /sccsites/tmb_cathedralbigbanner.jpg HTTP/1.1" 200 1997 "http://sancarloscity.org/sccsites/thumbnails.htm" "Mozilla/4.0 (compatible; MSIE 6.0; Windows NT 5.1; SV1; .NET CLR 1.1.4322; .NET CLR 2.0.50727)" "sancarloscity.org"
198.175.55.5 - - [05/Jan/2008:05:14:38 -0800] "GET /sccsites/tmb_cavebigbanner.jpg HTTP/1.1" 200 1931 "http://sancarloscity.org/sccsites/thumbnails.htm" "Mozilla/4.0 (compatible; MSIE 6.0; Windows NT 5.1; SV1; .NET CLR 1.1.4322; .NET CLR 2.0.50727)" "sancarloscity.org"
198.175.55.5 - - [05/Jan/2008:05:14:38 -0800] "GET /sccsites/tmb_chocohillsbigbanner.jpg HTTP/1.1" 200 1462 "http://sancarloscity.org/sccsites/thumbnails.htm" "Mozilla/4.0 (compatible; MSIE 6.0; Windows NT 5.1; SV1; .NET CLR 1.1.4322; .NET CLR 2.0.50727)" "sancarloscity.org"
198.175.55.5 - - [05/Jan/2008:05:14:38 -0800] "GET /sccsites/tmb_cityhallbigbanner.jpg HTTP/1.1" 200 2171 "http://sancarloscity.org/sccsites/thumbnails.htm" "Mozilla/4.0 (compatible; MSIE 6.0; Windows NT 5.1; SV1; .NET CLR 1.1.4322; .NET CLR 2.0.50727)" "sancarloscity.org"
198.175.55.5 - - [05/Jan/2008:05:14:38 -0800] "GET /sccsites/tmb_codcodbigbanner.jpg HTTP/1.1" 200 2097 "http://sancarloscity.org/sccsites/thumbnails.htm" "Mozilla/4.0 (compatible; MSIE 6.0; Windows NT 5.1; SV1; .NET CLR 1.1.4322; .NET CLR 2.0.50727)" "sancarloscity.org"
198.175.55.5 - - [05/Jan/2008:05:14:38 -0800] "GET /sccsites/tmb_ermitabigbanner.jpg HTTP/1.1" 200 2139 "http://sancarloscity.org/sccsites/thumbnails.htm" "Mozilla/4.0 (compatible; MSIE 6.0; Windows NT 5.1; SV1; .NET CLR 1.1.4322; .NET CLR 2.0.50727)" "sancarloscity.org"
198.175.55.5 - - [05/Jan/2008:05:14:38 -0800] "GET /sccsites/tmb_fortunabigbanner.jpg HTTP/1.1" 200 2477 "http://sancarloscity.org/sccsites/thumbnails.htm" "Mozilla/4.0 (compatible; MSIE 6.0; Windows NT 5.1; SV1; .NET CLR 1.1.4322; .NET CLR 2.0.50727)" "sancarloscity.org"
198.175.55.5 - - [05/Jan/2008:05:14:38 -0800] "GET /sccsites/tmb_oldtreebanner.jpg HTTP/1.1" 200 2137 "http://sancarloscity.org/sccsites/thumbnails.htm" "Mozilla/4.0 (compatible; MSIE 6.0; Windows NT 5.1; SV1; .NET CLR 1.1.4322; .NET CLR 2.0.50727)" "sancarloscity.org"
198.175.55.5 - - [05/Jan/2008:05:14:38 -0800] "GET /sccsites/tmb_pebblesbigbanner.jpg HTTP/1.1" 200 1866 "http://sancarloscity.org/sccsites/thumbnails.htm" "Mozilla/4.0 (compatible; MSIE 6.0; Windows NT 5.1; SV1; .NET CLR 1.1.4322; .NET CLR 2.0.50727)" "sancarloscity.org"
198.175.55.5 - - [05/Jan/2008:05:14:38 -0800] "GET /sccsites/tmb_pintafloresfestivalbigbanner.jpg HTTP/1.1" 200 2724 "http://sancarloscity.org/sccsites/thumbnails.htm" "Mozilla/4.0 (compatible; MSIE 6.0; Windows NT 5.1; SV1; .NET CLR 1.1.4322; .NET CLR 2.0.50727)" "sancarloscity.org"
198.175.55.5 - - [05/Jan/2008:05:14:39 -0800] "GET /sccsites/tmb_santaanabanner.jpg HTTP/1.1" 200 2544 "http://sancarloscity.org/sccsites/thumbnails.htm" "Mozilla/4.0 (compatible; MSIE 6.0; Windows NT 5.1; SV1; .NET CLR 1.1.4322; .NET CLR 2.0.50727)" "sancarloscity.org"
198.175.55.5 - - [05/Jan/2008:05:14:39 -0800] "GET /sccsites/tmb_whisperingpalmbigbanner.jpg HTTP/1.1" 200 2189 "http://sancarloscity.org/sccsites/thumbnails.htm" "Mozilla/4.0 (compatible; MSIE 6.0; Windows NT 5.1; SV1; .NET CLR 1.1.4322; .NET CLR 2.0.50727)" "sancarloscity.org"
198.175.55.5 - - [05/Jan/2008:05:14:39 -0800] "GET /sccsites/alinsyawanbigbanner.jpg HTTP/1.1" 200 42532 "http://sancarloscity.org/sccsites/alinsyawanbigbanner_photo.htm" "Mozilla/4.0 (compatible; MSIE 6.0; Windows NT 5.1; SV1; .NET CLR 1.1.4322; .NET CLR 2.0.50727)" "sancarloscity.org"
64.1.215.166 - - [05/Jan/2008:05:16:04 -0800] "GET /picgallery/ratepic.php?pic=320&rate=5 HTTP/1.0" 302 0 "-" "Mozilla/5.0 (Twiceler-0.9 http://www.cuill.com/twiceler/robot.html)" "www.sancarloscity.org"
64.1.215.166 - - [05/Jan/2008:05:16:23 -0800] "GET /picgallery/login.php?referer=%2Fpicgallery%2Flogin.php%3Freferer%3D%252Fpicgallery%252Fdisplayimage.php%253Fpos%253D-510 HTTP/1.0" 200 5593 "-" "Mozilla/5.0 (Twiceler-0.9 http://www.cuill.com/twiceler/robot.html)" "www.sancarloscity.org"
68.142.212.214 - - [05/Jan/2008:05:16:37 -0800] "GET /robots.txt HTTP/1.0" 404 730 "-" "Yahoo-MMCrawler/3.x (mms dash mmcrawler dash support at yahoo dash inc dot com)" "www.sancarloscity.org"
74.6.8.74 - - [05/Jan/2008:05:16:51 -0800] "GET / HTTP/1.0" 200 33905 "-" "Mozilla/5.0 (compatible; Yahoo! Slurp; http://help.yahoo.com/help/us/ysearch/slurp)" "www.sancarloscity.org"
74.6.27.111 - - [05/Jan/2008:05:17:02 -0800] "GET /forum2/index.php?showuser=156 HTTP/1.0" 200 4544 "-" "Mozilla/5.0 (compatible; Yahoo! Slurp; http://help.yahoo.com/help/us/ysearch/slurp)" "www.sancarloscity.org"
74.6.24.82 - - [05/Jan/2008:05:17:50 -0800] "GET /picgallery/thumbnails.php?album=topn&cat=4&page=7 HTTP/1.0" 200 16082 "-" "Mozilla/5.0 (compatible; Yahoo! Slurp; http://help.yahoo.com/help/us/ysearch/slurp)" "www.sancarloscity.org"
66.249.70.241 - - [05/Jan/2008:05:18:02 -0800] "GET /whattodotab1.jpg HTTP/1.1" 200 25422 "-" "Googlebot-Image/1.0" "www.sancarloscity.org"
66.249.70.241 - - [05/Jan/2008:05:18:02 -0800] "GET /forum2/style_emoticons/default/smile.gif HTTP/1.1" 200 699 "-" "Googlebot-Image/1.0" "www.sancarloscity.org"
66.249.70.241 - - [05/Jan/2008:05:18:49 -0800] "GET /forum2/index.php?s=2ae20856378071d09b0adac595ba5557&showuser=2 HTTP/1.1" 200 5059 "-" "Mozilla/5.0 (compatible; Googlebot/2.1; +http://www.google.com/bot.html)" "www.sancarloscity.org"
64.1.215.166 - - [05/Jan/2008:05:19:17 -0800] "GET /picgallery/displayimage.php?pos=-302 HTTP/1.0" 200 12792 "-" "Mozilla/5.0 (Twiceler-0.9 http://www.cuill.com/twiceler/robot.html)" "www.sancarloscity.org"
64.1.215.166 - - [05/Jan/2008:05:19:58 -0800] "GET /picgallery/login.php?referer=%2Fpicgallery%2Fdisplayimage.php%3Falbum%3Dlastup%26cat%3D0%26pid%3D38%26slideshow%3D5000 HTTP/1.0" 200 5611 "-" "Mozilla/5.0 (Twiceler-0.9 http://www.cuill.com/twiceler/robot.html)" "www.sancarloscity.org"
66.249.70.241 - - [05/Jan/2008:05:20:47 -0800] "GET /forum2/index.php?s=ba8280603395c184ddde6e64129a9182&act=Login&CODE=06 HTTP/1.1" 302 5 "-" "Mozilla/5.0 (compatible; Googlebot/2.1; +http://www.google.com/bot.html)" "www.sancarloscity.org"
66.249.70.241 - - [05/Jan/2008:05:21:10 -0800] "GET /forum2/index.php HTTP/1.1" 200 5087 "-" "Mozilla/5.0 (compatible; Googlebot/2.1; +http://www.google.com/bot.html)" "www.sancarloscity.org"
66.249.70.241 - - [05/Jan/2008:05:21:12 -0800] "GET /jodera2/profile.php?mode=register&sid=ba06159127d08a69d3fba16762851ae2 HTTP/1.1" 200 15283 "-" "Mozilla/5.0 (compatible; Googlebot/2.1; +http://www.google.com/bot.html)" "www.sancarloscity.org"
64.1.215.166 - - [05/Jan/2008:05:21:18 -0800] "GET /picgallery/ratepic.php?pic=151&rate=1 HTTP/1.0" 302 0 "-" "Mozilla/5.0 (Twiceler-0.9 http://www.cuill.com/twiceler/robot.html)" "www.sancarloscity.org"
64.1.215.166 - - [05/Jan/2008:05:22:18 -0800] "GET /picgallery/displayimage.php?album=toprated&cat=9&pid=48&slideshow=5000 HTTP/1.0" 200 16104 "-" "Mozilla/5.0 (Twiceler-0.9 http://www.cuill.com/twiceler/robot.html)" "www.sancarloscity.org"
64.1.215.166 - - [05/Jan/2008:05:22:37 -0800] "GET /picgallery/displayimage.php?album=lastup&cat=0&pid=260&slideshow=5000 HTTP/1.0" 200 35009 "-" "Mozilla/5.0 (Twiceler-0.9 http://www.cuill.com/twiceler/robot.html)" "www.sancarloscity.org"
66.249.70.241 - - [05/Jan/2008:05:22:41 -0800] "GET /forum2/index.php?s=2ae20856378071d09b0adac595ba5557&act=Help&CODE=01&HID=7 HTTP/1.1" 200 2886 "-" "Mozilla/5.0 (compatible; Googlebot/2.1; +http://www.google.com/bot.html)" "www.sancarloscity.org"
74.6.26.144 - - [05/Jan/2008:05:23:01 -0800] "GET /forum2/index.php?act=Login&CODE=04&f=17&fromforum=8&i=1 HTTP/1.0" 302 0 "-" "Mozilla/5.0 (compatible; Yahoo! Slurp; http://help.yahoo.com/help/us/ysearch/slurp)" "www.sancarloscity.org"
74.6.26.144 - - [05/Jan/2008:05:23:02 -0800] "GET /forum2/index.php?s=d6f3a7a7c4c810a9ba8d5e3912b00362&showforum=8 HTTP/1.0" 200 3814 "-" "Mozilla/5.0 (compatible; Yahoo! Slurp; http://help.yahoo.com/help/us/ysearch/slurp)" "www.sancarloscity.org"
66.249.70.241 - - [05/Jan/2008:05:24:20 -0800] "GET /supreme/sample_link.html HTTP/1.1" 404 760 "-" "Mozilla/5.0 (compatible; Googlebot/2.1; +http://www.google.com/bot.html)" "www.sancarloscity.org"
66.249.70.241 - - [05/Jan/2008:05:24:58 -0800] "GET /forum2/index.php?s=e86fa2a87112cef72f542c16aced3230&showuser=2 HTTP/1.1" 200 5087 "-" "Mozilla/5.0 (compatible; Googlebot/2.1; +http://www.google.com/bot.html)" "www.sancarloscity.org"
65.55.209.54 - - [05/Jan/2008:05:25:13 -0800] "GET /robots.txt HTTP/1.0" 404 730 "-" "msnbot/1.0 (+http://search.msn.com/msnbot.htm)" "www.sancarloscity.org"
65.55.209.54 - - [05/Jan/2008:05:25:13 -0800] "GET /forum/viewtopic.php?t=695 HTTP/1.0" 406 3422 "-" "msnbot/1.0 (+http://search.msn.com/msnbot.htm)" "www.sancarloscity.org"
74.6.20.119 - - [05/Jan/2008:05:25:29 -0800] "GET /forum2/index.php?act=Post&CODE=02&f=9&t=150&qpid=835 HTTP/1.0" 200 2843 "-" "Mozilla/5.0 (compatible; Yahoo! Slurp; http://help.yahoo.com/help/us/ysearch/slurp)" "www.sancarloscity.org"
81.62.124.43 - - [05/Jan/2008:05:25:38 -0800] "GET /telephone_k.htm HTTP/1.1" 200 14717 "http://www.google.ch/search?q=telephone_k&ie=utf-8&oe=utf-8&aq=t&rls=com.mandriva:en-US:official&client=firefox-a" "Mozilla/5.0 (X11; U; Linux x86_64; en-US; rv:1.8.1.11) Gecko/20070914 Mandriva/2.0.0.11-1.1mdv2008.0 (2008.0) Firefox/2.0.0.11" "www.sancarloscity.org"
81.62.124.43 - - [05/Jan/2008:05:25:38 -0800] "GET /motifbg.gif HTTP/1.1" 200 12525 "http://www.sancarloscity.org/telephone_k.htm" "Mozilla/5.0 (X11; U; Linux x86_64; en-US; rv:1.8.1.11) Gecko/20070914 Mandriva/2.0.0.11-1.1mdv2008.0 (2008.0) Firefox/2.0.0.11" "www.sancarloscity.org"
81.62.124.43 - - [05/Jan/2008:05:25:38 -0800] "GET /sccilogo.gif HTTP/1.1" 200 5782 "http://www.sancarloscity.org/telephone_k.htm" "Mozilla/5.0 (X11; U; Linux x86_64; en-US; rv:1.8.1.11) Gecko/20070914 Mandriva/2.0.0.11-1.1mdv2008.0 (2008.0) Firefox/2.0.0.11" "www.sancarloscity.org"
81.62.124.43 - - [05/Jan/2008:05:25:39 -0800] "GET /button7.jpg HTTP/1.1" 200 3647 "http://www.sancarloscity.org/telephone_k.htm" "Mozilla/5.0 (X11; U; Linux x86_64; en-US; rv:1.8.1.11) Gecko/20070914 Mandriva/2.0.0.11-1.1mdv2008.0 (2008.0) Firefox/2.0.0.11" "www.sancarloscity.org"
81.62.124.43 - - [05/Jan/2008:05:25:39 -0800] "GET /button10.jpg HTTP/1.1" 200 4425 "http://www.sancarloscity.org/telephone_k.htm" "Mozilla/5.0 (X11; U; Linux x86_64; en-US; rv:1.8.1.11) Gecko/20070914 Mandriva/2.0.0.11-1.1mdv2008.0 (2008.0) Firefox/2.0.0.11" "www.sancarloscity.org"
81.62.124.43 - - [05/Jan/2008:05:25:39 -0800] "GET /button16.jpg HTTP/1.1" 200 3190 "http://www.sancarloscity.org/telephone_k.htm" "Mozilla/5.0 (X11; U; Linux x86_64; en-US; rv:1.8.1.11) Gecko/20070914 Mandriva/2.0.0.11-1.1mdv2008.0 (2008.0) Firefox/2.0.0.11" "www.sancarloscity.org"
81.62.124.43 - - [05/Jan/2008:05:25:40 -0800] "GET /button19.jpg HTTP/1.1" 200 2919 "http://www.sancarloscity.org/telephone_k.htm" "Mozilla/5.0 (X11; U; Linux x86_64; en-US; rv:1.8.1.11) Gecko/20070914 Mandriva/2.0.0.11-1.1mdv2008.0 (2008.0) Firefox/2.0.0.11" "www.sancarloscity.org"
81.62.124.43 - - [05/Jan/2008:05:25:40 -0800] "GET /button25.jpg HTTP/1.1" 200 2743 "http://www.sancarloscity.org/telephone_k.htm" "Mozilla/5.0 (X11; U; Linux x86_64; en-US; rv:1.8.1.11) Gecko/20070914 Mandriva/2.0.0.11-1.1mdv2008.0 (2008.0) Firefox/2.0.0.11" "www.sancarloscity.org"
81.62.124.43 - - [05/Jan/2008:05:25:40 -0800] "GET /button28.jpg HTTP/1.1" 200 2753 "http://www.sancarloscity.org/telephone_k.htm" "Mozilla/5.0 (X11; U; Linux x86_64; en-US; rv:1.8.1.11) Gecko/20070914 Mandriva/2.0.0.11-1.1mdv2008.0 (2008.0) Firefox/2.0.0.11" "www.sancarloscity.org"
81.62.124.43 - - [05/Jan/2008:05:25:40 -0800] "GET /button2B.jpg HTTP/1.1" 200 3337 "http://www.sancarloscity.org/telephone_k.htm" "Mozilla/5.0 (X11; U; Linux x86_64; en-US; rv:1.8.1.11) Gecko/20070914 Mandriva/2.0.0.11-1.1mdv2008.0 (2008.0) Firefox/2.0.0.11" "www.sancarloscity.org"
81.62.124.43 - - [05/Jan/2008:05:25:41 -0800] "GET /button2E.jpg HTTP/1.1" 200 2355 "http://www.sancarloscity.org/telephone_k.htm" "Mozilla/5.0 (X11; U; Linux x86_64; en-US; rv:1.8.1.11) Gecko/20070914 Mandriva/2.0.0.11-1.1mdv2008.0 (2008.0) Firefox/2.0.0.11" "www.sancarloscity.org"
81.62.124.43 - - [05/Jan/2008:05:25:41 -0800] "GET /pan1.gif HTTP/1.1" 200 36751 "http://www.sancarloscity.org/telephone_k.htm" "Mozilla/5.0 (X11; U; Linux x86_64; en-US; rv:1.8.1.11) Gecko/20070914 Mandriva/2.0.0.11-1.1mdv2008.0 (2008.0) Firefox/2.0.0.11" "www.sancarloscity.org"
81.62.124.43 - - [05/Jan/2008:05:25:41 -0800] "GET /toptextureright.jpg HTTP/1.1" 200 3816 "http://www.sancarloscity.org/telephone_k.htm" "Mozilla/5.0 (X11; U; Linux x86_64; en-US; rv:1.8.1.11) Gecko/20070914 Mandriva/2.0.0.11-1.1mdv2008.0 (2008.0) Firefox/2.0.0.11" "www.sancarloscity.org"
81.62.124.43 - - [05/Jan/2008:05:25:42 -0800] "GET /qnet.gif HTTP/1.1" 200 1472 "http://www.sancarloscity.org/telephone_k.htm" "Mozilla/5.0 (X11; U; Linux x86_64; en-US; rv:1.8.1.11) Gecko/20070914 Mandriva/2.0.0.11-1.1mdv2008.0 (2008.0) Firefox/2.0.0.11" "www.sancarloscity.org"
81.62.124.43 - - [05/Jan/2008:05:25:42 -0800] "GET /erologo.gif HTTP/1.1" 200 1037 "http://www.sancarloscity.org/telephone_k.htm" "Mozilla/5.0 (X11; U; Linux x86_64; en-US; rv:1.8.1.11) Gecko/20070914 Mandriva/2.0.0.11-1.1mdv2008.0 (2008.0) Firefox/2.0.0.11" "www.sancarloscity.org"
81.62.124.43 - - [05/Jan/2008:05:25:42 -0800] "GET /wow.gif HTTP/1.1" 200 1598 "http://www.sancarloscity.org/telephone_k.htm" "Mozilla/5.0 (X11; U; Linux x86_64; en-US; rv:1.8.1.11) Gecko/20070914 Mandriva/2.0.0.11-1.1mdv2008.0 (2008.0) Firefox/2.0.0.11" "www.sancarloscity.org"
81.62.124.43 - - [05/Jan/2008:05:25:42 -0800] "GET /govlogo.gif HTTP/1.1" 200 2435 "http://www.sancarloscity.org/telephone_k.htm" "Mozilla/5.0 (X11; U; Linux x86_64; en-US; rv:1.8.1.11) Gecko/20070914 Mandriva/2.0.0.11-1.1mdv2008.0 (2008.0) Firefox/2.0.0.11" "www.sancarloscity.org"
81.62.124.43 - - [05/Jan/2008:05:25:43 -0800] "GET /scusaorglogo.gif HTTP/1.1" 200 2936 "http://www.sancarloscity.org/telephone_k.htm" "Mozilla/5.0 (X11; U; Linux x86_64; en-US; rv:1.8.1.11) Gecko/20070914 Mandriva/2.0.0.11-1.1mdv2008.0 (2008.0) Firefox/2.0.0.11" "www.sancarloscity.org"
81.62.124.43 - - [05/Jan/2008:05:25:43 -0800] "GET /background.gif HTTP/1.1" 200 3636 "http://www.sancarloscity.org/telephone_k.htm" "Mozilla/5.0 (X11; U; Linux x86_64; en-US; rv:1.8.1.11) Gecko/20070914 Mandriva/2.0.0.11-1.1mdv2008.0 (2008.0) Firefox/2.0.0.11" "www.sancarloscity.org"
81.62.124.43 - - [05/Jan/2008:05:25:43 -0800] "GET /button9.jpg HTTP/1.1" 200 3903 "http://www.sancarloscity.org/telephone_k.htm" "Mozilla/5.0 (X11; U; Linux x86_64; en-US; rv:1.8.1.11) Gecko/20070914 Mandriva/2.0.0.11-1.1mdv2008.0 (2008.0) Firefox/2.0.0.11" "www.sancarloscity.org"
81.62.124.43 - - [05/Jan/2008:05:25:44 -0800] "GET /button8.jpg HTTP/1.1" 200 3687 "http://www.sancarloscity.org/telephone_k.htm" "Mozilla/5.0 (X11; U; Linux x86_64; en-US; rv:1.8.1.11) Gecko/20070914 Mandriva/2.0.0.11-1.1mdv2008.0 (2008.0) Firefox/2.0.0.11" "www.sancarloscity.org"
64.1.215.166 - - [05/Jan/2008:05:25:44 -0800] "GET /picgallery/login.php?referer=%2Fpicgallery%2Fdisplayimage.php%3Falbum%3Dtopn%26cat%3D13%26pos%3D3 HTTP/1.0" 200 5559 "-" "Mozilla/5.0 (Twiceler-0.9 http://www.cuill.com/twiceler/robot.html)" "www.sancarloscity.org"
81.62.124.43 - - [05/Jan/2008:05:25:44 -0800] "GET /button11.jpg HTTP/1.1" 200 4461 "http://www.sancarloscity.org/telephone_k.htm" "Mozilla/5.0 (X11; U; Linux x86_64; en-US; rv:1.8.1.11) Gecko/20070914 Mandriva/2.0.0.11-1.1mdv2008.0 (2008.0) Firefox/2.0.0.11" "www.sancarloscity.org"
81.62.124.43 - - [05/Jan/2008:05:25:45 -0800] "GET /button12.jpg HTTP/1.1" 200 4696 "http://www.sancarloscity.org/telephone_k.htm" "Mozilla/5.0 (X11; U; Linux x86_64; en-US; rv:1.8.1.11) Gecko/20070914 Mandriva/2.0.0.11-1.1mdv2008.0 (2008.0) Firefox/2.0.0.11" "www.sancarloscity.org"
81.62.124.43 - - [05/Jan/2008:05:25:45 -0800] "GET /button17.jpg HTTP/1.1" 200 3219 "http://www.sancarloscity.org/telephone_k.htm" "Mozilla/5.0 (X11; U; Linux x86_64; en-US; rv:1.8.1.11) Gecko/20070914 Mandriva/2.0.0.11-1.1mdv2008.0 (2008.0) Firefox/2.0.0.11" "www.sancarloscity.org"
81.62.124.43 - - [05/Jan/2008:05:25:45 -0800] "GET /button18.jpg HTTP/1.1" 200 3396 "http://www.sancarloscity.org/telephone_k.htm" "Mozilla/5.0 (X11; U; Linux x86_64; en-US; rv:1.8.1.11) Gecko/20070914 Mandriva/2.0.0.11-1.1mdv2008.0 (2008.0) Firefox/2.0.0.11" "www.sancarloscity.org"
81.62.124.43 - - [05/Jan/2008:05:25:45 -0800] "GET /button1A.jpg HTTP/1.1" 200 2981 "http://www.sancarloscity.org/telephone_k.htm" "Mozilla/5.0 (X11; U; Linux x86_64; en-US; rv:1.8.1.11) Gecko/20070914 Mandriva/2.0.0.11-1.1mdv2008.0 (2008.0) Firefox/2.0.0.11" "www.sancarloscity.org"
81.62.124.43 - - [05/Jan/2008:05:25:46 -0800] "GET /button1B.jpg HTTP/1.1" 200 3170 "http://www.sancarloscity.org/telephone_k.htm" "Mozilla/5.0 (X11; U; Linux x86_64; en-US; rv:1.8.1.11) Gecko/20070914 Mandriva/2.0.0.11-1.1mdv2008.0 (2008.0) Firefox/2.0.0.11" "www.sancarloscity.org"
81.62.124.43 - - [05/Jan/2008:05:25:46 -0800] "GET /button27.jpg HTTP/1.1" 200 2915 "http://www.sancarloscity.org/telephone_k.htm" "Mozilla/5.0 (X11; U; Linux x86_64; en-US; rv:1.8.1.11) Gecko/20070914 Mandriva/2.0.0.11-1.1mdv2008.0 (2008.0) Firefox/2.0.0.11" "www.sancarloscity.org"
81.62.124.43 - - [05/Jan/2008:05:25:46 -0800] "GET /button26.jpg HTTP/1.1" 200 2754 "http://www.sancarloscity.org/telephone_k.htm" "Mozilla/5.0 (X11; U; Linux x86_64; en-US; rv:1.8.1.11) Gecko/20070914 Mandriva/2.0.0.11-1.1mdv2008.0 (2008.0) Firefox/2.0.0.11" "www.sancarloscity.org"
81.62.124.43 - - [05/Jan/2008:05:25:47 -0800] "GET /button29.jpg HTTP/1.1" 200 2811 "http://www.sancarloscity.org/telephone_k.htm" "Mozilla/5.0 (X11; U; Linux x86_64; en-US; rv:1.8.1.11) Gecko/20070914 Mandriva/2.0.0.11-1.1mdv2008.0 (2008.0) Firefox/2.0.0.11" "www.sancarloscity.org"
81.62.124.43 - - [05/Jan/2008:05:25:47 -0800] "GET /button2A.jpg HTTP/1.1" 200 2975 "http://www.sancarloscity.org/telephone_k.htm" "Mozilla/5.0 (X11; U; Linux x86_64; en-US; rv:1.8.1.11) Gecko/20070914 Mandriva/2.0.0.11-1.1mdv2008.0 (2008.0) Firefox/2.0.0.11" "www.sancarloscity.org"
81.62.124.43 - - [05/Jan/2008:05:25:47 -0800] "GET /button2C.jpg HTTP/1.1" 200 3405 "http://www.sancarloscity.org/telephone_k.htm" "Mozilla/5.0 (X11; U; Linux x86_64; en-US; rv:1.8.1.11) Gecko/20070914 Mandriva/2.0.0.11-1.1mdv2008.0 (2008.0) Firefox/2.0.0.11" "www.sancarloscity.org"
81.62.124.43 - - [05/Jan/2008:05:25:47 -0800] "GET /button2D.jpg HTTP/1.1" 200 3584 "http://www.sancarloscity.org/telephone_k.htm" "Mozilla/5.0 (X11; U; Linux x86_64; en-US; rv:1.8.1.11) Gecko/20070914 Mandriva/2.0.0.11-1.1mdv2008.0 (2008.0) Firefox/2.0.0.11" "www.sancarloscity.org"
81.62.124.43 - - [05/Jan/2008:05:25:48 -0800] "GET /button2F.jpg HTTP/1.1" 200 2439 "http://www.sancarloscity.org/telephone_k.htm" "Mozilla/5.0 (X11; U; Linux x86_64; en-US; rv:1.8.1.11) Gecko/20070914 Mandriva/2.0.0.11-1.1mdv2008.0 (2008.0) Firefox/2.0.0.11" "www.sancarloscity.org"
81.62.124.43 - - [05/Jan/2008:05:25:48 -0800] "GET /button30.jpg HTTP/1.1" 200 2605 "http://www.sancarloscity.org/telephone_k.htm" "Mozilla/5.0 (X11; U; Linux x86_64; en-US; rv:1.8.1.11) Gecko/20070914 Mandriva/2.0.0.11-1.1mdv2008.0 (2008.0) Firefox/2.0.0.11" "www.sancarloscity.org"
81.62.124.43 - - [05/Jan/2008:05:25:48 -0800] "GET /favicon.ico HTTP/1.1" 404 747 "-" "Mozilla/5.0 (X11; U; Linux x86_64; en-US; rv:1.8.1.11) Gecko/20070914 Mandriva/2.0.0.11-1.1mdv2008.0 (2008.0) Firefox/2.0.0.11" "www.sancarloscity.org"
81.62.124.43 - - [05/Jan/2008:05:25:57 -0800] "GET /favicon.ico HTTP/1.1" 404 747 "-" "Mozilla/5.0 (X11; U; Linux x86_64; en-US; rv:1.8.1.11) Gecko/20070914 Mandriva/2.0.0.11-1.1mdv2008.0 (2008.0) Firefox/2.0.0.11" "www.sancarloscity.org"
66.249.70.241 - - [05/Jan/2008:05:26:13 -0800] "GET /forum2/index.php?s=2ae20856378071d09b0adac595ba5557&automodule=blog&blogid=2&showentry=17 HTTP/1.1" 200 3759 "-" "Mozilla/5.0 (compatible; Googlebot/2.1; +http://www.google.com/bot.html)" "www.sancarloscity.org"
64.1.215.166 - - [05/Jan/2008:05:26:20 -0800] "GET /picgallery/login.php?referer=%2Fpicgallery%2Fdisplayimage.php%3Falbum%3Dlastup%26cat%3D0%26pos%3D242 HTTP/1.0" 200 5565 "-" "Mozilla/5.0 (Twiceler-0.9 http://www.cuill.com/twiceler/robot.html)" "www.sancarloscity.org"
63.123.238.8 - - [05/Jan/2008:05:26:41 -0800] "GET /robots.txt HTTP/1.1" 404 738 "-" "Mozilla/2.0 (compatible; Ask Jeeves/Teoma)" "sancarloscity.org"
63.123.238.8 - - [05/Jan/2008:05:26:41 -0800] "GET / HTTP/1.1" 200 33905 "-" "Mozilla/2.0 (compatible; Ask Jeeves/Teoma)" "sancarloscity.org"
74.6.24.49 - - [05/Jan/2008:05:26:53 -0800] "GET /ymbusinessinn/reservation.htm HTTP/1.0" 200 9585 "-" "Mozilla/5.0 (compatible; Yahoo! Slurp; http://help.yahoo.com/help/us/ysearch/slurp)" "www.sancarloscity.org"
66.249.70.241 - - [05/Jan/2008:05:26:58 -0800] "GET /forum2/index.php?s=4486a1ff8ee5ce662d9e17cf6cdbce91&act=Search&f=0 HTTP/1.1" 200 2822 "-" "Mozilla/5.0 (compatible; Googlebot/2.1; +http://www.google.com/bot.html)" "www.sancarloscity.org"
66.249.70.241 - - [05/Jan/2008:05:27:14 -0800] "GET /jodera2/profile.php?mode=register&sid=85610a02dbc831396e574bd57ac535f1 HTTP/1.1" 200 15283 "-" "Mozilla/5.0 (compatible; Googlebot/2.1; +http://www.google.com/bot.html)" "www.sancarloscity.org"
66.249.70.241 - - [05/Jan/2008:05:27:16 -0800] "GET /sphider/search.php?query=forum&start=4&search=1&results=10&type=and HTTP/1.1" 200 9067 "-" "Mozilla/5.0 (compatible; Googlebot/2.1; +http://www.google.com/bot.html)" "www.sancarloscity.org"
66.249.70.241 - - [05/Jan/2008:05:27:17 -0800] "GET /forum2/index.php?s=2ae20856378071d09b0adac595ba5557&act=Search&f=0 HTTP/1.1" 200 2824 "-" "Mozilla/5.0 (compatible; Googlebot/2.1; +http://www.google.com/bot.html)" "www.sancarloscity.org"
66.249.70.241 - - [05/Jan/2008:05:27:18 -0800] "GET /forum2/index.php?s=2ae20856378071d09b0adac595ba5557&act=calendar&cal_id=1&m=9&y=2007 HTTP/1.1" 200 3850 "-" "Mozilla/5.0 (compatible; Googlebot/2.1; +http://www.google.com/bot.html)" "www.sancarloscity.org"
66.249.70.241 - - [05/Jan/2008:05:27:18 -0800] "GET /forum2/index.php?s=2ae20856378071d09b0adac595ba5557&act=Login&CODE=06 HTTP/1.1" 302 5 "-" "Mozilla/5.0 (compatible; Googlebot/2.1; +http://www.google.com/bot.html)" "www.sancarloscity.org"
66.249.70.241 - - [05/Jan/2008:05:27:18 -0800] "GET /sphider/search.php?query=radio&start=5&search=1&results=10&type=and HTTP/1.1" 200 7979 "-" "Mozilla/5.0 (compatible; Googlebot/2.1; +http://www.google.com/bot.html)" "www.sancarloscity.org"
66.249.70.241 - - [05/Jan/2008:05:27:22 -0800] "GET /forum2/index.php?s=ba8280603395c184ddde6e64129a9182&act=Login&CODE=04&f=4&fromforum=0&i=1 HTTP/1.1" 302 5 "-" "Mozilla/5.0 (compatible; Googlebot/2.1; +http://www.google.com/bot.html)" "www.sancarloscity.org"
66.249.70.241 - - [05/Jan/2008:05:27:24 -0800] "GET /forum2/index.php?s=2ae20856378071d09b0adac595ba5557&act=calendar&cal_id=1&code=showday&y=2007&m=7&d=14 HTTP/1.1" 200 3374 "-" "Mozilla/5.0 (compatible; Googlebot/2.1; +http://www.google.com/bot.html)" "www.sancarloscity.org"
66.249.70.241 - - [05/Jan/2008:05:27:24 -0800] "GET /forum2/index.php?s=e86fa2a87112cef72f542c16aced3230&act=Search&f=0 HTTP/1.1" 200 3201 "-" "Mozilla/5.0 (compatible; Googlebot/2.1; +http://www.google.com/bot.html)" "www.sancarloscity.org"
66.249.70.241 - - [05/Jan/2008:05:27:25 -0800] "GET /forum2/index.php?s=e86fa2a87112cef72f542c16aced3230&act=Search&f=0 HTTP/1.1" 200 7876 "-" "Mozilla/5.0 (compatible; Googlebot/2.1; +http://www.google.com/bot.html)" "www.sancarloscity.org"
74.6.19.108 - - [05/Jan/2008:05:27:32 -0800] "GET /forum2/index.php?showtopic=96&mode=linearplus&view=findpost&p=731 HTTP/1.0" 302 0 "-" "Mozilla/5.0 (compatible; Yahoo! Slurp; http://help.yahoo.com/help/us/ysearch/slurp)" "www.sancarloscity.org"
74.6.19.108 - - [05/Jan/2008:05:27:33 -0800] "GET /forum2/index.php?s=c05e08edba30be66fb9175c014403529&showtopic=96&st=0&p=731& HTTP/1.0" 200 9828 "-" "Mozilla/5.0 (compatible; Yahoo! Slurp; http://help.yahoo.com/help/us/ysearch/slurp)" "www.sancarloscity.org"
64.229.30.83 - - [05/Jan/2008:05:31:39 -0800] "GET /jodera2/joderaphoto/displayimage.php?album=http://amyru.h18.ru/images/cs.txt? HTTP/1.1" 200 4615 "-" "Wget/1.1 (compatible; i486; Linux; RedHat7.3)" "www.sancarloscity.org"
64.229.30.83 - - [05/Jan/2008:05:32:46 -0800] "GET /jodera2/joderaphoto/displayimage.php?album=http://amyru.h18.ru/images/cs.txt? HTTP/1.1" 200 4615 "-" "Wget/1.1 (compatible; i486; Linux; RedHat7.3)" "www.sancarloscity.org"
74.6.25.17 - - [05/Jan/2008:05:34:07 -0800] "GET /picgallery/ratepic.php?pic=508&rate=4 HTTP/1.0" 302 0 "-" "Mozilla/5.0 (compatible; Yahoo! Slurp; http://help.yahoo.com/help/us/ysearch/slurp)" "www.sancarloscity.org"
74.6.25.17 - - [05/Jan/2008:05:34:08 -0800] "GET /picgallery/displayimage.php?pos=-508 HTTP/1.0" 200 13364 "-" "Mozilla/5.0 (compatible; Yahoo! Slurp; http://help.yahoo.com/help/us/ysearch/slurp)" "www.sancarloscity.org"
210.23.183.221 - - [05/Jan/2008:05:34:31 -0800] "GET /quisumbingsite/emiliostory.htm HTTP/1.1" 200 17882 "http://search.yahoo.com/search?p=english+as+a+medium+of+instruction+in+elementary&ei=UTF-8&rd=adv&meta=vc%3Dph&fp_ip=PH&xargs=0&pstart=1&b=31" "Mozilla/4.0 (compatible; MSIE 7.0; Windows NT 6.0; SLCC1; .NET CLR 2.0.50727; Media Center PC 5.0; .NET CLR 3.0.04506; InfoPath.2)" "www.sancarloscity.org"
64.1.215.166 - - [05/Jan/2008:05:34:33 -0800] "GET /picgallery/login.php?referer=%2Fpicgallery%2Fdisplayimage.php%3Falbum%3Dtopn%26cat%3D9%26pos%3D22 HTTP/1.0" 200 5559 "-" "Mozilla/5.0 (Twiceler-0.9 http://www.cuill.com/twiceler/robot.html)" "www.sancarloscity.org"
210.23.183.221 - - [05/Jan/2008:05:34:33 -0800] "GET /quisumbingsite/antenna.css HTTP/1.1" 200 1674 "http://www.sancarloscity.org/quisumbingsite/emiliostory.htm" "Mozilla/4.0 (compatible; MSIE 7.0; Windows NT 6.0; SLCC1; .NET CLR 2.0.50727; Media Center PC 5.0; .NET CLR 3.0.04506; InfoPath.2)" "www.sancarloscity.org"
210.23.183.221 - - [05/Jan/2008:05:34:35 -0800] "GET /quisumbingsite/autoactivate.js HTTP/1.1" 200 5474 "http://www.sancarloscity.org/quisumbingsite/emiliostory.htm" "Mozilla/4.0 (compatible; MSIE 7.0; Windows NT 6.0; SLCC1; .NET CLR 2.0.50727; Media Center PC 5.0; .NET CLR 3.0.04506; InfoPath.2)" "www.sancarloscity.org"
210.23.183.221 - - [05/Jan/2008:05:34:37 -0800] "GET /quisumbingsite/qbanner2.jpg HTTP/1.1" 200 37507 "http://www.sancarloscity.org/quisumbingsite/emiliostory.htm" "Mozilla/4.0 (compatible; MSIE 7.0; Windows NT 6.0; SLCC1; .NET CLR 2.0.50727; Media Center PC 5.0; .NET CLR 3.0.04506; InfoPath.2)" "www.sancarloscity.org"
210.23.183.221 - - [05/Jan/2008:05:34:46 -0800] "GET /favicon.ico HTTP/1.1" 404 747 "-" "Mozilla/4.0 (compatible; MSIE 7.0; Windows NT 6.0; SLCC1; .NET CLR 2.0.50727; Media Center PC 5.0; .NET CLR 3.0.04506; InfoPath.2)" "www.sancarloscity.org"
74.6.24.26 - - [05/Jan/2008:05:35:33 -0800] "GET /forum2/index.php?act=calendar&cal_id=1&code=find&what=thisweek HTTP/1.0" 302 0 "-" "Mozilla/5.0 (compatible; Yahoo! Slurp; http://help.yahoo.com/help/us/ysearch/slurp)" "www.sancarloscity.org"
74.6.24.26 - - [05/Jan/2008:05:35:34 -0800] "GET /forum2/index.php?s=05710d21bf300bae49499d3d7dd72018&act=calendar&cal_id=1&code=showweek&week=1199568933 HTTP/1.0" 200 3537 "-" "Mozilla/5.0 (compatible; Yahoo! Slurp; http://help.yahoo.com/help/us/ysearch/slurp)" "www.sancarloscity.org"
74.6.24.14 - - [05/Jan/2008:05:37:10 -0800] "GET /qphotogallery/displayimage.php?album=25&pos=0 HTTP/1.0" 200 19834 "-" "Mozilla/5.0 (compatible; Yahoo! Slurp; http://help.yahoo.com/help/us/ysearch/slurp)" "sancarloscity.org"
64.1.215.166 - - [05/Jan/2008:05:41:15 -0800] "GET /picgallery/login.php?referer=%2Fpicgallery%2Fdisplayimage.php%3Falbum%3Dlastup%26cat%3D12%26pos%3D11 HTTP/1.0" 200 5565 "-" "Mozilla/5.0 (Twiceler-0.9 http://www.cuill.com/twiceler/robot.html)" "www.sancarloscity.org"
74.6.27.108 - - [05/Jan/2008:05:41:17 -0800] "GET /government.htm HTTP/1.0" 200 27536 "-" "Mozilla/5.0 (compatible; Yahoo! Slurp; http://help.yahoo.com/help/us/ysearch/slurp)" "sancarloscity.org"
70.48.21.212 - - [05/Jan/2008:05:41:53 -0800] "GET /picgallery/thumbnails.php?album=http://himanhimanioum.chat.ru/man? HTTP/1.1" 200 4020 "-" "Mozilla/4.0 (compatible; MSIE 7.0; Windows NT 5.1; .NET CLR 1.1.4322)" "www.sancarloscity.org"
77.91.227.181 - - [05/Jan/2008:05:44:01 -0800] "POST /guestbookadvance/addentry.php HTTP/1.1" 404 765 "http://www.sancarloscity.org/guestbookadvance/addentry.php" "Mozilla/4.0 (compatible; MSIE 6.0; Windows NT 5.1)" "www.sancarloscity.org"
74.6.19.209 - - [05/Jan/2008:05:48:00 -0800] "GET /qphotogallery/thumbnails.php?album=15 HTTP/1.0" 200 21912 "-" "Mozilla/5.0 (compatible; Yahoo! Slurp; http://help.yahoo.com/help/us/ysearch/slurp)" "sancarloscity.org"
66.249.70.241 - - [05/Jan/2008:05:48:43 -0800] "GET /qphotogallery/displayimage.php?pos=-326 HTTP/1.1" 200 21401 "-" "Mozilla/5.0 (compatible; Googlebot/2.1; +http://www.google.com/bot.html)" "www.sancarloscity.org"
64.1.215.166 - - [05/Jan/2008:05:49:13 -0800] "GET /picgallery/ratepic.php?pic=305&rate=1 HTTP/1.0" 302 0 "-" "Mozilla/5.0 (Twiceler-0.9 http://www.cuill.com/twiceler/robot.html)" "www.sancarloscity.org"
66.249.70.241 - - [05/Jan/2008:05:49:15 -0800] "GET /misssancarlos/7.jpg HTTP/1.1" 404 755 "-" "Googlebot-Image/1.0" "www.sancarloscity.org"
65.55.209.50 - - [05/Jan/2008:05:49:31 -0800] "GET /forum/profile.php?mode=register&agreed=true&coppa=true&sid=d970bc037e79a7fdd66a0a218a3ef91b HTTP/1.0" 406 3422 "-" "msnbot/1.0 (+http://search.msn.com/msnbot.htm)" "www.sancarloscity.org"
64.1.215.166 - - [05/Jan/2008:05:49:38 -0800] "GET /picgallery/ratepic.php?pic=474&rate=3 HTTP/1.0" 302 0 "-" "Mozilla/5.0 (Twiceler-0.9 http://www.cuill.com/twiceler/robot.html)" "www.sancarloscity.org"
65.55.209.50 - - [05/Jan/2008:05:49:56 -0800] "GET /forum2/index.php?s=54f49d62deeb5b4475d4ebc0695a7cb3&act=calendar&cal_id=1&code=showweek&week=1195344000 HTTP/1.0" 200 25707 "-" "msnbot/1.0 (+http://search.msn.com/msnbot.htm)" "www.sancarloscity.org"
