194.72.9.26 - - [05/Jan/2008:06:21:50 -0800] "GET /picgallery/albums/userpics/10001/thumb_1~1.jpg HTTP/1.1" 200 2645 "http://www.sancarloscity.org/picgallery/index.php?cat=14" "Mozilla/4.0 (compatible; MSIE 7.0; Windows NT 5.1)" "www.sancarloscity.org"
194.72.9.26 - - [05/Jan/2008:06:21:50 -0800] "GET /picgallery/albums/userpics/10001/thumb_miss60.JPG HTTP/1.1" 200 2841 "http://www.sancarloscity.org/picgallery/index.php?cat=14" "Mozilla/4.0 (compatible; MSIE 7.0; Windows NT 5.1)" "www.sancarloscity.org"
194.72.9.26 - - [05/Jan/2008:06:21:50 -0800] "GET /picgallery/albums/userpics/10001/thumb_miss64.JPG HTTP/1.1" 200 2742 "http://www.sancarloscity.org/picgallery/index.php?cat=14" "Mozilla/4.0 (compatible; MSIE 7.0; Windows NT 5.1)" "www.sancarloscity.org"
194.72.9.26 - - [05/Jan/2008:06:21:50 -0800] "GET /picgallery/albums/userpics/10001/thumb_6~0.jpg HTTP/1.1" 200 2633 "http://www.sancarloscity.org/picgallery/index.php?cat=14" "Mozilla/4.0 (compatible; MSIE 7.0; Windows NT 5.1)" "www.sancarloscity.org"
194.72.9.26 - - [05/Jan/2008:06:21:50 -0800] "GET /picgallery/albums/userpics/10001/thumb_2~1.jpg HTTP/1.1" 200 2901 "http://www.sancarloscity.org/picgallery/index.php?cat=14" "Mozilla/4.0 (compatible; MSIE 7.0; Windows NT 5.1)" "www.sancarloscity.org"
194.72.9.26 - - [05/Jan/2008:06:21:51 -0800] "GET /picgallery/albums/userpics/10001/thumb_miss61.JPG HTTP/1.1" 200 2384 "http://www.sancarloscity.org/picgallery/index.php?cat=14" "Mozilla/4.0 (compatible; MSIE 7.0; Windows NT 5.1)" "www.sancarloscity.org"
194.72.9.26 - - [05/Jan/2008:06:21:51 -0800] "GET /picgallery/albums/userpics/10001/thumb_5~1.jpg HTTP/1.1" 200 2789 "http://www.sancarloscity.org/picgallery/index.php?cat=14" "Mozilla/4.0 (compatible; MSIE 7.0; Windows NT 5.1)" "www.sancarloscity.org"
194.72.9.26 - - [05/Jan/2008:06:21:59 -0800] "GET /picgallery/index.php?cat=13 HTTP/1.1" 200 20732 "http://www.sancarloscity.org/picgallery/" "Mozilla/4.0 (compatible; MSIE 7.0; Windows NT 5.1)" "www.sancarloscity.org"
194.72.9.26 - - [05/Jan/2008:06:22:00 -0800] "GET /picgallery/albums/userpics/10001/thumb_ce88.jpg HTTP/1.1" 200 3328 "http://www.sancarloscity.org/picgallery/index.php?cat=13" "Mozilla/4.0 (compatible; MSIE 7.0; Windows NT 5.1)" "www.sancarloscity.org"
194.72.9.26 - - [05/Jan/2008:06:22:00 -0800] "GET /picgallery/albums/userpics/10001/thumb_DSC02629.JPG HTTP/1.1" 200 3110 "http://www.sancarloscity.org/picgallery/index.php?cat=13" "Mozilla/4.0 (compatible; MSIE 7.0; Windows NT 5.1)" "www.sancarloscity.org"
194.72.9.26 - - [05/Jan/2008:06:22:00 -0800] "GET /picgallery/albums/userpics/10001/thumb_df92.jpg HTTP/1.1" 200 3413 "http://www.sancarloscity.org/picgallery/index.php?cat=13" "Mozilla/4.0 (compatible; MSIE 7.0; Windows NT 5.1)" "www.sancarloscity.org"
194.72.9.26 - - [05/Jan/2008:06:22:01 -0800] "GET /picgallery/albums/userpics/10001/thumb_ce8c.jpg HTTP/1.1" 200 3286 "http://www.sancarloscity.org/picgallery/index.php?cat=13" "Mozilla/4.0 (compatible; MSIE 7.0; Windows NT 5.1)" "www.sancarloscity.org"
194.72.9.26 - - [05/Jan/2008:06:22:01 -0800] "GET /picgallery/albums/userpics/10001/thumb_f781.jpg HTTP/1.1" 200 3738 "http://www.sancarloscity.org/picgallery/index.php?cat=13" "Mozilla/4.0 (compatible; MSIE 7.0; Windows NT 5.1)" "www.sancarloscity.org"
194.72.9.26 - - [05/Jan/2008:06:22:01 -0800] "GET /picgallery/albums/userpics/10001/thumb_dc38.jpg HTTP/1.1" 200 3507 "http://www.sancarloscity.org/picgallery/index.php?cat=13" "Mozilla/4.0 (compatible; MSIE 7.0; Windows NT 5.1)" "www.sancarloscity.org"
194.72.9.26 - - [05/Jan/2008:06:22:01 -0800] "GET /picgallery/albums/userpics/10001/thumb_f74a.jpg HTTP/1.1" 200 3734 "http://www.sancarloscity.org/picgallery/index.php?cat=13" "Mozilla/4.0 (compatible; MSIE 7.0; Windows NT 5.1)" "www.sancarloscity.org"
194.72.9.26 - - [05/Jan/2008:06:22:02 -0800] "GET /picgallery/albums/userpics/10001/thumb_f929.jpg HTTP/1.1" 200 3710 "http://www.sancarloscity.org/picgallery/index.php?cat=13" "Mozilla/4.0 (compatible; MSIE 7.0; Windows NT 5.1)" "www.sancarloscity.org"
194.72.9.26 - - [05/Jan/2008:06:22:02 -0800] "GET /picgallery/albums/userpics/10001/thumb_f37d.jpg HTTP/1.1" 200 3392 "http://www.sancarloscity.org/picgallery/index.php?cat=13" "Mozilla/4.0 (compatible; MSIE 7.0; Windows NT 5.1)" "www.sancarloscity.org"
194.72.9.26 - - [05/Jan/2008:06:22:02 -0800] "GET /picgallery/albums/userpics/10001/thumb_cd77.jpg HTTP/1.1" 200 3715 "http://www.sancarloscity.org/picgallery/index.php?cat=13" "Mozilla/4.0 (compatible; MSIE 7.0; Windows NT 5.1)" "www.sancarloscity.org"
194.72.9.26 - - [05/Jan/2008:06:22:02 -0800] "GET /picgallery/albums/userpics/10001/thumb_cf14.jpg HTTP/1.1" 200 3553 "http://www.sancarloscity.org/picgallery/index.php?cat=13" "Mozilla/4.0 (compatible; MSIE 7.0; Windows NT 5.1)" "www.sancarloscity.org"
194.72.9.26 - - [05/Jan/2008:06:22:03 -0800] "GET /picgallery/albums/userpics/10001/thumb_eb25.jpg HTTP/1.1" 200 3333 "http://www.sancarloscity.org/picgallery/index.php?cat=13" "Mozilla/4.0 (compatible; MSIE 7.0; Windows NT 5.1)" "www.sancarloscity.org"
194.72.9.26 - - [05/Jan/2008:06:22:03 -0800] "GET /picgallery/albums/userpics/10001/thumb_e633.jpg HTTP/1.1" 200 3869 "http://www.sancarloscity.org/picgallery/index.php?cat=13" "Mozilla/4.0 (compatible; MSIE 7.0; Windows NT 5.1)" "www.sancarloscity.org"
194.72.9.26 - - [05/Jan/2008:06:22:06 -0800] "GET /picgallery/displayimage.php?album=random&cat=13&pos=-365 HTTP/1.1" 200 13183 "http://www.sancarloscity.org/picgallery/index.php?cat=13" "Mozilla/4.0 (compatible; MSIE 7.0; Windows NT 5.1)" "www.sancarloscity.org"
194.72.9.26 - - [05/Jan/2008:06:22:07 -0800] "GET /picgallery/albums/userpics/10001/normal_f781.jpg HTTP/1.1" 200 30561 "http://www.sancarloscity.org/picgallery/displayimage.php?album=random&cat=13&pos=-365" "Mozilla/4.0 (compatible; MSIE 7.0; Windows NT 5.1)" "www.sancarloscity.org"
194.72.9.26 - - [05/Jan/2008:06:22:07 -0800] "GET /picgallery/albums/userpics/10001/thumb_ecd0.jpg HTTP/1.1" 200 3749 "http://www.sancarloscity.org/picgallery/displayimage.php?album=random&cat=13&pos=-365" "Mozilla/4.0 (compatible; MSIE 7.0; Windows NT 5.1)" "www.sancarloscity.org"
68.142.212.214 - - [05/Jan/2008:06:22:18 -0800] "GET /government/d9.jpg HTTP/1.0" 304 - "-" "Yahoo-MMCrawler/3.x (mms dash mmcrawler dash support at yahoo dash inc dot com)" "www.sancarloscity.org"
194.72.9.26 - - [05/Jan/2008:06:22:19 -0800] "GET /picgallery/displayimage.php?album=29&pos=14 HTTP/1.1" 200 12917 "http://www.sancarloscity.org/picgallery/displayimage.php?album=random&cat=13&pos=-365" "Mozilla/4.0 (compatible; MSIE 7.0; Windows NT 5.1)" "www.sancarloscity.org"
194.72.9.26 - - [05/Jan/2008:06:22:20 -0800] "GET /picgallery/albums/userpics/10001/normal_f929.jpg HTTP/1.1" 200 29150 "http://www.sancarloscity.org/picgallery/displayimage.php?album=29&pos=14" "Mozilla/4.0 (compatible; MSIE 7.0; Windows NT 5.1)" "www.sancarloscity.org"
66.249.70.241 - - [05/Jan/2008:06:22:25 -0800] "GET /sphider/search.php?query=images&start=2&search=1&results=10&type=and HTTP/1.1" 200 7947 "-" "Mozilla/5.0 (compatible; Googlebot/2.1; +http://www.google.com/bot.html)" "www.sancarloscity.org"
66.249.70.241 - - [05/Jan/2008:06:22:26 -0800] "GET /news1.htm HTTP/1.1" 404 745 "-" "Mozilla/5.0 (compatible; Googlebot/2.1; +http://www.google.com/bot.html)" "www.sancarloscity.org"
66.249.70.241 - - [05/Jan/2008:06:22:27 -0800] "GET /hotelrates1.htm HTTP/1.1" 200 23931 "-" "Mozilla/5.0 (compatible; Googlebot/2.1; +http://www.google.com/bot.html)" "sancarloscity.org"
66.249.70.241 - - [05/Jan/2008:06:22:27 -0800] "GET /attractions.htm HTTP/1.1" 200 22075 "-" "Mozilla/5.0 (compatible; Googlebot/2.1; +http://www.google.com/bot.html)" "sancarloscity.org"
194.72.9.26 - - [05/Jan/2008:06:22:29 -0800] "GET /picgallery/displayimage.php?album=29&pos=13 HTTP/1.1" 200 13167 "http://www.sancarloscity.org/picgallery/displayimage.php?album=29&pos=14" "Mozilla/4.0 (compatible; MSIE 7.0; Windows NT 5.1)" "www.sancarloscity.org"
194.72.9.26 - - [05/Jan/2008:06:22:33 -0800] "GET /picgallery/displayimage.php?album=29&pos=12 HTTP/1.1" 200 12975 "http://www.sancarloscity.org/picgallery/displayimage.php?album=29&pos=13" "Mozilla/4.0 (compatible; MSIE 7.0; Windows NT 5.1)" "www.sancarloscity.org"
194.72.9.26 - - [05/Jan/2008:06:22:33 -0800] "GET /picgallery/albums/userpics/10001/normal_f74a.jpg HTTP/1.1" 200 32318 "http://www.sancarloscity.org/picgallery/displayimage.php?album=29&pos=12" "Mozilla/4.0 (compatible; MSIE 7.0; Windows NT 5.1)" "www.sancarloscity.org"
194.72.9.26 - - [05/Jan/2008:06:22:38 -0800] "GET /picgallery/displayimage.php?album=29&pos=11 HTTP/1.1" 200 12974 "http://www.sancarloscity.org/picgallery/displayimage.php?album=29&pos=12" "Mozilla/4.0 (compatible; MSIE 7.0; Windows NT 5.1)" "www.sancarloscity.org"
194.72.9.26 - - [05/Jan/2008:06:22:39 -0800] "GET /picgallery/albums/userpics/10001/normal_f37d.jpg HTTP/1.1" 200 31108 "http://www.sancarloscity.org/picgallery/displayimage.php?album=29&pos=11" "Mozilla/4.0 (compatible; MSIE 7.0; Windows NT 5.1)" "www.sancarloscity.org"
194.72.9.26 - - [05/Jan/2008:06:22:39 -0800] "GET /picgallery/albums/userpics/10001/thumb_ec56.jpg HTTP/1.1" 200 3514 "http://www.sancarloscity.org/picgallery/displayimage.php?album=29&pos=11" "Mozilla/4.0 (compatible; MSIE 7.0; Windows NT 5.1)" "www.sancarloscity.org"
194.72.9.26 - - [05/Jan/2008:06:22:43 -0800] "GET /picgallery/displayimage.php?album=29&pos=10 HTTP/1.1" 200 12972 "http://www.sancarloscity.org/picgallery/displayimage.php?album=29&pos=11" "Mozilla/4.0 (compatible; MSIE 7.0; Windows NT 5.1)" "www.sancarloscity.org"
74.6.28.33 - - [05/Jan/2008:06:22:44 -0800] "GET /jodera2/joderaphoto/thumbnails.php?album=71 HTTP/1.0" 200 18780 "-" "Mozilla/5.0 (compatible; Yahoo! Slurp; http://help.yahoo.com/help/us/ysearch/slurp)" "www.sancarloscity.org"
194.72.9.26 - - [05/Jan/2008:06:22:45 -0800] "GET /picgallery/albums/userpics/10001/normal_ecd0.jpg HTTP/1.1" 200 35441 "http://www.sancarloscity.org/picgallery/displayimage.php?album=29&pos=10" "Mozilla/4.0 (compatible; MSIE 7.0; Windows NT 5.1)" "www.sancarloscity.org"
66.249.70.241 - - [05/Jan/2008:06:22:49 -0800] "GET /sphider/search.php?query=queries&start=5&search=1&results=10&type=and HTTP/1.1" 200 5240 "-" "Mozilla/5.0 (compatible; Googlebot/2.1; +http://www.google.com/bot.html)" "www.sancarloscity.org"
194.72.9.26 - - [05/Jan/2008:06:22:52 -0800] "GET /picgallery/displayimage.php?album=29&pos=9 HTTP/1.1" 200 13161 "http://www.sancarloscity.org/picgallery/displayimage.php?album=29&pos=10" "Mozilla/4.0 (compatible; MSIE 7.0; Windows NT 5.1)" "www.sancarloscity.org"
194.72.9.26 - - [05/Jan/2008:06:22:53 -0800] "GET /picgallery/albums/userpics/10001/normal_ec56.jpg HTTP/1.1" 200 31682 "http://www.sancarloscity.org/picgallery/displayimage.php?album=29&pos=9" "Mozilla/4.0 (compatible; MSIE 7.0; Windows NT 5.1)" "www.sancarloscity.org"
194.72.9.26 - - [05/Jan/2008:06:22:59 -0800] "GET /picgallery/displayimage.php?album=29&pos=8 HTTP/1.1" 200 13160 "http://www.sancarloscity.org/picgallery/displayimage.php?album=29&pos=9" "Mozilla/4.0 (compatible; MSIE 7.0; Windows NT 5.1)" "www.sancarloscity.org"
68.142.212.214 - - [05/Jan/2008:06:22:59 -0800] "GET /government/d8.jpg HTTP/1.0" 304 - "-" "Yahoo-MMCrawler/3.x (mms dash mmcrawler dash support at yahoo dash inc dot com)" "www.sancarloscity.org"
194.72.9.26 - - [05/Jan/2008:06:23:00 -0800] "GET /picgallery/albums/userpics/10001/normal_eb25.jpg HTTP/1.1" 200 26605 "http://www.sancarloscity.org/picgallery/displayimage.php?album=29&pos=8" "Mozilla/4.0 (compatible; MSIE 7.0; Windows NT 5.1)" "www.sancarloscity.org"
194.72.9.26 - - [05/Jan/2008:06:23:01 -0800] "GET /picgallery/albums/userpics/10001/thumb_e17f.jpg HTTP/1.1" 200 3612 "http://www.sancarloscity.org/picgallery/displayimage.php?album=29&pos=8" "Mozilla/4.0 (compatible; MSIE 7.0; Windows NT 5.1)" "www.sancarloscity.org"
194.72.9.26 - - [05/Jan/2008:06:23:05 -0800] "GET /picgallery/displayimage.php?album=29&pos=7 HTTP/1.1" 200 13157 "http://www.sancarloscity.org/picgallery/displayimage.php?album=29&pos=8" "Mozilla/4.0 (compatible; MSIE 7.0; Windows NT 5.1)" "www.sancarloscity.org"
194.72.9.26 - - [05/Jan/2008:06:23:05 -0800] "GET /picgallery/albums/userpics/10001/normal_e633.jpg HTTP/1.1" 200 32320 "http://www.sancarloscity.org/picgallery/displayimage.php?album=29&pos=7" "Mozilla/4.0 (compatible; MSIE 7.0; Windows NT 5.1)" "www.sancarloscity.org"
194.72.9.26 - - [05/Jan/2008:06:23:08 -0800] "GET /picgallery/displayimage.php?album=29&pos=6 HTTP/1.1" 200 12965 "http://www.sancarloscity.org/picgallery/displayimage.php?album=29&pos=7" "Mozilla/4.0 (compatible; MSIE 7.0; Windows NT 5.1)" "www.sancarloscity.org"
194.72.9.26 - - [05/Jan/2008:06:23:09 -0800] "GET /picgallery/albums/userpics/10001/normal_e17f.jpg HTTP/1.1" 200 30894 "http://www.sancarloscity.org/picgallery/displayimage.php?album=29&pos=6" "Mozilla/4.0 (compatible; MSIE 7.0; Windows NT 5.1)" "www.sancarloscity.org"
194.72.9.26 - - [05/Jan/2008:06:23:11 -0800] "GET /picgallery/displayimage.php?album=29&pos=5 HTTP/1.1" 200 13158 "http://www.sancarloscity.org/picgallery/displayimage.php?album=29&pos=6" "Mozilla/4.0 (compatible; MSIE 7.0; Windows NT 5.1)" "www.sancarloscity.org"
194.72.9.26 - - [05/Jan/2008:06:23:12 -0800] "GET /picgallery/albums/userpics/10001/normal_df92.jpg HTTP/1.1" 200 27337 "http://www.sancarloscity.org/picgallery/displayimage.php?album=29&pos=5" "Mozilla/4.0 (compatible; MSIE 7.0; Windows NT 5.1)" "www.sancarloscity.org"
194.72.9.26 - - [05/Jan/2008:06:23:17 -0800] "GET /picgallery/displayimage.php?album=29&pos=4 HTTP/1.1" 200 13158 "http://www.sancarloscity.org/picgallery/displayimage.php?album=29&pos=5" "Mozilla/4.0 (compatible; MSIE 7.0; Windows NT 5.1)" "www.sancarloscity.org"
194.72.9.26 - - [05/Jan/2008:06:23:18 -0800] "GET /picgallery/albums/userpics/10001/normal_dc38.jpg HTTP/1.1" 200 32408 "http://www.sancarloscity.org/picgallery/displayimage.php?album=29&pos=4" "Mozilla/4.0 (compatible; MSIE 7.0; Windows NT 5.1)" "www.sancarloscity.org"
64.1.215.166 - - [05/Jan/2008:06:23:20 -0800] "GET /picgallery/login.php?referer=%2Fpicgallery%2Fdisplayimage.php%3Falbum%3Dtopn%26cat%3D-39%26pid%3D495%26slideshow%3D5000 HTTP/1.0" 200 5613 "-" "Mozilla/5.0 (Twiceler-0.9 http://www.cuill.com/twiceler/robot.html)" "www.sancarloscity.org"
194.72.9.26 - - [05/Jan/2008:06:23:22 -0800] "GET /picgallery/displayimage.php?album=29&pos=3 HTTP/1.1" 200 12966 "http://www.sancarloscity.org/picgallery/displayimage.php?album=29&pos=4" "Mozilla/4.0 (compatible; MSIE 7.0; Windows NT 5.1)" "www.sancarloscity.org"
194.72.9.26 - - [05/Jan/2008:06:23:22 -0800] "GET /picgallery/albums/userpics/10001/normal_cf14.jpg HTTP/1.1" 200 30835 "http://www.sancarloscity.org/picgallery/displayimage.php?album=29&pos=3" "Mozilla/4.0 (compatible; MSIE 7.0; Windows NT 5.1)" "www.sancarloscity.org"
194.72.9.26 - - [05/Jan/2008:06:23:28 -0800] "GET /picgallery/displayimage.php?album=29&pos=2 HTTP/1.1" 200 13158 "http://www.sancarloscity.org/picgallery/displayimage.php?album=29&pos=3" "Mozilla/4.0 (compatible; MSIE 7.0; Windows NT 5.1)" "www.sancarloscity.org"
194.72.9.26 - - [05/Jan/2008:06:23:29 -0800] "GET /picgallery/albums/userpics/10001/normal_ce8c.jpg HTTP/1.1" 200 24909 "http://www.sancarloscity.org/picgallery/displayimage.php?album=29&pos=2" "Mozilla/4.0 (compatible; MSIE 7.0; Windows NT 5.1)" "www.sancarloscity.org"
194.72.9.26 - - [05/Jan/2008:06:23:32 -0800] "GET /picgallery/displayimage.php?album=29&pos=1 HTTP/1.1" 200 13157 "http://www.sancarloscity.org/picgallery/displayimage.php?album=29&pos=2" "Mozilla/4.0 (compatible; MSIE 7.0; Windows NT 5.1)" "www.sancarloscity.org"
194.72.9.26 - - [05/Jan/2008:06:23:32 -0800] "GET /picgallery/albums/userpics/10001/normal_ce88.jpg HTTP/1.1" 200 22978 "http://www.sancarloscity.org/picgallery/displayimage.php?album=29&pos=1" "Mozilla/4.0 (compatible; MSIE 7.0; Windows NT 5.1)" "www.sancarloscity.org"
194.72.9.26 - - [05/Jan/2008:06:23:35 -0800] "GET /picgallery/displayimage.php?album=29&pos=0 HTTP/1.1" 200 13095 "http://www.sancarloscity.org/picgallery/displayimage.php?album=29&pos=1" "Mozilla/4.0 (compatible; MSIE 7.0; Windows NT 5.1)" "www.sancarloscity.org"
194.72.9.26 - - [05/Jan/2008:06:23:36 -0800] "GET /picgallery/albums/userpics/10001/normal_cd77.jpg HTTP/1.1" 200 32791 "http://www.sancarloscity.org/picgallery/displayimage.php?album=29&pos=0" "Mozilla/4.0 (compatible; MSIE 7.0; Windows NT 5.1)" "www.sancarloscity.org"
194.72.9.26 - - [05/Jan/2008:06:23:55 -0800] "GET /picgallery/index.php?cat=14 HTTP/1.1" 200 20764 "http://www.sancarloscity.org/picgallery/" "Mozilla/4.0 (compatible; MSIE 7.0; Windows NT 5.1)" "www.sancarloscity.org"
64.1.215.166 - - [05/Jan/2008:06:24:00 -0800] "GET /picgallery/displayimage.php?album=topn&cat=-39&pos=9 HTTP/1.0" 200 13186 "-" "Mozilla/5.0 (Twiceler-0.9 http://www.cuill.com/twiceler/robot.html)" "www.sancarloscity.org"
194.72.9.26 - - [05/Jan/2008:06:24:31 -0800] "GET /picgallery/thumbnails.php?album=12 HTTP/1.1" 200 16831 "http://www.sancarloscity.org/picgallery/" "Mozilla/4.0 (compatible; MSIE 7.0; Windows NT 5.1)" "www.sancarloscity.org"
194.72.9.26 - - [05/Jan/2008:06:24:31 -0800] "GET /picgallery/albums/userpics/10001/thumb_pic1.jpg HTTP/1.1" 200 3241 "http://www.sancarloscity.org/picgallery/thumbnails.php?album=12" "Mozilla/4.0 (compatible; MSIE 7.0; Windows NT 5.1)" "www.sancarloscity.org"
194.72.9.26 - - [05/Jan/2008:06:24:31 -0800] "GET /picgallery/albums/userpics/10001/thumb_pic10.jpg HTTP/1.1" 200 2552 "http://www.sancarloscity.org/picgallery/thumbnails.php?album=12" "Mozilla/4.0 (compatible; MSIE 7.0; Windows NT 5.1)" "www.sancarloscity.org"
194.72.9.26 - - [05/Jan/2008:06:24:32 -0800] "GET /picgallery/albums/userpics/10001/thumb_pic11.jpg HTTP/1.1" 200 2313 "http://www.sancarloscity.org/picgallery/thumbnails.php?album=12" "Mozilla/4.0 (compatible; MSIE 7.0; Windows NT 5.1)" "www.sancarloscity.org"
194.72.9.26 - - [05/Jan/2008:06:24:32 -0800] "GET /picgallery/albums/userpics/10001/thumb_pic12.jpg HTTP/1.1" 200 2367 "http://www.sancarloscity.org/picgallery/thumbnails.php?album=12" "Mozilla/4.0 (compatible; MSIE 7.0; Windows NT 5.1)" "www.sancarloscity.org"
194.72.9.26 - - [05/Jan/2008:06:24:32 -0800] "GET /picgallery/albums/userpics/10001/thumb_pic13.jpg HTTP/1.1" 200 2270 "http://www.sancarloscity.org/picgallery/thumbnails.php?album=12" "Mozilla/4.0 (compatible; MSIE 7.0; Windows NT 5.1)" "www.sancarloscity.org"
194.72.9.26 - - [05/Jan/2008:06:24:33 -0800] "GET /picgallery/albums/userpics/10001/thumb_pic15.jpg HTTP/1.1" 200 2427 "http://www.sancarloscity.org/picgallery/thumbnails.php?album=12" "Mozilla/4.0 (compatible; MSIE 7.0; Windows NT 5.1)" "www.sancarloscity.org"
194.72.9.26 - - [05/Jan/2008:06:24:33 -0800] "GET /picgallery/albums/userpics/10001/thumb_pic2.jpg HTTP/1.1" 200 2145 "http://www.sancarloscity.org/picgallery/thumbnails.php?album=12" "Mozilla/4.0 (compatible; MSIE 7.0; Windows NT 5.1)" "www.sancarloscity.org"
194.72.9.26 - - [05/Jan/2008:06:24:33 -0800] "GET /picgallery/albums/userpics/10001/thumb_pic3.jpg HTTP/1.1" 200 2098 "http://www.sancarloscity.org/picgallery/thumbnails.php?album=12" "Mozilla/4.0 (compatible; MSIE 7.0; Windows NT 5.1)" "www.sancarloscity.org"
194.72.9.26 - - [05/Jan/2008:06:24:33 -0800] "GET /picgallery/albums/userpics/10001/thumb_pic4.jpg HTTP/1.1" 200 2207 "http://www.sancarloscity.org/picgallery/thumbnails.php?album=12" "Mozilla/4.0 (compatible; MSIE 7.0; Windows NT 5.1)" "www.sancarloscity.org"
194.72.9.26 - - [05/Jan/2008:06:24:34 -0800] "GET /picgallery/albums/userpics/10001/thumb_pic5.jpg HTTP/1.1" 200 1945 "http://www.sancarloscity.org/picgallery/thumbnails.php?album=12" "Mozilla/4.0 (compatible; MSIE 7.0; Windows NT 5.1)" "www.sancarloscity.org"
194.72.9.26 - - [05/Jan/2008:06:24:34 -0800] "GET /picgallery/albums/userpics/10001/thumb_pic7.jpg HTTP/1.1" 200 1924 "http://www.sancarloscity.org/picgallery/thumbnails.php?album=12" "Mozilla/4.0 (compatible; MSIE 7.0; Windows NT 5.1)" "www.sancarloscity.org"
66.249.70.241 - - [05/Jan/2008:06:24:34 -0800] "GET /forum2/index.php?s=2ae20856378071d09b0adac595ba5557&act=calendar&cal_id=1&code=showweek&week=1187481600 HTTP/1.1" 200 3508 "-" "Mozilla/5.0 (compatible; Googlebot/2.1; +http://www.google.com/bot.html)" "www.sancarloscity.org"
194.72.9.26 - - [05/Jan/2008:06:24:35 -0800] "GET /picgallery/displayimage.php?album=12&pos=0 HTTP/1.1" 200 12665 "http://www.sancarloscity.org/picgallery/thumbnails.php?album=12" "Mozilla/4.0 (compatible; MSIE 7.0; Windows NT 5.1)" "www.sancarloscity.org"
194.72.9.26 - - [05/Jan/2008:06:24:35 -0800] "GET /picgallery/albums/userpics/10001/pic1.jpg HTTP/1.1" 200 66284 "http://www.sancarloscity.org/picgallery/displayimage.php?album=12&pos=0" "Mozilla/4.0 (compatible; MSIE 7.0; Windows NT 5.1)" "www.sancarloscity.org"
194.72.9.26 - - [05/Jan/2008:06:24:42 -0800] "GET /picgallery/displayimage.php?album=12&pos=1 HTTP/1.1" 200 12925 "http://www.sancarloscity.org/picgallery/displayimage.php?album=12&pos=0" "Mozilla/4.0 (compatible; MSIE 7.0; Windows NT 5.1)" "www.sancarloscity.org"
194.72.9.26 - - [05/Jan/2008:06:24:43 -0800] "GET /picgallery/albums/userpics/10001/pic10.jpg HTTP/1.1" 200 54638 "http://www.sancarloscity.org/picgallery/displayimage.php?album=12&pos=1" "Mozilla/4.0 (compatible; MSIE 7.0; Windows NT 5.1)" "www.sancarloscity.org"
194.72.9.26 - - [05/Jan/2008:06:24:48 -0800] "GET /picgallery/displayimage.php?album=12&pos=2 HTTP/1.1" 200 12733 "http://www.sancarloscity.org/picgallery/displayimage.php?album=12&pos=1" "Mozilla/4.0 (compatible; MSIE 7.0; Windows NT 5.1)" "www.sancarloscity.org"
194.72.9.26 - - [05/Jan/2008:06:24:54 -0800] "GET /picgallery/displayimage.php?album=12&pos=3 HTTP/1.1" 200 12736 "http://www.sancarloscity.org/picgallery/displayimage.php?album=12&pos=2" "Mozilla/4.0 (compatible; MSIE 7.0; Windows NT 5.1)" "www.sancarloscity.org"
194.72.9.26 - - [05/Jan/2008:06:24:55 -0800] "GET /picgallery/albums/userpics/10001/pic12.jpg HTTP/1.1" 200 55183 "http://www.sancarloscity.org/picgallery/displayimage.php?album=12&pos=3" "Mozilla/4.0 (compatible; MSIE 7.0; Windows NT 5.1)" "www.sancarloscity.org"
194.72.9.26 - - [05/Jan/2008:06:25:00 -0800] "GET /picgallery/displayimage.php?album=12&pos=4 HTTP/1.1" 200 12928 "http://www.sancarloscity.org/picgallery/displayimage.php?album=12&pos=3" "Mozilla/4.0 (compatible; MSIE 7.0; Windows NT 5.1)" "www.sancarloscity.org"
194.72.9.26 - - [05/Jan/2008:06:25:01 -0800] "GET /picgallery/albums/userpics/10001/pic13.jpg HTTP/1.1" 200 55999 "http://www.sancarloscity.org/picgallery/displayimage.php?album=12&pos=4" "Mozilla/4.0 (compatible; MSIE 7.0; Windows NT 5.1)" "www.sancarloscity.org"
194.72.9.26 - - [05/Jan/2008:06:25:05 -0800] "GET /picgallery/displayimage.php?album=12&pos=5 HTTP/1.1" 200 12733 "http://www.sancarloscity.org/picgallery/displayimage.php?album=12&pos=4" "Mozilla/4.0 (compatible; MSIE 7.0; Windows NT 5.1)" "www.sancarloscity.org"
194.72.9.26 - - [05/Jan/2008:06:25:05 -0800] "GET /picgallery/albums/userpics/10001/pic14.jpg HTTP/1.1" 200 58819 "http://www.sancarloscity.org/picgallery/displayimage.php?album=12&pos=5" "Mozilla/4.0 (compatible; MSIE 7.0; Windows NT 5.1)" "www.sancarloscity.org"
66.249.70.241 - - [05/Jan/2008:06:25:11 -0800] "GET /pictures/pics/DSC01641.JPG HTTP/1.1" 200 154805 "-" "Googlebot-Image/1.0" "www.sancarloscity.org"
194.72.9.26 - - [05/Jan/2008:06:25:11 -0800] "GET /picgallery/displayimage.php?album=12&pos=6 HTTP/1.1" 200 12730 "http://www.sancarloscity.org/picgallery/displayimage.php?album=12&pos=5" "Mozilla/4.0 (compatible; MSIE 7.0; Windows NT 5.1)" "www.sancarloscity.org"
194.72.9.26 - - [05/Jan/2008:06:25:11 -0800] "GET /picgallery/albums/userpics/10001/pic15.jpg HTTP/1.1" 200 57214 "http://www.sancarloscity.org/picgallery/displayimage.php?album=12&pos=6" "Mozilla/4.0 (compatible; MSIE 7.0; Windows NT 5.1)" "www.sancarloscity.org"
194.72.9.26 - - [05/Jan/2008:06:25:17 -0800] "GET /picgallery/displayimage.php?album=12&pos=7 HTTP/1.1" 200 12916 "http://www.sancarloscity.org/picgallery/displayimage.php?album=12&pos=6" "Mozilla/4.0 (compatible; MSIE 7.0; Windows NT 5.1)" "www.sancarloscity.org"
194.72.9.26 - - [05/Jan/2008:06:25:18 -0800] "GET /picgallery/albums/userpics/10001/pic2.jpg HTTP/1.1" 200 49895 "http://www.sancarloscity.org/picgallery/displayimage.php?album=12&pos=7" "Mozilla/4.0 (compatible; MSIE 7.0; Windows NT 5.1)" "www.sancarloscity.org"
194.72.9.26 - - [05/Jan/2008:06:25:22 -0800] "GET /picgallery/displayimage.php?album=12&pos=8 HTTP/1.1" 200 12722 "http://www.sancarloscity.org/picgallery/displayimage.php?album=12&pos=7" "Mozilla/4.0 (compatible; MSIE 7.0; Windows NT 5.1)" "www.sancarloscity.org"
194.72.9.26 - - [05/Jan/2008:06:25:22 -0800] "GET /picgallery/albums/userpics/10001/pic3.jpg HTTP/1.1" 200 49006 "http://www.sancarloscity.org/picgallery/displayimage.php?album=12&pos=8" "Mozilla/4.0 (compatible; MSIE 7.0; Windows NT 5.1)" "www.sancarloscity.org"
66.249.70.241 - - [05/Jan/2008:06:25:24 -0800] "GET /forum2/index.php?s=e86fa2a87112cef72f542c16aced3230&showforum=11 HTTP/1.1" 200 6723 "-" "Mozilla/5.0 (compatible; Googlebot/2.1; +http://www.google.com/bot.html)" "www.sancarloscity.org"
194.72.9.26 - - [05/Jan/2008:06:25:26 -0800] "GET /picgallery/displayimage.php?album=12&pos=9 HTTP/1.1" 200 12722 "http://www.sancarloscity.org/picgallery/displayimage.php?album=12&pos=8" "Mozilla/4.0 (compatible; MSIE 7.0; Windows NT 5.1)" "www.sancarloscity.org"
66.249.70.241 - - [05/Jan/2008:06:25:26 -0800] "GET /jodera2/profile.php?mode=register&sid=b31660ff75c4126940b1e54cadc13f24 HTTP/1.1" 200 15283 "-" "Mozilla/5.0 (compatible; Googlebot/2.1; +http://www.google.com/bot.html)" "www.sancarloscity.org"
194.72.9.26 - - [05/Jan/2008:06:25:27 -0800] "GET /picgallery/albums/userpics/10001/pic4.jpg HTTP/1.1" 200 49679 "http://www.sancarloscity.org/picgallery/displayimage.php?album=12&pos=9" "Mozilla/4.0 (compatible; MSIE 7.0; Windows NT 5.1)" "www.sancarloscity.org"
194.72.9.26 - - [05/Jan/2008:06:25:31 -0800] "GET /picgallery/displayimage.php?album=12&pos=10 HTTP/1.1" 200 12724 "http://www.sancarloscity.org/picgallery/displayimage.php?album=12&pos=9" "Mozilla/4.0 (compatible; MSIE 7.0; Windows NT 5.1)" "www.sancarloscity.org"
194.72.9.26 - - [05/Jan/2008:06:25:32 -0800] "GET /picgallery/albums/userpics/10001/pic5.jpg HTTP/1.1" 200 49554 "http://www.sancarloscity.org/picgallery/displayimage.php?album=12&pos=10" "Mozilla/4.0 (compatible; MSIE 7.0; Windows NT 5.1)" "www.sancarloscity.org"
194.72.9.26 - - [05/Jan/2008:06:25:33 -0800] "GET /picgallery/albums/userpics/10001/thumb_pic8.jpg HTTP/1.1" 200 2147 "http://www.sancarloscity.org/picgallery/displayimage.php?album=12&pos=10" "Mozilla/4.0 (compatible; MSIE 7.0; Windows NT 5.1)" "www.sancarloscity.org"
65.55.209.53 - - [05/Jan/2008:06:25:36 -0800] "GET /robots.txt HTTP/1.0" 404 730 "-" "msnbot/1.0 (+http://search.msn.com/msnbot.htm)" "www.sancarloscity.org"
65.55.209.53 - - [05/Jan/2008:06:25:37 -0800] "GET /picgallery/thumbnails.php?album=topn&cat=3 HTTP/1.0" 200 14909 "-" "msnbot/1.0 (+http://search.msn.com/msnbot.htm)" "www.sancarloscity.org"
194.72.9.26 - - [05/Jan/2008:06:25:38 -0800] "GET /picgallery/displayimage.php?album=12&pos=11 HTTP/1.1" 200 12918 "http://www.sancarloscity.org/picgallery/displayimage.php?album=12&pos=10" "Mozilla/4.0 (compatible; MSIE 7.0; Windows NT 5.1)" "www.sancarloscity.org"
194.72.9.26 - - [05/Jan/2008:06:25:39 -0800] "GET /picgallery/albums/userpics/10001/pic7.jpg HTTP/1.1" 200 48789 "http://www.sancarloscity.org/picgallery/displayimage.php?album=12&pos=11" "Mozilla/4.0 (compatible; MSIE 7.0; Windows NT 5.1)" "www.sancarloscity.org"
194.72.9.26 - - [05/Jan/2008:06:25:39 -0800] "GET /picgallery/albums/userpics/10001/thumb_pic9.jpg HTTP/1.1" 200 2746 "http://www.sancarloscity.org/picgallery/displayimage.php?album=12&pos=11" "Mozilla/4.0 (compatible; MSIE 7.0; Windows NT 5.1)" "www.sancarloscity.org"
66.249.70.241 - - [05/Jan/2008:06:25:46 -0800] "GET /forum2/lofiversion/index.php?t52.html HTTP/1.1" 404 764 "-" "Mozilla/5.0 (compatible; Googlebot/2.1; +http://www.google.com/bot.html)" "www.sancarloscity.org"
194.72.9.26 - - [05/Jan/2008:06:25:47 -0800] "GET /picgallery/displayimage.php?album=12&pos=12 HTTP/1.1" 200 12918 "http://www.sancarloscity.org/picgallery/displayimage.php?album=12&pos=11" "Mozilla/4.0 (compatible; MSIE 7.0; Windows NT 5.1)" "www.sancarloscity.org"
194.72.9.26 - - [05/Jan/2008:06:25:48 -0800] "GET /picgallery/albums/userpics/10001/pic8.jpg HTTP/1.1" 200 52424 "http://www.sancarloscity.org/picgallery/displayimage.php?album=12&pos=12" "Mozilla/4.0 (compatible; MSIE 7.0; Windows NT 5.1)" "www.sancarloscity.org"
194.72.9.26 - - [05/Jan/2008:06:25:52 -0800] "GET /picgallery/displayimage.php?album=12&pos=13 HTTP/1.1" 200 12668 "http://www.sancarloscity.org/picgallery/displayimage.php?album=12&pos=12" "Mozilla/4.0 (compatible; MSIE 7.0; Windows NT 5.1)" "www.sancarloscity.org"
194.72.9.26 - - [05/Jan/2008:06:25:53 -0800] "GET /picgallery/albums/userpics/10001/pic9.jpg HTTP/1.1" 200 56872 "http://www.sancarloscity.org/picgallery/displayimage.php?album=12&pos=13" "Mozilla/4.0 (compatible; MSIE 7.0; Windows NT 5.1)" "www.sancarloscity.org"
66.249.70.241 - - [05/Jan/2008:06:26:03 -0800] "GET /sphider/search.php?query=url&start=5&search=1&results=10&type=and HTTP/1.1" 200 8070 "-" "Mozilla/5.0 (compatible; Googlebot/2.1; +http://www.google.com/bot.html)" "www.sancarloscity.org"
66.249.70.241 - - [05/Jan/2008:06:26:07 -0800] "GET /forum2/index.php?s=2ae20856378071d09b0adac595ba5557&automodule=blog&blogid=3&&req=printentry&eid=27 HTTP/1.1" 200 33288 "-" "Mozilla/5.0 (compatible; Googlebot/2.1; +http://www.google.com/bot.html)" "www.sancarloscity.org"
66.249.70.241 - - [05/Jan/2008:06:26:08 -0800] "GET /forum2/index.php?s=2ae20856378071d09b0adac595ba5557&act=Search&CODE=getalluser&mid=61 HTTP/1.1" 200 2832 "-" "Mozilla/5.0 (compatible; Googlebot/2.1; +http://www.google.com/bot.html)" "www.sancarloscity.org"
66.249.70.241 - - [05/Jan/2008:06:26:11 -0800] "GET /sphider/search.php?query=last&start=5&search=1&results=10&type=and HTTP/1.1" 200 9113 "-" "Mozilla/5.0 (compatible; Googlebot/2.1; +http://www.google.com/bot.html)" "www.sancarloscity.org"
66.249.70.241 - - [05/Jan/2008:06:26:19 -0800] "GET /sphider/search.php?query=jpg&start=10&search=1&results=10&type=and HTTP/1.1" 200 9042 "-" "Mozilla/5.0 (compatible; Googlebot/2.1; +http://www.google.com/bot.html)" "www.sancarloscity.org"
194.72.9.26 - - [05/Jan/2008:06:26:24 -0800] "GET /picgallery/thumbnails.php?album=13 HTTP/1.1" 200 18997 "http://www.sancarloscity.org/picgallery/" "Mozilla/4.0 (compatible; MSIE 7.0; Windows NT 5.1)" "www.sancarloscity.org"
194.72.9.26 - - [05/Jan/2008:06:26:25 -0800] "GET /picgallery/albums/userpics/10001/thumb_2sancalros1.jpg HTTP/1.1" 200 3406 "http://www.sancarloscity.org/picgallery/thumbnails.php?album=13" "Mozilla/4.0 (compatible; MSIE 7.0; Windows NT 5.1)" "www.sancarloscity.org"
194.72.9.26 - - [05/Jan/2008:06:26:25 -0800] "GET /picgallery/albums/userpics/10001/thumb_2sancalros12.jpg HTTP/1.1" 200 3487 "http://www.sancarloscity.org/picgallery/thumbnails.php?album=13" "Mozilla/4.0 (compatible; MSIE 7.0; Windows NT 5.1)" "www.sancarloscity.org"
194.72.9.26 - - [05/Jan/2008:06:26:25 -0800] "GET /picgallery/albums/userpics/10001/thumb_2sancalros2.jpg HTTP/1.1" 200 2684 "http://www.sancarloscity.org/picgallery/thumbnails.php?album=13" "Mozilla/4.0 (compatible; MSIE 7.0; Windows NT 5.1)" "www.sancarloscity.org"
194.72.9.26 - - [05/Jan/2008:06:26:25 -0800] "GET /picgallery/albums/userpics/10001/thumb_2sancalros18.jpg HTTP/1.1" 200 3056 "http://www.sancarloscity.org/picgallery/thumbnails.php?album=13" "Mozilla/4.0 (compatible; MSIE 7.0; Windows NT 5.1)" "www.sancarloscity.org"
194.72.9.26 - - [05/Jan/2008:06:26:26 -0800] "GET /picgallery/albums/userpics/10001/thumb_2sancalros29.jpg HTTP/1.1" 200 3035 "http://www.sancarloscity.org/picgallery/thumbnails.php?album=13" "Mozilla/4.0 (compatible; MSIE 7.0; Windows NT 5.1)" "www.sancarloscity.org"
194.72.9.26 - - [05/Jan/2008:06:26:26 -0800] "GET /picgallery/albums/userpics/10001/thumb_2sancalros3.jpg HTTP/1.1" 200 3271 "http://www.sancarloscity.org/picgallery/thumbnails.php?album=13" "Mozilla/4.0 (compatible; MSIE 7.0; Windows NT 5.1)" "www.sancarloscity.org"
194.72.9.26 - - [05/Jan/2008:06:26:26 -0800] "GET /picgallery/albums/userpics/10001/thumb_2sancalros5.jpg HTTP/1.1" 200 3070 "http://www.sancarloscity.org/picgallery/thumbnails.php?album=13" "Mozilla/4.0 (compatible; MSIE 7.0; Windows NT 5.1)" "www.sancarloscity.org"
194.72.9.26 - - [05/Jan/2008:06:26:26 -0800] "GET /picgallery/albums/userpics/10001/thumb_4P5021711.jpg HTTP/1.1" 200 2332 "http://www.sancarloscity.org/picgallery/thumbnails.php?album=13" "Mozilla/4.0 (compatible; MSIE 7.0; Windows NT 5.1)" "www.sancarloscity.org"
194.72.9.26 - - [05/Jan/2008:06:26:26 -0800] "GET /picgallery/albums/userpics/10001/thumb_4P5021725.jpg HTTP/1.1" 200 2869 "http://www.sancarloscity.org/picgallery/thumbnails.php?album=13" "Mozilla/4.0 (compatible; MSIE 7.0; Windows NT 5.1)" "www.sancarloscity.org"
194.72.9.26 - - [05/Jan/2008:06:26:27 -0800] "GET /picgallery/albums/userpics/10001/thumb_4P5021727.jpg HTTP/1.1" 200 3240 "http://www.sancarloscity.org/picgallery/thumbnails.php?album=13" "Mozilla/4.0 (compatible; MSIE 7.0; Windows NT 5.1)" "www.sancarloscity.org"
194.72.9.26 - - [05/Jan/2008:06:26:29 -0800] "GET /picgallery/displayimage.php?album=13&pos=1 HTTP/1.1" 200 13622 "http://www.sancarloscity.org/picgallery/thumbnails.php?album=13" "Mozilla/4.0 (compatible; MSIE 7.0; Windows NT 5.1)" "www.sancarloscity.org"
194.72.9.26 - - [05/Jan/2008:06:26:30 -0800] "GET /picgallery/albums/userpics/10001/normal_2sancalros12.jpg HTTP/1.1" 200 28589 "http://www.sancarloscity.org/picgallery/displayimage.php?album=13&pos=1" "Mozilla/4.0 (compatible; MSIE 7.0; Windows NT 5.1)" "www.sancarloscity.org"
66.249.70.241 - - [05/Jan/2008:06:26:36 -0800] "GET /forum2/index.php?s=e86fa2a87112cef72f542c16aced3230&showtopic=118&view=getlastpost HTTP/1.1" 302 5 "-" "Mozilla/5.0 (compatible; Googlebot/2.1; +http://www.google.com/bot.html)" "www.sancarloscity.org"
66.249.70.241 - - [05/Jan/2008:06:26:39 -0800] "GET /forum2/index.php?showtopic=118&pid=967&st=0& HTTP/1.1" 200 7643 "-" "Mozilla/5.0 (compatible; Googlebot/2.1; +http://www.google.com/bot.html)" "www.sancarloscity.org"
194.72.9.26 - - [05/Jan/2008:06:26:40 -0800] "GET /picgallery/displayimage.php?album=13&pos=0 HTTP/1.1" 200 13749 "http://www.sancarloscity.org/picgallery/displayimage.php?album=13&pos=1" "Mozilla/4.0 (compatible; MSIE 7.0; Windows NT 5.1)" "www.sancarloscity.org"
194.72.9.26 - - [05/Jan/2008:06:26:40 -0800] "GET /picgallery/albums/userpics/10001/normal_2sancalros1.jpg HTTP/1.1" 200 29160 "http://www.sancarloscity.org/picgallery/displayimage.php?album=13&pos=0" "Mozilla/4.0 (compatible; MSIE 7.0; Windows NT 5.1)" "www.sancarloscity.org"
66.249.70.241 - - [05/Jan/2008:06:26:43 -0800] "GET /sphider/search.php?query=city&start=6&search=1&results=10&type=and HTTP/1.1" 200 7384 "-" "Mozilla/5.0 (compatible; Googlebot/2.1; +http://www.google.com/bot.html)" "www.sancarloscity.org"
194.72.9.26 - - [05/Jan/2008:06:26:51 -0800] "GET /picgallery/displayimage.php?album=13&pos=1 HTTP/1.1" 200 13623 "http://www.sancarloscity.org/picgallery/displayimage.php?album=13&pos=0" "Mozilla/4.0 (compatible; MSIE 7.0; Windows NT 5.1)" "www.sancarloscity.org"
194.72.9.26 - - [05/Jan/2008:06:26:54 -0800] "GET /picgallery/displayimage.php?album=13&pos=2 HTTP/1.1" 200 13818 "http://www.sancarloscity.org/picgallery/displayimage.php?album=13&pos=1" "Mozilla/4.0 (compatible; MSIE 7.0; Windows NT 5.1)" "www.sancarloscity.org"
194.72.9.26 - - [05/Jan/2008:06:26:54 -0800] "GET /picgallery/albums/userpics/10001/normal_2sancalros15.jpg HTTP/1.1" 200 20014 "http://www.sancarloscity.org/picgallery/displayimage.php?album=13&pos=2" "Mozilla/4.0 (compatible; MSIE 7.0; Windows NT 5.1)" "www.sancarloscity.org"
194.72.9.26 - - [05/Jan/2008:06:26:59 -0800] "GET /picgallery/displayimage.php?album=13&pos=3 HTTP/1.1" 200 13627 "http://www.sancarloscity.org/picgallery/displayimage.php?album=13&pos=2" "Mozilla/4.0 (compatible; MSIE 7.0; Windows NT 5.1)" "www.sancarloscity.org"
194.72.9.26 - - [05/Jan/2008:06:27:00 -0800] "GET /picgallery/albums/userpics/10001/normal_2sancalros18.jpg HTTP/1.1" 200 25095 "http://www.sancarloscity.org/picgallery/displayimage.php?album=13&pos=3" "Mozilla/4.0 (compatible; MSIE 7.0; Windows NT 5.1)" "www.sancarloscity.org"
66.249.70.241 - - [05/Jan/2008:06:27:16 -0800] "GET /sphider/search.php?query=php&start=2&search=1&results=10&type=and HTTP/1.1" 200 6887 "-" "Mozilla/5.0 (compatible; Googlebot/2.1; +http://www.google.com/bot.html)" "www.sancarloscity.org"
66.249.70.241 - - [05/Jan/2008:06:27:17 -0800] "GET /sphider/search.php?query=dancing&start=5&search=1&results=10&type=and HTTP/1.1" 200 8995 "-" "Mozilla/5.0 (compatible; Googlebot/2.1; +http://www.google.com/bot.html)" "www.sancarloscity.org"
194.72.9.26 - - [05/Jan/2008:06:27:20 -0800] "GET /picgallery/displayimage.php?album=13&pos=9 HTTP/1.1" 200 13634 "http://www.sancarloscity.org/picgallery/thumbnails.php?album=13" "Mozilla/4.0 (compatible; MSIE 7.0; Windows NT 5.1)" "www.sancarloscity.org"
65.214.44.129 - - [05/Jan/2008:06:27:20 -0800] "GET /robots.txt HTTP/1.0" 404 730 "-" "Mozilla/2.0 (compatible; Ask Jeeves/Teoma; +http://about.ask.com/en/docs/about/webmasters.shtml)" "www.sancarloscity.org"
65.214.44.129 - - [05/Jan/2008:06:27:20 -0800] "GET /quisumbingsite/ HTTP/1.0" 200 33822 "-" "Mozilla/2.0 (compatible; Ask Jeeves/Teoma; +http://about.ask.com/en/docs/about/webmasters.shtml)" "www.sancarloscity.org"
194.72.9.26 - - [05/Jan/2008:06:27:21 -0800] "GET /picgallery/albums/userpics/10001/4P5021725.jpg HTTP/1.1" 200 15574 "http://www.sancarloscity.org/picgallery/displayimage.php?album=13&pos=9" "Mozilla/4.0 (compatible; MSIE 7.0; Windows NT 5.1)" "www.sancarloscity.org"
69.246.118.1 - - [05/Jan/2008:06:27:26 -0800] "GET / HTTP/1.1" 304 - "-" "Mozilla/4.0 (compatible; MSIE 7.0; Windows NT 5.1)" "sancarloscity.org"
194.72.9.26 - - [05/Jan/2008:06:27:27 -0800] "GET /picgallery/displayimage.php?album=13&pos=8 HTTP/1.1" 200 13829 "http://www.sancarloscity.org/picgallery/thumbnails.php?album=13" "Mozilla/4.0 (compatible; MSIE 7.0; Windows NT 5.1)" "www.sancarloscity.org"
194.72.9.26 - - [05/Jan/2008:06:27:28 -0800] "GET /picgallery/albums/userpics/10001/4P5021711.jpg HTTP/1.1" 200 11226 "http://www.sancarloscity.org/picgallery/displayimage.php?album=13&pos=8" "Mozilla/4.0 (compatible; MSIE 7.0; Windows NT 5.1)" "www.sancarloscity.org"
194.72.9.26 - - [05/Jan/2008:06:27:39 -0800] "GET /picgallery/thumbnails.php?album=14 HTTP/1.1" 200 12141 "http://www.sancarloscity.org/picgallery/" "Mozilla/4.0 (compatible; MSIE 7.0; Windows NT 5.1)" "www.sancarloscity.org"
194.72.9.26 - - [05/Jan/2008:06:27:40 -0800] "GET /picgallery/albums/userpics/10001/thumb_regenrikscha.jpg HTTP/1.1" 200 3461 "http://www.sancarloscity.org/picgallery/thumbnails.php?album=14" "Mozilla/4.0 (compatible; MSIE 7.0; Windows NT 5.1)" "www.sancarloscity.org"
194.72.9.26 - - [05/Jan/2008:06:27:40 -0800] "GET /picgallery/albums/userpics/10001/thumb_Rikscha2.jpg HTTP/1.1" 200 2780 "http://www.sancarloscity.org/picgallery/thumbnails.php?album=14" "Mozilla/4.0 (compatible; MSIE 7.0; Windows NT 5.1)" "www.sancarloscity.org"
194.72.9.26 - - [05/Jan/2008:06:27:41 -0800] "GET /picgallery/albums/userpics/10001/thumb_Rikscha3.jpg HTTP/1.1" 200 2994 "http://www.sancarloscity.org/picgallery/thumbnails.php?album=14" "Mozilla/4.0 (compatible; MSIE 7.0; Windows NT 5.1)" "www.sancarloscity.org"
194.72.9.26 - - [05/Jan/2008:06:27:41 -0800] "GET /picgallery/albums/userpics/10001/thumb_Rikscha5.jpg HTTP/1.1" 200 2905 "http://www.sancarloscity.org/picgallery/thumbnails.php?album=14" "Mozilla/4.0 (compatible; MSIE 7.0; Windows NT 5.1)" "www.sancarloscity.org"
194.72.9.26 - - [05/Jan/2008:06:27:42 -0800] "GET /picgallery/displayimage.php?album=14&pos=0 HTTP/1.1" 200 12730 "http://www.sancarloscity.org/picgallery/thumbnails.php?album=14" "Mozilla/4.0 (compatible; MSIE 7.0; Windows NT 5.1)" "www.sancarloscity.org"
194.72.9.26 - - [05/Jan/2008:06:27:43 -0800] "GET /picgallery/albums/userpics/10001/regenrikscha.jpg HTTP/1.1" 200 12855 "http://www.sancarloscity.org/picgallery/displayimage.php?album=14&pos=0" "Mozilla/4.0 (compatible; MSIE 7.0; Windows NT 5.1)" "www.sancarloscity.org"
194.72.9.26 - - [05/Jan/2008:06:27:47 -0800] "GET /picgallery/displayimage.php?album=14&pos=1 HTTP/1.1" 200 12787 "http://www.sancarloscity.org/picgallery/displayimage.php?album=14&pos=0" "Mozilla/4.0 (compatible; MSIE 7.0; Windows NT 5.1)" "www.sancarloscity.org"
69.246.118.1 - - [05/Jan/2008:06:27:48 -0800] "GET /sccirtpan1.jpg HTTP/1.1" 304 - "http://sancarloscity.org/" "Mozilla/4.0 (compatible; MSIE 7.0; Windows NT 5.1)" "sancarloscity.org"
69.246.118.1 - - [05/Jan/2008:06:27:48 -0800] "GET /background_scci_top.jpg HTTP/1.1" 304 - "http://sancarloscity.org/" "Mozilla/4.0 (compatible; MSIE 7.0; Windows NT 5.1)" "sancarloscity.org"
69.246.118.1 - - [05/Jan/2008:06:27:49 -0800] "GET /bg_glass_bottomright3.jpg HTTP/1.1" 304 - "http://sancarloscity.org/" "Mozilla/4.0 (compatible; MSIE 7.0; Windows NT 5.1)" "sancarloscity.org"
69.246.118.1 - - [05/Jan/2008:06:27:49 -0800] "GET /bg_glass_bottomleft3.jpg HTTP/1.1" 304 - "http://sancarloscity.org/" "Mozilla/4.0 (compatible; MSIE 7.0; Windows NT 5.1)" "sancarloscity.org"
69.246.118.1 - - [05/Jan/2008:06:27:49 -0800] "GET /bg_red_aurora.jpg HTTP/1.1" 304 - "http://sancarloscity.org/" "Mozilla/4.0 (compatible; MSIE 7.0; Windows NT 5.1)" "sancarloscity.org"
69.246.118.1 - - [05/Jan/2008:06:27:49 -0800] "GET /sccinewsidepan1.jpg HTTP/1.1" 304 - "http://sancarloscity.org/" "Mozilla/4.0 (compatible; MSIE 7.0; Windows NT 5.1)" "sancarloscity.org"
194.72.9.26 - - [05/Jan/2008:06:27:49 -0800] "GET /picgallery/albums/userpics/10001/Rikscha1.jpg HTTP/1.1" 200 7387 "http://www.sancarloscity.org/picgallery/displayimage.php?album=14&pos=1" "Mozilla/4.0 (compatible; MSIE 7.0; Windows NT 5.1)" "www.sancarloscity.org"
69.246.118.1 - - [05/Jan/2008:06:27:49 -0800] "GET /photo-116.jpg HTTP/1.1" 304 - "http://sancarloscity.org/" "Mozilla/4.0 (compatible; MSIE 7.0; Windows NT 5.1)" "sancarloscity.org"
69.246.118.1 - - [05/Jan/2008:06:27:49 -0800] "GET /pp-blank-large.png HTTP/1.1" 304 - "http://sancarloscity.org/" "Mozilla/4.0 (compatible; MSIE 7.0; Windows NT 5.1)" "sancarloscity.org"
69.246.118.1 - - [05/Jan/2008:06:27:49 -0800] "GET /wheretoeattab2.jpg HTTP/1.1" 304 - "http://sancarloscity.org/" "Mozilla/4.0 (compatible; MSIE 7.0; Windows NT 5.1)" "sancarloscity.org"
69.246.118.1 - - [05/Jan/2008:06:27:49 -0800] "GET /wheretoeattab1.jpg HTTP/1.1" 304 - "http://sancarloscity.org/" "Mozilla/4.0 (compatible; MSIE 7.0; Windows NT 5.1)" "sancarloscity.org"
69.246.118.1 - - [05/Jan/2008:06:27:50 -0800] "GET /whattodotab2.jpg HTTP/1.1" 304 - "http://sancarloscity.org/" "Mozilla/4.0 (compatible; MSIE 7.0; Windows NT 5.1)" "sancarloscity.org"
69.246.118.1 - - [05/Jan/2008:06:27:50 -0800] "GET /whattodotab1.jpg HTTP/1.1" 304 - "http://sancarloscity.org/" "Mozilla/4.0 (compatible; MSIE 7.0; Windows NT 5.1)" "sancarloscity.org"
69.246.118.1 - - [05/Jan/2008:06:27:50 -0800] "GET /whattoseetab2.jpg HTTP/1.1" 304 - "http://sancarloscity.org/" "Mozilla/4.0 (compatible; MSIE 7.0; Windows NT 5.1)" "sancarloscity.org"
69.246.118.1 - - [05/Jan/2008:06:27:50 -0800] "GET /whattoseetab1.jpg HTTP/1.1" 304 - "http://sancarloscity.org/" "Mozilla/4.0 (compatible; MSIE 7.0; Windows NT 5.1)" "sancarloscity.org"
69.246.118.1 - - [05/Jan/2008:06:27:50 -0800] "GET /sccilinksicons.jpg HTTP/1.1" 304 - "http://sancarloscity.org/" "Mozilla/4.0 (compatible; MSIE 7.0; Windows NT 5.1)" "sancarloscity.org"
69.246.118.1 - - [05/Jan/2008:06:27:50 -0800] "GET /ymblogo2new.gif HTTP/1.1" 304 - "http://sancarloscity.org/" "Mozilla/4.0 (compatible; MSIE 7.0; Windows NT 5.1)" "sancarloscity.org"
69.246.118.1 - - [05/Jan/2008:06:27:50 -0800] "GET /wheretostaytab2.jpg HTTP/1.1" 304 - "http://sancarloscity.org/" "Mozilla/4.0 (compatible; MSIE 7.0; Windows NT 5.1)" "sancarloscity.org"
69.246.118.1 - - [05/Jan/2008:06:27:50 -0800] "GET /5star.jpg HTTP/1.1" 304 - "http://sancarloscity.org/" "Mozilla/4.0 (compatible; MSIE 7.0; Windows NT 5.1)" "sancarloscity.org"
69.246.118.1 - - [05/Jan/2008:06:27:50 -0800] "GET /banner.jpg HTTP/1.1" 304 - "http://sancarloscity.org/" "Mozilla/4.0 (compatible; MSIE 7.0; Windows NT 5.1)" "sancarloscity.org"
69.246.118.1 - - [05/Jan/2008:06:27:51 -0800] "GET /photo-163.jpg HTTP/1.1" 304 - "http://sancarloscity.org/" "Mozilla/4.0 (compatible; MSIE 7.0; Windows NT 5.1)" "sancarloscity.org"
69.246.118.1 - - [05/Jan/2008:06:27:51 -0800] "GET /photo-162.jpg HTTP/1.1" 304 - "http://sancarloscity.org/" "Mozilla/4.0 (compatible; MSIE 7.0; Windows NT 5.1)" "sancarloscity.org"
69.246.118.1 - - [05/Jan/2008:06:27:51 -0800] "GET /scciwebawards.jpg HTTP/1.1" 304 - "http://sancarloscity.org/" "Mozilla/4.0 (compatible; MSIE 7.0; Windows NT 5.1)" "sancarloscity.org"
69.246.118.1 - - [05/Jan/2008:06:27:51 -0800] "GET /sccisamplepage_02.gif HTTP/1.1" 304 - "http://sancarloscity.org/" "Mozilla/4.0 (compatible; MSIE 7.0; Windows NT 5.1)" "sancarloscity.org"
69.246.118.1 - - [05/Jan/2008:06:27:51 -0800] "GET /wheretostaytab1.jpg HTTP/1.1" 304 - "http://sancarloscity.org/" "Mozilla/4.0 (compatible; MSIE 7.0; Windows NT 5.1)" "sancarloscity.org"
69.246.118.1 - - [05/Jan/2008:06:27:52 -0800] "GET /newpanmaster.png HTTP/1.1" 304 - "http://sancarloscity.org/" "Mozilla/4.0 (compatible; MSIE 7.0; Windows NT 5.1)" "sancarloscity.org"
69.246.118.1 - - [05/Jan/2008:06:27:52 -0800] "GET /newpanmaster2.png HTTP/1.1" 304 - "http://sancarloscity.org/" "Mozilla/4.0 (compatible; MSIE 7.0; Windows NT 5.1)" "sancarloscity.org"
69.246.118.1 - - [05/Jan/2008:06:27:52 -0800] "GET /sccinewsearch.jpg HTTP/1.1" 304 - "http://sancarloscity.org/" "Mozilla/4.0 (compatible; MSIE 7.0; Windows NT 5.1)" "sancarloscity.org"
194.72.9.26 - - [05/Jan/2008:06:27:53 -0800] "GET /picgallery/displayimage.php?album=14&pos=2 HTTP/1.1" 200 12788 "http://www.sancarloscity.org/picgallery/displayimage.php?album=14&pos=1" "Mozilla/4.0 (compatible; MSIE 7.0; Windows NT 5.1)" "www.sancarloscity.org"
194.72.9.26 - - [05/Jan/2008:06:27:54 -0800] "GET /picgallery/albums/userpics/10001/Rikscha2.jpg HTTP/1.1" 200 8515 "http://www.sancarloscity.org/picgallery/displayimage.php?album=14&pos=2" "Mozilla/4.0 (compatible; MSIE 7.0; Windows NT 5.1)" "www.sancarloscity.org"
194.72.9.26 - - [05/Jan/2008:06:27:56 -0800] "GET /picgallery/displayimage.php?album=14&pos=3 HTTP/1.1" 200 12788 "http://www.sancarloscity.org/picgallery/displayimage.php?album=14&pos=2" "Mozilla/4.0 (compatible; MSIE 7.0; Windows NT 5.1)" "www.sancarloscity.org"
194.72.9.26 - - [05/Jan/2008:06:27:57 -0800] "GET /picgallery/albums/userpics/10001/Rikscha3.jpg HTTP/1.1" 200 5852 "http://www.sancarloscity.org/picgallery/displayimage.php?album=14&pos=3" "Mozilla/4.0 (compatible; MSIE 7.0; Windows NT 5.1)" "www.sancarloscity.org"
194.72.9.26 - - [05/Jan/2008:06:27:59 -0800] "GET /picgallery/displayimage.php?album=14&pos=4 HTTP/1.1" 200 12783 "http://www.sancarloscity.org/picgallery/displayimage.php?album=14&pos=3" "Mozilla/4.0 (compatible; MSIE 7.0; Windows NT 5.1)" "www.sancarloscity.org"
194.72.9.26 - - [05/Jan/2008:06:28:02 -0800] "GET /picgallery/albums/userpics/10001/Rikscha5.jpg HTTP/1.1" 200 11191 "http://www.sancarloscity.org/picgallery/displayimage.php?album=14&pos=4" "Mozilla/4.0 (compatible; MSIE 7.0; Windows NT 5.1)" "www.sancarloscity.org"
193.138.94.10 - - [05/Jan/2008:06:28:02 -0800] "GET / HTTP/1.0" 304 - "-" "Mozilla/5.0 (Windows; U; Windows NT 5.1; en-US; rv:1.8.1.11) Gecko/20071127 Firefox/2.0.0.11" "www.sancarloscity.org"
193.138.94.10 - - [05/Jan/2008:06:28:03 -0800] "GET /antenna.css HTTP/1.0" 304 - "http://www.sancarloscity.org/" "Mozilla/5.0 (Windows; U; Windows NT 5.1; en-US; rv:1.8.1.11) Gecko/20071127 Firefox/2.0.0.11" "www.sancarloscity.org"
193.138.94.10 - - [05/Jan/2008:06:28:03 -0800] "GET /autoactivate.js HTTP/1.0" 304 - "http://www.sancarloscity.org/" "Mozilla/5.0 (Windows; U; Windows NT 5.1; en-US; rv:1.8.1.11) Gecko/20071127 Firefox/2.0.0.11" "www.sancarloscity.org"
193.138.94.10 - - [05/Jan/2008:06:28:04 -0800] "GET /bg_red_aurora.jpg HTTP/1.0" 304 - "http://www.sancarloscity.org/" "Mozilla/5.0 (Windows; U; Windows NT 5.1; en-US; rv:1.8.1.11) Gecko/20071127 Firefox/2.0.0.11" "www.sancarloscity.org"
193.138.94.10 - - [05/Jan/2008:06:28:04 -0800] "GET /sccirtpan1.jpg HTTP/1.0" 304 - "http://www.sancarloscity.org/" "Mozilla/5.0 (Windows; U; Windows NT 5.1; en-US; rv:1.8.1.11) Gecko/20071127 Firefox/2.0.0.11" "www.sancarloscity.org"
193.138.94.10 - - [05/Jan/2008:06:28:04 -0800] "GET /bg_glass_bottomleft3.jpg HTTP/1.0" 304 - "http://www.sancarloscity.org/" "Mozilla/5.0 (Windows; U; Windows NT 5.1; en-US; rv:1.8.1.11) Gecko/20071127 Firefox/2.0.0.11" "www.sancarloscity.org"
193.138.94.10 - - [05/Jan/2008:06:28:04 -0800] "GET /background_scci_top.jpg HTTP/1.0" 304 - "http://www.sancarloscity.org/" "Mozilla/5.0 (Windows; U; Windows NT 5.1; en-US; rv:1.8.1.11) Gecko/20071127 Firefox/2.0.0.11" "www.sancarloscity.org"
193.138.94.10 - - [05/Jan/2008:06:28:04 -0800] "GET /bg_glass_bottomright3.jpg HTTP/1.0" 304 - "http://www.sancarloscity.org/" "Mozilla/5.0 (Windows; U; Windows NT 5.1; en-US; rv:1.8.1.11) Gecko/20071127 Firefox/2.0.0.11" "www.sancarloscity.org"
193.138.94.10 - - [05/Jan/2008:06:28:04 -0800] "GET /sccinewsidepan1.jpg HTTP/1.0" 304 - "http://www.sancarloscity.org/" "Mozilla/5.0 (Windows; U; Windows NT 5.1; en-US; rv:1.8.1.11) Gecko/20071127 Firefox/2.0.0.11" "www.sancarloscity.org"
193.138.94.10 - - [05/Jan/2008:06:28:04 -0800] "GET /sccilinksicons.jpg HTTP/1.0" 304 - "http://www.sancarloscity.org/" "Mozilla/5.0 (Windows; U; Windows NT 5.1; en-US; rv:1.8.1.11) Gecko/20071127 Firefox/2.0.0.11" "www.sancarloscity.org"
