194.72.9.26 - - [05/Jan/2008:06:35:28 -0800] "GET /ymbusinessinn/ymsamplepage_03.gif HTTP/1.1" 200 345 "http://www.sancarloscity.org/ymbusinessinn/" "Mozilla/4.0 (compatible; MSIE 7.0; Windows NT 5.1)" "www.sancarloscity.org"
194.72.9.26 - - [05/Jan/2008:06:35:28 -0800] "GET /ymbusinessinn/ymsamplepage2_04.gif HTTP/1.1" 200 421 "http://www.sancarloscity.org/ymbusinessinn/" "Mozilla/4.0 (compatible; MSIE 7.0; Windows NT 5.1)" "www.sancarloscity.org"
194.72.9.26 - - [05/Jan/2008:06:35:29 -0800] "GET /ymbusinessinn/ymsamplepage_04.gif HTTP/1.1" 200 421 "http://www.sancarloscity.org/ymbusinessinn/" "Mozilla/4.0 (compatible; MSIE 7.0; Windows NT 5.1)" "www.sancarloscity.org"
194.72.9.26 - - [05/Jan/2008:06:35:29 -0800] "GET /ymbusinessinn/ymsamplepage2_05.gif HTTP/1.1" 200 592 "http://www.sancarloscity.org/ymbusinessinn/" "Mozilla/4.0 (compatible; MSIE 7.0; Windows NT 5.1)" "www.sancarloscity.org"
194.72.9.26 - - [05/Jan/2008:06:35:29 -0800] "GET /ymbusinessinn/ymsamplepage_05.gif HTTP/1.1" 200 592 "http://www.sancarloscity.org/ymbusinessinn/" "Mozilla/4.0 (compatible; MSIE 7.0; Windows NT 5.1)" "www.sancarloscity.org"
194.72.9.26 - - [05/Jan/2008:06:35:29 -0800] "GET /ymbusinessinn/ymsamplepage2_06.gif HTTP/1.1" 200 351 "http://www.sancarloscity.org/ymbusinessinn/" "Mozilla/4.0 (compatible; MSIE 7.0; Windows NT 5.1)" "www.sancarloscity.org"
194.72.9.26 - - [05/Jan/2008:06:35:29 -0800] "GET /ymbusinessinn/ymsamplepage_06.gif HTTP/1.1" 200 351 "http://www.sancarloscity.org/ymbusinessinn/" "Mozilla/4.0 (compatible; MSIE 7.0; Windows NT 5.1)" "www.sancarloscity.org"
194.72.9.26 - - [05/Jan/2008:06:35:30 -0800] "GET /ymbusinessinn/ymsamplepage2_07.gif HTTP/1.1" 200 856 "http://www.sancarloscity.org/ymbusinessinn/" "Mozilla/4.0 (compatible; MSIE 7.0; Windows NT 5.1)" "www.sancarloscity.org"
194.72.9.26 - - [05/Jan/2008:06:35:30 -0800] "GET /ymbusinessinn/ymsamplepage_07.gif HTTP/1.1" 200 856 "http://www.sancarloscity.org/ymbusinessinn/" "Mozilla/4.0 (compatible; MSIE 7.0; Windows NT 5.1)" "www.sancarloscity.org"
194.72.9.26 - - [05/Jan/2008:06:35:30 -0800] "GET /ymbusinessinn/ymsamplepage2_08.gif HTTP/1.1" 200 191 "http://www.sancarloscity.org/ymbusinessinn/" "Mozilla/4.0 (compatible; MSIE 7.0; Windows NT 5.1)" "www.sancarloscity.org"
194.72.9.26 - - [05/Jan/2008:06:35:31 -0800] "GET /ymbusinessinn/ymsamplepage_08.gif HTTP/1.1" 200 508 "http://www.sancarloscity.org/ymbusinessinn/" "Mozilla/4.0 (compatible; MSIE 7.0; Windows NT 5.1)" "www.sancarloscity.org"
194.72.9.26 - - [05/Jan/2008:06:35:31 -0800] "GET /ymbusinessinn/ymsamplepage2_09.gif HTTP/1.1" 200 463 "http://www.sancarloscity.org/ymbusinessinn/" "Mozilla/4.0 (compatible; MSIE 7.0; Windows NT 5.1)" "www.sancarloscity.org"
194.72.9.26 - - [05/Jan/2008:06:35:32 -0800] "GET /ymbusinessinn/ymsamplepage_09.gif HTTP/1.1" 200 463 "http://www.sancarloscity.org/ymbusinessinn/" "Mozilla/4.0 (compatible; MSIE 7.0; Windows NT 5.1)" "www.sancarloscity.org"
194.72.9.26 - - [05/Jan/2008:06:35:32 -0800] "GET /ymbusinessinn/ymbi_header_logo.jpg HTTP/1.1" 200 14077 "http://www.sancarloscity.org/ymbusinessinn/" "Mozilla/4.0 (compatible; MSIE 7.0; Windows NT 5.1)" "www.sancarloscity.org"
194.72.9.26 - - [05/Jan/2008:06:35:32 -0800] "GET /ymbusinessinn/sidepanrooms.jpg HTTP/1.1" 200 3629 "http://www.sancarloscity.org/ymbusinessinn/" "Mozilla/4.0 (compatible; MSIE 7.0; Windows NT 5.1)" "www.sancarloscity.org"
194.72.9.26 - - [05/Jan/2008:06:35:33 -0800] "GET /ymbusinessinn/sidepannet.jpg HTTP/1.1" 200 2908 "http://www.sancarloscity.org/ymbusinessinn/" "Mozilla/4.0 (compatible; MSIE 7.0; Windows NT 5.1)" "www.sancarloscity.org"
194.72.9.26 - - [05/Jan/2008:06:35:33 -0800] "GET /ymbusinessinn/ymflash.jpg HTTP/1.1" 200 19294 "http://www.sancarloscity.org/ymbusinessinn/" "Mozilla/4.0 (compatible; MSIE 7.0; Windows NT 5.1)" "www.sancarloscity.org"
74.6.25.158 - - [05/Jan/2008:06:35:57 -0800] "GET /qphotogallery/thumbnails.php?album=25&page=1&sort=ta HTTP/1.0" 200 16155 "-" "Mozilla/5.0 (compatible; Yahoo! Slurp; http://help.yahoo.com/help/us/ysearch/slurp)" "sancarloscity.org"
194.72.9.26 - - [05/Jan/2008:06:36:01 -0800] "GET /ymbusinessinn/hotellocation.htm HTTP/1.1" 200 11059 "http://www.sancarloscity.org/ymbusinessinn/" "Mozilla/4.0 (compatible; MSIE 7.0; Windows NT 5.1)" "www.sancarloscity.org"
194.72.9.26 - - [05/Jan/2008:06:36:02 -0800] "GET /ymbusinessinn/ymmap3.jpg HTTP/1.1" 200 27657 "http://www.sancarloscity.org/ymbusinessinn/hotellocation.htm" "Mozilla/4.0 (compatible; MSIE 7.0; Windows NT 5.1)" "www.sancarloscity.org"
222.127.229.50 - - [05/Jan/2008:06:36:10 -0800] "GET / HTTP/1.1" 200 33905 "-" "Mozilla/4.0 (compatible; MSIE 6.0; Windows NT 5.1; SV1)" "www.sancarloscity.org"
222.127.229.50 - - [05/Jan/2008:06:36:11 -0800] "GET /antenna.css HTTP/1.1" 200 1674 "http://www.sancarloscity.org/" "Mozilla/4.0 (compatible; MSIE 6.0; Windows NT 5.1; SV1)" "www.sancarloscity.org"
222.127.229.50 - - [05/Jan/2008:06:36:13 -0800] "GET /autoactivate.js HTTP/1.1" 200 5474 "http://www.sancarloscity.org/" "Mozilla/4.0 (compatible; MSIE 6.0; Windows NT 5.1; SV1)" "www.sancarloscity.org"
222.127.229.50 - - [05/Jan/2008:06:36:14 -0800] "GET /sccirtpan1.jpg HTTP/1.1" 200 25068 "http://www.sancarloscity.org/" "Mozilla/4.0 (compatible; MSIE 6.0; Windows NT 5.1; SV1)" "www.sancarloscity.org"
222.127.229.50 - - [05/Jan/2008:06:36:15 -0800] "GET /background_scci_top.jpg HTTP/1.1" 200 69602 "http://www.sancarloscity.org/" "Mozilla/4.0 (compatible; MSIE 6.0; Windows NT 5.1; SV1)" "www.sancarloscity.org"
194.72.9.26 - - [05/Jan/2008:06:36:18 -0800] "GET /ymbusinessinn/dining.htm HTTP/1.1" 200 10208 "http://www.sancarloscity.org/ymbusinessinn/hotellocation.htm" "Mozilla/4.0 (compatible; MSIE 7.0; Windows NT 5.1)" "www.sancarloscity.org"
222.127.229.50 - - [05/Jan/2008:06:36:19 -0800] "GET /bg_glass_bottomleft3.jpg HTTP/1.1" 200 18715 "http://www.sancarloscity.org/" "Mozilla/4.0 (compatible; MSIE 6.0; Windows NT 5.1; SV1)" "www.sancarloscity.org"
194.72.9.26 - - [05/Jan/2008:06:36:21 -0800] "GET /ymbusinessinn/resto_inn1.jpg HTTP/1.1" 200 51943 "http://www.sancarloscity.org/ymbusinessinn/dining.htm" "Mozilla/4.0 (compatible; MSIE 7.0; Windows NT 5.1)" "www.sancarloscity.org"
222.127.229.50 - - [05/Jan/2008:06:36:21 -0800] "GET /sccinewsidepan1.jpg HTTP/1.1" 200 29777 "http://www.sancarloscity.org/" "Mozilla/4.0 (compatible; MSIE 6.0; Windows NT 5.1; SV1)" "www.sancarloscity.org"
222.127.229.50 - - [05/Jan/2008:06:36:22 -0800] "GET /bg_glass_bottomright3.jpg HTTP/1.1" 200 18715 "http://www.sancarloscity.org/" "Mozilla/4.0 (compatible; MSIE 6.0; Windows NT 5.1; SV1)" "www.sancarloscity.org"
222.127.229.50 - - [05/Jan/2008:06:36:24 -0800] "GET /bg_red_aurora.jpg HTTP/1.1" 200 32099 "http://www.sancarloscity.org/" "Mozilla/4.0 (compatible; MSIE 6.0; Windows NT 5.1; SV1)" "www.sancarloscity.org"
222.127.229.50 - - [05/Jan/2008:06:36:24 -0800] "GET /wheretostaytab2.jpg HTTP/1.1" 200 26860 "http://www.sancarloscity.org/" "Mozilla/4.0 (compatible; MSIE 6.0; Windows NT 5.1; SV1)" "www.sancarloscity.org"
222.127.229.50 - - [05/Jan/2008:06:36:28 -0800] "GET /wheretoeattab1.jpg HTTP/1.1" 200 25761 "http://www.sancarloscity.org/" "Mozilla/4.0 (compatible; MSIE 6.0; Windows NT 5.1; SV1)" "www.sancarloscity.org"
222.127.229.50 - - [05/Jan/2008:06:36:28 -0800] "GET /wheretoeattab2.jpg HTTP/1.1" 200 26730 "http://www.sancarloscity.org/" "Mozilla/4.0 (compatible; MSIE 6.0; Windows NT 5.1; SV1)" "www.sancarloscity.org"
64.1.215.166 - - [05/Jan/2008:06:36:29 -0800] "GET /picgallery/ratepic.php?pic=106&rate=1 HTTP/1.0" 302 0 "-" "Mozilla/5.0 (Twiceler-0.9 http://www.cuill.com/twiceler/robot.html)" "www.sancarloscity.org"
222.127.229.50 - - [05/Jan/2008:06:36:31 -0800] "GET /whattodotab1.jpg HTTP/1.1" 200 25422 "http://www.sancarloscity.org/" "Mozilla/4.0 (compatible; MSIE 6.0; Windows NT 5.1; SV1)" "www.sancarloscity.org"
222.127.229.50 - - [05/Jan/2008:06:36:31 -0800] "GET /whattodotab2.jpg HTTP/1.1" 200 26426 "http://www.sancarloscity.org/" "Mozilla/4.0 (compatible; MSIE 6.0; Windows NT 5.1; SV1)" "www.sancarloscity.org"
222.127.229.50 - - [05/Jan/2008:06:36:34 -0800] "GET /wheretostaytab1.jpg HTTP/1.1" 200 25858 "http://www.sancarloscity.org/" "Mozilla/4.0 (compatible; MSIE 6.0; Windows NT 5.1; SV1)" "www.sancarloscity.org"
222.127.229.50 - - [05/Jan/2008:06:36:34 -0800] "GET /whattoseetab2.jpg HTTP/1.1" 200 26704 "http://www.sancarloscity.org/" "Mozilla/4.0 (compatible; MSIE 6.0; Windows NT 5.1; SV1)" "www.sancarloscity.org"
222.127.229.50 - - [05/Jan/2008:06:36:38 -0800] "GET /whattoseetab1.jpg HTTP/1.1" 200 25736 "http://www.sancarloscity.org/" "Mozilla/4.0 (compatible; MSIE 6.0; Windows NT 5.1; SV1)" "www.sancarloscity.org"
222.127.229.50 - - [05/Jan/2008:06:36:38 -0800] "GET /sccilinksicons.jpg HTTP/1.1" 200 33512 "http://www.sancarloscity.org/" "Mozilla/4.0 (compatible; MSIE 6.0; Windows NT 5.1; SV1)" "www.sancarloscity.org"
222.127.229.50 - - [05/Jan/2008:06:36:41 -0800] "GET /photo-116.jpg HTTP/1.1" 200 5005 "http://www.sancarloscity.org/" "Mozilla/4.0 (compatible; MSIE 6.0; Windows NT 5.1; SV1)" "www.sancarloscity.org"
222.127.229.50 - - [05/Jan/2008:06:36:42 -0800] "GET /pp-blank-large.png HTTP/1.1" 200 10903 "http://www.sancarloscity.org/" "Mozilla/4.0 (compatible; MSIE 6.0; Windows NT 5.1; SV1)" "www.sancarloscity.org"
222.127.229.50 - - [05/Jan/2008:06:36:43 -0800] "GET /ymblogo2new.gif HTTP/1.1" 200 8010 "http://www.sancarloscity.org/" "Mozilla/4.0 (compatible; MSIE 6.0; Windows NT 5.1; SV1)" "www.sancarloscity.org"
222.127.229.50 - - [05/Jan/2008:06:36:44 -0800] "GET /5star.jpg HTTP/1.1" 200 1016 "http://www.sancarloscity.org/" "Mozilla/4.0 (compatible; MSIE 6.0; Windows NT 5.1; SV1)" "www.sancarloscity.org"
222.127.229.50 - - [05/Jan/2008:06:36:45 -0800] "GET /banner.jpg HTTP/1.1" 200 5359 "http://www.sancarloscity.org/" "Mozilla/4.0 (compatible; MSIE 6.0; Windows NT 5.1; SV1)" "www.sancarloscity.org"
222.127.229.50 - - [05/Jan/2008:06:36:45 -0800] "GET /photo-163.jpg HTTP/1.1" 200 6164 "http://www.sancarloscity.org/" "Mozilla/4.0 (compatible; MSIE 6.0; Windows NT 5.1; SV1)" "www.sancarloscity.org"
194.72.9.26 - - [05/Jan/2008:06:36:46 -0800] "GET /ymbusinessinn/otherservices.htm HTTP/1.1" 200 11276 "http://www.sancarloscity.org/ymbusinessinn/hotellocation.htm" "Mozilla/4.0 (compatible; MSIE 7.0; Windows NT 5.1)" "www.sancarloscity.org"
194.72.9.26 - - [05/Jan/2008:06:36:47 -0800] "GET /ymbusinessinn/p2.jpg HTTP/1.1" 200 46528 "http://www.sancarloscity.org/ymbusinessinn/otherservices.htm" "Mozilla/4.0 (compatible; MSIE 7.0; Windows NT 5.1)" "www.sancarloscity.org"
222.127.229.50 - - [05/Jan/2008:06:36:47 -0800] "GET /photo-162.jpg HTTP/1.1" 200 5970 "http://www.sancarloscity.org/" "Mozilla/4.0 (compatible; MSIE 6.0; Windows NT 5.1; SV1)" "www.sancarloscity.org"
222.127.229.50 - - [05/Jan/2008:06:36:47 -0800] "GET /scciwebawards.jpg HTTP/1.1" 200 51843 "http://www.sancarloscity.org/" "Mozilla/4.0 (compatible; MSIE 6.0; Windows NT 5.1; SV1)" "www.sancarloscity.org"
222.127.229.50 - - [05/Jan/2008:06:36:49 -0800] "GET /sccisamplepage_02.gif HTTP/1.1" 200 7431 "http://www.sancarloscity.org/" "Mozilla/4.0 (compatible; MSIE 6.0; Windows NT 5.1; SV1)" "www.sancarloscity.org"
222.127.229.50 - - [05/Jan/2008:06:36:52 -0800] "GET /newpanmaster.png HTTP/1.1" 200 943 "http://www.sancarloscity.org/" "Mozilla/4.0 (compatible; MSIE 6.0; Windows NT 5.1; SV1)" "www.sancarloscity.org"
222.127.229.50 - - [05/Jan/2008:06:36:52 -0800] "GET /newpanmaster2.png HTTP/1.1" 200 927 "http://www.sancarloscity.org/" "Mozilla/4.0 (compatible; MSIE 6.0; Windows NT 5.1; SV1)" "www.sancarloscity.org"
222.127.229.50 - - [05/Jan/2008:06:36:53 -0800] "GET /sccinewsearch.jpg HTTP/1.1" 200 22686 "http://www.sancarloscity.org/" "Mozilla/4.0 (compatible; MSIE 6.0; Windows NT 5.1; SV1)" "www.sancarloscity.org"
194.72.9.26 - - [05/Jan/2008:06:37:27 -0800] "GET /ymbusinessinn/facilities.htm HTTP/1.1" 200 21681 "http://www.sancarloscity.org/ymbusinessinn/hotellocation.htm" "Mozilla/4.0 (compatible; MSIE 7.0; Windows NT 5.1)" "www.sancarloscity.org"
194.72.9.26 - - [05/Jan/2008:06:37:28 -0800] "GET /ymbusinessinn/superiorfamily.jpg HTTP/1.1" 200 9711 "http://www.sancarloscity.org/ymbusinessinn/facilities.htm" "Mozilla/4.0 (compatible; MSIE 7.0; Windows NT 5.1)" "www.sancarloscity.org"
194.72.9.26 - - [05/Jan/2008:06:37:28 -0800] "GET /ymbusinessinn/c1.jpg HTTP/1.1" 200 11187 "http://www.sancarloscity.org/ymbusinessinn/facilities.htm" "Mozilla/4.0 (compatible; MSIE 7.0; Windows NT 5.1)" "www.sancarloscity.org"
194.72.9.26 - - [05/Jan/2008:06:37:28 -0800] "GET /ymbusinessinn/superiordouble.jpg HTTP/1.1" 200 10536 "http://www.sancarloscity.org/ymbusinessinn/facilities.htm" "Mozilla/4.0 (compatible; MSIE 7.0; Windows NT 5.1)" "www.sancarloscity.org"
194.72.9.26 - - [05/Jan/2008:06:37:29 -0800] "GET /ymbusinessinn/matrimonialsuite.jpg HTTP/1.1" 200 9962 "http://www.sancarloscity.org/ymbusinessinn/facilities.htm" "Mozilla/4.0 (compatible; MSIE 7.0; Windows NT 5.1)" "www.sancarloscity.org"
194.72.9.26 - - [05/Jan/2008:06:37:29 -0800] "GET /ymbusinessinn/standouble.jpg HTTP/1.1" 200 10286 "http://www.sancarloscity.org/ymbusinessinn/facilities.htm" "Mozilla/4.0 (compatible; MSIE 7.0; Windows NT 5.1)" "www.sancarloscity.org"
64.1.215.166 - - [05/Jan/2008:06:38:16 -0800] "GET /picgallery/login.php?referer=%2Fpicgallery%2Fdisplayimage.php%3Falbum%3Dtopn%26cat%3D-21%26pid%3D240%26slideshow%3D5000 HTTP/1.0" 200 5613 "-" "Mozilla/5.0 (Twiceler-0.9 http://www.cuill.com/twiceler/robot.html)" "www.sancarloscity.org"
194.72.9.26 - - [05/Jan/2008:06:38:20 -0800] "GET /lolanitangs/ HTTP/1.1" 200 946 "http://www.sancarloscity.org/hotelrates.htm" "Mozilla/4.0 (compatible; MSIE 7.0; Windows NT 5.1)" "www.sancarloscity.org"
222.127.229.50 - - [05/Jan/2008:06:38:26 -0800] "GET /maps.htm HTTP/1.1" 200 11738 "http://www.sancarloscity.org/" "Mozilla/4.0 (compatible; MSIE 6.0; Windows NT 5.1; SV1)" "sancarloscity.org"
222.127.229.50 - - [05/Jan/2008:06:38:27 -0800] "GET /antenna.css HTTP/1.1" 200 1674 "http://sancarloscity.org/maps.htm" "Mozilla/4.0 (compatible; MSIE 6.0; Windows NT 5.1; SV1)" "sancarloscity.org"
222.127.229.50 - - [05/Jan/2008:06:38:28 -0800] "GET /autoactivate.js HTTP/1.1" 200 5474 "http://sancarloscity.org/maps.htm" "Mozilla/4.0 (compatible; MSIE 6.0; Windows NT 5.1; SV1)" "sancarloscity.org"
194.72.9.26 - - [05/Jan/2008:06:38:29 -0800] "GET /ymbusinessinn HTTP/1.1" 301 106 "http://www.sancarloscity.org/hotelrates.htm" "Mozilla/4.0 (compatible; MSIE 7.0; Windows NT 5.1)" "www.sancarloscity.org"
194.72.9.26 - - [05/Jan/2008:06:38:30 -0800] "GET /ymbusinessinn/ HTTP/1.1" 304 - "http://www.sancarloscity.org/hotelrates.htm" "Mozilla/4.0 (compatible; MSIE 7.0; Windows NT 5.1)" "www.sancarloscity.org"
194.72.9.26 - - [05/Jan/2008:06:38:30 -0800] "GET /ymbusinessinn/antenna.css HTTP/1.1" 304 - "http://www.sancarloscity.org/ymbusinessinn/" "Mozilla/4.0 (compatible; MSIE 7.0; Windows NT 5.1)" "www.sancarloscity.org"
194.72.9.26 - - [05/Jan/2008:06:38:30 -0800] "GET /ymbusinessinn/autoactivate.js HTTP/1.1" 304 - "http://www.sancarloscity.org/ymbusinessinn/" "Mozilla/4.0 (compatible; MSIE 7.0; Windows NT 5.1)" "www.sancarloscity.org"
222.127.229.50 - - [05/Jan/2008:06:38:30 -0800] "GET /eservice.gif HTTP/1.1" 200 621 "http://sancarloscity.org/maps.htm" "Mozilla/4.0 (compatible; MSIE 6.0; Windows NT 5.1; SV1)" "sancarloscity.org"
194.72.9.26 - - [05/Jan/2008:06:38:30 -0800] "GET /ymbusinessinn/bgslice.gif HTTP/1.1" 304 - "http://www.sancarloscity.org/ymbusinessinn/" "Mozilla/4.0 (compatible; MSIE 7.0; Windows NT 5.1)" "www.sancarloscity.org"
194.72.9.26 - - [05/Jan/2008:06:38:30 -0800] "GET /ymbusinessinn/ymsamplepage2_03.gif HTTP/1.1" 304 - "http://www.sancarloscity.org/ymbusinessinn/" "Mozilla/4.0 (compatible; MSIE 7.0; Windows NT 5.1)" "www.sancarloscity.org"
222.127.229.50 - - [05/Jan/2008:06:38:31 -0800] "GET /motifbg.gif HTTP/1.1" 200 12525 "http://sancarloscity.org/maps.htm" "Mozilla/4.0 (compatible; MSIE 6.0; Windows NT 5.1; SV1)" "sancarloscity.org"
194.72.9.26 - - [05/Jan/2008:06:38:31 -0800] "GET /ymbusinessinn/ymsamplepage_03.gif HTTP/1.1" 304 - "http://www.sancarloscity.org/ymbusinessinn/" "Mozilla/4.0 (compatible; MSIE 7.0; Windows NT 5.1)" "www.sancarloscity.org"
194.72.9.26 - - [05/Jan/2008:06:38:31 -0800] "GET /ymbusinessinn/ymsamplepage2_04.gif HTTP/1.1" 304 - "http://www.sancarloscity.org/ymbusinessinn/" "Mozilla/4.0 (compatible; MSIE 7.0; Windows NT 5.1)" "www.sancarloscity.org"
194.72.9.26 - - [05/Jan/2008:06:38:31 -0800] "GET /ymbusinessinn/ymsamplepage_04.gif HTTP/1.1" 304 - "http://www.sancarloscity.org/ymbusinessinn/" "Mozilla/4.0 (compatible; MSIE 7.0; Windows NT 5.1)" "www.sancarloscity.org"
194.72.9.26 - - [05/Jan/2008:06:38:31 -0800] "GET /ymbusinessinn/ymsamplepage2_05.gif HTTP/1.1" 304 - "http://www.sancarloscity.org/ymbusinessinn/" "Mozilla/4.0 (compatible; MSIE 7.0; Windows NT 5.1)" "www.sancarloscity.org"
194.72.9.26 - - [05/Jan/2008:06:38:32 -0800] "GET /ymbusinessinn/ymsamplepage_05.gif HTTP/1.1" 304 - "http://www.sancarloscity.org/ymbusinessinn/" "Mozilla/4.0 (compatible; MSIE 7.0; Windows NT 5.1)" "www.sancarloscity.org"
194.72.9.26 - - [05/Jan/2008:06:38:32 -0800] "GET /ymbusinessinn/ymsamplepage2_06.gif HTTP/1.1" 304 - "http://www.sancarloscity.org/ymbusinessinn/" "Mozilla/4.0 (compatible; MSIE 7.0; Windows NT 5.1)" "www.sancarloscity.org"
222.127.229.50 - - [05/Jan/2008:06:38:32 -0800] "GET /samplebanner.gif HTTP/1.1" 200 55541 "http://sancarloscity.org/maps.htm" "Mozilla/4.0 (compatible; MSIE 6.0; Windows NT 5.1; SV1)" "sancarloscity.org"
194.72.9.26 - - [05/Jan/2008:06:38:32 -0800] "GET /ymbusinessinn/ymsamplepage_06.gif HTTP/1.1" 304 - "http://www.sancarloscity.org/ymbusinessinn/" "Mozilla/4.0 (compatible; MSIE 7.0; Windows NT 5.1)" "www.sancarloscity.org"
194.72.9.26 - - [05/Jan/2008:06:38:32 -0800] "GET /ymbusinessinn/ymsamplepage2_07.gif HTTP/1.1" 304 - "http://www.sancarloscity.org/ymbusinessinn/" "Mozilla/4.0 (compatible; MSIE 7.0; Windows NT 5.1)" "www.sancarloscity.org"
194.72.9.26 - - [05/Jan/2008:06:38:32 -0800] "GET /ymbusinessinn/ymsamplepage_07.gif HTTP/1.1" 304 - "http://www.sancarloscity.org/ymbusinessinn/" "Mozilla/4.0 (compatible; MSIE 7.0; Windows NT 5.1)" "www.sancarloscity.org"
194.72.9.26 - - [05/Jan/2008:06:38:32 -0800] "GET /ymbusinessinn/ymsamplepage2_08.gif HTTP/1.1" 304 - "http://www.sancarloscity.org/ymbusinessinn/" "Mozilla/4.0 (compatible; MSIE 7.0; Windows NT 5.1)" "www.sancarloscity.org"
194.72.9.26 - - [05/Jan/2008:06:38:33 -0800] "GET /ymbusinessinn/ymsamplepage_08.gif HTTP/1.1" 304 - "http://www.sancarloscity.org/ymbusinessinn/" "Mozilla/4.0 (compatible; MSIE 7.0; Windows NT 5.1)" "www.sancarloscity.org"
194.72.9.26 - - [05/Jan/2008:06:38:33 -0800] "GET /ymbusinessinn/ymsamplepage2_09.gif HTTP/1.1" 304 - "http://www.sancarloscity.org/ymbusinessinn/" "Mozilla/4.0 (compatible; MSIE 7.0; Windows NT 5.1)" "www.sancarloscity.org"
194.72.9.26 - - [05/Jan/2008:06:38:33 -0800] "GET /ymbusinessinn/ymbi_header_logo.jpg HTTP/1.1" 304 - "http://www.sancarloscity.org/ymbusinessinn/" "Mozilla/4.0 (compatible; MSIE 7.0; Windows NT 5.1)" "www.sancarloscity.org"
194.72.9.26 - - [05/Jan/2008:06:38:33 -0800] "GET /ymbusinessinn/ymsamplepage_09.gif HTTP/1.1" 304 - "http://www.sancarloscity.org/ymbusinessinn/" "Mozilla/4.0 (compatible; MSIE 7.0; Windows NT 5.1)" "www.sancarloscity.org"
222.127.229.50 - - [05/Jan/2008:06:38:33 -0800] "GET /contactcenter2.gif HTTP/1.1" 200 901 "http://sancarloscity.org/maps.htm" "Mozilla/4.0 (compatible; MSIE 6.0; Windows NT 5.1; SV1)" "sancarloscity.org"
194.72.9.26 - - [05/Jan/2008:06:38:33 -0800] "GET /ymbusinessinn/sidepanrooms.jpg HTTP/1.1" 304 - "http://www.sancarloscity.org/ymbusinessinn/" "Mozilla/4.0 (compatible; MSIE 7.0; Windows NT 5.1)" "www.sancarloscity.org"
194.72.9.26 - - [05/Jan/2008:06:38:33 -0800] "GET /ymbusinessinn/sidepannet.jpg HTTP/1.1" 304 - "http://www.sancarloscity.org/ymbusinessinn/" "Mozilla/4.0 (compatible; MSIE 7.0; Windows NT 5.1)" "www.sancarloscity.org"
194.72.9.26 - - [05/Jan/2008:06:38:34 -0800] "GET /ymbusinessinn/ymflash.jpg HTTP/1.1" 304 - "http://www.sancarloscity.org/ymbusinessinn/" "Mozilla/4.0 (compatible; MSIE 7.0; Windows NT 5.1)" "www.sancarloscity.org"
222.127.229.50 - - [05/Jan/2008:06:38:35 -0800] "GET /flowerbannabout.jpg HTTP/1.1" 200 5508 "http://sancarloscity.org/maps.htm" "Mozilla/4.0 (compatible; MSIE 6.0; Windows NT 5.1; SV1)" "sancarloscity.org"
222.127.229.50 - - [05/Jan/2008:06:38:36 -0800] "GET /bann1.jpg HTTP/1.1" 200 3335 "http://sancarloscity.org/maps.htm" "Mozilla/4.0 (compatible; MSIE 6.0; Windows NT 5.1; SV1)" "sancarloscity.org"
64.1.215.166 - - [05/Jan/2008:06:38:36 -0800] "GET /picgallery/displayimage.php?album=lastup&cat=0&pos=320 HTTP/1.0" 200 13160 "-" "Mozilla/5.0 (Twiceler-0.9 http://www.cuill.com/twiceler/robot.html)" "www.sancarloscity.org"
222.127.229.50 - - [05/Jan/2008:06:38:36 -0800] "GET /bann2.jpg HTTP/1.1" 200 4413 "http://sancarloscity.org/maps.htm" "Mozilla/4.0 (compatible; MSIE 6.0; Windows NT 5.1; SV1)" "sancarloscity.org"
222.127.229.50 - - [05/Jan/2008:06:38:37 -0800] "GET /background.gif HTTP/1.1" 200 3636 "http://sancarloscity.org/maps.htm" "Mozilla/4.0 (compatible; MSIE 6.0; Windows NT 5.1; SV1)" "sancarloscity.org"
222.127.229.50 - - [05/Jan/2008:06:38:38 -0800] "GET /scmap2.jpg HTTP/1.1" 200 152977 "http://sancarloscity.org/maps.htm" "Mozilla/4.0 (compatible; MSIE 6.0; Windows NT 5.1; SV1)" "sancarloscity.org"
222.127.229.50 - - [05/Jan/2008:06:38:38 -0800] "GET /scmap.jpg HTTP/1.1" 200 91788 "http://sancarloscity.org/maps.htm" "Mozilla/4.0 (compatible; MSIE 6.0; Windows NT 5.1; SV1)" "sancarloscity.org"
194.72.9.26 - - [05/Jan/2008:06:38:41 -0800] "GET /aandcpensionhouse HTTP/1.1" 301 110 "http://www.sancarloscity.org/hotelrates.htm" "Mozilla/4.0 (compatible; MSIE 7.0; Windows NT 5.1)" "www.sancarloscity.org"
194.72.9.26 - - [05/Jan/2008:06:38:42 -0800] "GET /aandcpensionhouse/ HTTP/1.1" 200 946 "http://www.sancarloscity.org/hotelrates.htm" "Mozilla/4.0 (compatible; MSIE 7.0; Windows NT 5.1)" "www.sancarloscity.org"
222.127.229.50 - - [05/Jan/2008:06:38:45 -0800] "GET /qnet.gif HTTP/1.1" 200 1472 "http://sancarloscity.org/maps.htm" "Mozilla/4.0 (compatible; MSIE 6.0; Windows NT 5.1; SV1)" "sancarloscity.org"
222.127.229.50 - - [05/Jan/2008:06:38:47 -0800] "GET /erologo.gif HTTP/1.1" 200 1037 "http://sancarloscity.org/maps.htm" "Mozilla/4.0 (compatible; MSIE 6.0; Windows NT 5.1; SV1)" "sancarloscity.org"
222.127.229.50 - - [05/Jan/2008:06:38:48 -0800] "GET /wow.gif HTTP/1.1" 200 1598 "http://sancarloscity.org/maps.htm" "Mozilla/4.0 (compatible; MSIE 6.0; Windows NT 5.1; SV1)" "sancarloscity.org"
222.127.229.50 - - [05/Jan/2008:06:38:48 -0800] "GET /sccilogo.gif HTTP/1.1" 200 5782 "http://sancarloscity.org/maps.htm" "Mozilla/4.0 (compatible; MSIE 6.0; Windows NT 5.1; SV1)" "sancarloscity.org"
222.127.229.50 - - [05/Jan/2008:06:38:49 -0800] "GET /scusaorglogo.gif HTTP/1.1" 200 2936 "http://sancarloscity.org/maps.htm" "Mozilla/4.0 (compatible; MSIE 6.0; Windows NT 5.1; SV1)" "sancarloscity.org"
222.127.229.50 - - [05/Jan/2008:06:38:50 -0800] "GET /govlogo.gif HTTP/1.1" 200 2435 "http://sancarloscity.org/maps.htm" "Mozilla/4.0 (compatible; MSIE 6.0; Windows NT 5.1; SV1)" "sancarloscity.org"
222.127.229.50 - - [05/Jan/2008:06:38:50 -0800] "GET /topmenu.gif HTTP/1.1" 200 618 "http://sancarloscity.org/maps.htm" "Mozilla/4.0 (compatible; MSIE 6.0; Windows NT 5.1; SV1)" "sancarloscity.org"
222.127.229.50 - - [05/Jan/2008:06:38:51 -0800] "GET /aboutsancarlos.gif HTTP/1.1" 200 376 "http://sancarloscity.org/maps.htm" "Mozilla/4.0 (compatible; MSIE 6.0; Windows NT 5.1; SV1)" "sancarloscity.org"
222.127.229.50 - - [05/Jan/2008:06:38:52 -0800] "GET /wheretostay.gif HTTP/1.1" 200 347 "http://sancarloscity.org/maps.htm" "Mozilla/4.0 (compatible; MSIE 6.0; Windows NT 5.1; SV1)" "sancarloscity.org"
194.72.9.26 - - [05/Jan/2008:06:38:53 -0800] "GET /realestates.htm HTTP/1.1" 200 24148 "http://www.sancarloscity.org/hotelrates.htm" "Mozilla/4.0 (compatible; MSIE 7.0; Windows NT 5.1)" "www.sancarloscity.org"
222.127.229.50 - - [05/Jan/2008:06:38:53 -0800] "GET /gettingtosancarlos.gif HTTP/1.1" 200 441 "http://sancarloscity.org/maps.htm" "Mozilla/4.0 (compatible; MSIE 6.0; Windows NT 5.1; SV1)" "sancarloscity.org"
194.72.9.26 - - [05/Jan/2008:06:38:53 -0800] "GET /antenna.css HTTP/1.1" 304 - "http://www.sancarloscity.org/realestates.htm" "Mozilla/4.0 (compatible; MSIE 7.0; Windows NT 5.1)" "www.sancarloscity.org"
222.127.229.50 - - [05/Jan/2008:06:38:53 -0800] "GET /wheretoeat.gif HTTP/1.1" 200 303 "http://sancarloscity.org/maps.htm" "Mozilla/4.0 (compatible; MSIE 6.0; Windows NT 5.1; SV1)" "sancarloscity.org"
194.72.9.26 - - [05/Jan/2008:06:38:53 -0800] "GET /autoactivate.js HTTP/1.1" 304 - "http://www.sancarloscity.org/realestates.htm" "Mozilla/4.0 (compatible; MSIE 7.0; Windows NT 5.1)" "www.sancarloscity.org"
194.72.9.26 - - [05/Jan/2008:06:38:54 -0800] "GET /bg_red_aurora.jpg HTTP/1.1" 304 - "http://www.sancarloscity.org/realestates.htm" "Mozilla/4.0 (compatible; MSIE 7.0; Windows NT 5.1)" "www.sancarloscity.org"
194.72.9.26 - - [05/Jan/2008:06:38:54 -0800] "GET /sccirtpan1.jpg HTTP/1.1" 304 - "http://www.sancarloscity.org/realestates.htm" "Mozilla/4.0 (compatible; MSIE 7.0; Windows NT 5.1)" "www.sancarloscity.org"
222.127.229.50 - - [05/Jan/2008:06:38:54 -0800] "GET /whattodo.gif HTTP/1.1" 200 291 "http://sancarloscity.org/maps.htm" "Mozilla/4.0 (compatible; MSIE 6.0; Windows NT 5.1; SV1)" "sancarloscity.org"
194.72.9.26 - - [05/Jan/2008:06:38:54 -0800] "GET /background_scci_top.jpg HTTP/1.1" 304 - "http://www.sancarloscity.org/realestates.htm" "Mozilla/4.0 (compatible; MSIE 7.0; Windows NT 5.1)" "www.sancarloscity.org"
222.127.229.50 - - [05/Jan/2008:06:38:54 -0800] "GET /whattosee.gif HTTP/1.1" 200 298 "http://sancarloscity.org/maps.htm" "Mozilla/4.0 (compatible; MSIE 6.0; Windows NT 5.1; SV1)" "sancarloscity.org"
194.72.9.26 - - [05/Jan/2008:06:38:54 -0800] "GET /bg_glass_bottomleft3.jpg HTTP/1.1" 304 - "http://www.sancarloscity.org/realestates.htm" "Mozilla/4.0 (compatible; MSIE 7.0; Windows NT 5.1)" "www.sancarloscity.org"
194.72.9.26 - - [05/Jan/2008:06:38:55 -0800] "GET /bg_glass_bottomright3.jpg HTTP/1.1" 304 - "http://www.sancarloscity.org/realestates.htm" "Mozilla/4.0 (compatible; MSIE 7.0; Windows NT 5.1)" "www.sancarloscity.org"
194.72.9.26 - - [05/Jan/2008:06:38:55 -0800] "GET /sccinewsidepan1.jpg HTTP/1.1" 304 - "http://www.sancarloscity.org/realestates.htm" "Mozilla/4.0 (compatible; MSIE 7.0; Windows NT 5.1)" "www.sancarloscity.org"
194.72.9.26 - - [05/Jan/2008:06:38:55 -0800] "GET /wheretostaytab1.jpg HTTP/1.1" 304 - "http://www.sancarloscity.org/realestates.htm" "Mozilla/4.0 (compatible; MSIE 7.0; Windows NT 5.1)" "www.sancarloscity.org"
194.72.9.26 - - [05/Jan/2008:06:38:55 -0800] "GET /wheretostaytab2.jpg HTTP/1.1" 304 - "http://www.sancarloscity.org/realestates.htm" "Mozilla/4.0 (compatible; MSIE 7.0; Windows NT 5.1)" "www.sancarloscity.org"
222.127.229.50 - - [05/Jan/2008:06:38:55 -0800] "GET /gettingaround.gif HTTP/1.1" 200 343 "http://sancarloscity.org/maps.htm" "Mozilla/4.0 (compatible; MSIE 6.0; Windows NT 5.1; SV1)" "sancarloscity.org"
194.72.9.26 - - [05/Jan/2008:06:38:56 -0800] "GET /wheretoeattab2.jpg HTTP/1.1" 304 - "http://www.sancarloscity.org/realestates.htm" "Mozilla/4.0 (compatible; MSIE 7.0; Windows NT 5.1)" "www.sancarloscity.org"
222.127.229.50 - - [05/Jan/2008:06:38:56 -0800] "GET /businessnmeetings.gif HTTP/1.1" 200 408 "http://sancarloscity.org/maps.htm" "Mozilla/4.0 (compatible; MSIE 6.0; Windows NT 5.1; SV1)" "sancarloscity.org"
64.1.215.166 - - [05/Jan/2008:06:38:56 -0800] "GET /picgallery/displayimage.php?album=lastup&cat=0&pos=292 HTTP/1.0" 200 13143 "-" "Mozilla/5.0 (Twiceler-0.9 http://www.cuill.com/twiceler/robot.html)" "www.sancarloscity.org"
194.72.9.26 - - [05/Jan/2008:06:38:56 -0800] "GET /wheretoeattab1.jpg HTTP/1.1" 304 - "http://www.sancarloscity.org/realestates.htm" "Mozilla/4.0 (compatible; MSIE 7.0; Windows NT 5.1)" "www.sancarloscity.org"
194.72.9.26 - - [05/Jan/2008:06:38:56 -0800] "GET /whattodotab2.jpg HTTP/1.1" 304 - "http://www.sancarloscity.org/realestates.htm" "Mozilla/4.0 (compatible; MSIE 7.0; Windows NT 5.1)" "www.sancarloscity.org"
222.127.229.50 - - [05/Jan/2008:06:38:57 -0800] "GET /dot.gif HTTP/1.1" 200 54 "http://sancarloscity.org/maps.htm" "Mozilla/4.0 (compatible; MSIE 6.0; Windows NT 5.1; SV1)" "sancarloscity.org"
194.72.9.26 - - [05/Jan/2008:06:38:57 -0800] "GET /whattodotab1.jpg HTTP/1.1" 304 - "http://www.sancarloscity.org/realestates.htm" "Mozilla/4.0 (compatible; MSIE 7.0; Windows NT 5.1)" "www.sancarloscity.org"
194.72.9.26 - - [05/Jan/2008:06:38:57 -0800] "GET /whattoseetab2.jpg HTTP/1.1" 304 - "http://www.sancarloscity.org/realestates.htm" "Mozilla/4.0 (compatible; MSIE 7.0; Windows NT 5.1)" "www.sancarloscity.org"
194.72.9.26 - - [05/Jan/2008:06:38:57 -0800] "GET /whattoseetab1.jpg HTTP/1.1" 304 - "http://www.sancarloscity.org/realestates.htm" "Mozilla/4.0 (compatible; MSIE 7.0; Windows NT 5.1)" "www.sancarloscity.org"
194.72.9.26 - - [05/Jan/2008:06:38:57 -0800] "GET / HTTP/1.1" 304 - "http://www.sancarloscity.org/realestates.htm" "Mozilla/4.0 (compatible; MSIE 7.0; Windows NT 5.1)" "www.sancarloscity.org"
222.127.229.50 - - [05/Jan/2008:06:38:57 -0800] "GET /newmaps/mappage.htm HTTP/1.1" 200 5347 "http://sancarloscity.org/maps.htm" "Mozilla/4.0 (compatible; MSIE 6.0; Windows NT 5.1; SV1)" "www.sancarloscity.org"
194.72.9.26 - - [05/Jan/2008:06:38:57 -0800] "GET /rtpanarrow.jpg HTTP/1.1" 304 - "http://www.sancarloscity.org/realestates.htm" "Mozilla/4.0 (compatible; MSIE 7.0; Windows NT 5.1)" "www.sancarloscity.org"
194.72.9.26 - - [05/Jan/2008:06:38:58 -0800] "GET /sccirealestate1.jpg HTTP/1.1" 200 73566 "http://www.sancarloscity.org/realestates.htm" "Mozilla/4.0 (compatible; MSIE 7.0; Windows NT 5.1)" "www.sancarloscity.org"
194.72.9.26 - - [05/Jan/2008:06:38:58 -0800] "GET /sccilinksicons.jpg HTTP/1.1" 304 - "http://www.sancarloscity.org/realestates.htm" "Mozilla/4.0 (compatible; MSIE 7.0; Windows NT 5.1)" "www.sancarloscity.org"
194.72.9.26 - - [05/Jan/2008:06:38:58 -0800] "GET /sccisamplepage_02.gif HTTP/1.1" 304 - "http://www.sancarloscity.org/realestates.htm" "Mozilla/4.0 (compatible; MSIE 7.0; Windows NT 5.1)" "www.sancarloscity.org"
222.127.229.50 - - [05/Jan/2008:06:38:59 -0800] "GET /newmaps/maplogo.gif HTTP/1.1" 200 6527 "http://www.sancarloscity.org/newmaps/mappage.htm" "Mozilla/4.0 (compatible; MSIE 6.0; Windows NT 5.1; SV1)" "www.sancarloscity.org"
194.72.9.26 - - [05/Jan/2008:06:38:59 -0800] "GET /newpanmaster.png HTTP/1.1" 304 - "http://www.sancarloscity.org/realestates.htm" "Mozilla/4.0 (compatible; MSIE 7.0; Windows NT 5.1)" "www.sancarloscity.org"
222.127.229.50 - - [05/Jan/2008:06:38:59 -0800] "GET /newmaps/code/mapmenu.js HTTP/1.1" 200 7165 "http://www.sancarloscity.org/newmaps/mappage.htm" "Mozilla/4.0 (compatible; MSIE 6.0; Windows NT 5.1; SV1)" "www.sancarloscity.org"
194.72.9.26 - - [05/Jan/2008:06:38:59 -0800] "GET /newpanmaster2.png HTTP/1.1" 304 - "http://www.sancarloscity.org/realestates.htm" "Mozilla/4.0 (compatible; MSIE 7.0; Windows NT 5.1)" "www.sancarloscity.org"
194.72.9.26 - - [05/Jan/2008:06:38:59 -0800] "GET /sccinewsearch.jpg HTTP/1.1" 304 - "http://www.sancarloscity.org/realestates.htm" "Mozilla/4.0 (compatible; MSIE 7.0; Windows NT 5.1)" "www.sancarloscity.org"
222.127.229.50 - - [05/Jan/2008:06:39:01 -0800] "GET /newmaps/code/pbrowser_ie.js HTTP/1.1" 200 12207 "http://www.sancarloscity.org/newmaps/mappage.htm" "Mozilla/4.0 (compatible; MSIE 6.0; Windows NT 5.1; SV1)" "www.sancarloscity.org"
222.127.229.50 - - [05/Jan/2008:06:39:04 -0800] "GET /newmaps/code/circle_4.gif HTTP/1.1" 200 850 "http://www.sancarloscity.org/newmaps/mappage.htm" "Mozilla/4.0 (compatible; MSIE 6.0; Windows NT 5.1; SV1)" "www.sancarloscity.org"
222.127.229.50 - - [05/Jan/2008:06:39:04 -0800] "GET /newmaps/map.swf HTTP/1.1" 200 45103 "http://www.sancarloscity.org/newmaps/mappage.htm" "Mozilla/4.0 (compatible; MSIE 6.0; Windows NT 5.1; SV1)" "www.sancarloscity.org"
222.127.229.50 - - [05/Jan/2008:06:39:09 -0800] "GET /newmaps/map/ImageProperties.xml HTTP/1.1" 200 105 "http://www.sancarloscity.org/newmaps/map.swf" "Mozilla/4.0 (compatible; MSIE 6.0; Windows NT 5.1; SV1)" "www.sancarloscity.org"
222.127.229.50 - - [05/Jan/2008:06:39:10 -0800] "GET /newmaps/map/TileGroup0/3-1-1.jpg HTTP/1.1" 200 11635 "http://www.sancarloscity.org/newmaps/map.swf" "Mozilla/4.0 (compatible; MSIE 6.0; Windows NT 5.1; SV1)" "www.sancarloscity.org"
222.127.229.50 - - [05/Jan/2008:06:39:10 -0800] "GET /newmaps/map/TileGroup0/3-3-1.jpg HTTP/1.1" 200 3797 "http://www.sancarloscity.org/newmaps/map.swf" "Mozilla/4.0 (compatible; MSIE 6.0; Windows NT 5.1; SV1)" "www.sancarloscity.org"
222.127.229.50 - - [05/Jan/2008:06:39:12 -0800] "GET /newmaps/map/TileGroup0/3-2-1.jpg HTTP/1.1" 200 8670 "http://www.sancarloscity.org/newmaps/map.swf" "Mozilla/4.0 (compatible; MSIE 6.0; Windows NT 5.1; SV1)" "www.sancarloscity.org"
222.127.229.50 - - [05/Jan/2008:06:39:13 -0800] "GET /newmaps/map/TileGroup0/0-0-0.jpg HTTP/1.1" 200 5486 "http://www.sancarloscity.org/newmaps/map.swf" "Mozilla/4.0 (compatible; MSIE 6.0; Windows NT 5.1; SV1)" "www.sancarloscity.org"
222.127.229.50 - - [05/Jan/2008:06:39:14 -0800] "GET /newmaps/map/TileGroup0/3-0-1.jpg HTTP/1.1" 200 2099 "http://www.sancarloscity.org/newmaps/map.swf" "Mozilla/4.0 (compatible; MSIE 6.0; Windows NT 5.1; SV1)" "www.sancarloscity.org"
222.127.229.50 - - [05/Jan/2008:06:39:15 -0800] "GET /newmaps/map/TileGroup0/3-4-1.jpg HTTP/1.1" 200 5722 "http://www.sancarloscity.org/newmaps/map.swf" "Mozilla/4.0 (compatible; MSIE 6.0; Windows NT 5.1; SV1)" "www.sancarloscity.org"
222.127.229.50 - - [05/Jan/2008:06:39:15 -0800] "GET /newmaps/map/TileGroup0/3-1-2.jpg HTTP/1.1" 200 8167 "http://www.sancarloscity.org/newmaps/map.swf" "Mozilla/4.0 (compatible; MSIE 6.0; Windows NT 5.1; SV1)" "www.sancarloscity.org"
222.127.229.50 - - [05/Jan/2008:06:39:17 -0800] "GET /newmaps/map/TileGroup0/3-0-2.jpg HTTP/1.1" 200 7951 "http://www.sancarloscity.org/newmaps/map.swf" "Mozilla/4.0 (compatible; MSIE 6.0; Windows NT 5.1; SV1)" "www.sancarloscity.org"
222.127.229.50 - - [05/Jan/2008:06:39:17 -0800] "GET /newmaps/map/TileGroup0/3-5-1.jpg HTTP/1.1" 200 4794 "http://www.sancarloscity.org/newmaps/map.swf" "Mozilla/4.0 (compatible; MSIE 6.0; Windows NT 5.1; SV1)" "www.sancarloscity.org"
222.127.229.50 - - [05/Jan/2008:06:39:19 -0800] "GET /newmaps/map/TileGroup0/3-2-2.jpg HTTP/1.1" 200 8290 "http://www.sancarloscity.org/newmaps/map.swf" "Mozilla/4.0 (compatible; MSIE 6.0; Windows NT 5.1; SV1)" "www.sancarloscity.org"
222.127.229.50 - - [05/Jan/2008:06:39:19 -0800] "GET /newmaps/map/TileGroup0/3-3-2.jpg HTTP/1.1" 200 6769 "http://www.sancarloscity.org/newmaps/map.swf" "Mozilla/4.0 (compatible; MSIE 6.0; Windows NT 5.1; SV1)" "www.sancarloscity.org"
222.127.229.50 - - [05/Jan/2008:06:39:21 -0800] "GET /newmaps/map/TileGroup0/3-4-2.jpg HTTP/1.1" 200 4899 "http://www.sancarloscity.org/newmaps/map.swf" "Mozilla/4.0 (compatible; MSIE 6.0; Windows NT 5.1; SV1)" "www.sancarloscity.org"
222.127.229.50 - - [05/Jan/2008:06:39:21 -0800] "GET /newmaps/map/TileGroup0/3-5-2.jpg HTTP/1.1" 200 2880 "http://www.sancarloscity.org/newmaps/map.swf" "Mozilla/4.0 (compatible; MSIE 6.0; Windows NT 5.1; SV1)" "www.sancarloscity.org"
222.127.229.50 - - [05/Jan/2008:06:39:22 -0800] "GET /newmaps/map/TileGroup0/3-0-3.jpg HTTP/1.1" 200 3612 "http://www.sancarloscity.org/newmaps/map.swf" "Mozilla/4.0 (compatible; MSIE 6.0; Windows NT 5.1; SV1)" "www.sancarloscity.org"
222.127.229.50 - - [05/Jan/2008:06:39:22 -0800] "GET /newmaps/map/TileGroup0/3-1-3.jpg HTTP/1.1" 200 6405 "http://www.sancarloscity.org/newmaps/map.swf" "Mozilla/4.0 (compatible; MSIE 6.0; Windows NT 5.1; SV1)" "www.sancarloscity.org"
222.127.229.50 - - [05/Jan/2008:06:39:24 -0800] "GET /newmaps/map/TileGroup0/3-2-3.jpg HTTP/1.1" 200 9129 "http://www.sancarloscity.org/newmaps/map.swf" "Mozilla/4.0 (compatible; MSIE 6.0; Windows NT 5.1; SV1)" "www.sancarloscity.org"
222.127.229.50 - - [05/Jan/2008:06:39:25 -0800] "GET /newmaps/map/TileGroup0/3-3-3.jpg HTTP/1.1" 200 9641 "http://www.sancarloscity.org/newmaps/map.swf" "Mozilla/4.0 (compatible; MSIE 6.0; Windows NT 5.1; SV1)" "www.sancarloscity.org"
74.6.24.11 - - [05/Jan/2008:06:39:26 -0800] "GET /forum2/index.php?automodule=gallery&cmd=user&user=156&op=view_album&album=17 HTTP/1.0" 200 2863 "-" "Mozilla/5.0 (compatible; Yahoo! Slurp; http://help.yahoo.com/help/us/ysearch/slurp)" "www.sancarloscity.org"
222.127.229.50 - - [05/Jan/2008:06:39:26 -0800] "GET /newmaps/map/TileGroup0/3-4-3.jpg HTTP/1.1" 200 9130 "http://www.sancarloscity.org/newmaps/map.swf" "Mozilla/4.0 (compatible; MSIE 6.0; Windows NT 5.1; SV1)" "www.sancarloscity.org"
222.127.229.50 - - [05/Jan/2008:06:39:27 -0800] "GET /newmaps/map/TileGroup0/3-5-3.jpg HTTP/1.1" 200 2554 "http://www.sancarloscity.org/newmaps/map.swf" "Mozilla/4.0 (compatible; MSIE 6.0; Windows NT 5.1; SV1)" "www.sancarloscity.org"
222.127.229.50 - - [05/Jan/2008:06:39:28 -0800] "GET /newmaps/map/TileGroup0/3-0-4.jpg HTTP/1.1" 200 4429 "http://www.sancarloscity.org/newmaps/map.swf" "Mozilla/4.0 (compatible; MSIE 6.0; Windows NT 5.1; SV1)" "www.sancarloscity.org"
222.127.229.50 - - [05/Jan/2008:06:39:28 -0800] "GET /newmaps/map/TileGroup0/3-1-4.jpg HTTP/1.1" 200 3069 "http://www.sancarloscity.org/newmaps/map.swf" "Mozilla/4.0 (compatible; MSIE 6.0; Windows NT 5.1; SV1)" "www.sancarloscity.org"
222.127.229.50 - - [05/Jan/2008:06:39:29 -0800] "GET /newmaps/map/TileGroup0/3-2-4.jpg HTTP/1.1" 200 3881 "http://www.sancarloscity.org/newmaps/map.swf" "Mozilla/4.0 (compatible; MSIE 6.0; Windows NT 5.1; SV1)" "www.sancarloscity.org"
222.127.229.50 - - [05/Jan/2008:06:39:30 -0800] "GET /newmaps/map/TileGroup0/3-3-4.jpg HTTP/1.1" 200 5605 "http://www.sancarloscity.org/newmaps/map.swf" "Mozilla/4.0 (compatible; MSIE 6.0; Windows NT 5.1; SV1)" "www.sancarloscity.org"
222.127.229.50 - - [05/Jan/2008:06:39:31 -0800] "GET /newmaps/map/TileGroup0/3-4-4.jpg HTTP/1.1" 200 6480 "http://www.sancarloscity.org/newmaps/map.swf" "Mozilla/4.0 (compatible; MSIE 6.0; Windows NT 5.1; SV1)" "www.sancarloscity.org"
222.127.229.50 - - [05/Jan/2008:06:39:32 -0800] "GET /newmaps/map/TileGroup0/3-5-4.jpg HTTP/1.1" 200 1525 "http://www.sancarloscity.org/newmaps/map.swf" "Mozilla/4.0 (compatible; MSIE 6.0; Windows NT 5.1; SV1)" "www.sancarloscity.org"
222.127.229.50 - - [05/Jan/2008:06:39:33 -0800] "GET /newmaps/map/TileGroup0/0-0-0.jpg HTTP/1.1" 200 5486 "http://www.sancarloscity.org/newmaps/map.swf" "Mozilla/4.0 (compatible; MSIE 6.0; Windows NT 5.1; SV1)" "www.sancarloscity.org"
222.127.229.50 - - [05/Jan/2008:06:39:33 -0800] "GET /newmaps/map/TileGroup0/3-5-4.jpg HTTP/1.1" 200 1525 "http://www.sancarloscity.org/newmaps/map.swf" "Mozilla/4.0 (compatible; MSIE 6.0; Windows NT 5.1; SV1)" "www.sancarloscity.org"
222.127.229.50 - - [05/Jan/2008:06:39:34 -0800] "GET /newmaps/map/TileGroup0/3-5-4.jpg HTTP/1.1" 200 1525 "http://www.sancarloscity.org/newmaps/map.swf" "Mozilla/4.0 (compatible; MSIE 6.0; Windows NT 5.1; SV1)" "www.sancarloscity.org"
222.127.229.50 - - [05/Jan/2008:06:39:34 -0800] "GET /newmaps/map/TileGroup0/3-5-4.jpg HTTP/1.1" 200 1525 "http://www.sancarloscity.org/newmaps/map.swf" "Mozilla/4.0 (compatible; MSIE 6.0; Windows NT 5.1; SV1)" "www.sancarloscity.org"
222.127.229.50 - - [05/Jan/2008:06:39:35 -0800] "GET /newmaps/map/TileGroup0/3-5-4.jpg HTTP/1.1" 200 1525 "http://www.sancarloscity.org/newmaps/map.swf" "Mozilla/4.0 (compatible; MSIE 6.0; Windows NT 5.1; SV1)" "www.sancarloscity.org"
222.127.229.50 - - [05/Jan/2008:06:39:36 -0800] "GET /newmaps/map/TileGroup0/3-5-4.jpg HTTP/1.1" 206 1525 "http://www.sancarloscity.org/newmaps/map.swf" "Mozilla/4.0 (compatible; MSIE 6.0; Windows NT 5.1; SV1)" "www.sancarloscity.org"
222.127.229.50 - - [05/Jan/2008:06:39:37 -0800] "GET /newmaps/satellitepage.htm HTTP/1.1" 200 5365 "-" "Mozilla/4.0 (compatible; MSIE 6.0; Windows NT 5.1; SV1)" "www.sancarloscity.org"
222.127.229.50 - - [05/Jan/2008:06:39:40 -0800] "GET /newmaps/satellite/ImageProperties.xml HTTP/1.1" 200 105 "http://www.sancarloscity.org/newmaps/map.swf" "Mozilla/4.0 (compatible; MSIE 6.0; Windows NT 5.1; SV1)" "www.sancarloscity.org"
222.127.229.50 - - [05/Jan/2008:06:39:41 -0800] "GET /newmaps/satellite/TileGroup0/0-0-0.jpg HTTP/1.1" 200 10350 "http://www.sancarloscity.org/newmaps/map.swf" "Mozilla/4.0 (compatible; MSIE 6.0; Windows NT 5.1; SV1)" "www.sancarloscity.org"
222.127.229.50 - - [05/Jan/2008:06:39:42 -0800] "GET /newmaps/satellite/TileGroup0/3-0-1.jpg HTTP/1.1" 200 10827 "http://www.sancarloscity.org/newmaps/map.swf" "Mozilla/4.0 (compatible; MSIE 6.0; Windows NT 5.1; SV1)" "www.sancarloscity.org"
222.127.229.50 - - [05/Jan/2008:06:39:43 -0800] "GET /newmaps/satellite/TileGroup0/3-1-1.jpg HTTP/1.1" 200 14954 "http://www.sancarloscity.org/newmaps/map.swf" "Mozilla/4.0 (compatible; MSIE 6.0; Windows NT 5.1; SV1)" "www.sancarloscity.org"
222.127.229.50 - - [05/Jan/2008:06:39:44 -0800] "GET /newmaps/satellite/TileGroup0/3-2-1.jpg HTTP/1.1" 200 14279 "http://www.sancarloscity.org/newmaps/map.swf" "Mozilla/4.0 (compatible; MSIE 6.0; Windows NT 5.1; SV1)" "www.sancarloscity.org"
222.127.229.50 - - [05/Jan/2008:06:39:46 -0800] "GET /newmaps/satellite/TileGroup0/3-3-1.jpg HTTP/1.1" 200 13682 "http://www.sancarloscity.org/newmaps/map.swf" "Mozilla/4.0 (compatible; MSIE 6.0; Windows NT 5.1; SV1)" "www.sancarloscity.org"
222.127.229.50 - - [05/Jan/2008:06:39:46 -0800] "GET /newmaps/satellite/TileGroup0/3-4-1.jpg HTTP/1.1" 200 17065 "http://www.sancarloscity.org/newmaps/map.swf" "Mozilla/4.0 (compatible; MSIE 6.0; Windows NT 5.1; SV1)" "www.sancarloscity.org"
222.127.229.50 - - [05/Jan/2008:06:39:48 -0800] "GET /newmaps/satellite/TileGroup0/3-2-2.jpg HTTP/1.1" 200 19173 "http://www.sancarloscity.org/newmaps/map.swf" "Mozilla/4.0 (compatible; MSIE 6.0; Windows NT 5.1; SV1)" "www.sancarloscity.org"
222.127.229.50 - - [05/Jan/2008:06:39:49 -0800] "GET /newmaps/satellite/TileGroup0/3-1-2.jpg HTTP/1.1" 200 17564 "http://www.sancarloscity.org/newmaps/map.swf" "Mozilla/4.0 (compatible; MSIE 6.0; Windows NT 5.1; SV1)" "www.sancarloscity.org"
194.72.9.26 - - [05/Jan/2008:06:39:49 -0800] "GET /hotelrates.htm HTTP/1.1" 304 - "http://www.sancarloscity.org/gettingaround.htm" "Mozilla/4.0 (compatible; MSIE 7.0; Windows NT 5.1)" "www.sancarloscity.org"
194.72.9.26 - - [05/Jan/2008:06:39:50 -0800] "GET /sccihotels2.jpg HTTP/1.1" 304 - "http://www.sancarloscity.org/hotelrates.htm" "Mozilla/4.0 (compatible; MSIE 7.0; Windows NT 5.1)" "www.sancarloscity.org"
194.72.9.26 - - [05/Jan/2008:06:39:50 -0800] "GET /sccihotels.jpg HTTP/1.1" 304 - "http://www.sancarloscity.org/hotelrates.htm" "Mozilla/4.0 (compatible; MSIE 7.0; Windows NT 5.1)" "www.sancarloscity.org"
194.72.9.26 - - [05/Jan/2008:06:39:50 -0800] "GET /wheretostayflash.jpg HTTP/1.1" 304 - "http://www.sancarloscity.org/hotelrates.htm" "Mozilla/4.0 (compatible; MSIE 7.0; Windows NT 5.1)" "www.sancarloscity.org"
222.127.229.50 - - [05/Jan/2008:06:39:51 -0800] "GET /newmaps/satellite/TileGroup0/3-5-1.jpg HTTP/1.1" 200 15497 "http://www.sancarloscity.org/newmaps/map.swf" "Mozilla/4.0 (compatible; MSIE 6.0; Windows NT 5.1; SV1)" "www.sancarloscity.org"
222.127.229.50 - - [05/Jan/2008:06:39:51 -0800] "GET /newmaps/satellite/TileGroup0/3-0-2.jpg HTTP/1.1" 200 13928 "http://www.sancarloscity.org/newmaps/map.swf" "Mozilla/4.0 (compatible; MSIE 6.0; Windows NT 5.1; SV1)" "www.sancarloscity.org"
222.127.229.50 - - [05/Jan/2008:06:39:53 -0800] "GET /newmaps/satellite/TileGroup0/3-3-2.jpg HTTP/1.1" 200 13896 "http://www.sancarloscity.org/newmaps/map.swf" "Mozilla/4.0 (compatible; MSIE 6.0; Windows NT 5.1; SV1)" "www.sancarloscity.org"
222.127.229.50 - - [05/Jan/2008:06:39:54 -0800] "GET /newmaps/satellite/TileGroup0/3-4-2.jpg HTTP/1.1" 200 18617 "http://www.sancarloscity.org/newmaps/map.swf" "Mozilla/4.0 (compatible; MSIE 6.0; Windows NT 5.1; SV1)" "www.sancarloscity.org"
222.127.229.50 - - [05/Jan/2008:06:39:56 -0800] "GET /newmaps/satellite/TileGroup0/3-5-2.jpg HTTP/1.1" 200 9843 "http://www.sancarloscity.org/newmaps/map.swf" "Mozilla/4.0 (compatible; MSIE 6.0; Windows NT 5.1; SV1)" "www.sancarloscity.org"
222.127.229.50 - - [05/Jan/2008:06:39:56 -0800] "GET /newmaps/satellite/TileGroup0/3-0-3.jpg HTTP/1.1" 200 10115 "http://www.sancarloscity.org/newmaps/map.swf" "Mozilla/4.0 (compatible; MSIE 6.0; Windows NT 5.1; SV1)" "www.sancarloscity.org"
194.72.9.26 - - [05/Jan/2008:06:39:57 -0800] "GET /classifieds HTTP/1.1" 301 104 "http://www.sancarloscity.org/hotelrates.htm" "Mozilla/4.0 (compatible; MSIE 7.0; Windows NT 5.1)" "www.sancarloscity.org"
194.72.9.26 - - [05/Jan/2008:06:39:58 -0800] "GET /classifieds/ HTTP/1.1" 200 17839 "http://www.sancarloscity.org/hotelrates.htm" "Mozilla/4.0 (compatible; MSIE 7.0; Windows NT 5.1)" "www.sancarloscity.org"
222.127.229.50 - - [05/Jan/2008:06:39:58 -0800] "GET /newmaps/satellite/TileGroup0/3-1-3.jpg HTTP/1.1" 200 17729 "http://www.sancarloscity.org/newmaps/map.swf" "Mozilla/4.0 (compatible; MSIE 6.0; Windows NT 5.1; SV1)" "www.sancarloscity.org"
222.127.229.50 - - [05/Jan/2008:06:39:58 -0800] "GET /newmaps/satellite/TileGroup0/3-2-3.jpg HTTP/1.1" 200 20079 "http://www.sancarloscity.org/newmaps/map.swf" "Mozilla/4.0 (compatible; MSIE 6.0; Windows NT 5.1; SV1)" "www.sancarloscity.org"
194.72.9.26 - - [05/Jan/2008:06:39:58 -0800] "GET /classifieds/style.css HTTP/1.1" 304 - "http://www.sancarloscity.org/classifieds/" "Mozilla/4.0 (compatible; MSIE 7.0; Windows NT 5.1)" "www.sancarloscity.org"
194.72.9.26 - - [05/Jan/2008:06:39:58 -0800] "GET /classifieds/i/b.gif HTTP/1.1" 304 - "http://www.sancarloscity.org/classifieds/" "Mozilla/4.0 (compatible; MSIE 7.0; Windows NT 5.1)" "www.sancarloscity.org"
194.72.9.26 - - [05/Jan/2008:06:39:58 -0800] "GET /classifieds/i/headpic.gif HTTP/1.1" 304 - "http://www.sancarloscity.org/classifieds/" "Mozilla/4.0 (compatible; MSIE 7.0; Windows NT 5.1)" "www.sancarloscity.org"
194.72.9.26 - - [05/Jan/2008:06:39:59 -0800] "GET /classifieds/i/menusep.gif HTTP/1.1" 304 - "http://www.sancarloscity.org/classifieds/" "Mozilla/4.0 (compatible; MSIE 7.0; Windows NT 5.1)" "www.sancarloscity.org"
194.72.9.26 - - [05/Jan/2008:06:39:59 -0800] "GET /classifieds/i/catcorn0.gif HTTP/1.1" 304 - "http://www.sancarloscity.org/classifieds/" "Mozilla/4.0 (compatible; MSIE 7.0; Windows NT 5.1)" "www.sancarloscity.org"
194.72.9.26 - - [05/Jan/2008:06:39:59 -0800] "GET /classifieds/i/catcorn1.gif HTTP/1.1" 304 - "http://www.sancarloscity.org/classifieds/" "Mozilla/4.0 (compatible; MSIE 7.0; Windows NT 5.1)" "www.sancarloscity.org"
194.72.9.26 - - [05/Jan/2008:06:39:59 -0800] "GET /classifieds/i/catcorn2.gif HTTP/1.1" 304 - "http://www.sancarloscity.org/classifieds/" "Mozilla/4.0 (compatible; MSIE 7.0; Windows NT 5.1)" "www.sancarloscity.org"
194.72.9.26 - - [05/Jan/2008:06:40:00 -0800] "GET /classifieds/i/catcorn3.gif HTTP/1.1" 304 - "http://www.sancarloscity.org/classifieds/" "Mozilla/4.0 (compatible; MSIE 7.0; Windows NT 5.1)" "www.sancarloscity.org"
222.127.229.50 - - [05/Jan/2008:06:40:00 -0800] "GET /newmaps/satellite/TileGroup0/3-3-3.jpg HTTP/1.1" 200 20791 "http://www.sancarloscity.org/newmaps/map.swf" "Mozilla/4.0 (compatible; MSIE 6.0; Windows NT 5.1; SV1)" "www.sancarloscity.org"
222.127.229.50 - - [05/Jan/2008:06:40:00 -0800] "GET /newmaps/satellite/TileGroup0/3-4-3.jpg HTTP/1.1" 200 19597 "http://www.sancarloscity.org/newmaps/map.swf" "Mozilla/4.0 (compatible; MSIE 6.0; Windows NT 5.1; SV1)" "www.sancarloscity.org"
222.127.229.50 - - [05/Jan/2008:06:40:03 -0800] "GET /newmaps/satellite/TileGroup0/3-5-3.jpg HTTP/1.1" 200 5306 "http://www.sancarloscity.org/newmaps/map.swf" "Mozilla/4.0 (compatible; MSIE 6.0; Windows NT 5.1; SV1)" "www.sancarloscity.org"
222.127.229.50 - - [05/Jan/2008:06:40:03 -0800] "GET /newmaps/satellite/TileGroup0/3-0-4.jpg HTTP/1.1" 200 11027 "http://www.sancarloscity.org/newmaps/map.swf" "Mozilla/4.0 (compatible; MSIE 6.0; Windows NT 5.1; SV1)" "www.sancarloscity.org"
222.127.229.50 - - [05/Jan/2008:06:40:05 -0800] "GET /newmaps/satellite/TileGroup0/3-1-4.jpg HTTP/1.1" 200 16863 "http://www.sancarloscity.org/newmaps/map.swf" "Mozilla/4.0 (compatible; MSIE 6.0; Windows NT 5.1; SV1)" "www.sancarloscity.org"
222.127.229.50 - - [05/Jan/2008:06:40:05 -0800] "GET /newmaps/satellite/TileGroup0/3-2-4.jpg HTTP/1.1" 200 16860 "http://www.sancarloscity.org/newmaps/map.swf" "Mozilla/4.0 (compatible; MSIE 6.0; Windows NT 5.1; SV1)" "www.sancarloscity.org"
222.127.229.50 - - [05/Jan/2008:06:40:07 -0800] "GET /newmaps/satellite/TileGroup0/3-3-4.jpg HTTP/1.1" 200 12556 "http://www.sancarloscity.org/newmaps/map.swf" "Mozilla/4.0 (compatible; MSIE 6.0; Windows NT 5.1; SV1)" "www.sancarloscity.org"
222.127.229.50 - - [05/Jan/2008:06:40:07 -0800] "GET /newmaps/satellite/TileGroup0/3-4-4.jpg HTTP/1.1" 200 14258 "http://www.sancarloscity.org/newmaps/map.swf" "Mozilla/4.0 (compatible; MSIE 6.0; Windows NT 5.1; SV1)" "www.sancarloscity.org"
194.72.9.26 - - [05/Jan/2008:06:40:07 -0800] "GET /forum2/index.php?showtopic=88 HTTP/1.1" 200 8599 "-" "Mozilla/4.0 (compatible; MSIE 7.0; Windows NT 5.1)" "www.sancarloscity.org"
194.72.9.26 - - [05/Jan/2008:06:40:08 -0800] "GET /forum2/style_images/css_2.css HTTP/1.1" 304 - "http://www.sancarloscity.org/forum2/index.php?showtopic=88" "Mozilla/4.0 (compatible; MSIE 7.0; Windows NT 5.1)" "www.sancarloscity.org"
194.72.9.26 - - [05/Jan/2008:06:40:08 -0800] "GET /forum2/style_images/red_crysta/folder_editor_images/css_rte.css HTTP/1.1" 304 - "http://www.sancarloscity.org/forum2/index.php?showtopic=88" "Mozilla/4.0 (compatible; MSIE 7.0; Windows NT 5.1)" "www.sancarloscity.org"
194.72.9.26 - - [05/Jan/2008:06:40:08 -0800] "GET /forum2/jscripts/ips_ipsclass.js HTTP/1.1" 304 - "http://www.sancarloscity.org/forum2/index.php?showtopic=88" "Mozilla/4.0 (compatible; MSIE 7.0; Windows NT 5.1)" "www.sancarloscity.org"
