64.1.215.166 - - [05/Jan/2008:04:09:05 -0800] "GET /picgallery/displayimage.php?album=lastup&cat=0&pid=306&slideshow=5000 HTTP/1.0" 200 35000 "-" "Mozilla/5.0 (Twiceler-0.9 http://www.cuill.com/twiceler/robot.html)" "www.sancarloscity.org"
74.6.22.167 - - [05/Jan/2008:04:10:05 -0800] "GET /jodera2/joderaphoto/index.php?cat=0&page=2 HTTP/1.0" 200 39567 "-" "Mozilla/5.0 (compatible; Yahoo! Slurp/3.0; http://help.yahoo.com/help/us/ysearch/slurp)" "www.sancarloscity.org"
74.6.22.167 - - [05/Jan/2008:04:10:06 -0800] "GET /jodera2/joderaphoto/themes/classic/style.css HTTP/1.0" 200 12990 "http://www.sancarloscity.org/jodera2/joderaphoto/index.php?cat=0&page=2" "Mozilla/5.0 (compatible; Yahoo! Slurp/3.0; http://help.yahoo.com/help/us/ysearch/slurp)" "www.sancarloscity.org"
64.1.215.166 - - [05/Jan/2008:04:13:59 -0800] "GET /picgallery/login.php?referer=%2Fpicgallery%2Fdisplayimage.php%3Falbum%3Dlastup%26cat%3D0%26pid%3D328%26slideshow%3D5000 HTTP/1.0" 200 5613 "-" "Mozilla/5.0 (Twiceler-0.9 http://www.cuill.com/twiceler/robot.html)" "www.sancarloscity.org"
77.91.227.181 - - [05/Jan/2008:04:13:59 -0800] "POST /guestbookadvance/addentry.php HTTP/1.1" 404 765 "http://www.sancarloscity.org/guestbookadvance/addentry.php" "Mozilla/4.0 (compatible; MSIE 6.0; Windows NT 5.1; SV1)" "www.sancarloscity.org"
64.1.215.166 - - [05/Jan/2008:04:14:24 -0800] "GET /picgallery/login.php?referer=%2Fpicgallery%2Fdisplayimage.php%3Falbum%3D38%26pos%3D6 HTTP/1.0" 200 5523 "-" "Mozilla/5.0 (Twiceler-0.9 http://www.cuill.com/twiceler/robot.html)" "www.sancarloscity.org"
74.6.26.223 - - [05/Jan/2008:04:14:52 -0800] "GET /forum2/index.php?showtopic=51&view=getlastpost HTTP/1.0" 302 0 "-" "Mozilla/5.0 (compatible; Yahoo! Slurp; http://help.yahoo.com/help/us/ysearch/slurp)" "www.sancarloscity.org"
74.6.26.223 - - [05/Jan/2008:04:14:53 -0800] "GET /forum2/index.php?s=e07ba4cc7ea303caf3cc9ec288dc9adb&showtopic=51&pid=175&st=0& HTTP/1.0" 200 5809 "-" "Mozilla/5.0 (compatible; Yahoo! Slurp; http://help.yahoo.com/help/us/ysearch/slurp)" "www.sancarloscity.org"
64.1.215.166 - - [05/Jan/2008:04:15:09 -0800] "GET /picgallery/login.php?referer=%2Fpicgallery%2Fthumbnails.php%3Falbum%3D30%26page%3D1 HTTP/1.0" 200 5521 "-" "Mozilla/5.0 (Twiceler-0.9 http://www.cuill.com/twiceler/robot.html)" "www.sancarloscity.org"
64.1.215.166 - - [05/Jan/2008:04:15:50 -0800] "GET /picgallery/login.php?referer=%2Fpicgallery%2Fthumbnails.php%3Falbum%3Dlastup%26cat%3D-35%26page%3D1 HTTP/1.0" 200 5563 "-" "Mozilla/5.0 (Twiceler-0.9 http://www.cuill.com/twiceler/robot.html)" "www.sancarloscity.org"
198.175.55.5 - - [05/Jan/2008:04:16:56 -0800] "GET /forum2/style_images/red_crysta/menu_action_down-padded.gif HTTP/1.1" 200 838 "http://www.sancarloscity.org/forum2/index.php?showtopic=66" "Mozilla/4.0 (compatible; MSIE 6.0; Windows NT 5.1; SV1; .NET CLR 1.1.4322; .NET CLR 2.0.50727)" "www.sancarloscity.org"
64.1.215.166 - - [05/Jan/2008:04:17:03 -0800] "GET /picgallery/displayimage.php?album=lastup&cat=0&pos=204 HTTP/1.0" 200 13454 "-" "Mozilla/5.0 (Twiceler-0.9 http://www.cuill.com/twiceler/robot.html)" "www.sancarloscity.org"
198.175.55.5 - - [05/Jan/2008:04:17:05 -0800] "GET /forum2/index.php?showtopic=59 HTTP/1.1" 200 8697 "http://www.sancarloscity.org/forum2/index.php?showforum=12" "Mozilla/4.0 (compatible; MSIE 6.0; Windows NT 5.1; SV1; .NET CLR 1.1.4322; .NET CLR 2.0.50727)" "www.sancarloscity.org"
74.6.22.20 - - [05/Jan/2008:04:17:05 -0800] "GET /quisumbingsite/eduardoqscans/ HTTP/1.0" 200 3589 "-" "Mozilla/5.0 (compatible; Yahoo! Slurp; http://help.yahoo.com/help/us/ysearch/slurp)" "www.sancarloscity.org"
198.175.55.5 - - [05/Jan/2008:04:17:05 -0800] "GET /forum2/style_emoticons/default/rolleyes.gif HTTP/1.1" 200 705 "http://www.sancarloscity.org/forum2/index.php?showtopic=59" "Mozilla/4.0 (compatible; MSIE 6.0; Windows NT 5.1; SV1; .NET CLR 1.1.4322; .NET CLR 2.0.50727)" "www.sancarloscity.org"
198.175.55.5 - - [05/Jan/2008:04:17:05 -0800] "GET /forum2/uploads/av-1.gif HTTP/1.1" 304 - "http://www.sancarloscity.org/forum2/index.php?showtopic=59" "Mozilla/4.0 (compatible; MSIE 6.0; Windows NT 5.1; SV1; .NET CLR 1.1.4322; .NET CLR 2.0.50727)" "www.sancarloscity.org"
198.175.55.5 - - [05/Jan/2008:04:17:05 -0800] "GET /forum2/index.php?act=task HTTP/1.1" 200 59 "http://www.sancarloscity.org/forum2/index.php?showtopic=59" "Mozilla/4.0 (compatible; MSIE 6.0; Windows NT 5.1; SV1; .NET CLR 1.1.4322; .NET CLR 2.0.50727)" "www.sancarloscity.org"
74.6.29.26 - - [05/Jan/2008:04:17:29 -0800] "GET /forum2/index.php?automodule=blog&blogid=5&m=12&y=2007 HTTP/1.0" 200 3299 "-" "Mozilla/5.0 (compatible; Yahoo! Slurp; http://help.yahoo.com/help/us/ysearch/slurp)" "www.sancarloscity.org"
198.175.55.5 - - [05/Jan/2008:04:17:51 -0800] "GET /forum2/index.php?showtopic=162 HTTP/1.1" 200 6235 "http://www.sancarloscity.org/forum2/index.php?showforum=12" "Mozilla/4.0 (compatible; MSIE 6.0; Windows NT 5.1; SV1; .NET CLR 1.1.4322; .NET CLR 2.0.50727)" "www.sancarloscity.org"
198.175.55.5 - - [05/Jan/2008:04:17:51 -0800] "GET /forum2/index.php?act=task HTTP/1.1" 200 59 "http://www.sancarloscity.org/forum2/index.php?showtopic=162" "Mozilla/4.0 (compatible; MSIE 6.0; Windows NT 5.1; SV1; .NET CLR 1.1.4322; .NET CLR 2.0.50727)" "www.sancarloscity.org"
64.1.215.166 - - [05/Jan/2008:04:18:12 -0800] "GET /picgallery/displayimage.php?pos=-359 HTTP/1.0" 200 12244 "-" "Mozilla/5.0 (Twiceler-0.9 http://www.cuill.com/twiceler/robot.html)" "www.sancarloscity.org"
198.175.55.5 - - [05/Jan/2008:04:18:18 -0800] "GET /favicon.ico HTTP/1.1" 404 739 "-" "Mozilla/5.0 (Windows; U; Windows NT 5.1; en-US; rv:1.8.1.11) Gecko/20071127 Firefox/2.0.0.11" "sancarloscity.org"
66.249.70.241 - - [05/Jan/2008:04:18:20 -0800] "GET /aboutus.htm HTTP/1.1" 200 17652 "-" "Mozilla/5.0 (compatible; Googlebot/2.1; +http://www.google.com/bot.html)" "sancarloscity.org"
64.1.215.166 - - [05/Jan/2008:04:18:35 -0800] "GET /picgallery/ratepic.php?pic=430&rate=0 HTTP/1.0" 302 0 "-" "Mozilla/5.0 (Twiceler-0.9 http://www.cuill.com/twiceler/robot.html)" "www.sancarloscity.org"
64.1.215.166 - - [05/Jan/2008:04:18:55 -0800] "GET /picgallery/displayimage.php?pos=-361 HTTP/1.0" 200 12151 "-" "Mozilla/5.0 (Twiceler-0.9 http://www.cuill.com/twiceler/robot.html)" "www.sancarloscity.org"
198.175.55.5 - - [05/Jan/2008:04:19:08 -0800] "GET /forum2/index.php?showforum=13 HTTP/1.1" 200 6050 "http://www.sancarloscity.org/forum2/" "Mozilla/4.0 (compatible; MSIE 6.0; Windows NT 5.1; SV1; .NET CLR 1.1.4322; .NET CLR 2.0.50727)" "www.sancarloscity.org"
198.175.55.5 - - [05/Jan/2008:04:19:09 -0800] "GET /forum2/index.php?act=task HTTP/1.1" 200 59 "http://www.sancarloscity.org/forum2/index.php?showforum=13" "Mozilla/4.0 (compatible; MSIE 6.0; Windows NT 5.1; SV1; .NET CLR 1.1.4322; .NET CLR 2.0.50727)" "www.sancarloscity.org"
74.6.23.215 - - [05/Jan/2008:04:19:40 -0800] "GET /picgallery/displayimage.php?album=7&pos=11 HTTP/1.0" 200 13189 "-" "Mozilla/5.0 (compatible; Yahoo! Slurp; http://help.yahoo.com/help/us/ysearch/slurp)" "www.sancarloscity.org"
66.249.70.241 - - [05/Jan/2008:04:20:00 -0800] "GET /businessopportunities.htm HTTP/1.1" 200 13365 "-" "Mozilla/5.0 (compatible; Googlebot/2.1; +http://www.google.com/bot.html)" "www.sancarloscity.org"
74.6.8.74 - - [05/Jan/2008:04:20:40 -0800] "GET /forum2/index.php?act=Help&CODE=00 HTTP/1.0" 200 3242 "-" "Mozilla/5.0 (compatible; Yahoo! Slurp; http://help.yahoo.com/help/us/ysearch/slurp)" "www.sancarloscity.org"
74.6.23.14 - - [05/Jan/2008:04:21:06 -0800] "GET /forum2/index.php?showtopic=168&view=old HTTP/1.0" 302 0 "-" "Mozilla/5.0 (compatible; Yahoo! Slurp; http://help.yahoo.com/help/us/ysearch/slurp)" "www.sancarloscity.org"
74.6.23.14 - - [05/Jan/2008:04:21:07 -0800] "GET /forum2/index.php?s=40373d9668cb77f9cea962c515810462&showtopic=149 HTTP/1.0" 200 8540 "-" "Mozilla/5.0 (compatible; Yahoo! Slurp; http://help.yahoo.com/help/us/ysearch/slurp)" "www.sancarloscity.org"
74.6.24.123 - - [05/Jan/2008:04:21:12 -0800] "GET /personals.htm HTTP/1.0" 200 21826 "-" "Mozilla/5.0 (compatible; Yahoo! Slurp; http://help.yahoo.com/help/us/ysearch/slurp)" "www.sancarloscity.org"
66.249.70.241 - - [05/Jan/2008:04:21:20 -0800] "GET /picgallery/ratepic.php?pic=160&rate=1 HTTP/1.1" 302 5 "-" "Mozilla/5.0 (compatible; Googlebot/2.1; +http://www.google.com/bot.html)" "www.sancarloscity.org"
66.249.70.241 - - [05/Jan/2008:04:21:24 -0800] "GET /forum/viewforum.php?f=2&sid=1d9b96727fb2ec307f8609f29ceb903a HTTP/1.1" 404 755 "-" "Mozilla/5.0 (compatible; Googlebot/2.1; +http://www.google.com/bot.html)" "www.sancarloscity.org"
74.6.27.27 - - [05/Jan/2008:04:23:34 -0800] "GET /picgallery/ratepic.php?pic=552&rate=2 HTTP/1.0" 302 0 "-" "Mozilla/5.0 (compatible; Yahoo! Slurp; http://help.yahoo.com/help/us/ysearch/slurp)" "www.sancarloscity.org"
74.6.27.27 - - [05/Jan/2008:04:23:35 -0800] "GET /picgallery/displayimage.php?pos=-552 HTTP/1.0" 200 12045 "-" "Mozilla/5.0 (compatible; Yahoo! Slurp; http://help.yahoo.com/help/us/ysearch/slurp)" "www.sancarloscity.org"
74.6.20.105 - - [05/Jan/2008:04:23:36 -0800] "GET /picgallery/displayimage.php?album=random&cat=16&pos=-423 HTTP/1.0" 200 13270 "-" "Mozilla/5.0 (compatible; Yahoo! Slurp; http://help.yahoo.com/help/us/ysearch/slurp)" "www.sancarloscity.org"
74.6.24.232 - - [05/Jan/2008:04:23:47 -0800] "GET /cityhallpic.htm HTTP/1.0" 200 13279 "-" "Mozilla/5.0 (compatible; Yahoo! Slurp; http://help.yahoo.com/help/us/ysearch/slurp)" "www.sancarloscity.org"
74.6.22.228 - - [05/Jan/2008:04:24:27 -0800] "GET /picgallery/displayimage.php?album=lastup&cat=12&pos=6 HTTP/1.0" 200 13108 "-" "Mozilla/5.0 (compatible; Yahoo! Slurp; http://help.yahoo.com/help/us/ysearch/slurp)" "www.sancarloscity.org"
66.249.70.241 - - [05/Jan/2008:04:24:43 -0800] "GET /forum/viewforum.php?f=2&sid=1dc21d606ce53f2ce21fb3267dcec76b HTTP/1.1" 404 755 "-" "Mozilla/5.0 (compatible; Googlebot/2.1; +http://www.google.com/bot.html)" "www.sancarloscity.org"
66.249.70.241 - - [05/Jan/2008:04:25:02 -0800] "GET /forum2/index.php?s=4486a1ff8ee5ce662d9e17cf6cdbce91&showforum=4 HTTP/1.1" 200 6095 "-" "Mozilla/5.0 (compatible; Googlebot/2.1; +http://www.google.com/bot.html)" "www.sancarloscity.org"
64.1.215.166 - - [05/Jan/2008:04:25:08 -0800] "GET /picgallery/login.php?referer=%2Fpicgallery%2Fdisplayimage.php%3Falbum%3Dlastup%26cat%3D9%26pid%3D506%26slideshow%3D5000 HTTP/1.0" 200 5613 "-" "Mozilla/5.0 (Twiceler-0.9 http://www.cuill.com/twiceler/robot.html)" "www.sancarloscity.org"
58.71.29.100 - - [05/Jan/2008:04:25:45 -0800] "GET / HTTP/1.1" 200 33905 "http://www.friendster.com/logout.php" "Mozilla/4.0 (compatible; MSIE 6.0; Windows NT 5.1; SV1; SIMBAR={217BB70C-6540-422D-8EE6-8C3EC17FC211}; Zango 10.1.181.0)" "sancarloscity.org"
58.71.29.100 - - [05/Jan/2008:04:25:55 -0800] "GET /antenna.css HTTP/1.1" 200 1674 "http://sancarloscity.org/" "Mozilla/4.0 (compatible; MSIE 6.0; Windows NT 5.1; SV1; SIMBAR={217BB70C-6540-422D-8EE6-8C3EC17FC211}; Zango 10.1.181.0)" "sancarloscity.org"
74.86.66.106 - - [05/Jan/2008:04:25:56 -0800] "GET /guestbookadvance/gbook.php?a=sign HTTP/1.1" 404 762 "http://www.sancarloscity.org/guestbookadvance/gbook.php?a=sign" "User-Agent: Mozilla/4.0 (compatible; MSIE 6.0; Windows NT 5.1)" "www.sancarloscity.org"
58.71.29.100 - - [05/Jan/2008:04:25:56 -0800] "GET /autoactivate.js HTTP/1.1" 200 5474 "http://sancarloscity.org/" "Mozilla/4.0 (compatible; MSIE 6.0; Windows NT 5.1; SV1; SIMBAR={217BB70C-6540-422D-8EE6-8C3EC17FC211}; Zango 10.1.181.0)" "sancarloscity.org"
58.71.29.100 - - [05/Jan/2008:04:25:58 -0800] "GET /sccirtpan1.jpg HTTP/1.1" 200 25068 "http://sancarloscity.org/" "Mozilla/4.0 (compatible; MSIE 6.0; Windows NT 5.1; SV1; SIMBAR={217BB70C-6540-422D-8EE6-8C3EC17FC211}; Zango 10.1.181.0)" "sancarloscity.org"
66.249.70.241 - - [05/Jan/2008:04:26:02 -0800] "GET /forum2/index.php?automodule=blog&blogid=3&showentry=25&show=nextoldest HTTP/1.1" 302 5 "-" "Mozilla/5.0 (compatible; Googlebot/2.1; +http://www.google.com/bot.html)" "www.sancarloscity.org"
66.249.70.241 - - [05/Jan/2008:04:26:04 -0800] "GET /forum2/index.php?automodule=blog&blogid=3&showentry=24 HTTP/1.1" 200 4536 "-" "Mozilla/5.0 (compatible; Googlebot/2.1; +http://www.google.com/bot.html)" "www.sancarloscity.org"
58.71.29.100 - - [05/Jan/2008:04:26:04 -0800] "GET /background_scci_top.jpg HTTP/1.1" 200 69602 "http://sancarloscity.org/" "Mozilla/4.0 (compatible; MSIE 6.0; Windows NT 5.1; SV1; SIMBAR={217BB70C-6540-422D-8EE6-8C3EC17FC211}; Zango 10.1.181.0)" "sancarloscity.org"
66.249.70.241 - - [05/Jan/2008:04:26:11 -0800] "GET /forum2/index.php?act=Login&CODE=04&f=9&fromforum=7&i=1 HTTP/1.1" 302 5 "-" "Mozilla/5.0 (compatible; Googlebot/2.1; +http://www.google.com/bot.html)" "www.sancarloscity.org"
58.71.29.100 - - [05/Jan/2008:04:26:14 -0800] "GET /bg_glass_bottomleft3.jpg HTTP/1.1" 200 18715 "http://sancarloscity.org/" "Mozilla/4.0 (compatible; MSIE 6.0; Windows NT 5.1; SV1; SIMBAR={217BB70C-6540-422D-8EE6-8C3EC17FC211}; Zango 10.1.181.0)" "sancarloscity.org"
64.1.215.166 - - [05/Jan/2008:04:26:26 -0800] "GET /picgallery/displayimage.php?album=topn&cat=-4&pid=23&slideshow=5000 HTTP/1.0" 200 7584 "-" "Mozilla/5.0 (Twiceler-0.9 http://www.cuill.com/twiceler/robot.html)" "www.sancarloscity.org"
58.71.29.100 - - [05/Jan/2008:04:26:28 -0800] "GET /bg_glass_bottomright3.jpg HTTP/1.1" 200 18715 "http://sancarloscity.org/" "Mozilla/4.0 (compatible; MSIE 6.0; Windows NT 5.1; SV1; SIMBAR={217BB70C-6540-422D-8EE6-8C3EC17FC211}; Zango 10.1.181.0)" "sancarloscity.org"
58.71.29.100 - - [05/Jan/2008:04:26:29 -0800] "GET /sccinewsidepan1.jpg HTTP/1.1" 200 29777 "http://sancarloscity.org/" "Mozilla/4.0 (compatible; MSIE 6.0; Windows NT 5.1; SV1; SIMBAR={217BB70C-6540-422D-8EE6-8C3EC17FC211}; Zango 10.1.181.0)" "sancarloscity.org"
58.71.29.100 - - [05/Jan/2008:04:26:29 -0800] "GET /bg_red_aurora.jpg HTTP/1.1" 200 32099 "http://sancarloscity.org/" "Mozilla/4.0 (compatible; MSIE 6.0; Windows NT 5.1; SV1; SIMBAR={217BB70C-6540-422D-8EE6-8C3EC17FC211}; Zango 10.1.181.0)" "sancarloscity.org"
58.71.29.100 - - [05/Jan/2008:04:26:33 -0800] "GET /wheretostaytab2.jpg HTTP/1.1" 200 26860 "http://sancarloscity.org/" "Mozilla/4.0 (compatible; MSIE 6.0; Windows NT 5.1; SV1; SIMBAR={217BB70C-6540-422D-8EE6-8C3EC17FC211}; Zango 10.1.181.0)" "sancarloscity.org"
64.1.215.166 - - [05/Jan/2008:04:26:35 -0800] "GET /picgallery/login.php?referer=%2Fpicgallery%2Fdisplayimage.php%3Falbum%3Dlastup%26cat%3D0%26pid%3D294%26slideshow%3D5000 HTTP/1.0" 200 5613 "-" "Mozilla/5.0 (Twiceler-0.9 http://www.cuill.com/twiceler/robot.html)" "www.sancarloscity.org"
58.71.29.100 - - [05/Jan/2008:04:26:35 -0800] "GET /wheretostaytab1.jpg HTTP/1.1" 200 25858 "http://sancarloscity.org/" "Mozilla/4.0 (compatible; MSIE 6.0; Windows NT 5.1; SV1; SIMBAR={217BB70C-6540-422D-8EE6-8C3EC17FC211}; Zango 10.1.181.0)" "sancarloscity.org"
74.6.28.14 - - [05/Jan/2008:04:26:39 -0800] "GET /picgallery/displayimage.php?pos=-552 HTTP/1.0" 200 12045 "-" "Mozilla/5.0 (compatible; Yahoo! Slurp; http://help.yahoo.com/help/us/ysearch/slurp)" "www.sancarloscity.org"
58.71.29.100 - - [05/Jan/2008:04:26:40 -0800] "GET /wheretoeattab2.jpg HTTP/1.1" 200 26730 "http://sancarloscity.org/" "Mozilla/4.0 (compatible; MSIE 6.0; Windows NT 5.1; SV1; SIMBAR={217BB70C-6540-422D-8EE6-8C3EC17FC211}; Zango 10.1.181.0)" "sancarloscity.org"
58.71.29.100 - - [05/Jan/2008:04:26:40 -0800] "GET /wheretoeattab1.jpg HTTP/1.1" 200 25761 "http://sancarloscity.org/" "Mozilla/4.0 (compatible; MSIE 6.0; Windows NT 5.1; SV1; SIMBAR={217BB70C-6540-422D-8EE6-8C3EC17FC211}; Zango 10.1.181.0)" "sancarloscity.org"
58.71.29.100 - - [05/Jan/2008:04:26:41 -0800] "GET /whattodotab2.jpg HTTP/1.1" 200 26426 "http://sancarloscity.org/" "Mozilla/4.0 (compatible; MSIE 6.0; Windows NT 5.1; SV1; SIMBAR={217BB70C-6540-422D-8EE6-8C3EC17FC211}; Zango 10.1.181.0)" "sancarloscity.org"
58.71.29.100 - - [05/Jan/2008:04:26:43 -0800] "GET /whattodotab1.jpg HTTP/1.1" 200 25422 "http://sancarloscity.org/" "Mozilla/4.0 (compatible; MSIE 6.0; Windows NT 5.1; SV1; SIMBAR={217BB70C-6540-422D-8EE6-8C3EC17FC211}; Zango 10.1.181.0)" "sancarloscity.org"
58.71.29.100 - - [05/Jan/2008:04:26:44 -0800] "GET /whattoseetab2.jpg HTTP/1.1" 200 26704 "http://sancarloscity.org/" "Mozilla/4.0 (compatible; MSIE 6.0; Windows NT 5.1; SV1; SIMBAR={217BB70C-6540-422D-8EE6-8C3EC17FC211}; Zango 10.1.181.0)" "sancarloscity.org"
58.71.29.100 - - [05/Jan/2008:04:26:45 -0800] "GET /whattoseetab1.jpg HTTP/1.1" 200 25736 "http://sancarloscity.org/" "Mozilla/4.0 (compatible; MSIE 6.0; Windows NT 5.1; SV1; SIMBAR={217BB70C-6540-422D-8EE6-8C3EC17FC211}; Zango 10.1.181.0)" "sancarloscity.org"
58.71.29.100 - - [05/Jan/2008:04:26:46 -0800] "GET /sccilinksicons.jpg HTTP/1.1" 200 33512 "http://sancarloscity.org/" "Mozilla/4.0 (compatible; MSIE 6.0; Windows NT 5.1; SV1; SIMBAR={217BB70C-6540-422D-8EE6-8C3EC17FC211}; Zango 10.1.181.0)" "sancarloscity.org"
58.71.29.100 - - [05/Jan/2008:04:26:48 -0800] "GET / HTTP/1.1" 200 33905 "http://sancarloscity.org/" "Mozilla/4.0 (compatible; MSIE 6.0; Windows NT 5.1; SV1; SIMBAR={217BB70C-6540-422D-8EE6-8C3EC17FC211}; Zango 10.1.181.0)" "sancarloscity.org"
58.71.29.100 - - [05/Jan/2008:04:26:49 -0800] "GET /pp-blank-large.png HTTP/1.1" 200 10903 "http://sancarloscity.org/" "Mozilla/4.0 (compatible; MSIE 6.0; Windows NT 5.1; SV1; SIMBAR={217BB70C-6540-422D-8EE6-8C3EC17FC211}; Zango 10.1.181.0)" "sancarloscity.org"
66.249.70.241 - - [05/Jan/2008:04:26:51 -0800] "GET /forum2/index.php?s=2ae20856378071d09b0adac595ba5557&act=calendar&cal_id=1&code=find&what=thismonth HTTP/1.1" 302 5 "-" "Mozilla/5.0 (compatible; Googlebot/2.1; +http://www.google.com/bot.html)" "www.sancarloscity.org"
58.71.29.100 - - [05/Jan/2008:04:26:51 -0800] "GET /photo-116.jpg HTTP/1.1" 200 5005 "http://sancarloscity.org/" "Mozilla/4.0 (compatible; MSIE 6.0; Windows NT 5.1; SV1; SIMBAR={217BB70C-6540-422D-8EE6-8C3EC17FC211}; Zango 10.1.181.0)" "sancarloscity.org"
66.249.70.241 - - [05/Jan/2008:04:26:52 -0800] "GET /forum2/index.php?act=calendar&cal_id=1&m=1&y=2008 HTTP/1.1" 200 3750 "-" "Mozilla/5.0 (compatible; Googlebot/2.1; +http://www.google.com/bot.html)" "www.sancarloscity.org"
66.249.70.241 - - [05/Jan/2008:04:26:57 -0800] "GET /sphider/search.php?query=did&start=1&search=1&results=10&type=and HTTP/1.1" 200 7924 "-" "Mozilla/5.0 (compatible; Googlebot/2.1; +http://www.google.com/bot.html)" "www.sancarloscity.org"
58.71.29.100 - - [05/Jan/2008:04:26:59 -0800] "GET /ymblogo2new.gif HTTP/1.1" 200 8010 "http://sancarloscity.org/" "Mozilla/4.0 (compatible; MSIE 6.0; Windows NT 5.1; SV1; SIMBAR={217BB70C-6540-422D-8EE6-8C3EC17FC211}; Zango 10.1.181.0)" "sancarloscity.org"
58.71.29.100 - - [05/Jan/2008:04:27:00 -0800] "GET /5star.jpg HTTP/1.1" 200 1016 "http://sancarloscity.org/" "Mozilla/4.0 (compatible; MSIE 6.0; Windows NT 5.1; SV1; SIMBAR={217BB70C-6540-422D-8EE6-8C3EC17FC211}; Zango 10.1.181.0)" "sancarloscity.org"
58.71.29.100 - - [05/Jan/2008:04:27:01 -0800] "GET /banner.jpg HTTP/1.1" 200 5359 "http://sancarloscity.org/" "Mozilla/4.0 (compatible; MSIE 6.0; Windows NT 5.1; SV1; SIMBAR={217BB70C-6540-422D-8EE6-8C3EC17FC211}; Zango 10.1.181.0)" "sancarloscity.org"
58.71.29.100 - - [05/Jan/2008:04:27:02 -0800] "GET /photo-163.jpg HTTP/1.1" 200 6164 "http://sancarloscity.org/" "Mozilla/4.0 (compatible; MSIE 6.0; Windows NT 5.1; SV1; SIMBAR={217BB70C-6540-422D-8EE6-8C3EC17FC211}; Zango 10.1.181.0)" "sancarloscity.org"
58.71.29.100 - - [05/Jan/2008:04:27:02 -0800] "GET /photo-162.jpg HTTP/1.1" 200 5970 "http://sancarloscity.org/" "Mozilla/4.0 (compatible; MSIE 6.0; Windows NT 5.1; SV1; SIMBAR={217BB70C-6540-422D-8EE6-8C3EC17FC211}; Zango 10.1.181.0)" "sancarloscity.org"
66.249.70.241 - - [05/Jan/2008:04:27:02 -0800] "GET /forum2/index.php?automodule=blog&blogid=3&showentry=23&show=nextnewest HTTP/1.1" 302 5 "-" "Mozilla/5.0 (compatible; Googlebot/2.1; +http://www.google.com/bot.html)" "www.sancarloscity.org"
58.71.29.100 - - [05/Jan/2008:04:27:05 -0800] "GET /scciwebawards.jpg HTTP/1.1" 200 51843 "http://sancarloscity.org/" "Mozilla/4.0 (compatible; MSIE 6.0; Windows NT 5.1; SV1; SIMBAR={217BB70C-6540-422D-8EE6-8C3EC17FC211}; Zango 10.1.181.0)" "sancarloscity.org"
58.71.29.100 - - [05/Jan/2008:04:27:05 -0800] "GET /sccisamplepage_02.gif HTTP/1.1" 200 7431 "http://sancarloscity.org/" "Mozilla/4.0 (compatible; MSIE 6.0; Windows NT 5.1; SV1; SIMBAR={217BB70C-6540-422D-8EE6-8C3EC17FC211}; Zango 10.1.181.0)" "sancarloscity.org"
58.71.29.100 - - [05/Jan/2008:04:27:12 -0800] "GET /newpanmaster.png HTTP/1.1" 200 943 "http://sancarloscity.org/" "Mozilla/4.0 (compatible; MSIE 6.0; Windows NT 5.1; SV1; SIMBAR={217BB70C-6540-422D-8EE6-8C3EC17FC211}; Zango 10.1.181.0)" "sancarloscity.org"
58.71.29.100 - - [05/Jan/2008:04:27:12 -0800] "GET /newpanmaster2.png HTTP/1.1" 200 927 "http://sancarloscity.org/" "Mozilla/4.0 (compatible; MSIE 6.0; Windows NT 5.1; SV1; SIMBAR={217BB70C-6540-422D-8EE6-8C3EC17FC211}; Zango 10.1.181.0)" "sancarloscity.org"
58.71.29.100 - - [05/Jan/2008:04:27:13 -0800] "GET /sccinewsearch.jpg HTTP/1.1" 200 22686 "http://sancarloscity.org/" "Mozilla/4.0 (compatible; MSIE 6.0; Windows NT 5.1; SV1; SIMBAR={217BB70C-6540-422D-8EE6-8C3EC17FC211}; Zango 10.1.181.0)" "sancarloscity.org"
64.1.215.166 - - [05/Jan/2008:04:27:16 -0800] "GET /picgallery/displayimage.php?album=lastup&cat=-15&pid=174&slideshow=5000 HTTP/1.0" 200 7724 "-" "Mozilla/5.0 (Twiceler-0.9 http://www.cuill.com/twiceler/robot.html)" "www.sancarloscity.org"
74.6.23.215 - - [05/Jan/2008:04:27:58 -0800] "GET /forum2/index.php?act=Post&CODE=02&f=7&t=138&qpid=720 HTTP/1.0" 200 2847 "-" "Mozilla/5.0 (compatible; Yahoo! Slurp; http://help.yahoo.com/help/us/ysearch/slurp)" "www.sancarloscity.org"
64.1.215.166 - - [05/Jan/2008:04:28:05 -0800] "GET /picgallery/displayimage.php?album=lastup&cat=-37&pid=444&slideshow=5000 HTTP/1.0" 200 10955 "-" "Mozilla/5.0 (Twiceler-0.9 http://www.cuill.com/twiceler/robot.html)" "www.sancarloscity.org"
66.249.70.241 - - [05/Jan/2008:04:28:29 -0800] "GET /sphider/search.php?query=author&start=5&search=1&results=10&type=and HTTP/1.1" 200 8317 "-" "Mozilla/5.0 (compatible; Googlebot/2.1; +http://www.google.com/bot.html)" "www.sancarloscity.org"
74.6.26.160 - - [05/Jan/2008:04:28:56 -0800] "GET /quisumbingsite/emiliostory12.htm HTTP/1.0" 200 24406 "-" "Mozilla/5.0 (compatible; Yahoo! Slurp; http://help.yahoo.com/help/us/ysearch/slurp)" "www.sancarloscity.org"
66.249.70.241 - - [05/Jan/2008:04:29:03 -0800] "GET /picgallery/ratepic.php?pic=515&rate=4 HTTP/1.1" 302 5 "-" "Mozilla/5.0 (compatible; Googlebot/2.1; +http://www.google.com/bot.html)" "www.sancarloscity.org"
66.249.70.241 - - [05/Jan/2008:04:29:05 -0800] "GET /sphider/search.php?query=www&start=16&search=1&results=10&type=and HTTP/1.1" 200 8491 "-" "Mozilla/5.0 (compatible; Googlebot/2.1; +http://www.google.com/bot.html)" "www.sancarloscity.org"
66.249.70.241 - - [05/Jan/2008:04:29:17 -0800] "GET /forum2/index.php?s=2ae20856378071d09b0adac595ba5557&act=calendar&cal_id=1&m=8&y=2007 HTTP/1.1" 200 3915 "-" "Mozilla/5.0 (compatible; Googlebot/2.1; +http://www.google.com/bot.html)" "www.sancarloscity.org"
66.249.70.241 - - [05/Jan/2008:04:29:34 -0800] "GET /forum2/index.php?s=2ae20856378071d09b0adac595ba5557&automodule=blog&blogid=5&showentry=32 HTTP/1.1" 200 4370 "-" "Mozilla/5.0 (compatible; Googlebot/2.1; +http://www.google.com/bot.html)" "www.sancarloscity.org"
66.249.70.241 - - [05/Jan/2008:04:29:36 -0800] "GET /forum2/index.php?act=Login&CODE=04&f=16&fromforum=7&i=1 HTTP/1.1" 302 5 "-" "Mozilla/5.0 (compatible; Googlebot/2.1; +http://www.google.com/bot.html)" "www.sancarloscity.org"
66.249.70.241 - - [05/Jan/2008:04:29:37 -0800] "GET /sphider/search.php?query=guest&start=10&search=1&results=10&type=and HTTP/1.1" 200 10228 "-" "Mozilla/5.0 (compatible; Googlebot/2.1; +http://www.google.com/bot.html)" "www.sancarloscity.org"
66.249.70.241 - - [05/Jan/2008:04:29:38 -0800] "GET /forum2/index.php?s=ba8280603395c184ddde6e64129a9182&act=Reg&CODE=00 HTTP/1.1" 200 2988 "-" "Mozilla/5.0 (compatible; Googlebot/2.1; +http://www.google.com/bot.html)" "www.sancarloscity.org"
66.249.70.241 - - [05/Jan/2008:04:29:43 -0800] "GET /forum2/index.php?showtopic=79&view=old HTTP/1.1" 302 5 "-" "Mozilla/5.0 (compatible; Googlebot/2.1; +http://www.google.com/bot.html)" "www.sancarloscity.org"
66.249.70.241 - - [05/Jan/2008:04:29:43 -0800] "GET /forum2/index.php?showtopic=94 HTTP/1.1" 200 7980 "-" "Mozilla/5.0 (compatible; Googlebot/2.1; +http://www.google.com/bot.html)" "www.sancarloscity.org"
66.249.70.241 - - [05/Jan/2008:04:29:46 -0800] "GET /forum2/index.php?act=Login&CODE=04&f=15&fromforum=7&i=1 HTTP/1.1" 302 5 "-" "Mozilla/5.0 (compatible; Googlebot/2.1; +http://www.google.com/bot.html)" "www.sancarloscity.org"
64.1.215.166 - - [05/Jan/2008:04:29:48 -0800] "GET /picgallery/ratepic.php?pic=302&rate=0 HTTP/1.0" 302 0 "-" "Mozilla/5.0 (Twiceler-0.9 http://www.cuill.com/twiceler/robot.html)" "www.sancarloscity.org"
66.249.70.241 - - [05/Jan/2008:04:30:01 -0800] "GET /quisumbingsite/norbertodoy_icon.jpg HTTP/1.1" 200 1092 "-" "Googlebot-Image/1.0" "www.sancarloscity.org"
66.249.70.241 - - [05/Jan/2008:04:30:03 -0800] "GET /quisumbingsite/michaelqgriffin_icon.jpg HTTP/1.1" 200 1116 "-" "Googlebot-Image/1.0" "www.sancarloscity.org"
66.249.70.241 - - [05/Jan/2008:04:30:04 -0800] "GET /picgallery/ratepic.php?pic=523&rate=2 HTTP/1.1" 302 5 "-" "Mozilla/5.0 (compatible; Googlebot/2.1; +http://www.google.com/bot.html)" "www.sancarloscity.org"
203.84.179.68 - - [05/Jan/2008:04:30:08 -0800] "GET / HTTP/1.1" 200 33905 "-" "Mozilla/4.0 (compatible; MSIE 5.5; Windows NT 5.0)" "www.sancarloscity.org"
66.249.70.241 - - [05/Jan/2008:04:30:12 -0800] "GET /forum2/index.php?showtopic=18&mode=threaded&pid=59 HTTP/1.1" 200 6095 "-" "Mozilla/5.0 (compatible; Googlebot/2.1; +http://www.google.com/bot.html)" "www.sancarloscity.org"
66.249.70.241 - - [05/Jan/2008:04:30:13 -0800] "GET /forum2/index.php?showtopic=19&mode=linearplus&view=findpost&p=60 HTTP/1.1" 302 5 "-" "Mozilla/5.0 (compatible; Googlebot/2.1; +http://www.google.com/bot.html)" "www.sancarloscity.org"
66.249.70.241 - - [05/Jan/2008:04:30:15 -0800] "GET /forum2/index.php?showtopic=19&st=0&p=60& HTTP/1.1" 200 8040 "-" "Mozilla/5.0 (compatible; Googlebot/2.1; +http://www.google.com/bot.html)" "www.sancarloscity.org"
66.249.70.241 - - [05/Jan/2008:04:30:19 -0800] "GET /forum2/index.php?showtopic=19&mode=linear&view=findpost&p=60 HTTP/1.1" 302 5 "-" "Mozilla/5.0 (compatible; Googlebot/2.1; +http://www.google.com/bot.html)" "www.sancarloscity.org"
66.249.70.241 - - [05/Jan/2008:04:30:20 -0800] "GET /forum2/index.php?showtopic=17&mode=linear&view=findpost&p=58 HTTP/1.1" 302 5 "-" "Mozilla/5.0 (compatible; Googlebot/2.1; +http://www.google.com/bot.html)" "www.sancarloscity.org"
66.249.70.241 - - [05/Jan/2008:04:30:21 -0800] "GET /forum2/index.php?showtopic=17&st=0&p=58& HTTP/1.1" 200 6067 "-" "Mozilla/5.0 (compatible; Googlebot/2.1; +http://www.google.com/bot.html)" "www.sancarloscity.org"
66.249.70.241 - - [05/Jan/2008:04:30:22 -0800] "GET /forum2/index.php?showtopic=18&mode=linearplus&view=findpost&p=59 HTTP/1.1" 302 5 "-" "Mozilla/5.0 (compatible; Googlebot/2.1; +http://www.google.com/bot.html)" "www.sancarloscity.org"
66.249.70.241 - - [05/Jan/2008:04:30:22 -0800] "GET /forum2/index.php?showtopic=18&st=0&p=59& HTTP/1.1" 200 6008 "-" "Mozilla/5.0 (compatible; Googlebot/2.1; +http://www.google.com/bot.html)" "www.sancarloscity.org"
66.249.70.241 - - [05/Jan/2008:04:30:32 -0800] "GET /picgallery/displayimage.php?album=toprated&cat=-37&pos=9 HTTP/1.1" 200 13415 "-" "Mozilla/5.0 (compatible; Googlebot/2.1; +http://www.google.com/bot.html)" "www.sancarloscity.org"
66.249.70.241 - - [05/Jan/2008:04:30:32 -0800] "GET /picgallery/displayimage.php?album=topn&cat=10&pos=7 HTTP/1.1" 200 13277 "-" "Mozilla/5.0 (compatible; Googlebot/2.1; +http://www.google.com/bot.html)" "www.sancarloscity.org"
66.249.70.241 - - [05/Jan/2008:04:30:32 -0800] "GET /picgallery/displayimage.php?album=topn&cat=11&pos=4 HTTP/1.1" 200 13405 "-" "Mozilla/5.0 (compatible; Googlebot/2.1; +http://www.google.com/bot.html)" "www.sancarloscity.org"
64.1.215.166 - - [05/Jan/2008:04:30:33 -0800] "GET /picgallery/displayimage.php?album=toprated&cat=9&pid=336&slideshow=5000 HTTP/1.0" 200 16108 "-" "Mozilla/5.0 (Twiceler-0.9 http://www.cuill.com/twiceler/robot.html)" "www.sancarloscity.org"
66.249.70.241 - - [05/Jan/2008:04:30:38 -0800] "GET /forum2/index.php?act=Post&CODE=02&f=11&t=130&qpid=675 HTTP/1.1" 200 2802 "-" "Mozilla/5.0 (compatible; Googlebot/2.1; +http://www.google.com/bot.html)" "www.sancarloscity.org"
74.6.22.167 - - [05/Jan/2008:04:30:38 -0800] "GET /jodera2/joderaphoto/displayimage.php?album=random&cat=0&pos=-728 HTTP/1.0" 200 14606 "-" "Mozilla/5.0 (compatible; Yahoo! Slurp; http://help.yahoo.com/help/us/ysearch/slurp)" "www.sancarloscity.org"
66.249.70.241 - - [05/Jan/2008:04:30:44 -0800] "GET /forum2/index.php?showtopic=18&mode=linear&view=findpost&p=59 HTTP/1.1" 302 5 "-" "Mozilla/5.0 (compatible; Googlebot/2.1; +http://www.google.com/bot.html)" "www.sancarloscity.org"
66.249.70.241 - - [05/Jan/2008:04:30:45 -0800] "GET /forum2/index.php?showtopic=20&mode=threaded&pid=61 HTTP/1.1" 200 6694 "-" "Mozilla/5.0 (compatible; Googlebot/2.1; +http://www.google.com/bot.html)" "www.sancarloscity.org"
66.249.70.241 - - [05/Jan/2008:04:30:45 -0800] "GET /forum2/index.php?showtopic=17&mode=threaded&pid=58 HTTP/1.1" 200 6153 "-" "Mozilla/5.0 (compatible; Googlebot/2.1; +http://www.google.com/bot.html)" "www.sancarloscity.org"
66.249.70.241 - - [05/Jan/2008:04:30:45 -0800] "GET /forum2/index.php?showtopic=21&mode=linear&view=findpost&p=62 HTTP/1.1" 302 5 "-" "Mozilla/5.0 (compatible; Googlebot/2.1; +http://www.google.com/bot.html)" "www.sancarloscity.org"
66.249.70.241 - - [05/Jan/2008:04:30:46 -0800] "GET /forum2/index.php?showtopic=20&mode=linearplus&view=findpost&p=61 HTTP/1.1" 302 5 "-" "Mozilla/5.0 (compatible; Googlebot/2.1; +http://www.google.com/bot.html)" "www.sancarloscity.org"
66.249.70.241 - - [05/Jan/2008:04:30:46 -0800] "GET /forum2/index.php?showtopic=21&st=0&p=62& HTTP/1.1" 200 6947 "-" "Mozilla/5.0 (compatible; Googlebot/2.1; +http://www.google.com/bot.html)" "www.sancarloscity.org"
66.249.70.241 - - [05/Jan/2008:04:30:46 -0800] "GET /forum2/index.php?showtopic=21&mode=threaded&pid=62 HTTP/1.1" 200 7035 "-" "Mozilla/5.0 (compatible; Googlebot/2.1; +http://www.google.com/bot.html)" "www.sancarloscity.org"
66.249.70.241 - - [05/Jan/2008:04:30:46 -0800] "GET /forum2/index.php?showtopic=20&mode=linear&view=findpost&p=61 HTTP/1.1" 302 5 "-" "Mozilla/5.0 (compatible; Googlebot/2.1; +http://www.google.com/bot.html)" "www.sancarloscity.org"
66.249.70.241 - - [05/Jan/2008:04:30:46 -0800] "GET /picgallery/displayimage.php?pos=-501 HTTP/1.1" 200 13315 "-" "Mozilla/5.0 (compatible; Googlebot/2.1; +http://www.google.com/bot.html)" "www.sancarloscity.org"
66.249.70.241 - - [05/Jan/2008:04:30:46 -0800] "GET /forum2/index.php?showtopic=20&st=0&p=61& HTTP/1.1" 200 6611 "-" "Mozilla/5.0 (compatible; Googlebot/2.1; +http://www.google.com/bot.html)" "www.sancarloscity.org"
66.249.70.241 - - [05/Jan/2008:04:30:46 -0800] "GET /picgallery/ratepic.php?pic=500&rate=3 HTTP/1.1" 302 5 "-" "Mozilla/5.0 (compatible; Googlebot/2.1; +http://www.google.com/bot.html)" "www.sancarloscity.org"
66.249.70.241 - - [05/Jan/2008:04:30:47 -0800] "GET /picgallery/displayimage.php?pos=-500 HTTP/1.1" 200 13101 "-" "Mozilla/5.0 (compatible; Googlebot/2.1; +http://www.google.com/bot.html)" "www.sancarloscity.org"
66.249.70.241 - - [05/Jan/2008:04:30:58 -0800] "GET /picgallery/displayimage.php?album=random&cat=0&pos=-523 HTTP/1.1" 200 13033 "-" "Mozilla/5.0 (compatible; Googlebot/2.1; +http://www.google.com/bot.html)" "www.sancarloscity.org"
66.249.70.241 - - [05/Jan/2008:04:31:00 -0800] "GET /forum2/index.php?automodule=blog&blogid=3&showentry=54&show=nextoldest HTTP/1.1" 302 5 "-" "Mozilla/5.0 (compatible; Googlebot/2.1; +http://www.google.com/bot.html)" "www.sancarloscity.org"
66.249.70.241 - - [05/Jan/2008:04:31:21 -0800] "GET /forum2/index.php?act=Login&CODE=04&f=4&fromforum=7&i=1 HTTP/1.1" 302 5 "-" "Mozilla/5.0 (compatible; Googlebot/2.1; +http://www.google.com/bot.html)" "www.sancarloscity.org"
66.249.70.241 - - [05/Jan/2008:04:31:21 -0800] "GET /forum2/index.php?act=Login&CODE=04&f=7&fromforum=7&i=1 HTTP/1.1" 302 5 "-" "Mozilla/5.0 (compatible; Googlebot/2.1; +http://www.google.com/bot.html)" "www.sancarloscity.org"
66.249.70.241 - - [05/Jan/2008:04:31:22 -0800] "GET /forum2/index.php?act=Login&CODE=04&f=10&fromforum=7&i=1 HTTP/1.1" 302 5 "-" "Mozilla/5.0 (compatible; Googlebot/2.1; +http://www.google.com/bot.html)" "www.sancarloscity.org"
66.249.70.241 - - [05/Jan/2008:04:31:22 -0800] "GET /forum2/index.php?act=Login&CODE=04&f=5&fromforum=7&i=1 HTTP/1.1" 302 5 "-" "Mozilla/5.0 (compatible; Googlebot/2.1; +http://www.google.com/bot.html)" "www.sancarloscity.org"
64.1.215.166 - - [05/Jan/2008:04:31:35 -0800] "GET /picgallery/login.php?referer=%2Fpicgallery%2Fdisplayimage.php%3Falbum%3Dlastup%26cat%3D-41%26pos%3D6 HTTP/1.0" 200 5565 "-" "Mozilla/5.0 (Twiceler-0.9 http://www.cuill.com/twiceler/robot.html)" "www.sancarloscity.org"
66.249.70.241 - - [05/Jan/2008:04:31:35 -0800] "GET /forum2/index.php?automodule=blog&blogid=3&showentry=28&show=nextoldest HTTP/1.1" 302 5 "-" "Mozilla/5.0 (compatible; Googlebot/2.1; +http://www.google.com/bot.html)" "www.sancarloscity.org"
66.249.70.241 - - [05/Jan/2008:04:31:35 -0800] "GET /forum2/index.php?automodule=blog&blogid=3&showentry=27&show=nextnewest HTTP/1.1" 302 5 "-" "Mozilla/5.0 (compatible; Googlebot/2.1; +http://www.google.com/bot.html)" "www.sancarloscity.org"
66.249.70.241 - - [05/Jan/2008:04:31:36 -0800] "GET /forum2/index.php?automodule=blog&blogid=3&showentry=26&show=nextnewest HTTP/1.1" 302 5 "-" "Mozilla/5.0 (compatible; Googlebot/2.1; +http://www.google.com/bot.html)" "www.sancarloscity.org"
66.249.70.241 - - [05/Jan/2008:04:31:37 -0800] "GET /picgallery/ratepic.php?pic=523&rate=3 HTTP/1.1" 302 5 "-" "Mozilla/5.0 (compatible; Googlebot/2.1; +http://www.google.com/bot.html)" "www.sancarloscity.org"
66.249.70.241 - - [05/Jan/2008:04:31:51 -0800] "GET /picgallery/ratepic.php?pic=488&rate=1 HTTP/1.1" 302 5 "-" "Mozilla/5.0 (compatible; Googlebot/2.1; +http://www.google.com/bot.html)" "www.sancarloscity.org"
66.249.70.241 - - [05/Jan/2008:04:31:52 -0800] "GET /picgallery/displayimage.php?pos=-488 HTTP/1.1" 200 13742 "-" "Mozilla/5.0 (compatible; Googlebot/2.1; +http://www.google.com/bot.html)" "www.sancarloscity.org"
74.6.8.74 - - [05/Jan/2008:04:31:54 -0800] "GET /jodera2/joderaphoto/displayimage.php?album=lastup&cat=0&pos=7 HTTP/1.0" 200 14714 "-" "Mozilla/5.0 (compatible; Yahoo! Slurp; http://help.yahoo.com/help/us/ysearch/slurp)" "www.sancarloscity.org"
66.249.70.241 - - [05/Jan/2008:04:32:02 -0800] "GET /forum2/index.php?automodule=blog&blogid=3&showentry=22&show=nextnewest HTTP/1.1" 302 5 "-" "Mozilla/5.0 (compatible; Googlebot/2.1; +http://www.google.com/bot.html)" "www.sancarloscity.org"
66.249.70.241 - - [05/Jan/2008:04:32:03 -0800] "GET /forum2/index.php?automodule=blog&blogid=3&showentry=23 HTTP/1.1" 200 5274 "-" "Mozilla/5.0 (compatible; Googlebot/2.1; +http://www.google.com/bot.html)" "www.sancarloscity.org"
89.113.137.170 - - [05/Jan/2008:04:32:17 -0800] "GET /guestbookadvance/gbook.php?a=sign HTTP/1.0" 404 746 "http://www.sancarloscity.org/guestbookadvance/gbook.php?a=sign" "Mozilla/4.0 (compatible; MSIE 6.0; Windows NT 5.0)" "www.sancarloscity.org"
64.1.215.166 - - [05/Jan/2008:04:32:17 -0800] "GET /picgallery/displayimage.php?album=lastup&cat=0&pos=313 HTTP/1.0" 200 13352 "-" "Mozilla/5.0 (Twiceler-0.9 http://www.cuill.com/twiceler/robot.html)" "www.sancarloscity.org"
89.113.137.170 - - [05/Jan/2008:04:32:19 -0800] "GET / HTTP/1.0" 200 33905 "http://www.sancarloscity.org/" "Mozilla/4.0 (compatible; MSIE 6.0; Windows NT 5.0)" "www.sancarloscity.org"
66.249.70.241 - - [05/Jan/2008:04:32:27 -0800] "GET /forum2/index.php?automodule=blog&blogid=3&showentry=42&show=nextnewest HTTP/1.1" 302 5 "-" "Mozilla/5.0 (compatible; Googlebot/2.1; +http://www.google.com/bot.html)" "www.sancarloscity.org"
89.113.137.170 - - [05/Jan/2008:04:32:31 -0800] "GET /forum2/index.php?act=calendar HTTP/1.0" 200 28898 "http://www.sancarloscity.org/forum2/index.php?act=calendar" "Mozilla/4.0 (compatible; MSIE 6.0; Windows NT 5.0)" "www.sancarloscity.org"
89.113.137.170 - - [05/Jan/2008:04:32:40 -0800] "GET /forum2/index.php?act=rssout&id=1 HTTP/1.0" 200 10561 "http://www.sancarloscity.org/forum2/index.php?act=rssout&id=1" "Mozilla/4.0 (compatible; MSIE 6.0; Windows NT 5.0)" "www.sancarloscity.org"
66.249.70.241 - - [05/Jan/2008:04:33:26 -0800] "GET /sphider/search.php?query=member&start=6&search=1&results=10&type=and HTTP/1.1" 200 9190 "-" "Mozilla/5.0 (compatible; Googlebot/2.1; +http://www.google.com/bot.html)" "www.sancarloscity.org"
124.105.11.54 - - [05/Jan/2008:04:35:38 -0800] "GET /carmels/ HTTP/1.1" 200 8530 "http://www.sancarloscity.gov.ph/where28nd.html" "Mozilla/4.0 (compatible; MSIE 6.0; Windows NT 5.1; SV1)" "www.sancarloscity.org"
124.105.11.54 - - [05/Jan/2008:04:35:38 -0800] "GET /carmels/logog.gif HTTP/1.1" 200 22115 "http://www.sancarloscity.org/carmels/" "Mozilla/4.0 (compatible; MSIE 6.0; Windows NT 5.1; SV1)" "www.sancarloscity.org"
124.105.11.54 - - [05/Jan/2008:04:35:38 -0800] "GET /carmels/2.gif HTTP/1.1" 200 13908 "http://www.sancarloscity.org/carmels/" "Mozilla/4.0 (compatible; MSIE 6.0; Windows NT 5.1; SV1)" "www.sancarloscity.org"
124.105.11.54 - - [05/Jan/2008:04:35:39 -0800] "GET /carmels/3.gif HTTP/1.1" 200 13518 "http://www.sancarloscity.org/carmels/" "Mozilla/4.0 (compatible; MSIE 6.0; Windows NT 5.1; SV1)" "www.sancarloscity.org"
124.105.11.54 - - [05/Jan/2008:04:35:39 -0800] "GET /carmels/1.gif HTTP/1.1" 200 15147 "http://www.sancarloscity.org/carmels/" "Mozilla/4.0 (compatible; MSIE 6.0; Windows NT 5.1; SV1)" "www.sancarloscity.org"
124.105.11.54 - - [05/Jan/2008:04:35:39 -0800] "GET /carmels/banner.jpg HTTP/1.1" 200 80845 "http://www.sancarloscity.org/carmels/" "Mozilla/4.0 (compatible; MSIE 6.0; Windows NT 5.1; SV1)" "www.sancarloscity.org"
124.105.11.54 - - [05/Jan/2008:04:35:40 -0800] "GET /carmels/4.gif HTTP/1.1" 200 14219 "http://www.sancarloscity.org/carmels/" "Mozilla/4.0 (compatible; MSIE 6.0; Windows NT 5.1; SV1)" "www.sancarloscity.org"
124.105.11.54 - - [05/Jan/2008:04:35:40 -0800] "GET /carmels/6.gif HTTP/1.1" 200 57467 "http://www.sancarloscity.org/carmels/" "Mozilla/4.0 (compatible; MSIE 6.0; Windows NT 5.1; SV1)" "www.sancarloscity.org"
124.105.11.54 - - [05/Jan/2008:04:35:40 -0800] "GET /carmels/5.gif HTTP/1.1" 200 17398 "http://www.sancarloscity.org/carmels/" "Mozilla/4.0 (compatible; MSIE 6.0; Windows NT 5.1; SV1)" "www.sancarloscity.org"
124.105.11.54 - - [05/Jan/2008:04:35:41 -0800] "GET /carmels/dota.gif HTTP/1.1" 200 9021 "http://www.sancarloscity.org/carmels/" "Mozilla/4.0 (compatible; MSIE 6.0; Windows NT 5.1; SV1)" "www.sancarloscity.org"
124.105.11.54 - - [05/Jan/2008:04:35:42 -0800] "GET /favicon.ico HTTP/1.1" 404 747 "-" "Mozilla/4.0 (compatible; MSIE 6.0; Windows NT 5.1; SV1)" "www.sancarloscity.org"
82.154.54.225 - - [05/Jan/2008:04:36:23 -0800] "GET /forum2/index.php?act=Print&client=printer&f=11&t=152 HTTP/1.1" 200 35973 "http://pesquisa.sapo.pt/search?base=Google&page=2&location=pt&st=.pt&channel=2006&slice=5&barra=resumo&q=how+to+get+virtuagirl+hd+girls&limit=10" "Mozilla/5.0 (Windows; U; Windows NT 6.0; pt-PT; rv:1.8.1.11) Gecko/20071127 Firefox/2.0.0.11" "www.sancarloscity.org"
82.154.54.225 - - [05/Jan/2008:04:36:25 -0800] "GET /forum2/style_emoticons/default/smile.gif HTTP/1.1" 200 699 "http://www.sancarloscity.org/forum2/index.php?act=Print&client=printer&f=11&t=152" "Mozilla/5.0 (Windows; U; Windows NT 6.0; pt-PT; rv:1.8.1.11) Gecko/20071127 Firefox/2.0.0.11" "www.sancarloscity.org"
82.154.54.225 - - [05/Jan/2008:04:36:25 -0800] "GET /forum2/style_images/red_crysta/css_img_quote.gif HTTP/1.1" 200 406 "http://www.sancarloscity.org/forum2/index.php?act=Print&client=printer&f=11&t=152" "Mozilla/5.0 (Windows; U; Windows NT 6.0; pt-PT; rv:1.8.1.11) Gecko/20071127 Firefox/2.0.0.11" "www.sancarloscity.org"
82.154.54.225 - - [05/Jan/2008:04:36:25 -0800] "GET /forum2/style_images/red_crysta/post_snapback.gif HTTP/1.1" 200 61 "http://www.sancarloscity.org/forum2/index.php?act=Print&client=printer&f=11&t=152" "Mozilla/5.0 (Windows; U; Windows NT 6.0; pt-PT; rv:1.8.1.11) Gecko/20071127 Firefox/2.0.0.11" "www.sancarloscity.org"
82.154.54.225 - - [05/Jan/2008:04:36:26 -0800] "GET /favicon.ico HTTP/1.1" 404 747 "-" "Mozilla/5.0 (Windows; U; Windows NT 6.0; pt-PT; rv:1.8.1.11) Gecko/20071127 Firefox/2.0.0.11" "www.sancarloscity.org"
64.1.215.166 - - [05/Jan/2008:04:38:39 -0800] "GET /picgallery/ratepic.php?pic=378&rate=5 HTTP/1.0" 302 0 "-" "Mozilla/5.0 (Twiceler-0.9 http://www.cuill.com/twiceler/robot.html)" "www.sancarloscity.org"
64.1.215.166 - - [05/Jan/2008:04:40:41 -0800] "GET /picgallery/displayimage.php?album=lastup&cat=0&pos=521 HTTP/1.0" 200 13355 "-" "Mozilla/5.0 (Twiceler-0.9 http://www.cuill.com/twiceler/robot.html)" "www.sancarloscity.org"
81.52.143.16 - - [05/Jan/2008:04:42:07 -0800] "GET /robots.txt HTTP/1.1" 404 738 "-" "Mozilla/5.0 (Windows; U; Windows NT 5.1; fr; rv:1.8.1) VoilaBot BETA 1.2 (http://www.voila.com/)" "sancarloscity.org"
81.52.143.16 - - [05/Jan/2008:04:42:12 -0800] "GET /personals.htm HTTP/1.1" 304 - "-" "Mozilla/5.0 (Windows; U; Windows NT 5.1; fr; rv:1.8.1) VoilaBot BETA 1.2 (http://www.voila.com/)" "sancarloscity.org"
64.1.215.166 - - [05/Jan/2008:04:42:20 -0800] "GET /picgallery/thumbnails.php?album=topn&cat=-33&page=1 HTTP/1.0" 200 9847 "-" "Mozilla/5.0 (Twiceler-0.9 http://www.cuill.com/twiceler/robot.html)" "www.sancarloscity.org"
74.6.8.74 - - [05/Jan/2008:04:42:27 -0800] "GET /forum2/lofiversion/index.php HTTP/1.0" 404 748 "-" "Mozilla/5.0 (compatible; Yahoo! Slurp; http://help.yahoo.com/help/us/ysearch/slurp)" "www.sancarloscity.org"
64.1.215.166 - - [05/Jan/2008:04:43:39 -0800] "GET /picgallery/displayimage.php?album=lastup&cat=0&pos=324 HTTP/1.0" 200 13159 "-" "Mozilla/5.0 (Twiceler-0.9 http://www.cuill.com/twiceler/robot.html)" "www.sancarloscity.org"
77.91.227.181 - - [05/Jan/2008:04:44:36 -0800] "POST /guestbookadvance/addentry.php HTTP/1.1" 404 765 "http://www.sancarloscity.org/guestbookadvance/addentry.php" "Mozilla/4.0 (compatible; MSIE 5.01; Windows NT 5.0)" "www.sancarloscity.org"
64.1.215.166 - - [05/Jan/2008:04:44:51 -0800] "GET /picgallery/login.php?referer=%2Fpicgallery%2Fdisplayimage.php%3Fpos%3D-394 HTTP/1.0" 200 5493 "-" "Mozilla/5.0 (Twiceler-0.9 http://www.cuill.com/twiceler/robot.html)" "www.sancarloscity.org"
74.6.25.224 - - [05/Jan/2008:04:45:36 -0800] "GET /robots.txt HTTP/1.0" 404 730 "-" "Mozilla/5.0 (compatible; Yahoo! Slurp; http://help.yahoo.com/help/us/ysearch/slurp)" "www.sancarloscity.org"
74.6.20.159 - - [05/Jan/2008:04:45:37 -0800] "GET /picgallery/thumbnails.php?album=topn&cat=11&page=6 HTTP/1.0" 200 15631 "-" "Mozilla/5.0 (compatible; Yahoo! Slurp; http://help.yahoo.com/help/us/ysearch/slurp)" "www.sancarloscity.org"
58.69.84.102 - - [05/Jan/2008:04:45:38 -0800] "GET /misssancarlos2004/pageantnight/DSC02611.JPG HTTP/1.1" 200 619150 "http://images.google.com.ph/imgres?imgurl=http://www.sancarloscity.org/misssancarlos2004/pageantnight/DSC02611.JPG&imgrefurl=http://www.sancarloscity.org/aboutsancarlos/&h=960&w=1280&sz=605&tbnid=i-tfy2qPhos5JM:&tbnh=113&tbnw=150&hl=en&prev=/images%3Fq%3Dbacolod%2Bcity%26imgsz%3Dxxlarge%26gbv%3D2%26ndsp%3D20%26svnum%3D10%26hl%3Den%26client%3Dfirefox-a%26rls%3Dorg.mozilla:en-US:official%26sa%3DN&frame=small" "Mozilla/5.0 (Windows; U; Windows NT 5.1; en-US; rv:1.8.1.11) Gecko/20071127 Firefox/2.0.0.11" "www.sancarloscity.org"
58.69.84.102 - - [05/Jan/2008:04:45:53 -0800] "GET /aboutsancarlos/ HTTP/1.1" 200 83800 "http://images.google.com.ph/imgres?imgurl=http://www.sancarloscity.org/misssancarlos2004/pageantnight/DSC02611.JPG&imgrefurl=http://www.sancarloscity.org/aboutsancarlos/&h=960&w=1280&sz=605&hl=en&start=12&tbnid=i-tfy2qPhos5JM:&tbnh=113&tbnw=150&prev=/images%3Fq%3Dbacolod%2Bcity%26imgsz%3Dxxlarge%26gbv%3D2%26ndsp%3D20%26svnum%3D10%26hl%3Den%26client%3Dfirefox-a%26rls%3Dorg.mozilla:en-US:official%26sa%3DN" "Mozilla/5.0 (Windows; U; Windows NT 5.1; en-US; rv:1.8.1.11) Gecko/20071127 Firefox/2.0.0.11" "www.sancarloscity.org"
58.69.84.102 - - [05/Jan/2008:04:45:54 -0800] "GET /style.css HTTP/1.1" 200 17050 "http://www.sancarloscity.org/aboutsancarlos/" "Mozilla/5.0 (Windows; U; Windows NT 5.1; en-US; rv:1.8.1.11) Gecko/20071127 Firefox/2.0.0.11" "www.sancarloscity.org"
74.6.20.22 - - [05/Jan/2008:04:46:03 -0800] "GET /robots.txt HTTP/1.0" 404 722 "-" "Mozilla/5.0 (compatible; Yahoo! Slurp; http://help.yahoo.com/help/us/ysearch/slurp)" "sancarloscity.org"
74.6.25.37 - - [05/Jan/2008:04:46:05 -0800] "GET /qphotogallery/displayimage.php?album=lastup&cat=0&pid=336&slideshow=5000 HTTP/1.0" 200 36700 "-" "Mozilla/5.0 (compatible; Yahoo! Slurp; http://help.yahoo.com/help/us/ysearch/slurp)" "sancarloscity.org"
74.6.28.160 - - [05/Jan/2008:04:49:55 -0800] "GET /picgallery/thumbnails.php?album=18&page=2&sort=na HTTP/1.0" 200 17230 "-" "Mozilla/5.0 (compatible; Yahoo! Slurp; http://help.yahoo.com/help/us/ysearch/slurp)" "www.sancarloscity.org"
64.1.215.166 - - [05/Jan/2008:04:50:02 -0800] "GET /picgallery/ratepic.php?pic=98&rate=3 HTTP/1.0" 302 0 "-" "Mozilla/5.0 (Twiceler-0.9 http://www.cuill.com/twiceler/robot.html)" "www.sancarloscity.org"
64.1.215.166 - - [05/Jan/2008:04:50:16 -0800] "GET /picgallery/ratepic.php?pic=526&rate=4 HTTP/1.0" 302 0 "-" "Mozilla/5.0 (Twiceler-0.9 http://www.cuill.com/twiceler/robot.html)" "www.sancarloscity.org"
58.71.29.100 - - [05/Jan/2008:04:50:32 -0800] "GET /forum2/index.php?showtopic=159 HTTP/1.1" 200 8573 "http://sancarloscity.org/" "Mozilla/4.0 (compatible; MSIE 6.0; Windows NT 5.1; SV1; SIMBAR={217BB70C-6540-422D-8EE6-8C3EC17FC211}; Zango 10.1.181.0)" "www.sancarloscity.org"
58.71.29.100 - - [05/Jan/2008:04:50:43 -0800] "GET /forum2/style_images/css_2.css HTTP/1.1" 200 31951 "http://www.sancarloscity.org/forum2/index.php?showtopic=159" "Mozilla/4.0 (compatible; MSIE 6.0; Windows NT 5.1; SV1; SIMBAR={217BB70C-6540-422D-8EE6-8C3EC17FC211}; Zango 10.1.181.0)" "www.sancarloscity.org"
58.71.29.100 - - [05/Jan/2008:04:50:43 -0800] "GET /forum2/style_images/red_crysta/folder_editor_images/css_rte.css HTTP/1.1" 200 4313 "http://www.sancarloscity.org/forum2/index.php?showtopic=159" "Mozilla/4.0 (compatible; MSIE 6.0; Windows NT 5.1; SV1; SIMBAR={217BB70C-6540-422D-8EE6-8C3EC17FC211}; Zango 10.1.181.0)" "www.sancarloscity.org"
74.6.20.171 - - [05/Jan/2008:04:51:53 -0800] "GET /forum2/index.php?act=Members HTTP/1.0" 200 7139 "-" "Mozilla/5.0 (compatible; Yahoo! Slurp; http://help.yahoo.com/help/us/ysearch/slurp)" "www.sancarloscity.org"
222.127.228.5 - - [05/Jan/2008:04:52:56 -0800] "GET /sccisamplepage_02.gif HTTP/1.1" 304 - "http://pub48.bravenet.com/forum/4099256882/" "Mozilla/4.0 (compatible; MSIE 7.0; Windows NT 6.0; SLCC1; .NET CLR 2.0.50727; Media Center PC 5.0; .NET CLR 3.0.04506; InfoPath.2)" "www.sancarloscity.org"
64.1.215.166 - - [05/Jan/2008:04:53:03 -0800] "GET /picgallery/displayimage.php?album=lastup&cat=0&pos=441 HTTP/1.0" 200 13082 "-" "Mozilla/5.0 (Twiceler-0.9 http://www.cuill.com/twiceler/robot.html)" "www.sancarloscity.org"
66.249.70.241 - - [05/Jan/2008:04:53:04 -0800] "GET /newsccilogo.gif HTTP/1.1" 200 4147 "-" "Googlebot-Image/1.0" "www.sancarloscity.org"
66.249.70.241 - - [05/Jan/2008:04:53:04 -0800] "GET /aboutscci/a3.gif HTTP/1.1" 200 7309 "-" "Googlebot-Image/1.0" "www.sancarloscity.org"
66.249.70.241 - - [05/Jan/2008:04:53:04 -0800] "GET /pictures/pics/DSC01597.JPG HTTP/1.1" 200 148198 "-" "Googlebot-Image/1.0" "www.sancarloscity.org"
58.71.29.100 - - [05/Jan/2008:04:53:24 -0800] "GET /forum2/jscripts/ips_ipsclass.js HTTP/1.1" 200 6562 "http://www.sancarloscity.org/forum2/index.php?showtopic=159" "Mozilla/4.0 (compatible; MSIE 6.0; Windows NT 5.1; SV1; SIMBAR={217BB70C-6540-422D-8EE6-8C3EC17FC211}; Zango 10.1.181.0)" "www.sancarloscity.org"
58.71.29.100 - - [05/Jan/2008:04:53:31 -0800] "GET /forum2/jscripts/ipb_global.js HTTP/1.1" 200 17304 "http://www.sancarloscity.org/forum2/index.php?showtopic=159" "Mozilla/4.0 (compatible; MSIE 6.0; Windows NT 5.1; SV1; SIMBAR={217BB70C-6540-422D-8EE6-8C3EC17FC211}; Zango 10.1.181.0)" "www.sancarloscity.org"
58.71.29.100 - - [05/Jan/2008:04:53:35 -0800] "GET /forum2/jscripts/ips_menu.js HTTP/1.1" 200 6059 "http://www.sancarloscity.org/forum2/index.php?showtopic=159" "Mozilla/4.0 (compatible; MSIE 6.0; Windows NT 5.1; SV1; SIMBAR={217BB70C-6540-422D-8EE6-8C3EC17FC211}; Zango 10.1.181.0)" "www.sancarloscity.org"
58.71.29.100 - - [05/Jan/2008:04:53:38 -0800] "GET /forum2/style_images/red_crysta/folder_js_skin/ips_menu_html.js HTTP/1.1" 200 2931 "http://www.sancarloscity.org/forum2/index.php?showtopic=159" "Mozilla/4.0 (compatible; MSIE 6.0; Windows NT 5.1; SV1; SIMBAR={217BB70C-6540-422D-8EE6-8C3EC17FC211}; Zango 10.1.181.0)" "www.sancarloscity.org"
58.71.29.100 - - [05/Jan/2008:04:53:42 -0800] "GET /forum2/cache/lang_cache/en/lang_javascript.js HTTP/1.1" 200 2294 "http://www.sancarloscity.org/forum2/index.php?showtopic=159" "Mozilla/4.0 (compatible; MSIE 6.0; Windows NT 5.1; SV1; SIMBAR={217BB70C-6540-422D-8EE6-8C3EC17FC211}; Zango 10.1.181.0)" "www.sancarloscity.org"
58.71.29.100 - - [05/Jan/2008:04:53:44 -0800] "GET /forum2/style_images/2_2_sccilogobluebkgrd.gif HTTP/1.1" 200 8834 "http://www.sancarloscity.org/forum2/index.php?showtopic=159" "Mozilla/4.0 (compatible; MSIE 6.0; Windows NT 5.1; SV1; SIMBAR={217BB70C-6540-422D-8EE6-8C3EC17FC211}; Zango 10.1.181.0)" "www.sancarloscity.org"
