194.72.9.26 - - [05/Jan/2008:06:40:09 -0800] "GET /forum2/jscripts/ipb_global.js HTTP/1.1" 304 - "http://www.sancarloscity.org/forum2/index.php?showtopic=88" "Mozilla/4.0 (compatible; MSIE 7.0; Windows NT 5.1)" "www.sancarloscity.org"
194.72.9.26 - - [05/Jan/2008:06:40:09 -0800] "GET /forum2/jscripts/ips_menu.js HTTP/1.1" 304 - "http://www.sancarloscity.org/forum2/index.php?showtopic=88" "Mozilla/4.0 (compatible; MSIE 7.0; Windows NT 5.1)" "www.sancarloscity.org"
194.72.9.26 - - [05/Jan/2008:06:40:09 -0800] "GET /forum2/style_images/red_crysta/folder_js_skin/ips_menu_html.js HTTP/1.1" 304 - "http://www.sancarloscity.org/forum2/index.php?showtopic=88" "Mozilla/4.0 (compatible; MSIE 7.0; Windows NT 5.1)" "www.sancarloscity.org"
222.127.229.50 - - [05/Jan/2008:06:40:10 -0800] "GET /newmaps/satellite/TileGroup0/3-5-4.jpg HTTP/1.1" 200 3564 "http://www.sancarloscity.org/newmaps/map.swf" "Mozilla/4.0 (compatible; MSIE 6.0; Windows NT 5.1; SV1)" "www.sancarloscity.org"
222.127.229.50 - - [05/Jan/2008:06:40:10 -0800] "GET /newmaps/satellite/TileGroup0/0-0-0.jpg HTTP/1.1" 200 10350 "http://www.sancarloscity.org/newmaps/map.swf" "Mozilla/4.0 (compatible; MSIE 6.0; Windows NT 5.1; SV1)" "www.sancarloscity.org"
194.72.9.26 - - [05/Jan/2008:06:40:10 -0800] "GET /forum2/cache/lang_cache/en/lang_javascript.js HTTP/1.1" 304 - "http://www.sancarloscity.org/forum2/index.php?showtopic=88" "Mozilla/4.0 (compatible; MSIE 7.0; Windows NT 5.1)" "www.sancarloscity.org"
64.1.215.166 - - [05/Jan/2008:06:40:10 -0800] "GET /picgallery/displayimage.php?album=lastup&cat=0&pos=402 HTTP/1.0" 200 12838 "-" "Mozilla/5.0 (Twiceler-0.9 http://www.cuill.com/twiceler/robot.html)" "www.sancarloscity.org"
194.72.9.26 - - [05/Jan/2008:06:40:10 -0800] "GET /forum2/style_images/2_2_sccilogobluebkgrd.gif HTTP/1.1" 304 - "http://www.sancarloscity.org/forum2/index.php?showtopic=88" "Mozilla/4.0 (compatible; MSIE 7.0; Windows NT 5.1)" "www.sancarloscity.org"
194.72.9.26 - - [05/Jan/2008:06:40:10 -0800] "GET /forum2/style_images/red_crysta/login-button.gif HTTP/1.1" 304 - "http://www.sancarloscity.org/forum2/index.php?showtopic=88" "Mozilla/4.0 (compatible; MSIE 7.0; Windows NT 5.1)" "www.sancarloscity.org"
194.72.9.26 - - [05/Jan/2008:06:40:10 -0800] "GET /forum2/style_images/red_crysta/tile_back.gif HTTP/1.1" 304 - "http://www.sancarloscity.org/forum2/index.php?showtopic=88" "Mozilla/4.0 (compatible; MSIE 7.0; Windows NT 5.1)" "www.sancarloscity.org"
194.72.9.26 - - [05/Jan/2008:06:40:10 -0800] "GET /forum2/style_images/red_crysta/tile_sub.gif HTTP/1.1" 304 - "http://www.sancarloscity.org/forum2/index.php?showtopic=88" "Mozilla/4.0 (compatible; MSIE 7.0; Windows NT 5.1)" "www.sancarloscity.org"
222.127.229.50 - - [05/Jan/2008:06:40:11 -0800] "GET /newmaps/satellite/TileGroup0/3-5-4.jpg HTTP/1.1" 200 3564 "http://www.sancarloscity.org/newmaps/map.swf" "Mozilla/4.0 (compatible; MSIE 6.0; Windows NT 5.1; SV1)" "www.sancarloscity.org"
194.72.9.26 - - [05/Jan/2008:06:40:11 -0800] "GET /forum2/style_images/red_crysta/tile_sub-lite.gif HTTP/1.1" 304 - "http://www.sancarloscity.org/forum2/index.php?showtopic=88" "Mozilla/4.0 (compatible; MSIE 7.0; Windows NT 5.1)" "www.sancarloscity.org"
194.72.9.26 - - [05/Jan/2008:06:40:11 -0800] "GET /forum2/jscripts/ips_xmlhttprequest.js HTTP/1.1" 304 - "http://www.sancarloscity.org/forum2/index.php?showtopic=88" "Mozilla/4.0 (compatible; MSIE 7.0; Windows NT 5.1)" "www.sancarloscity.org"
222.127.229.50 - - [05/Jan/2008:06:40:11 -0800] "GET /newmaps/satellite/TileGroup0/3-5-4.jpg HTTP/1.1" 200 3564 "http://www.sancarloscity.org/newmaps/map.swf" "Mozilla/4.0 (compatible; MSIE 6.0; Windows NT 5.1; SV1)" "www.sancarloscity.org"
194.72.9.26 - - [05/Jan/2008:06:40:11 -0800] "GET /forum2/jscripts/ipb_global_xmlenhanced.js HTTP/1.1" 304 - "http://www.sancarloscity.org/forum2/index.php?showtopic=88" "Mozilla/4.0 (compatible; MSIE 7.0; Windows NT 5.1)" "www.sancarloscity.org"
194.72.9.26 - - [05/Jan/2008:06:40:12 -0800] "GET /forum2/jscripts/dom-drag.js HTTP/1.1" 304 - "http://www.sancarloscity.org/forum2/index.php?showtopic=88" "Mozilla/4.0 (compatible; MSIE 7.0; Windows NT 5.1)" "www.sancarloscity.org"
194.72.9.26 - - [05/Jan/2008:06:40:12 -0800] "GET /forum2/style_images/red_crysta/loading_anim.gif HTTP/1.1" 304 - "http://www.sancarloscity.org/forum2/index.php?showtopic=88" "Mozilla/4.0 (compatible; MSIE 7.0; Windows NT 5.1)" "www.sancarloscity.org"
194.72.9.26 - - [05/Jan/2008:06:40:12 -0800] "GET /forum2/style_images/red_crysta/close.png HTTP/1.1" 304 - "http://www.sancarloscity.org/forum2/index.php?showtopic=88" "Mozilla/4.0 (compatible; MSIE 7.0; Windows NT 5.1)" "www.sancarloscity.org"
222.127.229.50 - - [05/Jan/2008:06:40:12 -0800] "GET /newmaps/satellite/TileGroup0/3-5-4.jpg HTTP/1.1" 200 3564 "http://www.sancarloscity.org/newmaps/map.swf" "Mozilla/4.0 (compatible; MSIE 6.0; Windows NT 5.1; SV1)" "www.sancarloscity.org"
194.72.9.26 - - [05/Jan/2008:06:40:12 -0800] "GET /forum2/style_images/red_crysta/tile_cat.gif HTTP/1.1" 304 - "http://www.sancarloscity.org/forum2/index.php?showtopic=88" "Mozilla/4.0 (compatible; MSIE 7.0; Windows NT 5.1)" "www.sancarloscity.org"
194.72.9.26 - - [05/Jan/2008:06:40:12 -0800] "GET /forum2/style_images/red_crysta/nav.gif HTTP/1.1" 304 - "http://www.sancarloscity.org/forum2/index.php?showtopic=88" "Mozilla/4.0 (compatible; MSIE 7.0; Windows NT 5.1)" "www.sancarloscity.org"
222.127.229.50 - - [05/Jan/2008:06:40:12 -0800] "GET /newmaps/satellite/TileGroup0/3-5-4.jpg HTTP/1.1" 200 3564 "http://www.sancarloscity.org/newmaps/map.swf" "Mozilla/4.0 (compatible; MSIE 6.0; Windows NT 5.1; SV1)" "www.sancarloscity.org"
194.72.9.26 - - [05/Jan/2008:06:40:13 -0800] "GET /forum2/style_images/red_crysta/css_pp_header.gif HTTP/1.1" 304 - "http://www.sancarloscity.org/forum2/index.php?showtopic=88" "Mozilla/4.0 (compatible; MSIE 7.0; Windows NT 5.1)" "www.sancarloscity.org"
194.72.9.26 - - [05/Jan/2008:06:40:13 -0800] "GET /forum2/jscripts/ipb_topic.js HTTP/1.1" 304 - "http://www.sancarloscity.org/forum2/index.php?showtopic=88" "Mozilla/4.0 (compatible; MSIE 7.0; Windows NT 5.1)" "www.sancarloscity.org"
194.72.9.26 - - [05/Jan/2008:06:40:13 -0800] "GET /forum2/jscripts/ips_text_editor_lite.js HTTP/1.1" 304 - "http://www.sancarloscity.org/forum2/index.php?showtopic=88" "Mozilla/4.0 (compatible; MSIE 7.0; Windows NT 5.1)" "www.sancarloscity.org"
194.72.9.26 - - [05/Jan/2008:06:40:13 -0800] "GET /forum2/style_images/red_crysta/t_reply.gif HTTP/1.1" 304 - "http://www.sancarloscity.org/forum2/index.php?showtopic=88" "Mozilla/4.0 (compatible; MSIE 7.0; Windows NT 5.1)" "www.sancarloscity.org"
194.72.9.26 - - [05/Jan/2008:06:40:13 -0800] "GET /forum2/style_images/red_crysta/t_new.gif HTTP/1.1" 304 - "http://www.sancarloscity.org/forum2/index.php?showtopic=88" "Mozilla/4.0 (compatible; MSIE 7.0; Windows NT 5.1)" "www.sancarloscity.org"
222.127.229.50 - - [05/Jan/2008:06:40:13 -0800] "GET /newmaps/satellite/TileGroup0/3-5-4.jpg HTTP/1.1" 200 3564 "http://www.sancarloscity.org/newmaps/map.swf" "Mozilla/4.0 (compatible; MSIE 6.0; Windows NT 5.1; SV1)" "www.sancarloscity.org"
194.72.9.26 - - [05/Jan/2008:06:40:14 -0800] "GET /forum2/style_images/red_crysta/iframe.html HTTP/1.1" 304 - "http://www.sancarloscity.org/forum2/index.php?showtopic=88" "Mozilla/4.0 (compatible; MSIE 7.0; Windows NT 5.1)" "www.sancarloscity.org"
194.72.9.26 - - [05/Jan/2008:06:40:14 -0800] "GET /forum2/style_images/red_crysta/iframe.html HTTP/1.1" 304 - "http://www.sancarloscity.org/forum2/index.php?showtopic=88" "Mozilla/4.0 (compatible; MSIE 7.0; Windows NT 5.1)" "www.sancarloscity.org"
222.127.229.50 - - [05/Jan/2008:06:40:14 -0800] "GET /newmaps/satellite/TileGroup0/4-4-4.jpg HTTP/1.1" 200 17243 "http://www.sancarloscity.org/newmaps/map.swf" "Mozilla/4.0 (compatible; MSIE 6.0; Windows NT 5.1; SV1)" "www.sancarloscity.org"
194.72.9.26 - - [05/Jan/2008:06:40:14 -0800] "GET /forum2/style_images/red_crysta/nav_m.gif HTTP/1.1" 304 - "http://www.sancarloscity.org/forum2/index.php?showtopic=88" "Mozilla/4.0 (compatible; MSIE 7.0; Windows NT 5.1)" "www.sancarloscity.org"
194.72.9.26 - - [05/Jan/2008:06:40:14 -0800] "GET /forum2/style_images/red_crysta/bar_left.gif HTTP/1.1" 304 - "http://www.sancarloscity.org/forum2/index.php?showtopic=88" "Mozilla/4.0 (compatible; MSIE 7.0; Windows NT 5.1)" "www.sancarloscity.org"
194.72.9.26 - - [05/Jan/2008:06:40:14 -0800] "GET /forum2/style_images/red_crysta/bar.gif HTTP/1.1" 304 - "http://www.sancarloscity.org/forum2/index.php?showtopic=88" "Mozilla/4.0 (compatible; MSIE 7.0; Windows NT 5.1)" "www.sancarloscity.org"
194.72.9.26 - - [05/Jan/2008:06:40:14 -0800] "GET /forum2/style_images/red_crysta/bar_right.gif HTTP/1.1" 304 - "http://www.sancarloscity.org/forum2/index.php?showtopic=88" "Mozilla/4.0 (compatible; MSIE 7.0; Windows NT 5.1)" "www.sancarloscity.org"
194.72.9.26 - - [05/Jan/2008:06:40:15 -0800] "GET /forum2/style_images/red_crysta/menu_action_down.gif HTTP/1.1" 304 - "http://www.sancarloscity.org/forum2/index.php?showtopic=88" "Mozilla/4.0 (compatible; MSIE 7.0; Windows NT 5.1)" "www.sancarloscity.org"
222.127.229.50 - - [05/Jan/2008:06:40:15 -0800] "GET /newmaps/satellite/TileGroup0/4-5-4.jpg HTTP/1.1" 200 13333 "http://www.sancarloscity.org/newmaps/map.swf" "Mozilla/4.0 (compatible; MSIE 6.0; Windows NT 5.1; SV1)" "www.sancarloscity.org"
194.72.9.26 - - [05/Jan/2008:06:40:15 -0800] "GET /forum2/style_images/red_crysta/menu_item.gif HTTP/1.1" 304 - "http://www.sancarloscity.org/forum2/index.php?showtopic=88" "Mozilla/4.0 (compatible; MSIE 7.0; Windows NT 5.1)" "www.sancarloscity.org"
194.72.9.26 - - [05/Jan/2008:06:40:15 -0800] "GET /forum2/style_images/red_crysta/folder_profile_portal/user-offline.png HTTP/1.1" 304 - "http://www.sancarloscity.org/forum2/index.php?showtopic=88" "Mozilla/4.0 (compatible; MSIE 7.0; Windows NT 5.1)" "www.sancarloscity.org"
194.72.9.26 - - [05/Jan/2008:06:40:15 -0800] "GET /forum2/style_images/red_crysta/folder_profile_portal/pp-blank-thumb.png HTTP/1.1" 304 - "http://www.sancarloscity.org/forum2/index.php?showtopic=88" "Mozilla/4.0 (compatible; MSIE 7.0; Windows NT 5.1)" "www.sancarloscity.org"
222.127.229.50 - - [05/Jan/2008:06:40:15 -0800] "GET /newmaps/satellite/TileGroup0/4-6-4.jpg HTTP/1.1" 200 9747 "http://www.sancarloscity.org/newmaps/map.swf" "Mozilla/4.0 (compatible; MSIE 6.0; Windows NT 5.1; SV1)" "www.sancarloscity.org"
194.72.9.26 - - [05/Jan/2008:06:40:15 -0800] "GET /forum2/style_images/red_crysta/rating_0_mini.gif HTTP/1.1" 304 - "http://www.sancarloscity.org/forum2/index.php?showtopic=88" "Mozilla/4.0 (compatible; MSIE 7.0; Windows NT 5.1)" "www.sancarloscity.org"
194.72.9.26 - - [05/Jan/2008:06:40:16 -0800] "GET /forum2/style_images/red_crysta/folder_profile_portal/gender_mystery.png HTTP/1.1" 304 - "http://www.sancarloscity.org/forum2/index.php?showtopic=88" "Mozilla/4.0 (compatible; MSIE 7.0; Windows NT 5.1)" "www.sancarloscity.org"
194.72.9.26 - - [05/Jan/2008:06:40:16 -0800] "GET /forum2/style_images/red_crysta/folder_profile_portal/find_posts.png HTTP/1.1" 304 - "http://www.sancarloscity.org/forum2/index.php?showtopic=88" "Mozilla/4.0 (compatible; MSIE 7.0; Windows NT 5.1)" "www.sancarloscity.org"
194.72.9.26 - - [05/Jan/2008:06:40:16 -0800] "GET /forum2/style_images/red_crysta/to_post_off.gif HTTP/1.1" 304 - "http://www.sancarloscity.org/forum2/index.php?showtopic=88" "Mozilla/4.0 (compatible; MSIE 7.0; Windows NT 5.1)" "www.sancarloscity.org"
194.72.9.26 - - [05/Jan/2008:06:40:16 -0800] "GET /forum2/uploads/av-1.gif HTTP/1.1" 304 - "http://www.sancarloscity.org/forum2/index.php?showtopic=88" "Mozilla/4.0 (compatible; MSIE 7.0; Windows NT 5.1)" "www.sancarloscity.org"
222.127.229.50 - - [05/Jan/2008:06:40:16 -0800] "GET /newmaps/satellite/TileGroup0/4-4-5.jpg HTTP/1.1" 200 16533 "http://www.sancarloscity.org/newmaps/map.swf" "Mozilla/4.0 (compatible; MSIE 6.0; Windows NT 5.1; SV1)" "www.sancarloscity.org"
194.72.9.26 - - [05/Jan/2008:06:40:16 -0800] "GET /forum2/style_images/red_crysta/pip.gif HTTP/1.1" 304 - "http://www.sancarloscity.org/forum2/index.php?showtopic=88" "Mozilla/4.0 (compatible; MSIE 7.0; Windows NT 5.1)" "www.sancarloscity.org"
194.72.9.26 - - [05/Jan/2008:06:40:17 -0800] "GET /forum2/style_images/red_crysta/spacer.gif HTTP/1.1" 304 - "http://www.sancarloscity.org/forum2/index.php?showtopic=88" "Mozilla/4.0 (compatible; MSIE 7.0; Windows NT 5.1)" "www.sancarloscity.org"
194.72.9.26 - - [05/Jan/2008:06:40:17 -0800] "GET /forum2/style_images/red_crysta/p_up.gif HTTP/1.1" 304 - "http://www.sancarloscity.org/forum2/index.php?showtopic=88" "Mozilla/4.0 (compatible; MSIE 7.0; Windows NT 5.1)" "www.sancarloscity.org"
222.127.229.50 - - [05/Jan/2008:06:40:17 -0800] "GET /newmaps/satellite/TileGroup0/4-6-5.jpg HTTP/1.1" 200 11577 "http://www.sancarloscity.org/newmaps/map.swf" "Mozilla/4.0 (compatible; MSIE 6.0; Windows NT 5.1; SV1)" "www.sancarloscity.org"
194.72.9.26 - - [05/Jan/2008:06:40:17 -0800] "GET /forum2/style_images/red_crysta/p_mq_add.gif HTTP/1.1" 304 - "http://www.sancarloscity.org/forum2/index.php?showtopic=88" "Mozilla/4.0 (compatible; MSIE 7.0; Windows NT 5.1)" "www.sancarloscity.org"
194.72.9.26 - - [05/Jan/2008:06:40:17 -0800] "GET /forum2/style_images/red_crysta/p_quote.gif HTTP/1.1" 304 - "http://www.sancarloscity.org/forum2/index.php?showtopic=88" "Mozilla/4.0 (compatible; MSIE 7.0; Windows NT 5.1)" "www.sancarloscity.org"
194.72.9.26 - - [05/Jan/2008:06:40:17 -0800] "GET /forum2/uploads/photo-thumb-94.jpg HTTP/1.1" 304 - "http://www.sancarloscity.org/forum2/index.php?showtopic=88" "Mozilla/4.0 (compatible; MSIE 7.0; Windows NT 5.1)" "www.sancarloscity.org"
194.72.9.26 - - [05/Jan/2008:06:40:17 -0800] "GET /forum2/style_images/red_crysta/folder_profile_portal/gender_male.png HTTP/1.1" 304 - "http://www.sancarloscity.org/forum2/index.php?showtopic=88" "Mozilla/4.0 (compatible; MSIE 7.0; Windows NT 5.1)" "www.sancarloscity.org"
194.72.9.26 - - [05/Jan/2008:06:40:18 -0800] "GET /forum2/uploads/av-94.jpg HTTP/1.1" 304 - "http://www.sancarloscity.org/forum2/index.php?showtopic=88" "Mozilla/4.0 (compatible; MSIE 7.0; Windows NT 5.1)" "www.sancarloscity.org"
194.72.9.26 - - [05/Jan/2008:06:40:18 -0800] "GET /forum2/uploads/photo-thumb-76.jpg HTTP/1.1" 304 - "http://www.sancarloscity.org/forum2/index.php?showtopic=88" "Mozilla/4.0 (compatible; MSIE 7.0; Windows NT 5.1)" "www.sancarloscity.org"
222.127.229.50 - - [05/Jan/2008:06:40:18 -0800] "GET /newmaps/satellite/TileGroup0/4-5-5.jpg HTTP/1.1" 200 17042 "http://www.sancarloscity.org/newmaps/map.swf" "Mozilla/4.0 (compatible; MSIE 6.0; Windows NT 5.1; SV1)" "www.sancarloscity.org"
194.72.9.26 - - [05/Jan/2008:06:40:18 -0800] "GET /forum2/uploads/av-76.jpg HTTP/1.1" 304 - "http://www.sancarloscity.org/forum2/index.php?showtopic=88" "Mozilla/4.0 (compatible; MSIE 7.0; Windows NT 5.1)" "www.sancarloscity.org"
194.72.9.26 - - [05/Jan/2008:06:40:18 -0800] "GET /forum2/uploads/av-14.jpg HTTP/1.1" 304 - "http://www.sancarloscity.org/forum2/index.php?showtopic=88" "Mozilla/4.0 (compatible; MSIE 7.0; Windows NT 5.1)" "www.sancarloscity.org"
222.127.229.50 - - [05/Jan/2008:06:40:18 -0800] "GET /newmaps/satellite/TileGroup0/4-7-4.jpg HTTP/1.1" 200 13109 "http://www.sancarloscity.org/newmaps/map.swf" "Mozilla/4.0 (compatible; MSIE 6.0; Windows NT 5.1; SV1)" "www.sancarloscity.org"
194.72.9.26 - - [05/Jan/2008:06:40:18 -0800] "GET /forum2/style_images/red_crysta/post_snapback.gif HTTP/1.1" 304 - "http://www.sancarloscity.org/forum2/index.php?showtopic=88" "Mozilla/4.0 (compatible; MSIE 7.0; Windows NT 5.1)" "www.sancarloscity.org"
194.72.9.26 - - [05/Jan/2008:06:40:19 -0800] "GET /forum2/style_images/red_crysta/css_img_quote.gif HTTP/1.1" 304 - "http://www.sancarloscity.org/forum2/index.php?showtopic=88" "Mozilla/4.0 (compatible; MSIE 7.0; Windows NT 5.1)" "www.sancarloscity.org"
194.72.9.26 - - [05/Jan/2008:06:40:19 -0800] "GET /forum2/style_images/red_crysta/rss.png HTTP/1.1" 304 - "http://www.sancarloscity.org/forum2/index.php?showtopic=88" "Mozilla/4.0 (compatible; MSIE 7.0; Windows NT 5.1)" "www.sancarloscity.org"
194.72.9.26 - - [05/Jan/2008:06:40:19 -0800] "GET /forum2/index.php?act=task HTTP/1.1" 200 59 "http://www.sancarloscity.org/forum2/index.php?showtopic=88" "Mozilla/4.0 (compatible; MSIE 7.0; Windows NT 5.1)" "www.sancarloscity.org"
222.127.229.50 - - [05/Jan/2008:06:40:19 -0800] "GET /newmaps/satellite/TileGroup0/4-7-5.jpg HTTP/1.1" 200 14638 "http://www.sancarloscity.org/newmaps/map.swf" "Mozilla/4.0 (compatible; MSIE 6.0; Windows NT 5.1; SV1)" "www.sancarloscity.org"
222.127.229.50 - - [05/Jan/2008:06:40:20 -0800] "GET /newmaps/satellite/TileGroup0/4-4-6.jpg HTTP/1.1" 200 17363 "http://www.sancarloscity.org/newmaps/map.swf" "Mozilla/4.0 (compatible; MSIE 6.0; Windows NT 5.1; SV1)" "www.sancarloscity.org"
222.127.229.50 - - [05/Jan/2008:06:40:21 -0800] "GET /newmaps/satellite/TileGroup0/4-5-6.jpg HTTP/1.1" 200 17065 "http://www.sancarloscity.org/newmaps/map.swf" "Mozilla/4.0 (compatible; MSIE 6.0; Windows NT 5.1; SV1)" "www.sancarloscity.org"
222.127.229.50 - - [05/Jan/2008:06:40:21 -0800] "GET /newmaps/satellite/TileGroup0/4-6-6.jpg HTTP/1.1" 200 16216 "http://www.sancarloscity.org/newmaps/map.swf" "Mozilla/4.0 (compatible; MSIE 6.0; Windows NT 5.1; SV1)" "www.sancarloscity.org"
222.127.229.50 - - [05/Jan/2008:06:40:22 -0800] "GET /newmaps/satellite/TileGroup0/4-7-6.jpg HTTP/1.1" 200 17921 "http://www.sancarloscity.org/newmaps/map.swf" "Mozilla/4.0 (compatible; MSIE 6.0; Windows NT 5.1; SV1)" "www.sancarloscity.org"
222.127.229.50 - - [05/Jan/2008:06:40:23 -0800] "GET /newmaps/satellite/TileGroup0/4-4-7.jpg HTTP/1.1" 200 14292 "http://www.sancarloscity.org/newmaps/map.swf" "Mozilla/4.0 (compatible; MSIE 6.0; Windows NT 5.1; SV1)" "www.sancarloscity.org"
222.127.229.50 - - [05/Jan/2008:06:40:24 -0800] "GET /newmaps/satellite/TileGroup0/4-5-7.jpg HTTP/1.1" 200 17439 "http://www.sancarloscity.org/newmaps/map.swf" "Mozilla/4.0 (compatible; MSIE 6.0; Windows NT 5.1; SV1)" "www.sancarloscity.org"
222.127.229.50 - - [05/Jan/2008:06:40:24 -0800] "GET /newmaps/satellite/TileGroup0/4-6-7.jpg HTTP/1.1" 200 16253 "http://www.sancarloscity.org/newmaps/map.swf" "Mozilla/4.0 (compatible; MSIE 6.0; Windows NT 5.1; SV1)" "www.sancarloscity.org"
222.127.229.50 - - [05/Jan/2008:06:40:25 -0800] "GET /newmaps/satellite/TileGroup0/4-7-7.jpg HTTP/1.1" 200 16600 "http://www.sancarloscity.org/newmaps/map.swf" "Mozilla/4.0 (compatible; MSIE 6.0; Windows NT 5.1; SV1)" "www.sancarloscity.org"
222.127.229.50 - - [05/Jan/2008:06:40:26 -0800] "GET /newmaps/satellite/TileGroup1/5-10-10.jpg HTTP/1.1" 200 12953 "http://www.sancarloscity.org/newmaps/map.swf" "Mozilla/4.0 (compatible; MSIE 6.0; Windows NT 5.1; SV1)" "www.sancarloscity.org"
222.127.229.50 - - [05/Jan/2008:06:40:27 -0800] "GET /newmaps/satellite/TileGroup1/5-12-10.jpg HTTP/1.1" 200 7598 "http://www.sancarloscity.org/newmaps/map.swf" "Mozilla/4.0 (compatible; MSIE 6.0; Windows NT 5.1; SV1)" "www.sancarloscity.org"
222.127.229.50 - - [05/Jan/2008:06:40:28 -0800] "GET /newmaps/satellite/TileGroup1/5-11-10.jpg HTTP/1.1" 200 10567 "http://www.sancarloscity.org/newmaps/map.swf" "Mozilla/4.0 (compatible; MSIE 6.0; Windows NT 5.1; SV1)" "www.sancarloscity.org"
222.127.229.50 - - [05/Jan/2008:06:40:29 -0800] "GET /newmaps/satellite/TileGroup1/5-10-11.jpg HTTP/1.1" 200 13320 "http://www.sancarloscity.org/newmaps/map.swf" "Mozilla/4.0 (compatible; MSIE 6.0; Windows NT 5.1; SV1)" "www.sancarloscity.org"
222.127.229.50 - - [05/Jan/2008:06:40:30 -0800] "GET /newmaps/satellite/TileGroup1/5-13-10.jpg HTTP/1.1" 200 8693 "http://www.sancarloscity.org/newmaps/map.swf" "Mozilla/4.0 (compatible; MSIE 6.0; Windows NT 5.1; SV1)" "www.sancarloscity.org"
222.127.229.50 - - [05/Jan/2008:06:40:31 -0800] "GET /newmaps/satellite/TileGroup1/5-11-11.jpg HTTP/1.1" 200 12843 "http://www.sancarloscity.org/newmaps/map.swf" "Mozilla/4.0 (compatible; MSIE 6.0; Windows NT 5.1; SV1)" "www.sancarloscity.org"
222.127.229.50 - - [05/Jan/2008:06:40:32 -0800] "GET /newmaps/satellite/TileGroup1/5-12-11.jpg HTTP/1.1" 200 8965 "http://www.sancarloscity.org/newmaps/map.swf" "Mozilla/4.0 (compatible; MSIE 6.0; Windows NT 5.1; SV1)" "www.sancarloscity.org"
222.127.229.50 - - [05/Jan/2008:06:40:34 -0800] "GET /newmaps/satellite/TileGroup1/5-13-11.jpg HTTP/1.1" 200 8938 "http://www.sancarloscity.org/newmaps/map.swf" "Mozilla/4.0 (compatible; MSIE 6.0; Windows NT 5.1; SV1)" "www.sancarloscity.org"
222.127.229.50 - - [05/Jan/2008:06:40:34 -0800] "GET /newmaps/satellite/TileGroup1/5-10-12.jpg HTTP/1.1" 200 13342 "http://www.sancarloscity.org/newmaps/map.swf" "Mozilla/4.0 (compatible; MSIE 6.0; Windows NT 5.1; SV1)" "www.sancarloscity.org"
222.127.229.50 - - [05/Jan/2008:06:40:35 -0800] "GET /newmaps/satellite/TileGroup1/5-11-12.jpg HTTP/1.1" 200 12398 "http://www.sancarloscity.org/newmaps/map.swf" "Mozilla/4.0 (compatible; MSIE 6.0; Windows NT 5.1; SV1)" "www.sancarloscity.org"
222.127.229.50 - - [05/Jan/2008:06:40:37 -0800] "GET /newmaps/satellite/TileGroup1/5-12-12.jpg HTTP/1.1" 200 10758 "http://www.sancarloscity.org/newmaps/map.swf" "Mozilla/4.0 (compatible; MSIE 6.0; Windows NT 5.1; SV1)" "www.sancarloscity.org"
64.1.215.166 - - [05/Jan/2008:06:40:37 -0800] "GET /picgallery/login.php?referer=%2Fpicgallery%2Fdisplayimage.php%3Falbum%3Dlastup%26cat%3D0%26pos%3D382 HTTP/1.0" 200 5565 "-" "Mozilla/5.0 (Twiceler-0.9 http://www.cuill.com/twiceler/robot.html)" "www.sancarloscity.org"
222.127.229.50 - - [05/Jan/2008:06:40:37 -0800] "GET /newmaps/satellite/TileGroup1/5-13-12.jpg HTTP/1.1" 200 11376 "http://www.sancarloscity.org/newmaps/map.swf" "Mozilla/4.0 (compatible; MSIE 6.0; Windows NT 5.1; SV1)" "www.sancarloscity.org"
222.127.229.50 - - [05/Jan/2008:06:40:38 -0800] "GET /newmaps/satellite/TileGroup0/3-5-4.jpg HTTP/1.1" 206 3564 "http://www.sancarloscity.org/newmaps/map.swf" "Mozilla/4.0 (compatible; MSIE 6.0; Windows NT 5.1; SV1)" "www.sancarloscity.org"
222.127.229.50 - - [05/Jan/2008:06:40:38 -0800] "GET /newmaps/satellite/TileGroup0/2-0-0.jpg HTTP/1.1" 200 13187 "http://www.sancarloscity.org/newmaps/map.swf" "Mozilla/4.0 (compatible; MSIE 6.0; Windows NT 5.1; SV1)" "www.sancarloscity.org"
222.127.229.50 - - [05/Jan/2008:06:40:39 -0800] "GET /newmaps/satellite/TileGroup0/2-1-0.jpg HTTP/1.1" 200 14027 "http://www.sancarloscity.org/newmaps/map.swf" "Mozilla/4.0 (compatible; MSIE 6.0; Windows NT 5.1; SV1)" "www.sancarloscity.org"
222.127.229.50 - - [05/Jan/2008:06:40:41 -0800] "GET /newmaps/satellite/TileGroup0/2-2-0.jpg HTTP/1.1" 200 16926 "http://www.sancarloscity.org/newmaps/map.swf" "Mozilla/4.0 (compatible; MSIE 6.0; Windows NT 5.1; SV1)" "www.sancarloscity.org"
222.127.229.50 - - [05/Jan/2008:06:40:42 -0800] "GET /newmaps/satellite/TileGroup0/2-0-1.jpg HTTP/1.1" 200 17491 "http://www.sancarloscity.org/newmaps/map.swf" "Mozilla/4.0 (compatible; MSIE 6.0; Windows NT 5.1; SV1)" "www.sancarloscity.org"
222.127.229.50 - - [05/Jan/2008:06:40:43 -0800] "GET /newmaps/satellite/TileGroup0/2-1-1.jpg HTTP/1.1" 200 21417 "http://www.sancarloscity.org/newmaps/map.swf" "Mozilla/4.0 (compatible; MSIE 6.0; Windows NT 5.1; SV1)" "www.sancarloscity.org"
222.127.229.50 - - [05/Jan/2008:06:40:44 -0800] "GET /newmaps/satellite/TileGroup0/2-2-1.jpg HTTP/1.1" 200 15005 "http://www.sancarloscity.org/newmaps/map.swf" "Mozilla/4.0 (compatible; MSIE 6.0; Windows NT 5.1; SV1)" "www.sancarloscity.org"
222.127.229.50 - - [05/Jan/2008:06:40:44 -0800] "GET /newmaps/satellite/TileGroup0/2-0-2.jpg HTTP/1.1" 200 15532 "http://www.sancarloscity.org/newmaps/map.swf" "Mozilla/4.0 (compatible; MSIE 6.0; Windows NT 5.1; SV1)" "www.sancarloscity.org"
222.127.229.50 - - [05/Jan/2008:06:40:45 -0800] "GET /newmaps/satellite/TileGroup0/2-1-2.jpg HTTP/1.1" 200 10554 "http://www.sancarloscity.org/newmaps/map.swf" "Mozilla/4.0 (compatible; MSIE 6.0; Windows NT 5.1; SV1)" "www.sancarloscity.org"
222.127.229.50 - - [05/Jan/2008:06:40:46 -0800] "GET /newmaps/satellite/TileGroup0/2-2-2.jpg HTTP/1.1" 200 6522 "http://www.sancarloscity.org/newmaps/map.swf" "Mozilla/4.0 (compatible; MSIE 6.0; Windows NT 5.1; SV1)" "www.sancarloscity.org"
222.127.229.50 - - [05/Jan/2008:06:40:47 -0800] "GET /newmaps/satellite/TileGroup0/2-2-2.jpg HTTP/1.1" 200 6522 "http://www.sancarloscity.org/newmaps/map.swf" "Mozilla/4.0 (compatible; MSIE 6.0; Windows NT 5.1; SV1)" "www.sancarloscity.org"
222.127.229.50 - - [05/Jan/2008:06:40:47 -0800] "GET /newmaps/satellite/TileGroup0/4-4-4.jpg HTTP/1.1" 200 17243 "http://www.sancarloscity.org/newmaps/map.swf" "Mozilla/4.0 (compatible; MSIE 6.0; Windows NT 5.1; SV1)" "www.sancarloscity.org"
222.127.229.50 - - [05/Jan/2008:06:40:48 -0800] "GET /newmaps/satellite/TileGroup0/4-6-4.jpg HTTP/1.1" 200 9747 "http://www.sancarloscity.org/newmaps/map.swf" "Mozilla/4.0 (compatible; MSIE 6.0; Windows NT 5.1; SV1)" "www.sancarloscity.org"
222.127.229.50 - - [05/Jan/2008:06:40:50 -0800] "GET /newmaps/satellite/TileGroup0/4-4-5.jpg HTTP/1.1" 200 16533 "http://www.sancarloscity.org/newmaps/map.swf" "Mozilla/4.0 (compatible; MSIE 6.0; Windows NT 5.1; SV1)" "www.sancarloscity.org"
194.72.9.26 - - [05/Jan/2008:06:40:50 -0800] "GET /hotelrates.htm HTTP/1.1" 304 - "http://www.sancarloscity.org/gettingaround.htm" "Mozilla/4.0 (compatible;