200.63.42.95 - - [28/Aug/2008:06:32:54 -0700] "GET /jodera2/index.php?sid=3d009f9d76281d803264a0c1f9542ad2 HTTP/1.0" 200 54936 "http://www.sancarloscity.org/jodera2/index.php?sid=3d009f9d76281d803264a0c1f9542ad2" "Mozilla/4.0 (compatible; MSIE 6.0; Windows NT 5.2; Win64; AMD64)" "www.sancarloscity.org"
200.63.42.95 - - [28/Aug/2008:06:32:58 -0700] "GET /jodera2/viewforum.php?f=1 HTTP/1.0" 200 83670 "http://www.sancarloscity.org/viewforum.php?f=1" "Mozilla/4.0 (compatible; MSIE 6.0; Windows NT 5.2; Win64; AMD64)" "www.sancarloscity.org"
200.63.42.95 - - [28/Aug/2008:06:33:02 -0700] "GET /jodera2/posting.php?mode=newtopic&f=1 HTTP/1.0" 200 41358 "http://www.sancarloscity.org/posting.php?mode=newtopic&f=1" "Mozilla/4.0 (compatible; MSIE 6.0; Windows NT 5.2; Win64; AMD64)" "www.sancarloscity.org"
67.195.37.186 - - [28/Aug/2008:06:33:05 -0700] "GET /forum2/index.php?showuser=405 HTTP/1.0" 200 4461 "-" "Mozilla/5.0 (compatible; Yahoo! Slurp; http://help.yahoo.com/help/us/ysearch/slurp)" "www.sancarloscity.org"
200.63.42.95 - - [28/Aug/2008:06:33:09 -0700] "POST /jodera2/posting.php HTTP/1.0" 200 11432 "http://www.sancarloscity.org/jodera2/posting.php?mode=newtopic&f=1" "Mozilla/4.0 (compatible; MSIE 6.0; Windows NT 5.2; Win64; AMD64)" "www.sancarloscity.org"
74.6.18.251 - - [28/Aug/2008:06:33:59 -0700] "GET /forum2/index.php?act=calendar&cal_id=1&code=newevent&formtype=range HTTP/1.0" 200 2912 "-" "Mozilla/5.0 (compatible; Yahoo! Slurp; http://help.yahoo.com/help/us/ysearch/slurp)" "www.sancarloscity.org"
74.6.18.251 - - [28/Aug/2008:06:34:04 -0700] "GET /forum2/index.php?showuser=285 HTTP/1.0" 200 4478 "-" "Mozilla/5.0 (compatible; Yahoo! Slurp; http://help.yahoo.com/help/us/ysearch/slurp)" "www.sancarloscity.org"
193.138.94.10 - - [28/Aug/2008:06:35:01 -0700] "GET /sampo/flv/071908/3.flv HTTP/1.0" 200 7551985 "http://sancarloscity.org/sampo/Multichannel.swf" "Mozilla/4.0 (compatible; MSIE 6.0; Windows NT 5.0; .NET CLR 1.0.3705)" "www.sancarloscity.org"
74.6.18.251 - - [28/Aug/2008:06:35:31 -0700] "GET /forum2/index.php?act=Search&CODE=getalluser&mid=94 HTTP/1.0" 302 0 "-" "Mozilla/5.0 (compatible; Yahoo! Slurp; http://help.yahoo.com/help/us/ysearch/slurp)" "www.sancarloscity.org"
74.6.18.251 - - [28/Aug/2008:06:35:31 -0700] "GET /forum2/index.php?s=77c8cd518052175f8468e8a19ca31c7c&act=Search&nav=au&CODE=show&searchid=78bb9dcc181c5fb5fa7bc2a0a030fe6a&search_in=posts&result_type=posts HTTP/1.0" 200 10585 "-" "Mozilla/5.0 (compatible; Yahoo! Slurp; http://help.yahoo.com/help/us/ysearch/slurp)" "www.sancarloscity.org"
74.6.18.251 - - [28/Aug/2008:06:35:34 -0700] "GET /picgallery/ratepic.php?pic=317&rate=0 HTTP/1.0" 302 0 "-" "Mozilla/5.0 (compatible; Yahoo! Slurp; http://help.yahoo.com/help/us/ysearch/slurp)" "www.sancarloscity.org"
74.6.18.251 - - [28/Aug/2008:06:35:42 -0700] "GET /picgallery/displayimage.php?pos=-317 HTTP/1.0" 200 13025 "-" "Mozilla/5.0 (compatible; Yahoo! Slurp; http://help.yahoo.com/help/us/ysearch/slurp)" "www.sancarloscity.org"
62.149.67.49 - - [28/Aug/2008:06:36:13 -0700] "GET /index.htm HTTP/1.1" 304 - "-" "Mozilla/4.0 (compatible;)" "sancarloscity.org"
74.6.18.251 - - [28/Aug/2008:06:36:57 -0700] "GET /picgallery/displayimage.php?album=toprated&cat=4&pos=3 HTTP/1.0" 200 13275 "-" "Mozilla/5.0 (compatible; Yahoo! Slurp; http://help.yahoo.com/help/us/ysearch/slurp)" "www.sancarloscity.org"
62.149.67.49 - - [28/Aug/2008:06:37:15 -0700] "GET / HTTP/1.1" 304 - "-" "Mozilla/4.0 (compatible;)" "sancarloscity.org"
74.6.18.251 - - [28/Aug/2008:06:37:22 -0700] "GET /forum2/index.php?act=Search&nav=au&CODE=show&searchid=a580df4d2058356ed045f905d1224570&search_in=posts&result_type=posts&hl=&st=25 HTTP/1.0" 200 3019 "-" "Mozilla/5.0 (compatible; Yahoo! Slurp; http://help.yahoo.com/help/us/ysearch/slurp)" "www.sancarloscity.org"
74.6.18.251 - - [28/Aug/2008:06:37:30 -0700] "GET /forum2/index.php?act=findpost&hl=&pid=1464 HTTP/1.0" 302 0 "-" "Mozilla/5.0 (compatible; Yahoo! Slurp; http://help.yahoo.com/help/us/ysearch/slurp)" "www.sancarloscity.org"
74.6.18.251 - - [28/Aug/2008:06:37:38 -0700] "GET /forum2/index.php?s=f0dae77ccabb58af569acc44a402f9e7&showtopic=221&st=0&p=1464& HTTP/1.0" 200 5781 "-" "Mozilla/5.0 (compatible; Yahoo! Slurp; http://help.yahoo.com/help/us/ysearch/slurp)" "www.sancarloscity.org"
193.138.94.10 - - [28/Aug/2008:06:37:53 -0700] "GET /sampo/flv/071908/4.flv HTTP/1.0" 200 17270850 "http://sancarloscity.org/sampo/Multichannel.swf" "Mozilla/4.0 (compatible; MSIE 6.0; Windows NT 5.0; .NET CLR 1.0.3705)" "www.sancarloscity.org"
74.6.18.251 - - [28/Aug/2008:06:37:55 -0700] "GET /forum2/index.php?automodule=gallery&req=si&img=226 HTTP/1.0" 200 4410 "-" "Mozilla/5.0 (compatible; Yahoo! Slurp; http://help.yahoo.com/help/us/ysearch/slurp)" "www.sancarloscity.org"
64.1.215.166 - - [28/Aug/2008:06:38:11 -0700] "GET /jodera2/profile.php?mode=viewprofile&u=859 HTTP/1.0" 200 21972 "-" "Mozilla/5.0 (Twiceler-0.9 http://www.cuil.com/twiceler/robot.html)" "www.sancarloscity.org"
74.6.18.251 - - [28/Aug/2008:06:38:28 -0700] "GET /classifieds/index.php?method=showhtmllist&list=advertisement_active&fromfromlist=classifiedscategory&fromfrommethod=showhtmllist&fromfromid=21&clearoff=1 HTTP/1.0" 200 89973 "-" "Mozilla/5.0 (compatible; Yahoo! Slurp; http://help.yahoo.com/help/us/ysearch/slurp)" "www.sancarloscity.org"
74.6.18.251 - - [28/Aug/2008:06:38:44 -0700] "GET /forum2/index.php?showtopic=124&view=getlastpost HTTP/1.0" 302 0 "-" "Mozilla/5.0 (compatible; Yahoo! Slurp; http://help.yahoo.com/help/us/ysearch/slurp)" "www.sancarloscity.org"
200.63.42.95 - - [28/Aug/2008:06:38:54 -0700] "GET /jodera2/index.php HTTP/1.0" 200 61474 "http://www.sancarloscity.org/jodera2/index.php" "Mozilla/4.0 (compatible; MSIE 6.0; Windows NT 5.2; Win64; AMD64)" "www.sancarloscity.org"
74.6.18.251 - - [28/Aug/2008:06:38:57 -0700] "GET /forum2/index.php?s=76bf14249b4f20e8465e8629eabeeeb9&showtopic=124&pid=606&st=0& HTTP/1.0" 200 6183 "-" "Mozilla/5.0 (compatible; Yahoo! Slurp; http://help.yahoo.com/help/us/ysearch/slurp)" "www.sancarloscity.org"
200.63.42.95 - - [28/Aug/2008:06:38:58 -0700] "GET /jodera2/viewforum.php?f=1&sid=77e200eb186c972d0fb94dc130f20c42 HTTP/1.0" 200 83613 "http://www.sancarloscity.org/viewforum.php?f=1&sid=77e200eb186c972d0fb94dc130f20c42" "Mozilla/4.0 (compatible; MSIE 6.0; Windows NT 5.2; Win64; AMD64)" "www.sancarloscity.org"
119.95.95.56 - - [28/Aug/2008:06:38:59 -0700] "GET /quisumbingsite/rememberingpop4.htm HTTP/1.1" 200 17141 "-" "Mozilla/4.0 (compatible; MSIE 6.0; Windows NT 5.1; SV1)" "www.sancarloscity.org"
119.95.95.56 - - [28/Aug/2008:06:39:06 -0700] "GET /quisumbingsite/autoactivate.js HTTP/1.1" 200 5474 "-" "Mozilla/4.0 (compatible; MSIE 6.0; Windows NT 5.1; SV1)" "www.sancarloscity.org"
200.63.42.95 - - [28/Aug/2008:06:39:08 -0700] "GET /jodera2/login.php HTTP/1.0" 200 12333 "http://www.sancarloscity.org/login.php" "Mozilla/4.0 (compatible; MSIE 6.0; Windows NT 5.2; Win64; AMD64)" "www.sancarloscity.org"
200.63.42.95 - - [28/Aug/2008:06:39:09 -0700] "POST /jodera2/login.php HTTP/1.0" 302 0 "http://www.sancarloscity.org/jodera2/login.php" "Mozilla/4.0 (compatible; MSIE 6.0; Windows NT 5.2; Win64; AMD64)" "www.sancarloscity.org"
200.63.42.95 - - [28/Aug/2008:06:39:13 -0700] "GET /jodera2/index.php?sid=77e200eb186c972d0fb94dc130f20c42 HTTP/1.0" 200 54935 "http://www.sancarloscity.org/jodera2/index.php?sid=77e200eb186c972d0fb94dc130f20c42" "Mozilla/4.0 (compatible; MSIE 6.0; Windows NT 5.2; Win64; AMD64)" "www.sancarloscity.org"
200.63.42.95 - - [28/Aug/2008:06:39:16 -0700] "GET /jodera2/viewforum.php?f=1 HTTP/1.0" 200 83659 "http://www.sancarloscity.org/viewforum.php?f=1" "Mozilla/4.0 (compatible; MSIE 6.0; Windows NT 5.2; Win64; AMD64)" "www.sancarloscity.org"
200.63.42.95 - - [28/Aug/2008:06:39:17 -0700] "GET /jodera2/posting.php?mode=newtopic&f=1 HTTP/1.0" 200 41358 "http://www.sancarloscity.org/posting.php?mode=newtopic&f=1" "Mozilla/4.0 (compatible; MSIE 6.0; Windows NT 5.2; Win64; AMD64)" "www.sancarloscity.org"
200.63.42.95 - - [28/Aug/2008:06:39:26 -0700] "POST /jodera2/posting.php HTTP/1.0" 200 11432 "http://www.sancarloscity.org/jodera2/posting.php?mode=newtopic&f=1" "Mozilla/4.0 (compatible; MSIE 6.0; Windows NT 5.2; Win64; AMD64)" "www.sancarloscity.org"
208.111.154.15 - - [28/Aug/2008:06:39:40 -0700] "GET /robots.txt HTTP/1.0" 200 44 "-" "Mozilla/5.0 (compatible; Charlotte/1.1; http://www.searchme.com/support/)" "www.sancarloscity.org"
208.111.154.15 - - [28/Aug/2008:06:39:40 -0700] "GET /sccsites/thumbnails.htm HTTP/1.1" 200 4994 "-" "Mozilla/5.0 (compatible; Charlotte/1.1; http://www.searchme.com/support/)" "www.sancarloscity.org"
74.6.18.251 - - [28/Aug/2008:06:39:49 -0700] "GET /forum2/index.php?act=Forward&f=15&t=180 HTTP/1.0" 200 2885 "-" "Mozilla/5.0 (compatible; Yahoo! Slurp; http://help.yahoo.com/help/us/ysearch/slurp)" "www.sancarloscity.org"
74.6.18.251 - - [28/Aug/2008:06:41:20 -0700] "GET /forum2/index.php?showtopic=213&mode=threaded&pid=1421 HTTP/1.0" 200 7851 "-" "Mozilla/5.0 (compatible; Yahoo! Slurp; http://help.yahoo.com/help/us/ysearch/slurp)" "www.sancarloscity.org"
74.6.18.251 - - [28/Aug/2008:06:41:47 -0700] "GET /picgallery/profile.php?uid=36 HTTP/1.0" 200 4810 "-" "Mozilla/5.0 (compatible; Yahoo! Slurp; http://help.yahoo.com/help/us/ysearch/slurp)" "www.sancarloscity.org"
193.138.94.10 - - [28/Aug/2008:06:42:02 -0700] "GET /sampo/flv/071908/5.flv HTTP/1.0" 200 11182041 "http://sancarloscity.org/sampo/Multichannel.swf" "Mozilla/4.0 (compatible; MSIE 6.0; Windows NT 5.0; .NET CLR 1.0.3705)" "www.sancarloscity.org"
190.30.163.170 - - [28/Aug/2008:06:42:21 -0700] "GET /logs/access_080818.log/errors.php?error=http://georgebush.estoyenred.es/id2.txt??? HTTP/1.1" 404 769 "-" "libwww-perl/5.805" "www.sancarloscity.org"
74.6.18.251 - - [28/Aug/2008:06:42:39 -0700] "GET /forum2/index.php?act=Print&client=printer&f=9&t=216 HTTP/1.0" 200 35203 "-" "Mozilla/5.0 (compatible; Yahoo! Slurp; http://help.yahoo.com/help/us/ysearch/slurp)" "www.sancarloscity.org"
74.6.18.233 - - [28/Aug/2008:06:42:47 -0700] "GET /qphotogallery/thumbnails.php?album=lastup&cat=0&page=3 HTTP/1.0" 200 26193 "-" "Mozilla/5.0 (compatible; Yahoo! Slurp; http://help.yahoo.com/help/us/ysearch/slurp)" "sancarloscity.org"
66.249.67.220 - - [28/Aug/2008:06:42:48 -0700] "GET / HTTP/1.1" 304 - "-" "Mozilla/5.0 (compatible; Googlebot/2.1; +http://www.google.com/bot.html)" "www.sancarloscity.org"
87.118.70.51 - - [28/Aug/2008:06:42:52 -0700] "GET /phpbb/profile.php HTTP/1.0" 404 737 "http://www.sancarloscity.org/phpbb/profile.php" "Mozilla/4.0 (compatible; MSIE 6.0; Windows NT 5.1; FREE; .NET CLR 1.1.4322)" "www.sancarloscity.org"
87.118.70.51 - - [28/Aug/2008:06:42:54 -0700] "GET / HTTP/1.0" 200 55575 "http://www.sancarloscity.org/" "Mozilla/4.0 (compatible; MSIE 6.0; Windows NT 5.1; FREE; .NET CLR 1.1.4322)" "www.sancarloscity.org"
87.118.70.51 - - [28/Aug/2008:06:42:57 -0700] "GET /forum2/index.php?act=calendar HTTP/1.0" 200 32724 "http://www.sancarloscity.org/forum2/index.php?act=calendar" "Mozilla/4.0 (compatible; MSIE 6.0; Windows NT 5.1; FREE; .NET CLR 1.1.4322)" "www.sancarloscity.org"
87.118.70.51 - - [28/Aug/2008:06:43:01 -0700] "GET /forum2/index.php?act=rssout&id=1 HTTP/1.0" 200 3952 "http://www.sancarloscity.org/forum2/index.php?act=rssout&id=1" "Mozilla/4.0 (compatible; MSIE 6.0; Windows NT 5.1; FREE; .NET CLR 1.1.4322)" "www.sancarloscity.org"
87.118.70.51 - - [28/Aug/2008:06:43:03 -0700] "GET /forum2/index.php?act=rssout&id=4 HTTP/1.0" 200 3125 "http://www.sancarloscity.org/forum2/index.php?act=rssout&id=4" "Mozilla/4.0 (compatible; MSIE 6.0; Windows NT 5.1; FREE; .NET CLR 1.1.4322)" "www.sancarloscity.org"
195.50.175.126 - - [28/Aug/2008:06:43:05 -0700] "GET /guestbook10.htm HTTP/1.1" 200 32466 "-" "kpbvnbocqhn trgseckhmelvhrev8kuxg" "www.sancarloscity.org"
87.118.70.51 - - [28/Aug/2008:06:43:06 -0700] "GET /forum2/index.php?act=rssout&id=5 HTTP/1.0" 200 3000 "http://www.sancarloscity.org/forum2/index.php?act=rssout&id=5" "Mozilla/4.0 (compatible; MSIE 6.0; Windows NT 5.1; FREE; .NET CLR 1.1.4322)" "www.sancarloscity.org"
74.6.18.251 - - [28/Aug/2008:06:43:06 -0700] "GET /classifieds/index.php?method=showhtmllist&list=advertisement_active&fromfromlist=classifiedscategory&fromfrommethod=showhtmllist&clearoff=1 HTTP/1.0" 200 89917 "-" "Mozilla/5.0 (compatible; Yahoo! Slurp; http://help.yahoo.com/help/us/ysearch/slurp)" "www.sancarloscity.org"
87.118.70.51 - - [28/Aug/2008:06:43:08 -0700] "GET /forum2/index.php?s=fd6797b717cd5fbc22d68d7c089acb71 HTTP/1.0" 200 33361 "http://www.sancarloscity.org/forum2/index.php?s=fd6797b717cd5fbc22d68d7c089acb71&" "Mozilla/4.0 (compatible; MSIE 6.0; Windows NT 5.1; FREE; .NET CLR 1.1.4322)" "www.sancarloscity.org"
87.118.70.51 - - [28/Aug/2008:06:43:12 -0700] "GET /forum2/index.php?showforum=9 HTTP/1.0" 200 62050 "http://www.sancarloscity.org/forum2/index.php?showforum=9" "Mozilla/4.0 (compatible; MSIE 6.0; Windows NT 5.1; FREE; .NET CLR 1.1.4322)" "www.sancarloscity.org"
87.118.70.51 - - [28/Aug/2008:06:43:15 -0700] "GET /forum2/index.php?act=post&do=new_post&f=9 HTTP/1.0" 200 9901 "http://www.sancarloscity.org/forum2/index.php?act=post&do=new_post&f=9" "Mozilla/4.0 (compatible; MSIE 6.0; Windows NT 5.1; FREE; .NET CLR 1.1.4322)" "www.sancarloscity.org"
87.118.70.51 - - [28/Aug/2008:06:43:17 -0700] "GET /forum2/index.php?act=Reg&CODE=00&coppa_pass=1 HTTP/1.0" 200 10146 "http://www.sancarloscity.org/forum2/index.php?act=Reg&CODE=00&coppa_pass=1" "Mozilla/4.0 (compatible; MSIE 6.0; Windows NT 5.1; FREE; .NET CLR 1.1.4322)" "www.sancarloscity.org"
87.118.70.51 - - [28/Aug/2008:06:43:19 -0700] "POST /forum2/index.php?act=Reg&coppa_user=0&termsread=1&coppa_pass=1 HTTP/1.0" 200 19269 "http://www.sancarloscity.org/forum2/index.php?act=Reg&CODE=00&coppa_pass=1" "Mozilla/4.0 (compatible; MSIE 6.0; Windows NT 5.1; FREE; .NET CLR 1.1.4322)" "www.sancarloscity.org"
87.118.70.51 - - [28/Aug/2008:06:43:22 -0700] "GET /forum2/index.php?act=Reg&CODE=image&rc=aef1a7891a9162500784f4504b8f378a HTTP/1.0" 200 4115 "http://www.sancarloscity.org/forum2/index.php?act=Reg&CODE=00&coppa_pass=1" "Mozilla/4.0 (compatible; MSIE 6.0; Windows NT 5.1; FREE; .NET CLR 1.1.4322)" "www.sancarloscity.org"
87.118.70.51 - - [28/Aug/2008:06:43:24 -0700] "POST /forum2/index.php HTTP/1.0" 200 19617 "http://www.sancarloscity.org/forum2/index.php?act=Reg&CODE=00&coppa_pass=1" "Mozilla/4.0 (compatible; MSIE 6.0; Windows NT 5.1; FREE; .NET CLR 1.1.4322)" "www.sancarloscity.org"
87.118.70.51 - - [28/Aug/2008:06:43:26 -0700] "GET /forum2/index.php?act=Reg&CODE=image&rc=70915233cfa57813abddf7df20ef44f0 HTTP/1.0" 200 4239 "http://www.sancarloscity.org/forum2/index.php?act=Reg&CODE=00&coppa_pass=1" "Mozilla/4.0 (compatible; MSIE 6.0; Windows NT 5.1; FREE; .NET CLR 1.1.4322)" "www.sancarloscity.org"
87.118.70.51 - - [28/Aug/2008:06:43:29 -0700] "POST /forum2/index.php HTTP/1.0" 200 19617 "http://www.sancarloscity.org/forum2/index.php?act=Reg&CODE=00&coppa_pass=1" "Mozilla/4.0 (compatible; MSIE 6.0; Windows NT 5.1; FREE; .NET CLR 1.1.4322)" "www.sancarloscity.org"
87.118.70.51 - - [28/Aug/2008:06:43:31 -0700] "GET /forum2/index.php?act=Reg&CODE=00&coppa_pass=1 HTTP/1.0" 200 10146 "http://www.sancarloscity.org/forum2/index.php?act=Reg&CODE=00&coppa_pass=1" "Mozilla/4.0 (compatible; MSIE 6.0; Windows NT 5.1; FREE; .NET CLR 1.1.4322)" "www.sancarloscity.org"
87.118.70.51 - - [28/Aug/2008:06:43:33 -0700] "GET /forum2/index.php?act=Reg&CODE=image&rc=68c0656bd19d2cc25a24cebddb403f01 HTTP/1.0" 200 4175 "http://www.sancarloscity.org/forum2/index.php?act=Reg&CODE=00&coppa_pass=1" "Mozilla/4.0 (compatible; MSIE 6.0; Windows NT 5.1; FREE; .NET CLR 1.1.4322)" "www.sancarloscity.org"
87.118.70.51 - - [28/Aug/2008:06:43:35 -0700] "POST /forum2/index.php HTTP/1.0" 200 19617 "http://www.sancarloscity.org/forum2/index.php?act=Reg&CODE=00&coppa_pass=1" "Mozilla/4.0 (compatible; MSIE 6.0; Windows NT 5.1; FREE; .NET CLR 1.1.4322)" "www.sancarloscity.org"
87.118.70.51 - - [28/Aug/2008:06:43:38 -0700] "GET /forum2/index.php?act=Reg&CODE=00&coppa_pass=1 HTTP/1.0" 200 10146 "http://www.sancarloscity.org/forum2/index.php?act=Reg&CODE=00&coppa_pass=1" "Mozilla/4.0 (compatible; MSIE 6.0; Windows NT 5.1; FREE; .NET CLR 1.1.4322)" "www.sancarloscity.org"
87.118.70.51 - - [28/Aug/2008:06:43:40 -0700] "GET /forum2/index.php?act=Reg&CODE=image&rc=eefe15e9eee64622376ff8ac37d68c7e HTTP/1.0" 200 4207 "http://www.sancarloscity.org/forum2/index.php?act=Reg&CODE=00&coppa_pass=1" "Mozilla/4.0 (compatible; MSIE 6.0; Windows NT 5.1; FREE; .NET CLR 1.1.4322)" "www.sancarloscity.org"
87.118.70.51 - - [28/Aug/2008:06:43:42 -0700] "POST /forum2/index.php HTTP/1.0" 200 19617 "http://www.sancarloscity.org/forum2/index.php?act=Reg&CODE=00&coppa_pass=1" "Mozilla/4.0 (compatible; MSIE 6.0; Windows NT 5.1; FREE; .NET CLR 1.1.4322)" "www.sancarloscity.org"
74.6.18.251 - - [28/Aug/2008:06:44:20 -0700] "GET /classifieds/index.php?method=showhtmllist&list=classifiedscategory&rollid=13&fromfromlist=classifiedscategory&fromfrommethod=showhtmllist&clearoff=1 HTTP/1.0" 200 27004 "-" "Mozilla/5.0 (compatible; Yahoo! Slurp; http://help.yahoo.com/help/us/ysearch/slurp)" "www.sancarloscity.org"
74.6.18.251 - - [28/Aug/2008:06:45:09 -0700] "GET /classifieds/index.php?method=showdetails&list=advertisement&rollid=140&fromfromlist=advertisement_active&fromfrommethod=showhtmllist HTTP/1.0" 200 6146 "-" "Mozilla/5.0 (compatible; Yahoo! Slurp; http://help.yahoo.com/help/us/ysearch/slurp)" "www.sancarloscity.org"
200.63.42.95 - - [28/Aug/2008:06:45:12 -0700] "GET /jodera2/index.php HTTP/1.0" 200 61471 "http://www.sancarloscity.org/jodera2/index.php" "Mozilla/5.0 (Windows; U; Windows NT 5.0; en-GB; rv:1.7.8) Gecko/20050418 Firefox/1.0.4" "www.sancarloscity.org"
74.6.18.251 - - [28/Aug/2008:06:45:16 -0700] "GET /classifieds/index.php?method=showdetails&list=advertisement&rollid=88&fromfromlist=advertisement_active&fromfrommethod=showhtmllist HTTP/1.0" 200 5796 "-" "Mozilla/5.0 (compatible; Yahoo! Slurp; http://help.yahoo.com/help/us/ysearch/slurp)" "www.sancarloscity.org"
74.6.18.251 - - [28/Aug/2008:06:45:17 -0700] "GET /classifieds/index.php?method=create_form&list=friendmail&rollid=250&fromlist=advertisement&frommethod=showdetails&fromid=250&fromfromlist=classifiedscategory&fromfrommethod=showhtmllist&fromfromid=178 HTTP/1.0" 200 5729 "-" "Mozilla/5.0 (compatible; Yahoo! Slurp; http://help.yahoo.com/help/us/ysearch/slurp)" "www.sancarloscity.org"
200.63.42.95 - - [28/Aug/2008:06:45:20 -0700] "GET /jodera2/viewforum.php?f=1&sid=572402cbf3976661f2d3ab91cf08d1ae HTTP/1.0" 200 83589 "http://www.sancarloscity.org/viewforum.php?f=1&sid=572402cbf3976661f2d3ab91cf08d1ae" "Mozilla/5.0 (Windows; U; Windows NT 5.0; en-GB; rv:1.7.8) Gecko/20050418 Firefox/1.0.4" "www.sancarloscity.org"
74.6.18.251 - - [28/Aug/2008:06:45:22 -0700] "GET /forum2/index.php?act=Search&nav=au&CODE=show&searchid=78bb9dcc181c5fb5fa7bc2a0a030fe6a&search_in=posts&result_type=posts&hl=&st=25 HTTP/1.0" 200 8529 "-" "Mozilla/5.0 (compatible; Yahoo! Slurp; http://help.yahoo.com/help/us/ysearch/slurp)" "www.sancarloscity.org"
74.6.18.251 - - [28/Aug/2008:06:45:25 -0700] "GET /classifieds/index.php?method=showdetails&list=advertisement&rollid=256&fromfromlist=advertisement_active&fromfrommethod=showhtmllist HTTP/1.0" 200 5985 "-" "Mozilla/5.0 (compatible; Yahoo! Slurp; http://help.yahoo.com/help/us/ysearch/slurp)" "www.sancarloscity.org"
200.63.42.95 - - [28/Aug/2008:06:45:26 -0700] "GET /jodera2/login.php HTTP/1.0" 200 12333 "http://www.sancarloscity.org/login.php" "Mozilla/5.0 (Windows; U; Windows NT 5.0; en-GB; rv:1.7.8) Gecko/20050418 Firefox/1.0.4" "www.sancarloscity.org"
74.6.18.251 - - [28/Aug/2008:06:45:27 -0700] "GET /forum2/index.php?automodule=blog&blogid=9&&req=sendentry&eid=62&st= HTTP/1.0" 200 2917 "-" "Mozilla/5.0 (compatible; Yahoo! Slurp; http://help.yahoo.com/help/us/ysearch/slurp)" "www.sancarloscity.org"
200.63.42.95 - - [28/Aug/2008:06:45:30 -0700] "POST /jodera2/login.php HTTP/1.0" 302 0 "http://www.sancarloscity.org/jodera2/login.php" "Mozilla/5.0 (Windows; U; Windows NT 5.0; en-GB; rv:1.7.8) Gecko/20050418 Firefox/1.0.4" "www.sancarloscity.org"
200.63.42.95 - - [28/Aug/2008:06:45:30 -0700] "GET /jodera2/index.php?sid=572402cbf3976661f2d3ab91cf08d1ae HTTP/1.0" 200 54934 "http://www.sancarloscity.org/jodera2/index.php?sid=572402cbf3976661f2d3ab91cf08d1ae" "Mozilla/5.0 (Windows; U; Windows NT 5.0; en-GB; rv:1.7.8) Gecko/20050418 Firefox/1.0.4" "www.sancarloscity.org"
200.63.42.95 - - [28/Aug/2008:06:45:32 -0700] "GET /jodera2/viewforum.php?f=1 HTTP/1.0" 200 83635 "http://www.sancarloscity.org/viewforum.php?f=1" "Mozilla/5.0 (Windows; U; Windows NT 5.0; en-GB; rv:1.7.8) Gecko/20050418 Firefox/1.0.4" "www.sancarloscity.org"
200.63.42.95 - - [28/Aug/2008:06:45:34 -0700] "GET /jodera2/posting.php?mode=newtopic&f=1 HTTP/1.0" 200 41358 "http://www.sancarloscity.org/posting.php?mode=newtopic&f=1" "Mozilla/5.0 (Windows; U; Windows NT 5.0; en-GB; rv:1.7.8) Gecko/20050418 Firefox/1.0.4" "www.sancarloscity.org"
74.6.18.251 - - [28/Aug/2008:06:45:36 -0700] "GET /classifieds/index.php?method=showdetails&list=advertisement&rollid=189&fromfromlist=advertisement_active&fromfrommethod=showhtmllist HTTP/1.0" 200 5965 "-" "Mozilla/5.0 (compatible; Yahoo! Slurp; http://help.yahoo.com/help/us/ysearch/slurp)" "www.sancarloscity.org"
74.6.18.251 - - [28/Aug/2008:06:45:37 -0700] "GET /classifieds/index.php?method=showdetails&list=advertisement&rollid=157&fromfromlist=advertisement_active&fromfrommethod=showhtmllist HTTP/1.0" 200 6147 "-" "Mozilla/5.0 (compatible; Yahoo! Slurp; http://help.yahoo.com/help/us/ysearch/slurp)" "www.sancarloscity.org"
74.6.18.251 - - [28/Aug/2008:06:45:39 -0700] "GET /classifieds/index.php?method=showdetails&list=advertisement&rollid=143&fromfromlist=advertisement_active&fromfrommethod=showhtmllist HTTP/1.0" 200 5822 "-" "Mozilla/5.0 (compatible; Yahoo! Slurp; http://help.yahoo.com/help/us/ysearch/slurp)" "www.sancarloscity.org"
193.138.94.10 - - [28/Aug/2008:06:45:43 -0700] "GET /sampo/flv/071908/6.flv HTTP/1.0" 200 23715161 "http://sancarloscity.org/sampo/Multichannel.swf" "Mozilla/4.0 (compatible; MSIE 6.0; Windows NT 5.0; .NET CLR 1.0.3705)" "www.sancarloscity.org"
200.63.42.95 - - [28/Aug/2008:06:45:46 -0700] "POST /jodera2/posting.php HTTP/1.0" 200 11432 "http://www.sancarloscity.org/jodera2/posting.php?mode=newtopic&f=1" "Mozilla/5.0 (Windows; U; Windows NT 5.0; en-GB; rv:1.7.8) Gecko/20050418 Firefox/1.0.4" "www.sancarloscity.org"
74.6.18.251 - - [28/Aug/2008:06:45:55 -0700] "GET /classifieds/index.php?method=showdetails&list=advertisement&rollid=262&fromfromlist=advertisement_active&fromfrommethod=showhtmllist HTTP/1.0" 200 5989 "-" "Mozilla/5.0 (compatible; Yahoo! Slurp; http://help.yahoo.com/help/us/ysearch/slurp)" "www.sancarloscity.org"
74.6.18.251 - - [28/Aug/2008:06:45:58 -0700] "GET /classifieds/index.php?method=showdetails&list=advertisement&rollid=142&fromfromlist=advertisement_active&fromfrommethod=showhtmllist HTTP/1.0" 200 5773 "-" "Mozilla/5.0 (compatible; Yahoo! Slurp; http://help.yahoo.com/help/us/ysearch/slurp)" "www.sancarloscity.org"
74.6.18.251 - - [28/Aug/2008:06:46:04 -0700] "GET /classifieds/index.php?method=showdetails&list=advertisement&rollid=254&fromfromlist=advertisement_active&fromfrommethod=showhtmllist HTTP/1.0" 200 5968 "-" "Mozilla/5.0 (compatible; Yahoo! Slurp; http://help.yahoo.com/help/us/ysearch/slurp)" "www.sancarloscity.org"
74.6.18.251 - - [28/Aug/2008:06:46:04 -0700] "GET /classifieds/index.php?method=showdetails&list=advertisement&rollid=208&fromfromlist=advertisement_active&fromfrommethod=showhtmllist HTTP/1.0" 200 5969 "-" "Mozilla/5.0 (compatible; Yahoo! Slurp; http://help.yahoo.com/help/us/ysearch/slurp)" "www.sancarloscity.org"
74.6.18.251 - - [28/Aug/2008:06:46:04 -0700] "GET /classifieds/index.php?method=showdetails&list=advertisement&rollid=193&fromfromlist=advertisement_active&fromfrommethod=showhtmllist HTTP/1.0" 200 5967 "-" "Mozilla/5.0 (compatible; Yahoo! Slurp; http://help.yahoo.com/help/us/ysearch/slurp)" "www.sancarloscity.org"
74.6.18.251 - - [28/Aug/2008:06:46:13 -0700] "GET /classifieds/index.php?method=showdetails&list=advertisement&rollid=66&fromfromlist=advertisement_active&fromfrommethod=showhtmllist HTTP/1.0" 200 5766 "-" "Mozilla/5.0 (compatible; Yahoo! Slurp; http://help.yahoo.com/help/us/ysearch/slurp)" "www.sancarloscity.org"
74.6.18.251 - - [28/Aug/2008:06:46:22 -0700] "GET /classifieds/index.php?method=showdetails&list=advertisement&rollid=226&fromfromlist=advertisement_active&fromfrommethod=showhtmllist HTTP/1.0" 200 6029 "-" "Mozilla/5.0 (compatible; Yahoo! Slurp; http://help.yahoo.com/help/us/ysearch/slurp)" "www.sancarloscity.org"
74.6.18.251 - - [28/Aug/2008:06:46:30 -0700] "GET /classifieds/index.php?method=showdetails&list=advertisement&rollid=119&fromfromlist=advertisement_active&fromfrommethod=showhtmllist HTTP/1.0" 200 6144 "-" "Mozilla/5.0 (compatible; Yahoo! Slurp; http://help.yahoo.com/help/us/ysearch/slurp)" "www.sancarloscity.org"
74.6.18.251 - - [28/Aug/2008:06:46:43 -0700] "GET /classifieds/index.php?method=showdetails&list=advertisement&rollid=132&fromfromlist=advertisement_active&fromfrommethod=showhtmllist HTTP/1.0" 200 6135 "-" "Mozilla/5.0 (compatible; Yahoo! Slurp; http://help.yahoo.com/help/us/ysearch/slurp)" "www.sancarloscity.org"
74.6.18.251 - - [28/Aug/2008:06:46:44 -0700] "GET /classifieds/index.php?method=showhtmllist&list=classifiedscategory&rollid=166&clearoff=1 HTTP/1.0" 200 5892 "-" "Mozilla/5.0 (compatible; Yahoo! Slurp; http://help.yahoo.com/help/us/ysearch/slurp)" "www.sancarloscity.org"
74.6.18.251 - - [28/Aug/2008:06:46:47 -0700] "GET /classifieds/index.php?method=showdetails&list=advertisement&rollid=211&fromfromlist=advertisement_active&fromfrommethod=showhtmllist HTTP/1.0" 200 6453 "-" "Mozilla/5.0 (compatible; Yahoo! Slurp; http://help.yahoo.com/help/us/ysearch/slurp)" "www.sancarloscity.org"
74.6.18.251 - - [28/Aug/2008:06:46:50 -0700] "GET /classifieds/index.php?method=showdetails&list=advertisement&rollid=156&fromfromlist=advertisement_active&fromfrommethod=showhtmllist HTTP/1.0" 200 5802 "-" "Mozilla/5.0 (compatible; Yahoo! Slurp; http://help.yahoo.com/help/us/ysearch/slurp)" "www.sancarloscity.org"
74.6.18.251 - - [28/Aug/2008:06:46:50 -0700] "GET /classifieds/index.php?method=showdetails&list=advertisement&rollid=95&fromfromlist=advertisement_active&fromfrommethod=showhtmllist HTTP/1.0" 200 6313 "-" "Mozilla/5.0 (compatible; Yahoo! Slurp; http://help.yahoo.com/help/us/ysearch/slurp)" "www.sancarloscity.org"
74.6.18.251 - - [28/Aug/2008:06:47:00 -0700] "GET /classifieds/index.php?method=showdetails&list=advertisement&rollid=251&fromfromlist=advertisement_active&fromfrommethod=showhtmllist HTTP/1.0" 200 6042 "-" "Mozilla/5.0 (compatible; Yahoo! Slurp; http://help.yahoo.com/help/us/ysearch/slurp)" "www.sancarloscity.org"
74.6.18.251 - - [28/Aug/2008:06:47:08 -0700] "GET /logs/access_080520.log HTTP/1.0" 200 196608 "-" "Mozilla/5.0 (compatible; Yahoo! Slurp; http://help.yahoo.com/help/us/ysearch/slurp)" "www.sancarloscity.org"
74.6.18.251 - - [28/Aug/2008:06:47:17 -0700] "GET /classifieds/index.php?method=showdetails&list=advertisement&rollid=64&fromfromlist=advertisement_active&fromfrommethod=showhtmllist HTTP/1.0" 200 5913 "-" "Mozilla/5.0 (compatible; Yahoo! Slurp; http://help.yahoo.com/help/us/ysearch/slurp)" "www.sancarloscity.org"
74.6.18.251 - - [28/Aug/2008:06:47:19 -0700] "GET /classifieds/index.php?method=showdetails&list=advertisement&rollid=202&fromfromlist=advertisement_active&fromfrommethod=showhtmllist HTTP/1.0" 200 5968 "-" "Mozilla/5.0 (compatible; Yahoo! Slurp; http://help.yahoo.com/help/us/ysearch/slurp)" "www.sancarloscity.org"
74.6.18.251 - - [28/Aug/2008:06:47:23 -0700] "GET /classifieds/index.php?method=showhtmllist&list=classifiedscategory&rollid=132&clearoff=1 HTTP/1.0" 200 5523 "-" "Mozilla/5.0 (compatible; Yahoo! Slurp; http://help.yahoo.com/help/us/ysearch/slurp)" "www.sancarloscity.org"
74.6.18.251 - - [28/Aug/2008:06:47:26 -0700] "GET /classifieds/index.php?method=showdetails&list=advertisement&rollid=161&fromfromlist=advertisement_active&fromfrommethod=showhtmllist HTTP/1.0" 200 5796 "-" "Mozilla/5.0 (compatible; Yahoo! Slurp; http://help.yahoo.com/help/us/ysearch/slurp)" "www.sancarloscity.org"
74.6.18.251 - - [28/Aug/2008:06:47:27 -0700] "GET /logs/access_070818.log HTTP/1.0" 200 196608 "-" "Mozilla/5.0 (compatible; Yahoo! Slurp; http://help.yahoo.com/help/us/ysearch/slurp)" "www.sancarloscity.org"
74.6.18.251 - - [28/Aug/2008:06:47:34 -0700] "GET /classifieds/index.php?method=showdetails&list=advertisement&rollid=182&fromfromlist=advertisement_active&fromfrommethod=showhtmllist HTTP/1.0" 200 5970 "-" "Mozilla/5.0 (compatible; Yahoo! Slurp; http://help.yahoo.com/help/us/ysearch/slurp)" "www.sancarloscity.org"
74.6.18.251 - - [28/Aug/2008:06:47:36 -0700] "GET /classifieds/index.php?method=showdetails&list=advertisement&rollid=229&fromfromlist=advertisement_active&fromfrommethod=showhtmllist HTTP/1.0" 200 6009 "-" "Mozilla/5.0 (compatible; Yahoo! Slurp; http://help.yahoo.com/help/us/ysearch/slurp)" "www.sancarloscity.org"
74.6.18.251 - - [28/Aug/2008:06:47:46 -0700] "GET /classifieds/index.php?method=showdetails&list=advertisement&rollid=205&fromfromlist=advertisement_active&fromfrommethod=showhtmllist HTTP/1.0" 200 5797 "-" "Mozilla/5.0 (compatible; Yahoo! Slurp; http://help.yahoo.com/help/us/ysearch/slurp)" "www.sancarloscity.org"
74.6.18.251 - - [28/Aug/2008:06:47:48 -0700] "GET /classifieds/index.php?method=create_form&list=classifiedssearch&fromlist=advertisement_active&frommethod=showhtmllist&fromfromlist=classifiedscategory&fromfrommethod=showhtmllist HTTP/1.0" 200 6574 "-" "Mozilla/5.0 (compatible; Yahoo! Slurp; http://help.yahoo.com/help/us/ysearch/slurp)" "www.sancarloscity.org"
74.6.18.251 - - [28/Aug/2008:06:47:49 -0700] "GET /classifieds/index.php?method=showdetails&list=advertisement&rollid=159&fromfromlist=advertisement_active&fromfrommethod=showhtmllist HTTP/1.0" 200 5797 "-" "Mozilla/5.0 (compatible; Yahoo! Slurp; http://help.yahoo.com/help/us/ysearch/slurp)" "www.sancarloscity.org"
74.6.18.251 - - [28/Aug/2008:06:47:52 -0700] "GET /classifieds/index.php?method=create_form&list=classifiedsuser&fromlist=advertisement_active&frommethod=showhtmllist&fromfromlist=classifiedscategory&fromfrommethod=showhtmllist HTTP/1.0" 200 5562 "-" "Mozilla/5.0 (compatible; Yahoo! Slurp; http://help.yahoo.com/help/us/ysearch/slurp)" "www.sancarloscity.org"
74.6.18.251 - - [28/Aug/2008:06:47:53 -0700] "GET /classifieds/index.php?method=login_form&list=classifiedsuser&fromlist=advertisement_active&frommethod=showhtmllist&fromfromlist=classifiedscategory&fromfrommethod=showhtmllist HTTP/1.0" 200 5540 "-" "Mozilla/5.0 (compatible; Yahoo! Slurp; http://help.yahoo.com/help/us/ysearch/slurp)" "www.sancarloscity.org"
74.6.18.251 - - [28/Aug/2008:06:47:54 -0700] "GET /classifieds/index.php?method=showdetails&list=advertisement&rollid=76&fromfromlist=advertisement_active&fromfrommethod=showhtmllist HTTP/1.0" 200 5764 "-" "Mozilla/5.0 (compatible; Yahoo! Slurp; http://help.yahoo.com/help/us/ysearch/slurp)" "www.sancarloscity.org"
74.6.18.251 - - [28/Aug/2008:06:47:56 -0700] "GET /logs/access_080426.log HTTP/1.0" 200 196608 "-" "Mozilla/5.0 (compatible; Yahoo! Slurp; http://help.yahoo.com/help/us/ysearch/slurp)" "www.sancarloscity.org"
74.6.18.251 - - [28/Aug/2008:06:48:00 -0700] "GET /classifieds/index.php?method=showdetails&list=advertisement&rollid=72&fromfromlist=advertisement_active&fromfrommethod=showhtmllist HTTP/1.0" 200 5779 "-" "Mozilla/5.0 (compatible; Yahoo! Slurp; http://help.yahoo.com/help/us/ysearch/slurp)" "www.sancarloscity.org"
74.6.18.251 - - [28/Aug/2008:06:48:01 -0700] "GET /classifieds/index.php?method=showdetails&list=advertisement&rollid=113&fromfromlist=advertisement_active&fromfrommethod=showhtmllist HTTP/1.0" 200 5783 "-" "Mozilla/5.0 (compatible; Yahoo! Slurp; http://help.yahoo.com/help/us/ysearch/slurp)" "www.sancarloscity.org"
74.6.18.251 - - [28/Aug/2008:06:48:05 -0700] "GET /forum2/index.php?automodule=blog&blogid=2& HTTP/1.0" 200 6271 "-" "Mozilla/5.0 (compatible; Yahoo! Slurp; http://help.yahoo.com/help/us/ysearch/slurp)" "www.sancarloscity.org"
74.6.18.251 - - [28/Aug/2008:06:48:06 -0700] "GET /classifieds/index.php?method=showdetails&list=advertisement&rollid=240&fromfromlist=advertisement_active&fromfrommethod=showhtmllist HTTP/1.0" 200 6029 "-" "Mozilla/5.0 (compatible; Yahoo! Slurp; http://help.yahoo.com/help/us/ysearch/slurp)" "www.sancarloscity.org"
74.6.18.251 - - [28/Aug/2008:06:48:07 -0700] "GET /logs/access_080621.log HTTP/1.0" 200 196608 "-" "Mozilla/5.0 (compatible; Yahoo! Slurp; http://help.yahoo.com/help/us/ysearch/slurp)" "www.sancarloscity.org"
74.6.18.251 - - [28/Aug/2008:06:48:28 -0700] "GET /classifieds/index.php?method=showdetails&list=advertisement&rollid=151&fromfromlist=advertisement_active&fromfrommethod=showhtmllist HTTP/1.0" 200 5806 "-" "Mozilla/5.0 (compatible; Yahoo! Slurp; http://help.yahoo.com/help/us/ysearch/slurp)" "www.sancarloscity.org"
74.6.18.251 - - [28/Aug/2008:06:48:28 -0700] "GET /logs/access_080601.log HTTP/1.0" 200 196608 "-" "Mozilla/5.0 (compatible; Yahoo! Slurp; http://help.yahoo.com/help/us/ysearch/slurp)" "www.sancarloscity.org"
74.6.18.251 - - [28/Aug/2008:06:48:34 -0700] "GET /classifieds/index.php?method=showdetails&list=advertisement&rollid=257&fromfromlist=advertisement_active&fromfrommethod=showhtmllist HTTP/1.0" 200 6009 "-" "Mozilla/5.0 (compatible; Yahoo! Slurp; http://help.yahoo.com/help/us/ysearch/slurp)" "www.sancarloscity.org"
74.6.18.251 - - [28/Aug/2008:06:48:36 -0700] "GET /logs/access_080420.log HTTP/1.0" 200 196608 "-" "Mozilla/5.0 (compatible; Yahoo! Slurp; http://help.yahoo.com/help/us/ysearch/slurp)" "www.sancarloscity.org"
74.6.18.251 - - [28/Aug/2008:06:48:41 -0700] "GET /logs/access_070826.log HTTP/1.0" 200 196608 "-" "Mozilla/5.0 (compatible; Yahoo! Slurp; http://help.yahoo.com/help/us/ysearch/slurp)" "www.sancarloscity.org"
74.6.18.251 - - [28/Aug/2008:06:48:42 -0700] "GET /classifieds/index.php?method=showdetails&list=advertisement&rollid=228&fromfromlist=advertisement_active&fromfrommethod=showhtmllist HTTP/1.0" 200 5993 "-" "Mozilla/5.0 (compatible; Yahoo! Slurp; http://help.yahoo.com/help/us/ysearch/slurp)" "www.sancarloscity.org"
74.6.18.251 - - [28/Aug/2008:06:48:42 -0700] "GET /logs/access_080510.log HTTP/1.0" 200 196608 "-" "Mozilla/5.0 (compatible; Yahoo! Slurp; http://help.yahoo.com/help/us/ysearch/slurp)" "www.sancarloscity.org"
74.6.18.251 - - [28/Aug/2008:06:48:43 -0700] "GET /classifieds/index.php?method=showdetails&list=advertisement&rollid=277&fromfromlist=advertisement_active&fromfrommethod=showhtmllist HTTP/1.0" 200 6027 "-" "Mozilla/5.0 (compatible; Yahoo! Slurp; http://help.yahoo.com/help/us/ysearch/slurp)" "www.sancarloscity.org"
74.6.18.251 - - [28/Aug/2008:06:48:44 -0700] "GET /classifieds/index.php?method=showdetails&list=advertisement&rollid=276&fromfromlist=advertisement_active&fromfrommethod=showhtmllist HTTP/1.0" 200 6221 "-" "Mozilla/5.0 (compatible; Yahoo! Slurp; http://help.yahoo.com/help/us/ysearch/slurp)" "www.sancarloscity.org"
74.6.18.251 - - [28/Aug/2008:06:48:55 -0700] "GET /classifieds/index.php?method=showdetails&list=advertisement&rollid=269&fromfromlist=advertisement_active&fromfrommethod=showhtmllist HTTP/1.0" 200 6020 "-" "Mozilla/5.0 (compatible; Yahoo! Slurp; http://help.yahoo.com/help/us/ysearch/slurp)" "www.sancarloscity.org"
74.6.18.251 - - [28/Aug/2008:06:48:56 -0700] "GET /classifieds/index.php?method=showdetails&list=advertisement&rollid=246&fromfromlist=advertisement_active&fromfrommethod=showhtmllist HTTP/1.0" 200 6053 "-" "Mozilla/5.0 (compatible; Yahoo! Slurp; http://help.yahoo.com/help/us/ysearch/slurp)" "www.sancarloscity.org"
74.6.18.251 - - [28/Aug/2008:06:49:00 -0700] "GET /classifieds/index.php?method=showdetails&list=advertisement&rollid=78&fromfromlist=advertisement_active&fromfrommethod=showhtmllist HTTP/1.0" 200 5763 "-" "Mozilla/5.0 (compatible; Yahoo! Slurp; http://help.yahoo.com/help/us/ysearch/slurp)" "www.sancarloscity.org"
74.6.18.251 - - [28/Aug/2008:06:49:02 -0700] "GET /classifieds/index.php?method=showdetails&list=advertisement&rollid=116&fromfromlist=advertisement_active&fromfrommethod=showhtmllist HTTP/1.0" 200 5781 "-" "Mozilla/5.0 (compatible; Yahoo! Slurp; http://help.yahoo.com/help/us/ysearch/slurp)" "www.sancarloscity.org"
74.6.18.251 - - [28/Aug/2008:06:49:27 -0700] "GET /logs/access_080617.log HTTP/1.0" 200 196608 "-" "Mozilla/5.0 (compatible; Yahoo! Slurp; http://help.yahoo.com/help/us/ysearch/slurp)" "www.sancarloscity.org"
74.6.18.251 - - [28/Aug/2008:06:49:29 -0700] "GET /classifieds/index.php?method=showdetails&list=advertisement&rollid=89&fromfromlist=advertisement_active&fromfrommethod=showhtmllist HTTP/1.0" 200 5796 "-" "Mozilla/5.0 (compatible; Yahoo! Slurp; http://help.yahoo.com/help/us/ysearch/slurp)" "www.sancarloscity.org"
74.6.18.251 - - [28/Aug/2008:06:49:42 -0700] "GET /classifieds/index.php?method=showdetails&list=advertisement&rollid=108&fromfromlist=advertisement_active&fromfrommethod=showhtmllist HTTP/1.0" 200 6124 "-" "Mozilla/5.0 (compatible; Yahoo! Slurp; http://help.yahoo.com/help/us/ysearch/slurp)" "www.sancarloscity.org"
74.6.18.251 - - [28/Aug/2008:06:49:43 -0700] "GET /classifieds/index.php?method=showdetails&list=advertisement&rollid=131&fromfromlist=advertisement_active&fromfrommethod=showhtmllist HTTP/1.0" 200 5794 "-" "Mozilla/5.0 (compatible; Yahoo! Slurp; http://help.yahoo.com/help/us/ysearch/slurp)" "www.sancarloscity.org"
74.6.18.251 - - [28/Aug/2008:06:49:45 -0700] "GET /classifieds/index.php?method=showhtmllist&list=classifiedscategory&rollid=158&clearoff=1 HTTP/1.0" 200 6488 "-" "Mozilla/5.0 (compatible; Yahoo! Slurp; http://help.yahoo.com/help/us/ysearch/slurp)" "www.sancarloscity.org"
74.6.18.251 - - [28/Aug/2008:06:49:54 -0700] "GET /logs/access_071124.log HTTP/1.0" 200 196608 "-" "Mozilla/5.0 (compatible; Yahoo! Slurp; http://help.yahoo.com/help/us/ysearch/slurp)" "www.sancarloscity.org"
74.6.18.251 - - [28/Aug/2008:06:49:57 -0700] "GET /logs/access_080712.log HTTP/1.0" 200 196608 "-" "Mozilla/5.0 (compatible; Yahoo! Slurp; http://help.yahoo.com/help/us/ysearch/slurp)" "www.sancarloscity.org"
74.52.139.226 - - [28/Aug/2008:06:50:01 -0700] "GET /logs/access_080516.log/modules/4nAlbum/public/displayCategory.php?basepath=http://www.topyn.com/ips.txt? HTTP/1.1" 404 801 "-" "libwww-perl/5.810" "www.sancarloscity.org"
74.52.139.226 - - [28/Aug/2008:06:50:01 -0700] "GET /modules/4nAlbum/public/displayCategory.php?basepath=http://www.topyn.com/ips.txt? HTTP/1.1" 404 778 "-" "libwww-perl/5.810" "www.sancarloscity.org"
74.52.139.226 - - [28/Aug/2008:06:50:01 -0700] "GET /logs/modules/4nAlbum/public/displayCategory.php?basepath=http://www.topyn.com/ips.txt? HTTP/1.1" 404 783 "-" "libwww-perl/5.810" "www.sancarloscity.org"
74.6.18.251 - - [28/Aug/2008:06:50:03 -0700] "GET /classifieds/index.php?method=create_form&list=response&rollid=66&fromlist=advertisement&frommethod=showdetails&fromid=66&fromfromlist=advertisement_active&fromfrommethod=showhtmllist HTTP/1.0" 200 5455 "-" "Mozilla/5.0 (compatible; Yahoo! Slurp; http://help.yahoo.com/help/us/ysearch/slurp)" "www.sancarloscity.org"
74.6.18.251 - - [28/Aug/2008:06:50:04 -0700] "GET /logs/access_070630.log HTTP/1.0" 200 196608 "-" "Mozilla/5.0 (compatible; Yahoo! Slurp; http://help.yahoo.com/help/us/ysearch/slurp)" "www.sancarloscity.org"
74.6.18.251 - - [28/Aug/2008:06:50:05 -0700] "GET /logs/access_080212.log HTTP/1.0" 200 65536 "-" "Mozilla/5.0 (compatible; Yahoo! Slurp; http://help.yahoo.com/help/us/ysearch/slurp)" "www.sancarloscity.org"
74.6.18.251 - - [28/Aug/2008:06:50:07 -0700] "GET /classifieds/index.php?method=showdetails&list=advertisement&rollid=87&fromfromlist=advertisement_active&fromfrommethod=showhtmllist HTTP/1.0" 200 5772 "-" "Mozilla/5.0 (compatible; Yahoo! Slurp; http://help.yahoo.com/help/us/ysearch/slurp)" "www.sancarloscity.org"
74.6.18.251 - - [28/Aug/2008:06:50:19 -0700] "GET /logs/access_080815.log HTTP/1.0" 200 196608 "-" "Mozilla/5.0 (compatible; Yahoo! Slurp; http://help.yahoo.com/help/us/ysearch/slurp)" "www.sancarloscity.org"
74.6.18.251 - - [28/Aug/2008:06:50:20 -0700] "GET /classifieds/index.php?method=showdetails&list=advertisement&rollid=123&fromfromlist=advertisement_active&fromfrommethod=showhtmllist HTTP/1.0" 200 5780 "-" "Mozilla/5.0 (compatible; Yahoo! Slurp; http://help.yahoo.com/help/us/ysearch/slurp)" "www.sancarloscity.org"
74.6.18.251 - - [28/Aug/2008:06:50:25 -0700] "GET /classifieds/index.php?method=showdetails&list=advertisement&rollid=149&fromfromlist=advertisement_active&fromfrommethod=showhtmllist HTTP/1.0" 200 5791 "-" "Mozilla/5.0 (compatible; Yahoo! Slurp; http://help.yahoo.com/help/us/ysearch/slurp)" "www.sancarloscity.org"
74.6.18.251 - - [28/Aug/2008:06:50:39 -0700] "GET /classifieds/index.php?method=showdetails&list=advertisement&rollid=168&fromfromlist=advertisement_active&fromfrommethod=showhtmllist HTTP/1.0" 200 5794 "-" "Mozilla/5.0 (compatible; Yahoo! Slurp; http://help.yahoo.com/help/us/ysearch/slurp)" "www.sancarloscity.org"
74.6.18.251 - - [28/Aug/2008:06:50:44 -0700] "GET /classifieds/index.php?method=showdetails&list=advertisement&rollid=185&fromfromlist=advertisement_active&fromfrommethod=showhtmllist HTTP/1.0" 200 5966 "-" "Mozilla/5.0 (compatible; Yahoo! Slurp; http://help.yahoo.com/help/us/ysearch/slurp)" "www.sancarloscity.org"
193.138.94.10 - - [28/Aug/2008:06:50:44 -0700] "GET /sampo/flv/071908/7.flv HTTP/1.0" 200 6626957 "http://sancarloscity.org/sampo/Multichannel.swf" "Mozilla/4.0 (compatible; MSIE 6.0; Windows NT 5.0; .NET CLR 1.0.3705)" "www.sancarloscity.org"
74.6.18.251 - - [28/Aug/2008:06:50:47 -0700] "GET /classifieds/index.php?method=showdetails&list=advertisement&rollid=106&fromfromlist=advertisement_active&fromfrommethod=showhtmllist HTTP/1.0" 200 6146 "-" "Mozilla/5.0 (compatible; Yahoo! Slurp; http://help.yahoo.com/help/us/ysearch/slurp)" "www.sancarloscity.org"
74.6.18.251 - - [28/Aug/2008:06:50:55 -0700] "GET /classifieds/index.php?method=showdetails&list=advertisement&rollid=270&fromfromlist=advertisement_active&fromfrommethod=showhtmllist HTTP/1.0" 200 6005 "-" "Mozilla/5.0 (compatible; Yahoo! Slurp; http://help.yahoo.com/help/us/ysearch/slurp)" "www.sancarloscity.org"
74.6.18.251 - - [28/Aug/2008:06:50:57 -0700] "GET /classifieds/index.php?method=showdetails&list=advertisement&rollid=80&fromfromlist=advertisement_active&fromfrommethod=showhtmllist HTTP/1.0" 200 6135 "-" "Mozilla/5.0 (compatible; Yahoo! Slurp; http://help.yahoo.com/help/us/ysearch/slurp)" "www.sancarloscity.org"
74.6.18.251 - - [28/Aug/2008:06:51:02 -0700] "GET /forum2/index.php?act=post&do=reply_post&f=13&t=124 HTTP/1.0" 200 2899 "-" "Mozilla/5.0 (compatible; Yahoo! Slurp; http://help.yahoo.com/help/us/ysearch/slurp)" "www.sancarloscity.org"
195.60.8.193 - - [28/Aug/2008:06:51:03 -0700] "GET /guestbook5.htm HTTP/1.1" 200 39911 "-" "h rrpuHdlHleqcyxotqa" "www.sancarloscity.org"
74.6.18.251 - - [28/Aug/2008:06:51:04 -0700] "GET /classifieds/index.php?method=showdetails&list=advertisement&rollid=84&fromfromlist=advertisement_active&fromfrommethod=showhtmllist HTTP/1.0" 200 5786 "-" "Mozilla/5.0 (compatible; Yahoo! Slurp; http://help.yahoo.com/help/us/ysearch/slurp)" "www.sancarloscity.org"
74.6.18.251 - - [28/Aug/2008:06:51:05 -0700] "GET /classifieds/index.php?method=showdetails&list=advertisement&rollid=117&fromfromlist=advertisement_active&fromfrommethod=showhtmllist HTTP/1.0" 200 5818 "-" "Mozilla/5.0 (compatible; Yahoo! Slurp; http://help.yahoo.com/help/us/ysearch/slurp)" "www.sancarloscity.org"
74.6.18.251 - - [28/Aug/2008:06:51:08 -0700] "GET /logs/access_080529.log HTTP/1.0" 200 196608 "-" "Mozilla/5.0 (compatible; Yahoo! Slurp; http://help.yahoo.com/help/us/ysearch/slurp)" "www.sancarloscity.org"
200.63.42.95 - - [28/Aug/2008:06:51:12 -0700] "GET /jodera2/index.php HTTP/1.0" 200 61471 "http://www.sancarloscity.org/jodera2/index.php" "Mozilla/3.0 (x86 [en] Windows NT 5.1; Sun)" "www.sancarloscity.org"
74.6.18.251 - - [28/Aug/2008:06:51:14 -0700] "GET /forum2/index.php?automodule=blog&blogid=2&&req=sendentry&eid=12&st= HTTP/1.0" 200 2917 "-" "Mozilla/5.0 (compatible; Yahoo! Slurp; http://help.yahoo.com/help/us/ysearch/slurp)" "www.sancarloscity.org"
74.6.18.251 - - [28/Aug/2008:06:51:15 -0700] "GET /forum2/index.php?automodule=blog&blogid=2&&req=sendentry&eid=11&st= HTTP/1.0" 200 2918 "-" "Mozilla/5.0 (compatible; Yahoo! Slurp; http://help.yahoo.com/help/us/ysearch/slurp)" "www.sancarloscity.org"
200.63.42.95 - - [28/Aug/2008:06:51:16 -0700] "GET /jodera2/viewforum.php?f=1&sid=b5972e926434f863a10a44289cb9b08a HTTP/1.0" 200 83566 "http://www.sancarloscity.org/viewforum.php?f=1&sid=b5972e926434f863a10a44289cb9b08a" "Mozilla/3.0 (x86 [en] Windows NT 5.1; Sun)" "www.sancarloscity.org"
74.6.18.251 - - [28/Aug/2008:06:51:21 -0700] "GET /classifieds/index.php?method=showdetails&list=advertisement&rollid=216&fromfromlist=advertisement_active&fromfrommethod=showhtmllist HTTP/1.0" 200 5981 "-" "Mozilla/5.0 (compatible; Yahoo! Slurp; http://help.yahoo.com/help/us/ysearch/slurp)" "www.sancarloscity.org"
67.195.37.186 - - [28/Aug/2008:06:51:22 -0700] "GET /forum2/lofiversion/index.php?t207.html HTTP/1.0" 404 748 "-" "Mozilla/5.0 (X11; U; Linux i686 (x86_64); en-US; rv:1.8.1.4) Gecko/20080721 BonEcho/2.0.0.4" "www.sancarloscity.org"
200.63.42.95 - - [28/Aug/2008:06:51:24 -0700] "GET /jodera2/login.php HTTP/1.0" 200 12333 "http://www.sancarloscity.org/login.php" "Mozilla/3.0 (x86 [en] Windows NT 5.1; Sun)" "www.sancarloscity.org"
200.63.42.95 - - [28/Aug/2008:06:51:28 -0700] "POST /jodera2/login.php HTTP/1.0" 302 0 "http://www.sancarloscity.org/jodera2/login.php" "Mozilla/3.0 (x86 [en] Windows NT 5.1; Sun)" "www.sancarloscity.org"
200.63.42.95 - - [28/Aug/2008:06:51:28 -0700] "GET /jodera2/index.php?sid=b5972e926434f863a10a44289cb9b08a HTTP/1.0" 200 54934 "http://www.sancarloscity.org/jodera2/index.php?sid=b5972e926434f863a10a44289cb9b08a" "Mozilla/3.0 (x86 [en] Windows NT 5.1; Sun)" "www.sancarloscity.org"
74.6.18.251 - - [28/Aug/2008:06:51:31 -0700] "GET /logs/access_080523.log HTTP/1.0" 200 196608 "-" "Mozilla/5.0 (compatible; Yahoo! Slurp; http://help.yahoo.com/help/us/ysearch/slurp)" "www.sancarloscity.org"
74.6.18.251 - - [28/Aug/2008:06:51:32 -0700] "GET /classifieds/index.php?method=showdetails&list=advertisement&rollid=273&fromfromlist=advertisement_active&fromfrommethod=showhtmllist HTTP/1.0" 200 6084 "-" "Mozilla/5.0 (compatible; Yahoo! Slurp; http://help.yahoo.com/help/us/ysearch/slurp)" "www.sancarloscity.org"
200.63.42.95 - - [28/Aug/2008:06:51:32 -0700] "GET /jodera2/viewforum.php?f=1 HTTP/1.0" 200 83612 "http://www.sancarloscity.org/viewforum.php?f=1" "Mozilla/3.0 (x86 [en] Windows NT 5.1; Sun)" "www.sancarloscity.org"
74.6.18.251 - - [28/Aug/2008:06:51:33 -0700] "GET /forum2/index.php?automodule=blog&blogid=2&&req=sendentry&eid=15&st= HTTP/1.0" 200 2917 "-" "Mozilla/5.0 (compatible; Yahoo! Slurp; http://help.yahoo.com/help/us/ysearch/slurp)" "www.sancarloscity.org"
200.63.42.95 - - [28/Aug/2008:06:51:34 -0700] "GET /jodera2/posting.php?mode=newtopic&f=1 HTTP/1.0" 200 41358 "http://www.sancarloscity.org/posting.php?mode=newtopic&f=1" "Mozilla/3.0 (x86 [en] Windows NT 5.1; Sun)" "www.sancarloscity.org"
200.63.42.95 - - [28/Aug/2008:06:51:41 -0700] "POST /jodera2/posting.php HTTP/1.0" 200 11432 "http://www.sancarloscity.org/jodera2/posting.php?mode=newtopic&f=1" "Mozilla/3.0 (x86 [en] Windows NT 5.1; Sun)" "www.sancarloscity.org"
66.249.67.220 - - [28/Aug/2008:06:51:42 -0700] "GET /forum2/index.php?act=post&do=reply_post&f=5&t=232 HTTP/1.1" 200 2855 "-" "Mozilla/5.0 (compatible; Googlebot/2.1; +http://www.google.com/bot.html)" "www.sancarloscity.org"
208.111.154.15 - - [28/Aug/2008:06:51:49 -0700] "GET /robots.txt HTTP/1.0" 200 44 "-" "Mozilla/5.0 (compatible; Charlotte/1.1; http://www.searchme.com/support/)" "sancarloscity.org"
208.111.154.16 - - [28/Aug/2008:06:51:49 -0700] "GET /rtpan1frame16.htm HTTP/1.1" 200 3823 "-" "Mozilla/5.0 (compatible; Charlotte/1.1; http://www.searchme.com/support/)" "sancarloscity.org"
74.6.18.251 - - [28/Aug/2008:06:51:55 -0700] "GET /logs/access_080618.log HTTP/1.0" 200 196608 "-" "Mozilla/5.0 (compatible; Yahoo! Slurp; http://help.yahoo.com/help/us/ysearch/slurp)" "www.sancarloscity.org"
74.6.18.251 - - [28/Aug/2008:06:51:57 -0700] "GET /logs/access_080228.log HTTP/1.0" 200 196608 "-" "Mozilla/5.0 (compatible; Yahoo! Slurp; http://help.yahoo.com/help/us/ysearch/slurp)" "www.sancarloscity.org"
74.6.18.251 - - [28/Aug/2008:06:51:57 -0700] "GET /classifieds/index.php?method=showdetails&list=advertisement&rollid=280&fromfromlist=advertisement_active&fromfrommethod=showhtmllist HTTP/1.0" 200 5888 "-" "Mozilla/5.0 (compatible; Yahoo! Slurp; http://help.yahoo.com/help/us/ysearch/slurp)" "www.sancarloscity.org"
74.6.18.251 - - [28/Aug/2008:06:52:04 -0700] "GET /classifieds/index.php?method=showdetails&list=advertisement&rollid=186&fromfromlist=advertisement_active&fromfrommethod=showhtmllist HTTP/1.0" 200 5963 "-" "Mozilla/5.0 (compatible; Yahoo! Slurp; http://help.yahoo.com/help/us/ysearch/slurp)" "www.sancarloscity.org"
74.6.18.251 - - [28/Aug/2008:06:52:10 -0700] "GET /classifieds/index.php?method=showdetails&list=advertisement&rollid=126&fromfromlist=advertisement_active&fromfrommethod=showhtmllist HTTP/1.0" 200 5800 "-" "Mozilla/5.0 (compatible; Yahoo! Slurp; http://help.yahoo.com/help/us/ysearch/slurp)" "www.sancarloscity.org"
74.6.18.251 - - [28/Aug/2008:06:52:18 -0700] "GET /classifieds/index.php?method=showdetails&list=advertisement&rollid=212&fromfromlist=advertisement_active&fromfrommethod=showhtmllist HTTP/1.0" 200 5817 "-" "Mozilla/5.0 (compatible; Yahoo! Slurp; http://help.yahoo.com/help/us/ysearch/slurp)" "www.sancarloscity.org"
