121.1.55.18 - - [28/Aug/2008:06:00:23 -0700] "GET /forum2/jscripts/ips_xmlhttprequest.js HTTP/1.1" 304 - "http://www.sancarloscity.org/forum2/index.php?&&CODE=00" "Mozilla/4.0 (compatible; MSIE 7.0; Windows NT 5.1; .NET CLR 1.0.3705; .NET CLR 1.1.4322; Media Center PC 4.0; InfoPath.2)" "www.sancarloscity.org"
121.1.55.18 - - [28/Aug/2008:06:00:24 -0700] "GET /forum2/jscripts/ipb_global_xmlenhanced.js HTTP/1.1" 304 - "http://www.sancarloscity.org/forum2/index.php?&&CODE=00" "Mozilla/4.0 (compatible; MSIE 7.0; Windows NT 5.1; .NET CLR 1.0.3705; .NET CLR 1.1.4322; Media Center PC 4.0; InfoPath.2)" "www.sancarloscity.org"
121.1.55.18 - - [28/Aug/2008:06:00:25 -0700] "GET /forum2/jscripts/dom-drag.js HTTP/1.1" 304 - "http://www.sancarloscity.org/forum2/index.php?&&CODE=00" "Mozilla/4.0 (compatible; MSIE 7.0; Windows NT 5.1; .NET CLR 1.0.3705; .NET CLR 1.1.4322; Media Center PC 4.0; InfoPath.2)" "www.sancarloscity.org"
121.1.55.18 - - [28/Aug/2008:06:00:25 -0700] "GET /forum2/style_images/red_crysta/loading_anim.gif HTTP/1.1" 304 - "http://www.sancarloscity.org/forum2/index.php?&&CODE=00" "Mozilla/4.0 (compatible; MSIE 7.0; Windows NT 5.1; .NET CLR 1.0.3705; .NET CLR 1.1.4322; Media Center PC 4.0; InfoPath.2)" "www.sancarloscity.org"
121.1.55.18 - - [28/Aug/2008:06:00:25 -0700] "GET /forum2/style_images/red_crysta/close.png HTTP/1.1" 304 - "http://www.sancarloscity.org/forum2/index.php?&&CODE=00" "Mozilla/4.0 (compatible; MSIE 7.0; Windows NT 5.1; .NET CLR 1.0.3705; .NET CLR 1.1.4322; Media Center PC 4.0; InfoPath.2)" "www.sancarloscity.org"
121.1.55.18 - - [28/Aug/2008:06:00:26 -0700] "GET /forum2/style_images/red_crysta/nav.gif HTTP/1.1" 304 - "http://www.sancarloscity.org/forum2/index.php?&&CODE=00" "Mozilla/4.0 (compatible; MSIE 7.0; Windows NT 5.1; .NET CLR 1.0.3705; .NET CLR 1.1.4322; Media Center PC 4.0; InfoPath.2)" "www.sancarloscity.org"
121.1.55.18 - - [28/Aug/2008:06:00:26 -0700] "GET /forum2/style_images/red_crysta/css_pp_header.gif HTTP/1.1" 304 - "http://www.sancarloscity.org/forum2/index.php?&&CODE=00" "Mozilla/4.0 (compatible; MSIE 7.0; Windows NT 5.1; .NET CLR 1.0.3705; .NET CLR 1.1.4322; Media Center PC 4.0; InfoPath.2)" "www.sancarloscity.org"
121.1.55.18 - - [28/Aug/2008:06:00:27 -0700] "GET /forum2/jscripts/ipb_forum.js HTTP/1.1" 304 - "http://www.sancarloscity.org/forum2/index.php?&&CODE=00" "Mozilla/4.0 (compatible; MSIE 7.0; Windows NT 5.1; .NET CLR 1.0.3705; .NET CLR 1.1.4322; Media Center PC 4.0; InfoPath.2)" "www.sancarloscity.org"
121.1.55.18 - - [28/Aug/2008:06:00:27 -0700] "GET /forum2/style_images/red_crysta/tile_cat.gif HTTP/1.1" 304 - "http://www.sancarloscity.org/forum2/index.php?&&CODE=00" "Mozilla/4.0 (compatible; MSIE 7.0; Windows NT 5.1; .NET CLR 1.0.3705; .NET CLR 1.1.4322; Media Center PC 4.0; InfoPath.2)" "www.sancarloscity.org"
121.1.55.18 - - [28/Aug/2008:06:00:27 -0700] "GET /forum2/style_images/red_crysta/exp_plus.gif HTTP/1.1" 304 - "http://www.sancarloscity.org/forum2/index.php?&&CODE=00" "Mozilla/4.0 (compatible; MSIE 7.0; Windows NT 5.1; .NET CLR 1.0.3705; .NET CLR 1.1.4322; Media Center PC 4.0; InfoPath.2)" "www.sancarloscity.org"
121.1.55.18 - - [28/Aug/2008:06:00:28 -0700] "GET /forum2/style_images/red_crysta/iframe.html HTTP/1.1" 304 - "http://www.sancarloscity.org/forum2/index.php?&&CODE=00" "Mozilla/4.0 (compatible; MSIE 7.0; Windows NT 5.1; .NET CLR 1.0.3705; .NET CLR 1.1.4322; Media Center PC 4.0; InfoPath.2)" "www.sancarloscity.org"
121.1.55.18 - - [28/Aug/2008:06:00:28 -0700] "GET /forum2/style_images/red_crysta/nav_m.gif HTTP/1.1" 304 - "http://www.sancarloscity.org/forum2/index.php?&&CODE=00" "Mozilla/4.0 (compatible; MSIE 7.0; Windows NT 5.1; .NET CLR 1.0.3705; .NET CLR 1.1.4322; Media Center PC 4.0; InfoPath.2)" "www.sancarloscity.org"
121.1.55.18 - - [28/Aug/2008:06:00:28 -0700] "GET /forum2/style_images/red_crysta/exp_minus.gif HTTP/1.1" 304 - "http://www.sancarloscity.org/forum2/index.php?&&CODE=00" "Mozilla/4.0 (compatible; MSIE 7.0; Windows NT 5.1; .NET CLR 1.0.3705; .NET CLR 1.1.4322; Media Center PC 4.0; InfoPath.2)" "www.sancarloscity.org"
121.1.55.18 - - [28/Aug/2008:06:00:29 -0700] "GET /forum2/style_images/red_crysta/bf_nonew.gif HTTP/1.1" 304 - "http://www.sancarloscity.org/forum2/index.php?&&CODE=00" "Mozilla/4.0 (compatible; MSIE 7.0; Windows NT 5.1; .NET CLR 1.0.3705; .NET CLR 1.1.4322; Media Center PC 4.0; InfoPath.2)" "www.sancarloscity.org"
121.1.55.18 - - [28/Aug/2008:06:00:29 -0700] "GET /forum2/style_images/red_crysta/lastpost.gif HTTP/1.1" 304 - "http://www.sancarloscity.org/forum2/index.php?&&CODE=00" "Mozilla/4.0 (compatible; MSIE 7.0; Windows NT 5.1; .NET CLR 1.0.3705; .NET CLR 1.1.4322; Media Center PC 4.0; InfoPath.2)" "www.sancarloscity.org"
121.1.55.18 - - [28/Aug/2008:06:00:29 -0700] "GET /forum2/style_images/red_crysta/bf_new.gif HTTP/1.1" 304 - "http://www.sancarloscity.org/forum2/index.php?&&CODE=00" "Mozilla/4.0 (compatible; MSIE 7.0; Windows NT 5.1; .NET CLR 1.0.3705; .NET CLR 1.1.4322; Media Center PC 4.0; InfoPath.2)" "www.sancarloscity.org"
121.1.55.18 - - [28/Aug/2008:06:00:30 -0700] "GET /forum2/style_images/red_crysta/user.gif HTTP/1.1" 304 - "http://www.sancarloscity.org/forum2/index.php?&&CODE=00" "Mozilla/4.0 (compatible; MSIE 7.0; Windows NT 5.1; .NET CLR 1.0.3705; .NET CLR 1.1.4322; Media Center PC 4.0; InfoPath.2)" "www.sancarloscity.org"
121.1.55.18 - - [28/Aug/2008:06:00:30 -0700] "GET /forum2/style_images/red_crysta/calen.gif HTTP/1.1" 304 - "http://www.sancarloscity.org/forum2/index.php?&&CODE=00" "Mozilla/4.0 (compatible; MSIE 7.0; Windows NT 5.1; .NET CLR 1.0.3705; .NET CLR 1.1.4322; Media Center PC 4.0; InfoPath.2)" "www.sancarloscity.org"
121.1.55.18 - - [28/Aug/2008:06:00:30 -0700] "GET /forum2/style_images/red_crysta/stats.gif HTTP/1.1" 304 - "http://www.sancarloscity.org/forum2/index.php?&&CODE=00" "Mozilla/4.0 (compatible; MSIE 7.0; Windows NT 5.1; .NET CLR 1.0.3705; .NET CLR 1.1.4322; Media Center PC 4.0; InfoPath.2)" "www.sancarloscity.org"
121.1.55.18 - - [28/Aug/2008:06:00:31 -0700] "GET /forum2/style_images/red_crysta/rss.png HTTP/1.1" 304 - "http://www.sancarloscity.org/forum2/index.php?&&CODE=00" "Mozilla/4.0 (compatible; MSIE 7.0; Windows NT 5.1; .NET CLR 1.0.3705; .NET CLR 1.1.4322; Media Center PC 4.0; InfoPath.2)" "www.sancarloscity.org"
121.1.55.18 - - [28/Aug/2008:06:00:32 -0700] "GET /forum2/index.php?act=task HTTP/1.1" 200 59 "http://www.sancarloscity.org/forum2/index.php?&&CODE=00" "Mozilla/4.0 (compatible; MSIE 7.0; Windows NT 5.1; .NET CLR 1.0.3705; .NET CLR 1.1.4322; Media Center PC 4.0; InfoPath.2)" "www.sancarloscity.org"
121.1.55.18 - - [28/Aug/2008:06:00:35 -0700] "GET /forum2/index.php?showtopic=232&view=getnewpost HTTP/1.1" 302 5 "http://www.sancarloscity.org/forum2/index.php?&&CODE=00" "Mozilla/4.0 (compatible; MSIE 7.0; Windows NT 5.1; .NET CLR 1.0.3705; .NET CLR 1.1.4322; Media Center PC 4.0; InfoPath.2)" "www.sancarloscity.org"
121.1.55.18 - - [28/Aug/2008:06:00:36 -0700] "GET /forum2/index.php?showtopic=232&pid=1583&st=0& HTTP/1.1" 200 7922 "http://www.sancarloscity.org/forum2/index.php?&&CODE=00" "Mozilla/4.0 (compatible; MSIE 7.0; Windows NT 5.1; .NET CLR 1.0.3705; .NET CLR 1.1.4322; Media Center PC 4.0; InfoPath.2)" "www.sancarloscity.org"
121.1.55.18 - - [28/Aug/2008:06:00:38 -0700] "GET /forum2/style_images/red_crysta/folder_editor_images/css_rte.css HTTP/1.1" 304 - "http://www.sancarloscity.org/forum2/index.php?showtopic=232&pid=1583&st=0&#entry1583" "Mozilla/4.0 (compatible; MSIE 7.0; Windows NT 5.1; .NET CLR 1.0.3705; .NET CLR 1.1.4322; Media Center PC 4.0; InfoPath.2)" "www.sancarloscity.org"
121.1.55.18 - - [28/Aug/2008:06:00:38 -0700] "GET /forum2/jscripts/ipb_topic.js HTTP/1.1" 304 - "http://www.sancarloscity.org/forum2/index.php?showtopic=232&pid=1583&st=0&#entry1583" "Mozilla/4.0 (compatible; MSIE 7.0; Windows NT 5.1; .NET CLR 1.0.3705; .NET CLR 1.1.4322; Media Center PC 4.0; InfoPath.2)" "www.sancarloscity.org"
121.1.55.18 - - [28/Aug/2008:06:00:39 -0700] "GET /forum2/jscripts/ips_text_editor_lite.js HTTP/1.1" 304 - "http://www.sancarloscity.org/forum2/index.php?showtopic=232&pid=1583&st=0&#entry1583" "Mozilla/4.0 (compatible; MSIE 7.0; Windows NT 5.1; .NET CLR 1.0.3705; .NET CLR 1.1.4322; Media Center PC 4.0; InfoPath.2)" "www.sancarloscity.org"
121.1.55.18 - - [28/Aug/2008:06:00:40 -0700] "GET /forum2/index.php?act=task HTTP/1.1" 200 59 "http://www.sancarloscity.org/forum2/index.php?showtopic=232&pid=1583&st=0&#entry1583" "Mozilla/4.0 (compatible; MSIE 7.0; Windows NT 5.1; .NET CLR 1.0.3705; .NET CLR 1.1.4322; Media Center PC 4.0; InfoPath.2)" "www.sancarloscity.org"
74.6.18.251 - - [28/Aug/2008:06:00:44 -0700] "GET /forum2/index.php?showtopic=6&st=0 HTTP/1.0" 200 10436 "-" "Mozilla/5.0 (compatible; Yahoo! Slurp; http://help.yahoo.com/help/us/ysearch/slurp)" "www.sancarloscity.org"
121.1.55.18 - - [28/Aug/2008:06:00:59 -0700] "GET /forum2/index.php?showforum=5 HTTP/1.1" 200 6869 "http://www.sancarloscity.org/forum2/index.php?&&CODE=00" "Mozilla/4.0 (compatible; MSIE 7.0; Windows NT 5.1; .NET CLR 1.0.3705; .NET CLR 1.1.4322; Media Center PC 4.0; InfoPath.2)" "www.sancarloscity.org"
121.1.55.18 - - [28/Aug/2008:06:01:01 -0700] "GET /forum2/index.php?act=task HTTP/1.1" 200 59 "http://www.sancarloscity.org/forum2/index.php?showforum=5" "Mozilla/4.0 (compatible; MSIE 7.0; Windows NT 5.1; .NET CLR 1.0.3705; .NET CLR 1.1.4322; Media Center PC 4.0; InfoPath.2)" "www.sancarloscity.org"
121.1.55.18 - - [28/Aug/2008:06:01:14 -0700] "GET /forum2/index.php?showforum=9 HTTP/1.1" 200 10952 "http://www.sancarloscity.org/forum2/index.php?&&CODE=00" "Mozilla/4.0 (compatible; MSIE 7.0; Windows NT 5.1; .NET CLR 1.0.3705; .NET CLR 1.1.4322; Media Center PC 4.0; InfoPath.2)" "www.sancarloscity.org"
121.1.55.18 - - [28/Aug/2008:06:01:16 -0700] "GET /forum2/style_images/red_crysta/f_norm_dot.gif HTTP/1.1" 200 174 "http://www.sancarloscity.org/forum2/index.php?showforum=9" "Mozilla/4.0 (compatible; MSIE 7.0; Windows NT 5.1; .NET CLR 1.0.3705; .NET CLR 1.1.4322; Media Center PC 4.0; InfoPath.2)" "www.sancarloscity.org"
121.1.55.18 - - [28/Aug/2008:06:01:17 -0700] "GET /forum2/index.php?act=task HTTP/1.1" 200 59 "http://www.sancarloscity.org/forum2/index.php?showforum=9" "Mozilla/4.0 (compatible; MSIE 7.0; Windows NT 5.1; .NET CLR 1.0.3705; .NET CLR 1.1.4322; Media Center PC 4.0; InfoPath.2)" "www.sancarloscity.org"
121.1.55.18 - - [28/Aug/2008:06:01:26 -0700] "GET /forum2/index.php?act=Stats&CODE=who&t=233 HTTP/1.1" 200 1713 "-" "Mozilla/4.0 (compatible; MSIE 7.0; Windows NT 5.1; .NET CLR 1.0.3705; .NET CLR 1.1.4322; Media Center PC 4.0; InfoPath.2)" "www.sancarloscity.org"
121.1.55.18 - - [28/Aug/2008:06:01:27 -0700] "GET /forum2/style_images/css_2.css HTTP/1.1" 304 - "http://www.sancarloscity.org/forum2/index.php?act=Stats&CODE=who&t=233" "Mozilla/4.0 (compatible; MSIE 7.0; Windows NT 5.1; .NET CLR 1.0.3705; .NET CLR 1.1.4322; Media Center PC 4.0; InfoPath.2)" "www.sancarloscity.org"
121.1.55.18 - - [28/Aug/2008:06:01:28 -0700] "GET /forum2/jscripts/ips_ipsclass.js HTTP/1.1" 304 - "http://www.sancarloscity.org/forum2/index.php?act=Stats&CODE=who&t=233" "Mozilla/4.0 (compatible; MSIE 7.0; Windows NT 5.1; .NET CLR 1.0.3705; .NET CLR 1.1.4322; Media Center PC 4.0; InfoPath.2)" "www.sancarloscity.org"
121.1.55.18 - - [28/Aug/2008:06:01:29 -0700] "GET /forum2/jscripts/ipb_global.js HTTP/1.1" 304 - "http://www.sancarloscity.org/forum2/index.php?act=Stats&CODE=who&t=233" "Mozilla/4.0 (compatible; MSIE 7.0; Windows NT 5.1; .NET CLR 1.0.3705; .NET CLR 1.1.4322; Media Center PC 4.0; InfoPath.2)" "www.sancarloscity.org"
121.1.55.18 - - [28/Aug/2008:06:01:30 -0700] "GET /forum2/jscripts/ips_menu.js HTTP/1.1" 304 - "http://www.sancarloscity.org/forum2/index.php?act=Stats&CODE=who&t=233" "Mozilla/4.0 (compatible; MSIE 7.0; Windows NT 5.1; .NET CLR 1.0.3705; .NET CLR 1.1.4322; Media Center PC 4.0; InfoPath.2)" "www.sancarloscity.org"
121.1.55.18 - - [28/Aug/2008:06:01:30 -0700] "GET /forum2/style_images/red_crysta/folder_js_skin/ips_menu_html.js HTTP/1.1" 304 - "http://www.sancarloscity.org/forum2/index.php?act=Stats&CODE=who&t=233" "Mozilla/4.0 (compatible; MSIE 7.0; Windows NT 5.1; .NET CLR 1.0.3705; .NET CLR 1.1.4322; Media Center PC 4.0; InfoPath.2)" "www.sancarloscity.org"
121.1.55.18 - - [28/Aug/2008:06:01:31 -0700] "GET /forum2/cache/lang_cache/en/lang_javascript.js HTTP/1.1" 304 - "http://www.sancarloscity.org/forum2/index.php?act=Stats&CODE=who&t=233" "Mozilla/4.0 (compatible; MSIE 7.0; Windows NT 5.1; .NET CLR 1.0.3705; .NET CLR 1.1.4322; Media Center PC 4.0; InfoPath.2)" "www.sancarloscity.org"
121.1.55.18 - - [28/Aug/2008:06:01:31 -0700] "GET /forum2/jscripts/ips_xmlhttprequest.js HTTP/1.1" 304 - "http://www.sancarloscity.org/forum2/index.php?act=Stats&CODE=who&t=233" "Mozilla/4.0 (compatible; MSIE 7.0; Windows NT 5.1; .NET CLR 1.0.3705; .NET CLR 1.1.4322; Media Center PC 4.0; InfoPath.2)" "www.sancarloscity.org"
121.1.55.18 - - [28/Aug/2008:06:01:32 -0700] "GET /forum2/jscripts/ipb_global_xmlenhanced.js HTTP/1.1" 304 - "http://www.sancarloscity.org/forum2/index.php?act=Stats&CODE=who&t=233" "Mozilla/4.0 (compatible; MSIE 7.0; Windows NT 5.1; .NET CLR 1.0.3705; .NET CLR 1.1.4322; Media Center PC 4.0; InfoPath.2)" "www.sancarloscity.org"
121.1.55.18 - - [28/Aug/2008:06:01:33 -0700] "GET /forum2/jscripts/dom-drag.js HTTP/1.1" 304 - "http://www.sancarloscity.org/forum2/index.php?act=Stats&CODE=who&t=233" "Mozilla/4.0 (compatible; MSIE 7.0; Windows NT 5.1; .NET CLR 1.0.3705; .NET CLR 1.1.4322; Media Center PC 4.0; InfoPath.2)" "www.sancarloscity.org"
121.1.55.18 - - [28/Aug/2008:06:01:39 -0700] "GET /forum2/index.php?showuser=4 HTTP/1.1" 200 5869 "-" "Mozilla/4.0 (compatible; MSIE 7.0; Windows NT 5.1; .NET CLR 1.0.3705; .NET CLR 1.1.4322; Media Center PC 4.0; InfoPath.2)" "www.sancarloscity.org"
121.1.55.18 - - [28/Aug/2008:06:01:40 -0700] "GET /forum2/jscripts/ipb_profile.js HTTP/1.1" 200 177 "http://www.sancarloscity.org/forum2/index.php?showuser=4" "Mozilla/4.0 (compatible; MSIE 7.0; Windows NT 5.1; .NET CLR 1.0.3705; .NET CLR 1.1.4322; Media Center PC 4.0; InfoPath.2)" "www.sancarloscity.org"
121.1.55.18 - - [28/Aug/2008:06:01:41 -0700] "GET /forum2/jscripts/ips_profile_portal.js HTTP/1.1" 200 19581 "http://www.sancarloscity.org/forum2/index.php?showuser=4" "Mozilla/4.0 (compatible; MSIE 7.0; Windows NT 5.1; .NET CLR 1.0.3705; .NET CLR 1.1.4322; Media Center PC 4.0; InfoPath.2)" "www.sancarloscity.org"
121.1.55.18 - - [28/Aug/2008:06:01:43 -0700] "GET /forum2/jscripts/ipb_topic.js HTTP/1.1" 304 - "http://www.sancarloscity.org/forum2/index.php?showuser=4" "Mozilla/4.0 (compatible; MSIE 7.0; Windows NT 5.1; .NET CLR 1.0.3705; .NET CLR 1.1.4322; Media Center PC 4.0; InfoPath.2)" "www.sancarloscity.org"
121.1.55.18 - - [28/Aug/2008:06:01:44 -0700] "GET /forum2/style_images/red_crysta/folder_profile_portal/pp-blank-large.png HTTP/1.1" 200 10903 "http://www.sancarloscity.org/forum2/index.php?showuser=4" "Mozilla/4.0 (compatible; MSIE 7.0; Windows NT 5.1; .NET CLR 1.0.3705; .NET CLR 1.1.4322; Media Center PC 4.0; InfoPath.2)" "www.sancarloscity.org"
121.1.55.18 - - [28/Aug/2008:06:01:44 -0700] "GET /forum2/style_images/red_crysta/folder_profile_portal/gender_mystery.png HTTP/1.1" 200 697 "http://www.sancarloscity.org/forum2/index.php?showuser=4" "Mozilla/4.0 (compatible; MSIE 7.0; Windows NT 5.1; .NET CLR 1.0.3705; .NET CLR 1.1.4322; Media Center PC 4.0; InfoPath.2)" "www.sancarloscity.org"
121.1.55.18 - - [28/Aug/2008:06:01:45 -0700] "GET /forum2/style_images/red_crysta/iframe.html HTTP/1.1" 304 - "http://www.sancarloscity.org/forum2/index.php?showuser=4" "Mozilla/4.0 (compatible; MSIE 7.0; Windows NT 5.1; .NET CLR 1.0.3705; .NET CLR 1.1.4322; Media Center PC 4.0; InfoPath.2)" "www.sancarloscity.org"
121.1.55.18 - - [28/Aug/2008:06:01:47 -0700] "GET /forum2/style_images/red_crysta/iframe.html HTTP/1.1" 304 - "http://www.sancarloscity.org/forum2/index.php?showuser=4" "Mozilla/4.0 (compatible; MSIE 7.0; Windows NT 5.1; .NET CLR 1.0.3705; .NET CLR 1.1.4322; Media Center PC 4.0; InfoPath.2)" "www.sancarloscity.org"
74.6.18.251 - - [28/Aug/2008:06:01:47 -0700] "GET /picgallery/displayimage.php?album=37&pos=18 HTTP/1.0" 200 13262 "-" "Mozilla/5.0 (compatible; Yahoo! Slurp; http://help.yahoo.com/help/us/ysearch/slurp)" "www.sancarloscity.org"
121.1.55.18 - - [28/Aug/2008:06:01:47 -0700] "GET /forum2/index.php?s=&act=profile&CODE=personal_ajax_load_tab&member_id=4&tab=topics&md5check=126fac8fdedb880b6c03a5361a3799be&__=1219982751093 HTTP/1.1" 200 4237 "http://www.sancarloscity.org/forum2/index.php?showuser=4" "Mozilla/4.0 (compatible; MSIE 7.0; Windows NT 5.1; .NET CLR 1.0.3705; .NET CLR 1.1.4322; Media Center PC 4.0; InfoPath.2)" "www.sancarloscity.org"
121.1.55.18 - - [28/Aug/2008:06:01:48 -0700] "GET /forum2/style_images/red_crysta/iframe.html HTTP/1.1" 304 - "http://www.sancarloscity.org/forum2/index.php?showuser=4" "Mozilla/4.0 (compatible; MSIE 7.0; Windows NT 5.1; .NET CLR 1.0.3705; .NET CLR 1.1.4322; Media Center PC 4.0; InfoPath.2)" "www.sancarloscity.org"
121.1.55.18 - - [28/Aug/2008:06:01:48 -0700] "GET /forum2/style_images/red_crysta/profile_aim.gif HTTP/1.1" 200 163 "http://www.sancarloscity.org/forum2/index.php?showuser=4" "Mozilla/4.0 (compatible; MSIE 7.0; Windows NT 5.1; .NET CLR 1.0.3705; .NET CLR 1.1.4322; Media Center PC 4.0; InfoPath.2)" "www.sancarloscity.org"
121.1.55.18 - - [28/Aug/2008:06:01:49 -0700] "GET /forum2/style_images/red_crysta/profile_yahoo.gif HTTP/1.1" 200 153 "http://www.sancarloscity.org/forum2/index.php?showuser=4" "Mozilla/4.0 (compatible; MSIE 7.0; Windows NT 5.1; .NET CLR 1.0.3705; .NET CLR 1.1.4322; Media Center PC 4.0; InfoPath.2)" "www.sancarloscity.org"
121.1.55.18 - - [28/Aug/2008:06:01:49 -0700] "GET /forum2/style_images/red_crysta/profile_icq.gif HTTP/1.1" 200 163 "http://www.sancarloscity.org/forum2/index.php?showuser=4" "Mozilla/4.0 (compatible; MSIE 7.0; Windows NT 5.1; .NET CLR 1.0.3705; .NET CLR 1.1.4322; Media Center PC 4.0; InfoPath.2)" "www.sancarloscity.org"
121.1.55.18 - - [28/Aug/2008:06:01:49 -0700] "GET /forum2/style_images/red_crysta/profile_msn.gif HTTP/1.1" 200 1028 "http://www.sancarloscity.org/forum2/index.php?showuser=4" "Mozilla/4.0 (compatible; MSIE 7.0; Windows NT 5.1; .NET CLR 1.0.3705; .NET CLR 1.1.4322; Media Center PC 4.0; InfoPath.2)" "www.sancarloscity.org"
121.1.55.18 - - [28/Aug/2008:06:01:50 -0700] "GET /forum2/style_images/red_crysta/icon_msg_nonew.gif HTTP/1.1" 200 641 "http://www.sancarloscity.org/forum2/index.php?showuser=4" "Mozilla/4.0 (compatible; MSIE 7.0; Windows NT 5.1; .NET CLR 1.0.3705; .NET CLR 1.1.4322; Media Center PC 4.0; InfoPath.2)" "www.sancarloscity.org"
121.1.55.18 - - [28/Aug/2008:06:01:50 -0700] "GET /forum2/style_images/red_crysta/blank.gif HTTP/1.1" 200 49 "http://www.sancarloscity.org/forum2/index.php?showuser=4" "Mozilla/4.0 (compatible; MSIE 7.0; Windows NT 5.1; .NET CLR 1.0.3705; .NET CLR 1.1.4322; Media Center PC 4.0; InfoPath.2)" "www.sancarloscity.org"
121.1.55.18 - - [28/Aug/2008:06:01:51 -0700] "GET /forum2/uploads/av-4.jpg HTTP/1.1" 200 2507 "http://www.sancarloscity.org/forum2/index.php?showuser=4" "Mozilla/4.0 (compatible; MSIE 7.0; Windows NT 5.1; .NET CLR 1.0.3705; .NET CLR 1.1.4322; Media Center PC 4.0; InfoPath.2)" "www.sancarloscity.org"
121.1.55.18 - - [28/Aug/2008:06:01:51 -0700] "GET /forum2/style_images/red_crysta/folder_profile_portal/gender_male.png HTTP/1.1" 200 692 "http://www.sancarloscity.org/forum2/index.php?showuser=4" "Mozilla/4.0 (compatible; MSIE 7.0; Windows NT 5.1; .NET CLR 1.0.3705; .NET CLR 1.1.4322; Media Center PC 4.0; InfoPath.2)" "www.sancarloscity.org"
121.1.55.18 - - [28/Aug/2008:06:01:52 -0700] "GET /forum2/uploads/photo-thumb-279.jpg HTTP/1.1" 200 1550 "http://www.sancarloscity.org/forum2/index.php?showuser=4" "Mozilla/4.0 (compatible; MSIE 7.0; Windows NT 5.1; .NET CLR 1.0.3705; .NET CLR 1.1.4322; Media Center PC 4.0; InfoPath.2)" "www.sancarloscity.org"
121.1.55.18 - - [28/Aug/2008:06:01:52 -0700] "GET /forum2/uploads/photo-thumb-328.jpg HTTP/1.1" 200 1415 "http://www.sancarloscity.org/forum2/index.php?showuser=4" "Mozilla/4.0 (compatible; MSIE 7.0; Windows NT 5.1; .NET CLR 1.0.3705; .NET CLR 1.1.4322; Media Center PC 4.0; InfoPath.2)" "www.sancarloscity.org"
121.1.55.18 - - [28/Aug/2008:06:01:53 -0700] "GET /forum2/style_images/red_crysta/folder_profile_portal/comment_add.png HTTP/1.1" 200 603 "http://www.sancarloscity.org/forum2/index.php?showuser=4" "Mozilla/4.0 (compatible; MSIE 7.0; Windows NT 5.1; .NET CLR 1.0.3705; .NET CLR 1.1.4322; Media Center PC 4.0; InfoPath.2)" "www.sancarloscity.org"
121.1.55.18 - - [28/Aug/2008:06:01:53 -0700] "GET /forum2/style_images/red_crysta/folder_profile_portal/star_empty.gif HTTP/1.1" 200 886 "http://www.sancarloscity.org/forum2/index.php?showuser=4" "Mozilla/4.0 (compatible; MSIE 7.0; Windows NT 5.1; .NET CLR 1.0.3705; .NET CLR 1.1.4322; Media Center PC 4.0; InfoPath.2)" "www.sancarloscity.org"
121.1.55.18 - - [28/Aug/2008:06:01:54 -0700] "GET /forum2/style_images/red_crysta/profile_item.gif HTTP/1.1" 200 1134 "http://www.sancarloscity.org/forum2/index.php?showuser=4" "Mozilla/4.0 (compatible; MSIE 7.0; Windows NT 5.1; .NET CLR 1.0.3705; .NET CLR 1.1.4322; Media Center PC 4.0; InfoPath.2)" "www.sancarloscity.org"
67.195.37.186 - - [28/Aug/2008:06:01:54 -0700] "GET /forum2/index.php?act=Search&CODE=getalluser&mid=187 HTTP/1.0" 302 0 "-" "Mozilla/5.0 (X11; U; Linux i686 (x86_64); en-US; rv:1.8.1.4) Gecko/20080721 BonEcho/2.0.0.4" "www.sancarloscity.org"
121.1.55.18 - - [28/Aug/2008:06:01:55 -0700] "GET /forum2/style_emoticons/default/unsure.gif HTTP/1.1" 200 897 "http://www.sancarloscity.org/forum2/index.php?showuser=4" "Mozilla/4.0 (compatible; MSIE 7.0; Windows NT 5.1; .NET CLR 1.0.3705; .NET CLR 1.1.4322; Media Center PC 4.0; InfoPath.2)" "www.sancarloscity.org"
121.1.55.18 - - [28/Aug/2008:06:01:55 -0700] "GET /forum2/index.php?act=task HTTP/1.1" 200 59 "http://www.sancarloscity.org/forum2/index.php?showuser=4" "Mozilla/4.0 (compatible; MSIE 7.0; Windows NT 5.1; .NET CLR 1.0.3705; .NET CLR 1.1.4322; Media Center PC 4.0; InfoPath.2)" "www.sancarloscity.org"
67.195.37.186 - - [28/Aug/2008:06:01:55 -0700] "GET /forum2/index.php?s=7619db1ba8d8308a52f712a6b8a98b97&act=Search&nav=au&CODE=show&searchid=ebe31bf3b43bde498ed93ec26fd94086&search_in=posts&result_type=posts HTTP/1.0" 200 5570 "-" "Mozilla/5.0 (X11; U; Linux i686 (x86_64); en-US; rv:1.8.1.4) Gecko/20080721 BonEcho/2.0.0.4" "www.sancarloscity.org"
67.195.37.186 - - [28/Aug/2008:06:01:55 -0700] "GET /forum2/style_images/css_2.css HTTP/1.0" 200 31951 "http://www.sancarloscity.org/forum2/index.php?s=7619db1ba8d8308a52f712a6b8a98b97&act=Search&nav=au&CODE=show&searchid=ebe31bf3b43bde498ed93ec26fd94086&search_in=posts&result_type=posts" "Mozilla/5.0 (X11; U; Linux i686 (x86_64); en-US; rv:1.8.1.4) Gecko/20080721 BonEcho/2.0.0.4" "www.sancarloscity.org"
121.1.55.18 - - [28/Aug/2008:06:01:55 -0700] "GET /forum2/style_emoticons/default/blink.gif HTTP/1.1" 200 1088 "http://www.sancarloscity.org/forum2/index.php?showuser=4" "Mozilla/4.0 (compatible; MSIE 7.0; Windows NT 5.1; .NET CLR 1.0.3705; .NET CLR 1.1.4322; Media Center PC 4.0; InfoPath.2)" "www.sancarloscity.org"
121.1.55.18 - - [28/Aug/2008:06:02:16 -0700] "GET /forum2/index.php?showforum=9 HTTP/1.1" 200 10951 "http://www.sancarloscity.org/forum2/index.php?&&CODE=00" "Mozilla/4.0 (compatible; MSIE 7.0; Windows NT 5.1; .NET CLR 1.0.3705; .NET CLR 1.1.4322; Media Center PC 4.0; InfoPath.2)" "www.sancarloscity.org"
121.1.55.18 - - [28/Aug/2008:06:02:16 -0700] "GET /forum2/jscripts/ipb_forum.js HTTP/1.1" 304 - "http://www.sancarloscity.org/forum2/index.php?showforum=9" "Mozilla/4.0 (compatible; MSIE 7.0; Windows NT 5.1; .NET CLR 1.0.3705; .NET CLR 1.1.4322; Media Center PC 4.0; InfoPath.2)" "www.sancarloscity.org"
82.99.30.35 - - [28/Aug/2008:06:02:21 -0700] "GET /jodera2/memberlist.php?sid=93b8ced938806c60b4d63cbdf7f722cb HTTP/1.0" 200 80949 "-" "Mozilla/4.0 (compatible; MSIE 6.0; Windows NT 5.1)" "www.sancarloscity.org"
121.1.55.18 - - [28/Aug/2008:06:02:25 -0700] "GET /forum2/index.php?showtopic=233 HTTP/1.1" 200 8339 "http://www.sancarloscity.org/forum2/index.php?showforum=9" "Mozilla/4.0 (compatible; MSIE 7.0; Windows NT 5.1; .NET CLR 1.0.3705; .NET CLR 1.1.4322; Media Center PC 4.0; InfoPath.2)" "www.sancarloscity.org"
121.1.55.18 - - [28/Aug/2008:06:02:26 -0700] "GET /forum2/style_images/red_crysta/folder_editor_images/css_rte.css HTTP/1.1" 304 - "http://www.sancarloscity.org/forum2/index.php?showtopic=233" "Mozilla/4.0 (compatible; MSIE 7.0; Windows NT 5.1; .NET CLR 1.0.3705; .NET CLR 1.1.4322; Media Center PC 4.0; InfoPath.2)" "www.sancarloscity.org"
121.1.55.18 - - [28/Aug/2008:06:02:26 -0700] "GET /forum2/jscripts/ips_text_editor_lite.js HTTP/1.1" 304 - "http://www.sancarloscity.org/forum2/index.php?showtopic=233" "Mozilla/4.0 (compatible; MSIE 7.0; Windows NT 5.1; .NET CLR 1.0.3705; .NET CLR 1.1.4322; Media Center PC 4.0; InfoPath.2)" "www.sancarloscity.org"
121.1.55.18 - - [28/Aug/2008:06:02:28 -0700] "GET /forum2/index.php?act=task HTTP/1.1" 200 59 "http://www.sancarloscity.org/forum2/index.php?showtopic=233" "Mozilla/4.0 (compatible; MSIE 7.0; Windows NT 5.1; .NET CLR 1.0.3705; .NET CLR 1.1.4322; Media Center PC 4.0; InfoPath.2)" "www.sancarloscity.org"
200.63.42.95 - - [28/Aug/2008:06:02:30 -0700] "GET /jodera2/index.php HTTP/1.0" 200 61575 "http://www.sancarloscity.org/jodera2/index.php" "Mozilla/5.0 (Windows; U; Windows NT 5.1; en-US; rv:1.5) Gecko/20031016 K-Meleon/0.8.2" "www.sancarloscity.org"
200.63.42.95 - - [28/Aug/2008:06:02:35 -0700] "GET /jodera2/viewforum.php?f=1&sid=2bfc0418f1bf63e93f020002e6cede30 HTTP/1.0" 200 83725 "http://www.sancarloscity.org/viewforum.php?f=1&sid=2bfc0418f1bf63e93f020002e6cede30" "Mozilla/5.0 (Windows; U; Windows NT 5.1; en-US; rv:1.5) Gecko/20031016 K-Meleon/0.8.2" "www.sancarloscity.org"
74.6.18.251 - - [28/Aug/2008:06:02:38 -0700] "GET /forum2/index.php?act=Post&CODE=02&f=9&t=169&qpid=1357 HTTP/1.0" 200 2903 "-" "Mozilla/5.0 (compatible; Yahoo! Slurp; http://help.yahoo.com/help/us/ysearch/slurp)" "www.sancarloscity.org"
200.63.42.95 - - [28/Aug/2008:06:02:44 -0700] "GET /jodera2/login.php HTTP/1.0" 200 12333 "http://www.sancarloscity.org/login.php" "Mozilla/5.0 (Windows; U; Windows NT 5.1; en-US; rv:1.5) Gecko/20031016 K-Meleon/0.8.2" "www.sancarloscity.org"
200.63.42.95 - - [28/Aug/2008:06:02:44 -0700] "POST /jodera2/login.php HTTP/1.0" 302 0 "http://www.sancarloscity.org/jodera2/login.php" "Mozilla/5.0 (Windows; U; Windows NT 5.1; en-US; rv:1.5) Gecko/20031016 K-Meleon/0.8.2" "www.sancarloscity.org"
200.63.42.95 - - [28/Aug/2008:06:02:45 -0700] "GET /jodera2/index.php?sid=2bfc0418f1bf63e93f020002e6cede30 HTTP/1.0" 200 54937 "http://www.sancarloscity.org/jodera2/index.php?sid=2bfc0418f1bf63e93f020002e6cede30" "Mozilla/5.0 (Windows; U; Windows NT 5.1; en-US; rv:1.5) Gecko/20031016 K-Meleon/0.8.2" "www.sancarloscity.org"
121.1.55.18 - - [28/Aug/2008:06:02:51 -0700] "GET /forum2/index.php?act=Post&CODE=02&f=9&t=233&qpid=1593 HTTP/1.1" 200 8449 "http://www.sancarloscity.org/forum2/index.php?showtopic=233" "Mozilla/4.0 (compatible; MSIE 7.0; Windows NT 5.1; .NET CLR 1.0.3705; .NET CLR 1.1.4322; Media Center PC 4.0; InfoPath.2)" "www.sancarloscity.org"
121.1.55.18 - - [28/Aug/2008:06:02:52 -0700] "GET /forum2/jscripts/ips_text_editor.js HTTP/1.1" 200 51506 "http://www.sancarloscity.org/forum2/index.php?act=Post&CODE=02&f=9&t=233&qpid=1593" "Mozilla/4.0 (compatible; MSIE 7.0; Windows NT 5.1; .NET CLR 1.0.3705; .NET CLR 1.1.4322; Media Center PC 4.0; InfoPath.2)" "www.sancarloscity.org"
74.6.18.251 - - [28/Aug/2008:06:02:52 -0700] "GET /classifieds/index.php?method=create_form&list=classifiedssearch&fromlist=classifiedscategory&frommethod=showhtmllist&fromid=25&fromfromlist=classifiedscategory&fromfrommethod=showhtmllist&fromfromid=12 HTTP/1.0" 200 6763 "-" "Mozilla/5.0 (compatible; Yahoo! Slurp; http://help.yahoo.com/help/us/ysearch/slurp)" "www.sancarloscity.org"
200.63.42.95 - - [28/Aug/2008:06:02:53 -0700] "GET /jodera2/viewforum.php?f=1 HTTP/1.0" 200 89211 "http://www.sancarloscity.org/viewforum.php?f=1" "Mozilla/5.0 (Windows; U; Windows NT 5.1; en-US; rv:1.5) Gecko/20031016 K-Meleon/0.8.2" "www.sancarloscity.org"
200.63.42.95 - - [28/Aug/2008:06:02:54 -0700] "GET /jodera2/posting.php?mode=newtopic&f=1 HTTP/1.0" 200 41358 "http://www.sancarloscity.org/posting.php?mode=newtopic&f=1" "Mozilla/5.0 (Windows; U; Windows NT 5.1; en-US; rv:1.5) Gecko/20031016 K-Meleon/0.8.2" "www.sancarloscity.org"
12.196.98.16 - - [28/Aug/2008:06:02:56 -0700] "GET /logs/access_080807.log//admin/index.php?o=http://www.abunaissa.de/ooid.txt?? HTTP/1.0" 404 759 "-" "libwww-perl/5.53" "www.sancarloscity.org"
121.1.55.18 - - [28/Aug/2008:06:02:56 -0700] "GET /forum2/jscripts/ips_text_editor_func.js HTTP/1.1" 200 7618 "http://www.sancarloscity.org/forum2/index.php?act=Post&CODE=02&f=9&t=233&qpid=1593" "Mozilla/4.0 (compatible; MSIE 7.0; Windows NT 5.1; .NET CLR 1.0.3705; .NET CLR 1.1.4322; Media Center PC 4.0; InfoPath.2)" "www.sancarloscity.org"
121.1.55.18 - - [28/Aug/2008:06:02:58 -0700] "GET /forum2/style_images/red_crysta/folder_editor_images/rte-remove-formatting.gif HTTP/1.1" 200 784 "http://www.sancarloscity.org/forum2/index.php?act=Post&CODE=02&f=9&t=233&qpid=1593" "Mozilla/4.0 (compatible; MSIE 7.0; Windows NT 5.1; .NET CLR 1.0.3705; .NET CLR 1.1.4322; Media Center PC 4.0; InfoPath.2)" "www.sancarloscity.org"
121.1.55.18 - - [28/Aug/2008:06:02:58 -0700] "GET /forum2/style_images/red_crysta/folder_editor_images/rte-toggle-html.gif HTTP/1.1" 200 1276 "http://www.sancarloscity.org/forum2/index.php?act=Post&CODE=02&f=9&t=233&qpid=1593" "Mozilla/4.0 (compatible; MSIE 7.0; Windows NT 5.1; .NET CLR 1.0.3705; .NET CLR 1.1.4322; Media Center PC 4.0; InfoPath.2)" "www.sancarloscity.org"
121.1.55.18 - - [28/Aug/2008:06:02:58 -0700] "GET /forum2/style_images/red_crysta/folder_editor_images/rte_dots.gif HTTP/1.1" 200 60 "http://www.sancarloscity.org/forum2/index.php?act=Post&CODE=02&f=9&t=233&qpid=1593" "Mozilla/4.0 (compatible; MSIE 7.0; Windows NT 5.1; .NET CLR 1.0.3705; .NET CLR 1.1.4322; Media Center PC 4.0; InfoPath.2)" "www.sancarloscity.org"
121.1.55.18 - - [28/Aug/2008:06:02:59 -0700] "GET /forum2/style_images/red_crysta/folder_editor_images/icon_open.gif HTTP/1.1" 200 91 "http://www.sancarloscity.org/forum2/index.php?act=Post&CODE=02&f=9&t=233&qpid=1593" "Mozilla/4.0 (compatible; MSIE 7.0; Windows NT 5.1; .NET CLR 1.0.3705; .NET CLR 1.1.4322; Media Center PC 4.0; InfoPath.2)" "www.sancarloscity.org"
12.196.98.16 - - [28/Aug/2008:06:02:59 -0700] "GET //admin/index.php?o=http://www.abunaissa.de/ooid.txt?? HTTP/1.0" 404 736 "-" "libwww-perl/5.53" "www.sancarloscity.org"
121.1.55.18 - - [28/Aug/2008:06:02:59 -0700] "GET /forum2/style_images/red_crysta/folder_editor_images/rte-textcolor.gif HTTP/1.1" 200 856 "http://www.sancarloscity.org/forum2/index.php?act=Post&CODE=02&f=9&t=233&qpid=1593" "Mozilla/4.0 (compatible; MSIE 7.0; Windows NT 5.1; .NET CLR 1.0.3705; .NET CLR 1.1.4322; Media Center PC 4.0; InfoPath.2)" "www.sancarloscity.org"
121.1.55.18 - - [28/Aug/2008:06:02:59 -0700] "GET /forum2/style_images/red_crysta/folder_editor_images/spellcheck.gif HTTP/1.1" 200 107 "http://www.sancarloscity.org/forum2/index.php?act=Post&CODE=02&f=9&t=233&qpid=1593" "Mozilla/4.0 (compatible; MSIE 7.0; Windows NT 5.1; .NET CLR 1.0.3705; .NET CLR 1.1.4322; Media Center PC 4.0; InfoPath.2)" "www.sancarloscity.org"
121.1.55.18 - - [28/Aug/2008:06:03:00 -0700] "GET /forum2/style_images/red_crysta/folder_editor_images/rte-undo.png HTTP/1.1" 200 761 "http://www.sancarloscity.org/forum2/index.php?act=Post&CODE=02&f=9&t=233&qpid=1593" "Mozilla/4.0 (compatible; MSIE 7.0; Windows NT 5.1; .NET CLR 1.0.3705; .NET CLR 1.1.4322; Media Center PC 4.0; InfoPath.2)" "www.sancarloscity.org"
121.1.55.18 - - [28/Aug/2008:06:03:01 -0700] "GET /forum2/style_images/red_crysta/folder_editor_images/rte-redo.png HTTP/1.1" 200 748 "http://www.sancarloscity.org/forum2/index.php?act=Post&CODE=02&f=9&t=233&qpid=1593" "Mozilla/4.0 (compatible; MSIE 7.0; Windows NT 5.1; .NET CLR 1.0.3705; .NET CLR 1.1.4322; Media Center PC 4.0; InfoPath.2)" "www.sancarloscity.org"
121.1.55.18 - - [28/Aug/2008:06:03:01 -0700] "GET /forum2/style_images/red_crysta/folder_editor_images/rte-switch-editor.png HTTP/1.1" 200 1653 "http://www.sancarloscity.org/forum2/index.php?act=Post&CODE=02&f=9&t=233&qpid=1593" "Mozilla/4.0 (compatible; MSIE 7.0; Windows NT 5.1; .NET CLR 1.0.3705; .NET CLR 1.1.4322; Media Center PC 4.0; InfoPath.2)" "www.sancarloscity.org"
121.1.55.18 - - [28/Aug/2008:06:03:01 -0700] "GET /forum2/style_images/red_crysta/folder_editor_images/rte-extra.png HTTP/1.1" 200 692 "http://www.sancarloscity.org/forum2/index.php?act=Post&CODE=02&f=9&t=233&qpid=1593" "Mozilla/4.0 (compatible; MSIE 7.0; Windows NT 5.1; .NET CLR 1.0.3705; .NET CLR 1.1.4322; Media Center PC 4.0; InfoPath.2)" "www.sancarloscity.org"
193.138.94.10 - - [28/Aug/2008:06:03:01 -0700] "GET /sampo/flv/080802/6.flv HTTP/1.0" 200 4981448 "http://sancarloscity.org/sampo/Multichannel.swf" "Mozilla/4.0 (compatible; MSIE 6.0; Windows NT 5.0; .NET CLR 1.0.3705)" "www.sancarloscity.org"
121.1.55.18 - - [28/Aug/2008:06:03:02 -0700] "GET /forum2/style_images/red_crysta/folder_editor_images/rte-bgcolor.gif HTTP/1.1" 200 115 "http://www.sancarloscity.org/forum2/index.php?act=Post&CODE=02&f=9&t=233&qpid=1593" "Mozilla/4.0 (compatible; MSIE 7.0; Windows NT 5.1; .NET CLR 1.0.3705; .NET CLR 1.1.4322; Media Center PC 4.0; InfoPath.2)" "www.sancarloscity.org"
121.1.55.18 - - [28/Aug/2008:06:03:02 -0700] "GET /forum2/style_images/red_crysta/folder_editor_images/rte-emoticon.gif HTTP/1.1" 200 1068 "http://www.sancarloscity.org/forum2/index.php?act=Post&CODE=02&f=9&t=233&qpid=1593" "Mozilla/4.0 (compatible; MSIE 7.0; Windows NT 5.1; .NET CLR 1.0.3705; .NET CLR 1.1.4322; Media Center PC 4.0; InfoPath.2)" "www.sancarloscity.org"
12.196.98.16 - - [28/Aug/2008:06:03:02 -0700] "GET /logs//admin/index.php?o=http://www.abunaissa.de/ooid.txt?? HTTP/1.0" 404 741 "-" "libwww-perl/5.53" "www.sancarloscity.org"
121.1.55.18 - - [28/Aug/2008:06:03:03 -0700] "GET /forum2/style_images/red_crysta/folder_editor_images/rte-email-button.png HTTP/1.1" 200 1035 "http://www.sancarloscity.org/forum2/index.php?act=Post&CODE=02&f=9&t=233&qpid=1593" "Mozilla/4.0 (compatible; MSIE 7.0; Windows NT 5.1; .NET CLR 1.0.3705; .NET CLR 1.1.4322; Media Center PC 4.0; InfoPath.2)" "www.sancarloscity.org"
121.1.55.18 - - [28/Aug/2008:06:03:03 -0700] "GET /forum2/style_images/red_crysta/folder_editor_images/rte-outdent.gif HTTP/1.1" 200 757 "http://www.sancarloscity.org/forum2/index.php?act=Post&CODE=02&f=9&t=233&qpid=1593" "Mozilla/4.0 (compatible; MSIE 7.0; Windows NT 5.1; .NET CLR 1.0.3705; .NET CLR 1.1.4322; Media Center PC 4.0; InfoPath.2)" "www.sancarloscity.org"
200.63.42.95 - - [28/Aug/2008:06:03:03 -0700] "POST /jodera2/posting.php HTTP/1.0" 200 11432 "http://www.sancarloscity.org/jodera2/posting.php?mode=newtopic&f=1" "Mozilla/5.0 (Windows; U; Windows NT 5.1; en-US; rv:1.5) Gecko/20031016 K-Meleon/0.8.2" "www.sancarloscity.org"
121.1.55.18 - - [28/Aug/2008:06:03:03 -0700] "GET /forum2/style_images/red_crysta/folder_editor_images/rte-indent.gif HTTP/1.1" 200 757 "http://www.sancarloscity.org/forum2/index.php?act=Post&CODE=02&f=9&t=233&qpid=1593" "Mozilla/4.0 (compatible; MSIE 7.0; Windows NT 5.1; .NET CLR 1.0.3705; .NET CLR 1.1.4322; Media Center PC 4.0; InfoPath.2)" "www.sancarloscity.org"
121.1.55.18 - - [28/Aug/2008:06:03:04 -0700] "GET /forum2/style_images/red_crysta/folder_editor_images/rte-align-left.png HTTP/1.1" 200 738 "http://www.sancarloscity.org/forum2/index.php?act=Post&CODE=02&f=9&t=233&qpid=1593" "Mozilla/4.0 (compatible; MSIE 7.0; Windows NT 5.1; .NET CLR 1.0.3705; .NET CLR 1.1.4322; Media Center PC 4.0; InfoPath.2)" "www.sancarloscity.org"
121.1.55.18 - - [28/Aug/2008:06:03:04 -0700] "GET /forum2/style_images/red_crysta/folder_editor_images/rte-align-center.png HTTP/1.1" 200 716 "http://www.sancarloscity.org/forum2/index.php?act=Post&CODE=02&f=9&t=233&qpid=1593" "Mozilla/4.0 (compatible; MSIE 7.0; Windows NT 5.1; .NET CLR 1.0.3705; .NET CLR 1.1.4322; Media Center PC 4.0; InfoPath.2)" "www.sancarloscity.org"
121.1.55.18 - - [28/Aug/2008:06:03:04 -0700] "GET /forum2/style_images/red_crysta/folder_editor_images/rte-align-right.png HTTP/1.1" 200 716 "http://www.sancarloscity.org/forum2/index.php?act=Post&CODE=02&f=9&t=233&qpid=1593" "Mozilla/4.0 (compatible; MSIE 7.0; Windows NT 5.1; .NET CLR 1.0.3705; .NET CLR 1.1.4322; Media Center PC 4.0; InfoPath.2)" "www.sancarloscity.org"
121.1.55.18 - - [28/Aug/2008:06:03:04 -0700] "GET /forum2/style_images/red_crysta/folder_editor_images/rte-justify.png HTTP/1.1" 200 734 "http://www.sancarloscity.org/forum2/index.php?act=Post&CODE=02&f=9&t=233&qpid=1593" "Mozilla/4.0 (compatible; MSIE 7.0; Windows NT 5.1; .NET CLR 1.0.3705; .NET CLR 1.1.4322; Media Center PC 4.0; InfoPath.2)" "www.sancarloscity.org"
121.1.55.18 - - [28/Aug/2008:06:03:05 -0700] "GET /forum2/style_images/red_crysta/folder_editor_images/rte-list-numbered.gif HTTP/1.1" 200 755 "http://www.sancarloscity.org/forum2/index.php?act=Post&CODE=02&f=9&t=233&qpid=1593" "Mozilla/4.0 (compatible; MSIE 7.0; Windows NT 5.1; .NET CLR 1.0.3705; .NET CLR 1.1.4322; Media Center PC 4.0; InfoPath.2)" "www.sancarloscity.org"
121.1.55.18 - - [28/Aug/2008:06:03:05 -0700] "GET /forum2/style_images/red_crysta/folder_editor_images/rte-list.gif HTTP/1.1" 200 750 "http://www.sancarloscity.org/forum2/index.php?act=Post&CODE=02&f=9&t=233&qpid=1593" "Mozilla/4.0 (compatible; MSIE 7.0; Windows NT 5.1; .NET CLR 1.0.3705; .NET CLR 1.1.4322; Media Center PC 4.0; InfoPath.2)" "www.sancarloscity.org"
121.1.55.18 - - [28/Aug/2008:06:03:05 -0700] "GET /forum2/style_images/red_crysta/folder_editor_images/rte-bbcode-help-sm.png HTTP/1.1" 200 782 "http://www.sancarloscity.org/forum2/index.php?act=Post&CODE=02&f=9&t=233&qpid=1593" "Mozilla/4.0 (compatible; MSIE 7.0; Windows NT 5.1; .NET CLR 1.0.3705; .NET CLR 1.1.4322; Media Center PC 4.0; InfoPath.2)" "www.sancarloscity.org"
121.1.55.18 - - [28/Aug/2008:06:03:06 -0700] "GET /forum2/style_images/red_crysta/folder_editor_images/rte-toggle-options.png HTTP/1.1" 200 461 "http://www.sancarloscity.org/forum2/index.php?act=Post&CODE=02&f=9&t=233&qpid=1593" "Mozilla/4.0 (compatible; MSIE 7.0; Windows NT 5.1; .NET CLR 1.0.3705; .NET CLR 1.1.4322; Media Center PC 4.0; InfoPath.2)" "www.sancarloscity.org"
121.1.55.18 - - [28/Aug/2008:06:03:06 -0700] "GET /forum2/style_images/red_crysta/folder_editor_images/rte-dd-bg.gif HTTP/1.1" 200 404 "http://www.sancarloscity.org/forum2/index.php?act=Post&CODE=02&f=9&t=233&qpid=1593" "Mozilla/4.0 (compatible; MSIE 7.0; Windows NT 5.1; .NET CLR 1.0.3705; .NET CLR 1.1.4322; Media Center PC 4.0; InfoPath.2)" "www.sancarloscity.org"
121.1.55.18 - - [28/Aug/2008:06:03:06 -0700] "GET /forum2/style_emoticons/default/rolleyes.gif HTTP/1.1" 200 705 "http://www.sancarloscity.org/forum2/index.php?act=Post&CODE=02&f=9&t=233&qpid=1593" "Mozilla/4.0 (compatible; MSIE 7.0; Windows NT 5.1; .NET CLR 1.0.3705; .NET CLR 1.1.4322; Media Center PC 4.0; InfoPath.2)" "www.sancarloscity.org"
121.1.55.18 - - [28/Aug/2008:06:03:07 -0700] "GET /forum2/style_emoticons/default/dry.gif HTTP/1.1" 200 696 "http://www.sancarloscity.org/forum2/index.php?act=Post&CODE=02&f=9&t=233&qpid=1593" "Mozilla/4.0 (compatible; MSIE 7.0; Windows NT 5.1; .NET CLR 1.0.3705; .NET CLR 1.1.4322; Media Center PC 4.0; InfoPath.2)" "www.sancarloscity.org"
121.1.55.18 - - [28/Aug/2008:06:03:07 -0700] "GET /forum2/style_emoticons/default/mellow.gif HTTP/1.1" 200 698 "http://www.sancarloscity.org/forum2/index.php?act=Post&CODE=02&f=9&t=233&qpid=1593" "Mozilla/4.0 (compatible; MSIE 7.0; Windows NT 5.1; .NET CLR 1.0.3705; .NET CLR 1.1.4322; Media Center PC 4.0; InfoPath.2)" "www.sancarloscity.org"
121.1.55.18 - - [28/Aug/2008:06:03:08 -0700] "GET /forum2/style_emoticons/default/angry.gif HTTP/1.1" 200 465 "http://www.sancarloscity.org/forum2/index.php?act=Post&CODE=02&f=9&t=233&qpid=1593" "Mozilla/4.0 (compatible; MSIE 7.0; Windows NT 5.1; .NET CLR 1.0.3705; .NET CLR 1.1.4322; Media Center PC 4.0; InfoPath.2)" "www.sancarloscity.org"
121.1.55.18 - - [28/Aug/2008:06:03:08 -0700] "GET /forum2/style_emoticons/default/huh.gif HTTP/1.1" 200 708 "http://www.sancarloscity.org/forum2/index.php?act=Post&CODE=02&f=9&t=233&qpid=1593" "Mozilla/4.0 (compatible; MSIE 7.0; Windows NT 5.1; .NET CLR 1.0.3705; .NET CLR 1.1.4322; Media Center PC 4.0; InfoPath.2)" "www.sancarloscity.org"
121.1.55.18 - - [28/Aug/2008:06:03:08 -0700] "GET /forum2/style_emoticons/default/laugh.gif HTTP/1.1" 200 690 "http://www.sancarloscity.org/forum2/index.php?act=Post&CODE=02&f=9&t=233&qpid=1593" "Mozilla/4.0 (compatible; MSIE 7.0; Windows NT 5.1; .NET CLR 1.0.3705; .NET CLR 1.1.4322; Media Center PC 4.0; InfoPath.2)" "www.sancarloscity.org"
121.1.55.18 - - [28/Aug/2008:06:03:09 -0700] "GET /forum2/style_emoticons/default/wink.gif HTTP/1.1" 200 696 "http://www.sancarloscity.org/forum2/index.php?act=Post&CODE=02&f=9&t=233&qpid=1593" "Mozilla/4.0 (compatible; MSIE 7.0; Windows NT 5.1; .NET CLR 1.0.3705; .NET CLR 1.1.4322; Media Center PC 4.0; InfoPath.2)" "www.sancarloscity.org"
121.1.55.18 - - [28/Aug/2008:06:03:09 -0700] "GET /forum2/style_emoticons/default/ohmy.gif HTTP/1.1" 200 698 "http://www.sancarloscity.org/forum2/index.php?act=Post&CODE=02&f=9&t=233&qpid=1593" "Mozilla/4.0 (compatible; MSIE 7.0; Windows NT 5.1; .NET CLR 1.0.3705; .NET CLR 1.1.4322; Media Center PC 4.0; InfoPath.2)" "www.sancarloscity.org"
121.1.55.18 - - [28/Aug/2008:06:03:10 -0700] "GET /forum2/style_emoticons/default/tongue.gif HTTP/1.1" 200 698 "http://www.sancarloscity.org/forum2/index.php?act=Post&CODE=02&f=9&t=233&qpid=1593" "Mozilla/4.0 (compatible; MSIE 7.0; Windows NT 5.1; .NET CLR 1.0.3705; .NET CLR 1.1.4322; Media Center PC 4.0; InfoPath.2)" "www.sancarloscity.org"
121.1.55.18 - - [28/Aug/2008:06:03:10 -0700] "GET /forum2/style_emoticons/default/sad.gif HTTP/1.1" 200 698 "http://www.sancarloscity.org/forum2/index.php?act=Post&CODE=02&f=9&t=233&qpid=1593" "Mozilla/4.0 (compatible; MSIE 7.0; Windows NT 5.1; .NET CLR 1.0.3705; .NET CLR 1.1.4322; Media Center PC 4.0; InfoPath.2)" "www.sancarloscity.org"
121.1.55.18 - - [28/Aug/2008:06:03:11 -0700] "GET /forum2/style_images/red_crysta/folder_editor_images/rte-ipd-tag.png HTTP/1.1" 200 797 "http://www.sancarloscity.org/forum2/index.php?act=Post&CODE=02&f=9&t=233&qpid=1593" "Mozilla/4.0 (compatible; MSIE 7.0; Windows NT 5.1; .NET CLR 1.0.3705; .NET CLR 1.1.4322; Media Center PC 4.0; InfoPath.2)" "www.sancarloscity.org"
121.1.55.18 - - [28/Aug/2008:06:03:11 -0700] "GET /forum2/jscripts/ips_attach.js HTTP/1.1" 200 9453 "http://www.sancarloscity.org/forum2/index.php?act=Post&CODE=02&f=9&t=233&qpid=1593" "Mozilla/4.0 (compatible; MSIE 7.0; Windows NT 5.1; .NET CLR 1.0.3705; .NET CLR 1.1.4322; Media Center PC 4.0; InfoPath.2)" "www.sancarloscity.org"
121.1.55.18 - - [28/Aug/2008:06:03:13 -0700] "GET /forum2/style_images/red_crysta/folder_attach_images/attach_wait.gif HTTP/1.1" 200 2381 "http://www.sancarloscity.org/forum2/index.php?act=Post&CODE=02&f=9&t=233&qpid=1593" "Mozilla/4.0 (compatible; MSIE 7.0; Windows NT 5.1; .NET CLR 1.0.3705; .NET CLR 1.1.4322; Media Center PC 4.0; InfoPath.2)" "www.sancarloscity.org"
121.1.55.18 - - [28/Aug/2008:06:03:13 -0700] "GET /forum2/style_images/red_crysta/folder_attach_images/attach_logo.png HTTP/1.1" 200 841 "http://www.sancarloscity.org/forum2/index.php?act=Post&CODE=02&f=9&t=233&qpid=1593" "Mozilla/4.0 (compatible; MSIE 7.0; Windows NT 5.1; .NET CLR 1.0.3705; .NET CLR 1.1.4322; Media Center PC 4.0; InfoPath.2)" "www.sancarloscity.org"
121.1.55.18 - - [28/Aug/2008:06:03:13 -0700] "GET /forum2/style_images/red_crysta/folder_post_icons/icon1.gif HTTP/1.1" 200 672 "http://www.sancarloscity.org/forum2/index.php?act=Post&CODE=02&f=9&t=233&qpid=1593" "Mozilla/4.0 (compatible; MSIE 7.0; Windows NT 5.1; .NET CLR 1.0.3705; .NET CLR 1.1.4322; Media Center PC 4.0; InfoPath.2)" "www.sancarloscity.org"
121.1.55.18 - - [28/Aug/2008:06:03:14 -0700] "GET /forum2/index.php?&act=attach&code=attach_upload_show&attach_rel_module=post&attach_rel_id=&attach_post_key=f7d02cce2ce06127631c870847ea662a&--ff--forum_id=9 HTTP/1.1" 200 1997 "http://www.sancarloscity.org/forum2/index.php?act=Post&CODE=02&f=9&t=233&qpid=1593" "Mozilla/4.0 (compatible; MSIE 7.0; Windows NT 5.1; .NET CLR 1.0.3705; .NET CLR 1.1.4322; Media Center PC 4.0; InfoPath.2)" "www.sancarloscity.org"
121.1.55.18 - - [28/Aug/2008:06:03:14 -0700] "GET /forum2/style_images/red_crysta/folder_post_icons/icon2.gif HTTP/1.1" 200 676 "http://www.sancarloscity.org/forum2/index.php?act=Post&CODE=02&f=9&t=233&qpid=1593" "Mozilla/4.0 (compatible; MSIE 7.0; Windows NT 5.1; .NET CLR 1.0.3705; .NET CLR 1.1.4322; Media Center PC 4.0; InfoPath.2)" "www.sancarloscity.org"
121.1.55.18 - - [28/Aug/2008:06:03:14 -0700] "GET /forum2/style_images/red_crysta/folder_post_icons/icon3.gif HTTP/1.1" 200 673 "http://www.sancarloscity.org/forum2/index.php?act=Post&CODE=02&f=9&t=233&qpid=1593" "Mozilla/4.0 (compatible; MSIE 7.0; Windows NT 5.1; .NET CLR 1.0.3705; .NET CLR 1.1.4322; Media Center PC 4.0; InfoPath.2)" "www.sancarloscity.org"
121.1.55.18 - - [28/Aug/2008:06:03:15 -0700] "GET /forum2/style_images/red_crysta/folder_post_icons/icon4.gif HTTP/1.1" 200 671 "http://www.sancarloscity.org/forum2/index.php?act=Post&CODE=02&f=9&t=233&qpid=1593" "Mozilla/4.0 (compatible; MSIE 7.0; Windows NT 5.1; .NET CLR 1.0.3705; .NET CLR 1.1.4322; Media Center PC 4.0; InfoPath.2)" "www.sancarloscity.org"
121.1.55.18 - - [28/Aug/2008:06:03:15 -0700] "GET /forum2/style_images/red_crysta/folder_post_icons/icon5.gif HTTP/1.1" 200 672 "http://www.sancarloscity.org/forum2/index.php?act=Post&CODE=02&f=9&t=233&qpid=1593" "Mozilla/4.0 (compatible; MSIE 7.0; Windows NT 5.1; .NET CLR 1.0.3705; .NET CLR 1.1.4322; Media Center PC 4.0; InfoPath.2)" "www.sancarloscity.org"
74.6.18.251 - - [28/Aug/2008:06:03:15 -0700] "GET /forum2/index.php?act=Post&CODE=02&f=9&t=105&qpid=465 HTTP/1.0" 200 2905 "-" "Mozilla/5.0 (compatible; Yahoo! Slurp; http://help.yahoo.com/help/us/ysearch/slurp)" "www.sancarloscity.org"
121.1.55.18 - - [28/Aug/2008:06:03:15 -0700] "GET /forum2/style_images/red_crysta/folder_post_icons/icon7.gif HTTP/1.1" 200 672 "http://www.sancarloscity.org/forum2/index.php?act=Post&CODE=02&f=9&t=233&qpid=1593" "Mozilla/4.0 (compatible; MSIE 7.0; Windows NT 5.1; .NET CLR 1.0.3705; .NET CLR 1.1.4322; Media Center PC 4.0; InfoPath.2)" "www.sancarloscity.org"
121.1.55.18 - - [28/Aug/2008:06:03:16 -0700] "GET /forum2/style_images/red_crysta/folder_post_icons/icon8.gif HTTP/1.1" 200 677 "http://www.sancarloscity.org/forum2/index.php?act=Post&CODE=02&f=9&t=233&qpid=1593" "Mozilla/4.0 (compatible; MSIE 7.0; Windows NT 5.1; .NET CLR 1.0.3705; .NET CLR 1.1.4322; Media Center PC 4.0; InfoPath.2)" "www.sancarloscity.org"
121.1.55.18 - - [28/Aug/2008:06:03:16 -0700] "GET /forum2/style_images/red_crysta/folder_post_icons/icon9.gif HTTP/1.1" 200 888 "http://www.sancarloscity.org/forum2/index.php?act=Post&CODE=02&f=9&t=233&qpid=1593" "Mozilla/4.0 (compatible; MSIE 7.0; Windows NT 5.1; .NET CLR 1.0.3705; .NET CLR 1.1.4322; Media Center PC 4.0; InfoPath.2)" "www.sancarloscity.org"
121.1.55.18 - - [28/Aug/2008:06:03:16 -0700] "GET /forum2/style_images/red_crysta/folder_post_icons/icon10.gif HTTP/1.1" 200 672 "http://www.sancarloscity.org/forum2/index.php?act=Post&CODE=02&f=9&t=233&qpid=1593" "Mozilla/4.0 (compatible; MSIE 7.0; Windows NT 5.1; .NET CLR 1.0.3705; .NET CLR 1.1.4322; Media Center PC 4.0; InfoPath.2)" "www.sancarloscity.org"
121.1.55.18 - - [28/Aug/2008:06:03:17 -0700] "GET /forum2/style_images/red_crysta/folder_post_icons/icon11.gif HTTP/1.1" 200 689 "http://www.sancarloscity.org/forum2/index.php?act=Post&CODE=02&f=9&t=233&qpid=1593" "Mozilla/4.0 (compatible; MSIE 7.0; Windows NT 5.1; .NET CLR 1.0.3705; .NET CLR 1.1.4322; Media Center PC 4.0; InfoPath.2)" "www.sancarloscity.org"
121.1.55.18 - - [28/Aug/2008:06:03:17 -0700] "GET /forum2/style_images/red_crysta/folder_post_icons/icon12.gif HTTP/1.1" 200 1067 "http://www.sancarloscity.org/forum2/index.php?act=Post&CODE=02&f=9&t=233&qpid=1593" "Mozilla/4.0 (compatible; MSIE 7.0; Windows NT 5.1; .NET CLR 1.0.3705; .NET CLR 1.1.4322; Media Center PC 4.0; InfoPath.2)" "www.sancarloscity.org"
121.1.55.18 - - [28/Aug/2008:06:03:17 -0700] "GET /forum2/style_images/red_crysta/folder_post_icons/icon13.gif HTTP/1.1" 200 1104 "http://www.sancarloscity.org/forum2/index.php?act=Post&CODE=02&f=9&t=233&qpid=1593" "Mozilla/4.0 (compatible; MSIE 7.0; Windows NT 5.1; .NET CLR 1.0.3705; .NET CLR 1.1.4322; Media Center PC 4.0; InfoPath.2)" "www.sancarloscity.org"
121.1.55.18 - - [28/Aug/2008:06:03:19 -0700] "GET /forum2/style_images/red_crysta/folder_post_icons/icon14.gif HTTP/1.1" 200 1104 "http://www.sancarloscity.org/forum2/index.php?act=Post&CODE=02&f=9&t=233&qpid=1593" "Mozilla/4.0 (compatible; MSIE 7.0; Windows NT 5.1; .NET CLR 1.0.3705; .NET CLR 1.1.4322; Media Center PC 4.0; InfoPath.2)" "www.sancarloscity.org"
121.1.55.18 - - [28/Aug/2008:06:03:20 -0700] "GET /forum2/style_images/red_crysta/folder_attach_images/attach_ok.png HTTP/1.1" 200 821 "http://www.sancarloscity.org/forum2/index.php?act=Post&CODE=02&f=9&t=233&qpid=1593" "Mozilla/4.0 (compatible; MSIE 7.0; Windows NT 5.1; .NET CLR 1.0.3705; .NET CLR 1.1.4322; Media Center PC 4.0; InfoPath.2)" "www.sancarloscity.org"
121.1.55.18 - - [28/Aug/2008:06:03:20 -0700] "GET /forum2/index.php?act=task HTTP/1.1" 200 59 "http://www.sancarloscity.org/forum2/index.php?act=Post&CODE=02&f=9&t=233&qpid=1593" "Mozilla/4.0 (compatible; MSIE 7.0; Windows NT 5.1; .NET CLR 1.0.3705; .NET CLR 1.1.4322; Media Center PC 4.0; InfoPath.2)" "www.sancarloscity.org"
200.63.42.93 - - [28/Aug/2008:06:03:27 -0700] "GET /jodera2/index.php HTTP/1.0" 200 61570 "http://www.sancarloscity.org/jodera2/index.php" "Opera/8.00 (Windows NT 5.1; U; en)" "www.sancarloscity.org"
