120.28.140.12 - - [28/Aug/2008:05:17:04 -0700] "GET /sampo/thumbs/4.jpg HTTP/1.1" 200 14355 "http://sancarloscity.org/sampo/Multichannel.swf" "Mozilla/4.0 (compatible; MSIE 6.0; Windows NT 5.1; SV1)" "sancarloscity.org"
74.6.18.251 - - [28/Aug/2008:05:17:05 -0700] "GET /forum2/index.php?automodule=gallery&req=si&img=253 HTTP/1.0" 200 2936 "-" "Mozilla/5.0 (compatible; Yahoo! Slurp; http://help.yahoo.com/help/us/ysearch/slurp)" "www.sancarloscity.org"
120.28.140.12 - - [28/Aug/2008:05:17:07 -0700] "GET /sampo/thumbs/5.jpg HTTP/1.1" 200 14556 "http://sancarloscity.org/sampo/Multichannel.swf" "Mozilla/4.0 (compatible; MSIE 6.0; Windows NT 5.1; SV1)" "sancarloscity.org"
74.6.18.251 - - [28/Aug/2008:05:17:11 -0700] "GET /classifieds/index.php?method=showhtmllist&list=classifiedscategory&rollid=79&clearoff=1 HTTP/1.0" 200 5636 "-" "Mozilla/5.0 (compatible; Yahoo! Slurp; http://help.yahoo.com/help/us/ysearch/slurp)" "www.sancarloscity.org"
74.6.18.251 - - [28/Aug/2008:05:17:21 -0700] "GET /rtpan1frame11.htm HTTP/1.0" 200 6172 "-" "Mozilla/5.0 (compatible; Yahoo! Slurp; http://help.yahoo.com/help/us/ysearch/slurp)" "www.sancarloscity.org"
203.177.74.139 - - [28/Aug/2008:05:17:58 -0700] "GET /forum2/index.php?act=post&do=reply_post&f=9&t=233 HTTP/1.1" 200 9367 "http://www.sancarloscity.org/forum2/index.php?showtopic=233" "Mozilla/4.0 (compatible; MSIE 7.0; Windows NT 6.0; Mozilla/4.0 (compatible; MSIE 6.0; Windows NT 5.1; SV1) ; SLCC1; .NET CLR 2.0.50727; Media Center PC 5.0; .NET CLR 3.0.04506; InfoPath.2)" "www.sancarloscity.org"
203.177.74.139 - - [28/Aug/2008:05:17:58 -0700] "GET /forum2/jscripts/ipb_poll.js HTTP/1.1" 200 3737 "http://www.sancarloscity.org/forum2/index.php?act=post&do=reply_post&f=9&t=233" "Mozilla/4.0 (compatible; MSIE 7.0; Windows NT 6.0; Mozilla/4.0 (compatible; MSIE 6.0; Windows NT 5.1; SV1) ; SLCC1; .NET CLR 2.0.50727; Media Center PC 5.0; .NET CLR 3.0.04506; InfoPath.2)" "www.sancarloscity.org"
203.177.74.139 - - [28/Aug/2008:05:18:00 -0700] "GET /forum2/jscripts/ips_text_editor.js HTTP/1.1" 200 51506 "http://www.sancarloscity.org/forum2/index.php?act=post&do=reply_post&f=9&t=233" "Mozilla/4.0 (compatible; MSIE 7.0; Windows NT 6.0; Mozilla/4.0 (compatible; MSIE 6.0; Windows NT 5.1; SV1) ; SLCC1; .NET CLR 2.0.50727; Media Center PC 5.0; .NET CLR 3.0.04506; InfoPath.2)" "www.sancarloscity.org"
203.177.74.139 - - [28/Aug/2008:05:18:04 -0700] "GET /forum2/jscripts/ips_text_editor_func.js HTTP/1.1" 200 7618 "http://www.sancarloscity.org/forum2/index.php?act=post&do=reply_post&f=9&t=233" "Mozilla/4.0 (compatible; MSIE 7.0; Windows NT 6.0; Mozilla/4.0 (compatible; MSIE 6.0; Windows NT 5.1; SV1) ; SLCC1; .NET CLR 2.0.50727; Media Center PC 5.0; .NET CLR 3.0.04506; InfoPath.2)" "www.sancarloscity.org"
203.177.74.139 - - [28/Aug/2008:05:18:04 -0700] "GET /forum2/style_images/red_crysta/folder_editor_images/rte-toggle-html.gif HTTP/1.1" 200 1276 "http://www.sancarloscity.org/forum2/index.php?act=post&do=reply_post&f=9&t=233" "Mozilla/4.0 (compatible; MSIE 7.0; Windows NT 6.0; Mozilla/4.0 (compatible; MSIE 6.0; Windows NT 5.1; SV1) ; SLCC1; .NET CLR 2.0.50727; Media Center PC 5.0; .NET CLR 3.0.04506; InfoPath.2)" "www.sancarloscity.org"
203.177.74.139 - - [28/Aug/2008:05:18:05 -0700] "GET /forum2/style_images/red_crysta/folder_editor_images/rte_dots.gif HTTP/1.1" 200 60 "http://www.sancarloscity.org/forum2/index.php?act=post&do=reply_post&f=9&t=233" "Mozilla/4.0 (compatible; MSIE 7.0; Windows NT 6.0; Mozilla/4.0 (compatible; MSIE 6.0; Windows NT 5.1; SV1) ; SLCC1; .NET CLR 2.0.50727; Media Center PC 5.0; .NET CLR 3.0.04506; InfoPath.2)" "www.sancarloscity.org"
203.177.74.139 - - [28/Aug/2008:05:18:05 -0700] "GET /forum2/style_images/red_crysta/folder_editor_images/icon_open.gif HTTP/1.1" 200 91 "http://www.sancarloscity.org/forum2/index.php?act=post&do=reply_post&f=9&t=233" "Mozilla/4.0 (compatible; MSIE 7.0; Windows NT 6.0; Mozilla/4.0 (compatible; MSIE 6.0; Windows NT 5.1; SV1) ; SLCC1; .NET CLR 2.0.50727; Media Center PC 5.0; .NET CLR 3.0.04506; InfoPath.2)" "www.sancarloscity.org"
203.177.74.139 - - [28/Aug/2008:05:18:05 -0700] "GET /forum2/style_images/red_crysta/folder_editor_images/rte-remove-formatting.gif HTTP/1.1" 200 784 "http://www.sancarloscity.org/forum2/index.php?act=post&do=reply_post&f=9&t=233" "Mozilla/4.0 (compatible; MSIE 7.0; Windows NT 6.0; Mozilla/4.0 (compatible; MSIE 6.0; Windows NT 5.1; SV1) ; SLCC1; .NET CLR 2.0.50727; Media Center PC 5.0; .NET CLR 3.0.04506; InfoPath.2)" "www.sancarloscity.org"
203.177.74.139 - - [28/Aug/2008:05:18:06 -0700] "GET /forum2/style_images/red_crysta/folder_editor_images/rte-textcolor.gif HTTP/1.1" 200 856 "http://www.sancarloscity.org/forum2/index.php?act=post&do=reply_post&f=9&t=233" "Mozilla/4.0 (compatible; MSIE 7.0; Windows NT 6.0; Mozilla/4.0 (compatible; MSIE 6.0; Windows NT 5.1; SV1) ; SLCC1; .NET CLR 2.0.50727; Media Center PC 5.0; .NET CLR 3.0.04506; InfoPath.2)" "www.sancarloscity.org"
203.177.74.139 - - [28/Aug/2008:05:18:06 -0700] "GET /forum2/style_images/red_crysta/folder_editor_images/spellcheck.gif HTTP/1.1" 304 - "http://www.sancarloscity.org/forum2/index.php?act=post&do=reply_post&f=9&t=233" "Mozilla/4.0 (compatible; MSIE 7.0; Windows NT 6.0; Mozilla/4.0 (compatible; MSIE 6.0; Windows NT 5.1; SV1) ; SLCC1; .NET CLR 2.0.50727; Media Center PC 5.0; .NET CLR 3.0.04506; InfoPath.2)" "www.sancarloscity.org"
203.177.74.139 - - [28/Aug/2008:05:18:07 -0700] "GET /forum2/style_images/red_crysta/folder_editor_images/rte-undo.png HTTP/1.1" 200 761 "http://www.sancarloscity.org/forum2/index.php?act=post&do=reply_post&f=9&t=233" "Mozilla/4.0 (compatible; MSIE 7.0; Windows NT 6.0; Mozilla/4.0 (compatible; MSIE 6.0; Windows NT 5.1; SV1) ; SLCC1; .NET CLR 2.0.50727; Media Center PC 5.0; .NET CLR 3.0.04506; InfoPath.2)" "www.sancarloscity.org"
203.177.74.139 - - [28/Aug/2008:05:18:07 -0700] "GET /forum2/style_images/red_crysta/folder_editor_images/rte-redo.png HTTP/1.1" 200 748 "http://www.sancarloscity.org/forum2/index.php?act=post&do=reply_post&f=9&t=233" "Mozilla/4.0 (compatible; MSIE 7.0; Windows NT 6.0; Mozilla/4.0 (compatible; MSIE 6.0; Windows NT 5.1; SV1) ; SLCC1; .NET CLR 2.0.50727; Media Center PC 5.0; .NET CLR 3.0.04506; InfoPath.2)" "www.sancarloscity.org"
203.177.74.139 - - [28/Aug/2008:05:18:07 -0700] "GET /forum2/style_images/red_crysta/folder_editor_images/rte-switch-editor.png HTTP/1.1" 200 1653 "http://www.sancarloscity.org/forum2/index.php?act=post&do=reply_post&f=9&t=233" "Mozilla/4.0 (compatible; MSIE 7.0; Windows NT 6.0; Mozilla/4.0 (compatible; MSIE 6.0; Windows NT 5.1; SV1) ; SLCC1; .NET CLR 2.0.50727; Media Center PC 5.0; .NET CLR 3.0.04506; InfoPath.2)" "www.sancarloscity.org"
203.177.74.139 - - [28/Aug/2008:05:18:07 -0700] "GET /forum2/style_images/red_crysta/folder_editor_images/rte-extra.png HTTP/1.1" 200 692 "http://www.sancarloscity.org/forum2/index.php?act=post&do=reply_post&f=9&t=233" "Mozilla/4.0 (compatible; MSIE 7.0; Windows NT 6.0; Mozilla/4.0 (compatible; MSIE 6.0; Windows NT 5.1; SV1) ; SLCC1; .NET CLR 2.0.50727; Media Center PC 5.0; .NET CLR 3.0.04506; InfoPath.2)" "www.sancarloscity.org"
203.177.74.139 - - [28/Aug/2008:05:18:08 -0700] "GET /forum2/style_images/red_crysta/folder_editor_images/rte-bgcolor.gif HTTP/1.1" 200 115 "http://www.sancarloscity.org/forum2/index.php?act=post&do=reply_post&f=9&t=233" "Mozilla/4.0 (compatible; MSIE 7.0; Windows NT 6.0; Mozilla/4.0 (compatible; MSIE 6.0; Windows NT 5.1; SV1) ; SLCC1; .NET CLR 2.0.50727; Media Center PC 5.0; .NET CLR 3.0.04506; InfoPath.2)" "www.sancarloscity.org"
203.177.74.139 - - [28/Aug/2008:05:18:08 -0700] "GET /forum2/style_images/red_crysta/folder_editor_images/rte-emoticon.gif HTTP/1.1" 304 - "http://www.sancarloscity.org/forum2/index.php?act=post&do=reply_post&f=9&t=233" "Mozilla/4.0 (compatible; MSIE 7.0; Windows NT 6.0; Mozilla/4.0 (compatible; MSIE 6.0; Windows NT 5.1; SV1) ; SLCC1; .NET CLR 2.0.50727; Media Center PC 5.0; .NET CLR 3.0.04506; InfoPath.2)" "www.sancarloscity.org"
203.177.74.139 - - [28/Aug/2008:05:18:08 -0700] "GET /forum2/style_images/red_crysta/folder_editor_images/rte-email-button.png HTTP/1.1" 304 - "http://www.sancarloscity.org/forum2/index.php?act=post&do=reply_post&f=9&t=233" "Mozilla/4.0 (compatible; MSIE 7.0; Windows NT 6.0; Mozilla/4.0 (compatible; MSIE 6.0; Windows NT 5.1; SV1) ; SLCC1; .NET CLR 2.0.50727; Media Center PC 5.0; .NET CLR 3.0.04506; InfoPath.2)" "www.sancarloscity.org"
203.177.74.139 - - [28/Aug/2008:05:18:09 -0700] "GET /forum2/style_images/red_crysta/folder_editor_images/rte-outdent.gif HTTP/1.1" 304 - "http://www.sancarloscity.org/forum2/index.php?act=post&do=reply_post&f=9&t=233" "Mozilla/4.0 (compatible; MSIE 7.0; Windows NT 6.0; Mozilla/4.0 (compatible; MSIE 6.0; Windows NT 5.1; SV1) ; SLCC1; .NET CLR 2.0.50727; Media Center PC 5.0; .NET CLR 3.0.04506; InfoPath.2)" "www.sancarloscity.org"
203.177.74.139 - - [28/Aug/2008:05:18:09 -0700] "GET /forum2/style_images/red_crysta/folder_editor_images/rte-indent.gif HTTP/1.1" 304 - "http://www.sancarloscity.org/forum2/index.php?act=post&do=reply_post&f=9&t=233" "Mozilla/4.0 (compatible; MSIE 7.0; Windows NT 6.0; Mozilla/4.0 (compatible; MSIE 6.0; Windows NT 5.1; SV1) ; SLCC1; .NET CLR 2.0.50727; Media Center PC 5.0; .NET CLR 3.0.04506; InfoPath.2)" "www.sancarloscity.org"
203.177.74.139 - - [28/Aug/2008:05:18:10 -0700] "GET /forum2/style_images/red_crysta/folder_editor_images/rte-align-left.png HTTP/1.1" 304 - "http://www.sancarloscity.org/forum2/index.php?act=post&do=reply_post&f=9&t=233" "Mozilla/4.0 (compatible; MSIE 7.0; Windows NT 6.0; Mozilla/4.0 (compatible; MSIE 6.0; Windows NT 5.1; SV1) ; SLCC1; .NET CLR 2.0.50727; Media Center PC 5.0; .NET CLR 3.0.04506; InfoPath.2)" "www.sancarloscity.org"
203.177.74.139 - - [28/Aug/2008:05:18:10 -0700] "GET /forum2/style_images/red_crysta/folder_editor_images/rte-align-center.png HTTP/1.1" 200 716 "http://www.sancarloscity.org/forum2/index.php?act=post&do=reply_post&f=9&t=233" "Mozilla/4.0 (compatible; MSIE 7.0; Windows NT 6.0; Mozilla/4.0 (compatible; MSIE 6.0; Windows NT 5.1; SV1) ; SLCC1; .NET CLR 2.0.50727; Media Center PC 5.0; .NET CLR 3.0.04506; InfoPath.2)" "www.sancarloscity.org"
203.177.74.139 - - [28/Aug/2008:05:18:11 -0700] "GET /forum2/style_images/red_crysta/folder_editor_images/rte-justify.png HTTP/1.1" 200 734 "http://www.sancarloscity.org/forum2/index.php?act=post&do=reply_post&f=9&t=233" "Mozilla/4.0 (compatible; MSIE 7.0; Windows NT 6.0; Mozilla/4.0 (compatible; MSIE 6.0; Windows NT 5.1; SV1) ; SLCC1; .NET CLR 2.0.50727; Media Center PC 5.0; .NET CLR 3.0.04506; InfoPath.2)" "www.sancarloscity.org"
203.177.74.139 - - [28/Aug/2008:05:18:11 -0700] "GET /forum2/style_images/red_crysta/folder_editor_images/rte-align-right.png HTTP/1.1" 200 716 "http://www.sancarloscity.org/forum2/index.php?act=post&do=reply_post&f=9&t=233" "Mozilla/4.0 (compatible; MSIE 7.0; Windows NT 6.0; Mozilla/4.0 (compatible; MSIE 6.0; Windows NT 5.1; SV1) ; SLCC1; .NET CLR 2.0.50727; Media Center PC 5.0; .NET CLR 3.0.04506; InfoPath.2)" "www.sancarloscity.org"
203.177.74.139 - - [28/Aug/2008:05:18:12 -0700] "GET /forum2/style_images/red_crysta/folder_editor_images/rte-list-numbered.gif HTTP/1.1" 200 755 "http://www.sancarloscity.org/forum2/index.php?act=post&do=reply_post&f=9&t=233" "Mozilla/4.0 (compatible; MSIE 7.0; Windows NT 6.0; Mozilla/4.0 (compatible; MSIE 6.0; Windows NT 5.1; SV1) ; SLCC1; .NET CLR 2.0.50727; Media Center PC 5.0; .NET CLR 3.0.04506; InfoPath.2)" "www.sancarloscity.org"
203.177.74.139 - - [28/Aug/2008:05:18:12 -0700] "GET /forum2/style_images/red_crysta/folder_editor_images/rte-list.gif HTTP/1.1" 200 750 "http://www.sancarloscity.org/forum2/index.php?act=post&do=reply_post&f=9&t=233" "Mozilla/4.0 (compatible; MSIE 7.0; Windows NT 6.0; Mozilla/4.0 (compatible; MSIE 6.0; Windows NT 5.1; SV1) ; SLCC1; .NET CLR 2.0.50727; Media Center PC 5.0; .NET CLR 3.0.04506; InfoPath.2)" "www.sancarloscity.org"
203.177.74.139 - - [28/Aug/2008:05:18:12 -0700] "GET /forum2/style_images/red_crysta/folder_editor_images/rte-bbcode-help-sm.png HTTP/1.1" 304 - "http://www.sancarloscity.org/forum2/index.php?act=post&do=reply_post&f=9&t=233" "Mozilla/4.0 (compatible; MSIE 7.0; Windows NT 6.0; Mozilla/4.0 (compatible; MSIE 6.0; Windows NT 5.1; SV1) ; SLCC1; .NET CLR 2.0.50727; Media Center PC 5.0; .NET CLR 3.0.04506; InfoPath.2)" "www.sancarloscity.org"
203.177.74.139 - - [28/Aug/2008:05:18:13 -0700] "GET /forum2/style_images/red_crysta/folder_editor_images/rte-toggle-options.png HTTP/1.1" 304 - "http://www.sancarloscity.org/forum2/index.php?act=post&do=reply_post&f=9&t=233" "Mozilla/4.0 (compatible; MSIE 7.0; Windows NT 6.0; Mozilla/4.0 (compatible; MSIE 6.0; Windows NT 5.1; SV1) ; SLCC1; .NET CLR 2.0.50727; Media Center PC 5.0; .NET CLR 3.0.04506; InfoPath.2)" "www.sancarloscity.org"
203.177.74.139 - - [28/Aug/2008:05:18:13 -0700] "GET /forum2/style_images/red_crysta/folder_editor_images/rte-dd-bg.gif HTTP/1.1" 304 - "http://www.sancarloscity.org/forum2/index.php?act=post&do=reply_post&f=9&t=233" "Mozilla/4.0 (compatible; MSIE 7.0; Windows NT 6.0; Mozilla/4.0 (compatible; MSIE 6.0; Windows NT 5.1; SV1) ; SLCC1; .NET CLR 2.0.50727; Media Center PC 5.0; .NET CLR 3.0.04506; InfoPath.2)" "www.sancarloscity.org"
203.177.74.139 - - [28/Aug/2008:05:18:13 -0700] "GET /forum2/style_emoticons/default/rolleyes.gif HTTP/1.1" 200 705 "http://www.sancarloscity.org/forum2/index.php?act=post&do=reply_post&f=9&t=233" "Mozilla/4.0 (compatible; MSIE 7.0; Windows NT 6.0; Mozilla/4.0 (compatible; MSIE 6.0; Windows NT 5.1; SV1) ; SLCC1; .NET CLR 2.0.50727; Media Center PC 5.0; .NET CLR 3.0.04506; InfoPath.2)" "www.sancarloscity.org"
203.177.74.139 - - [28/Aug/2008:05:18:13 -0700] "GET /forum2/style_emoticons/default/dry.gif HTTP/1.1" 200 696 "http://www.sancarloscity.org/forum2/index.php?act=post&do=reply_post&f=9&t=233" "Mozilla/4.0 (compatible; MSIE 7.0; Windows NT 6.0; Mozilla/4.0 (compatible; MSIE 6.0; Windows NT 5.1; SV1) ; SLCC1; .NET CLR 2.0.50727; Media Center PC 5.0; .NET CLR 3.0.04506; InfoPath.2)" "www.sancarloscity.org"
203.177.74.139 - - [28/Aug/2008:05:18:14 -0700] "GET /forum2/style_emoticons/default/mellow.gif HTTP/1.1" 304 - "http://www.sancarloscity.org/forum2/index.php?act=post&do=reply_post&f=9&t=233" "Mozilla/4.0 (compatible; MSIE 7.0; Windows NT 6.0; Mozilla/4.0 (compatible; MSIE 6.0; Windows NT 5.1; SV1) ; SLCC1; .NET CLR 2.0.50727; Media Center PC 5.0; .NET CLR 3.0.04506; InfoPath.2)" "www.sancarloscity.org"
203.177.74.139 - - [28/Aug/2008:05:18:14 -0700] "GET /forum2/style_emoticons/default/unsure.gif HTTP/1.1" 304 - "http://www.sancarloscity.org/forum2/index.php?act=post&do=reply_post&f=9&t=233" "Mozilla/4.0 (compatible; MSIE 7.0; Windows NT 6.0; Mozilla/4.0 (compatible; MSIE 6.0; Windows NT 5.1; SV1) ; SLCC1; .NET CLR 2.0.50727; Media Center PC 5.0; .NET CLR 3.0.04506; InfoPath.2)" "www.sancarloscity.org"
203.177.74.139 - - [28/Aug/2008:05:18:14 -0700] "GET /forum2/style_emoticons/default/angry.gif HTTP/1.1" 200 465 "http://www.sancarloscity.org/forum2/index.php?act=post&do=reply_post&f=9&t=233" "Mozilla/4.0 (compatible; MSIE 7.0; Windows NT 6.0; Mozilla/4.0 (compatible; MSIE 6.0; Windows NT 5.1; SV1) ; SLCC1; .NET CLR 2.0.50727; Media Center PC 5.0; .NET CLR 3.0.04506; InfoPath.2)" "www.sancarloscity.org"
203.177.74.139 - - [28/Aug/2008:05:18:15 -0700] "GET /forum2/style_emoticons/default/huh.gif HTTP/1.1" 200 708 "http://www.sancarloscity.org/forum2/index.php?act=post&do=reply_post&f=9&t=233" "Mozilla/4.0 (compatible; MSIE 7.0; Windows NT 6.0; Mozilla/4.0 (compatible; MSIE 6.0; Windows NT 5.1; SV1) ; SLCC1; .NET CLR 2.0.50727; Media Center PC 5.0; .NET CLR 3.0.04506; InfoPath.2)" "www.sancarloscity.org"
203.177.74.139 - - [28/Aug/2008:05:18:15 -0700] "GET /forum2/style_emoticons/default/laugh.gif HTTP/1.1" 304 - "http://www.sancarloscity.org/forum2/index.php?act=post&do=reply_post&f=9&t=233" "Mozilla/4.0 (compatible; MSIE 7.0; Windows NT 6.0; Mozilla/4.0 (compatible; MSIE 6.0; Windows NT 5.1; SV1) ; SLCC1; .NET CLR 2.0.50727; Media Center PC 5.0; .NET CLR 3.0.04506; InfoPath.2)" "www.sancarloscity.org"
203.177.74.139 - - [28/Aug/2008:05:18:15 -0700] "GET /forum2/style_emoticons/default/wink.gif HTTP/1.1" 200 696 "http://www.sancarloscity.org/forum2/index.php?act=post&do=reply_post&f=9&t=233" "Mozilla/4.0 (compatible; MSIE 7.0; Windows NT 6.0; Mozilla/4.0 (compatible; MSIE 6.0; Windows NT 5.1; SV1) ; SLCC1; .NET CLR 2.0.50727; Media Center PC 5.0; .NET CLR 3.0.04506; InfoPath.2)" "www.sancarloscity.org"
203.177.74.139 - - [28/Aug/2008:05:18:15 -0700] "GET /forum2/style_emoticons/default/ohmy.gif HTTP/1.1" 304 - "http://www.sancarloscity.org/forum2/index.php?act=post&do=reply_post&f=9&t=233" "Mozilla/4.0 (compatible; MSIE 7.0; Windows NT 6.0; Mozilla/4.0 (compatible; MSIE 6.0; Windows NT 5.1; SV1) ; SLCC1; .NET CLR 2.0.50727; Media Center PC 5.0; .NET CLR 3.0.04506; InfoPath.2)" "www.sancarloscity.org"
203.177.74.139 - - [28/Aug/2008:05:18:16 -0700] "GET /forum2/style_emoticons/default/tongue.gif HTTP/1.1" 304 - "http://www.sancarloscity.org/forum2/index.php?act=post&do=reply_post&f=9&t=233" "Mozilla/4.0 (compatible; MSIE 7.0; Windows NT 6.0; Mozilla/4.0 (compatible; MSIE 6.0; Windows NT 5.1; SV1) ; SLCC1; .NET CLR 2.0.50727; Media Center PC 5.0; .NET CLR 3.0.04506; InfoPath.2)" "www.sancarloscity.org"
203.177.74.139 - - [28/Aug/2008:05:18:16 -0700] "GET /forum2/style_emoticons/default/sad.gif HTTP/1.1" 304 - "http://www.sancarloscity.org/forum2/index.php?act=post&do=reply_post&f=9&t=233" "Mozilla/4.0 (compatible; MSIE 7.0; Windows NT 6.0; Mozilla/4.0 (compatible; MSIE 6.0; Windows NT 5.1; SV1) ; SLCC1; .NET CLR 2.0.50727; Media Center PC 5.0; .NET CLR 3.0.04506; InfoPath.2)" "www.sancarloscity.org"
203.177.74.139 - - [28/Aug/2008:05:18:17 -0700] "GET /forum2/style_images/red_crysta/folder_editor_images/rte-ipd-tag.png HTTP/1.1" 304 - "http://www.sancarloscity.org/forum2/index.php?act=post&do=reply_post&f=9&t=233" "Mozilla/4.0 (compatible; MSIE 7.0; Windows NT 6.0; Mozilla/4.0 (compatible; MSIE 6.0; Windows NT 5.1; SV1) ; SLCC1; .NET CLR 2.0.50727; Media Center PC 5.0; .NET CLR 3.0.04506; InfoPath.2)" "www.sancarloscity.org"
203.177.74.139 - - [28/Aug/2008:05:18:17 -0700] "GET /forum2/jscripts/ips_attach.js HTTP/1.1" 200 9453 "http://www.sancarloscity.org/forum2/index.php?act=post&do=reply_post&f=9&t=233" "Mozilla/4.0 (compatible; MSIE 7.0; Windows NT 6.0; Mozilla/4.0 (compatible; MSIE 6.0; Windows NT 5.1; SV1) ; SLCC1; .NET CLR 2.0.50727; Media Center PC 5.0; .NET CLR 3.0.04506; InfoPath.2)" "www.sancarloscity.org"
203.177.74.139 - - [28/Aug/2008:05:18:18 -0700] "GET /forum2/style_images/red_crysta/folder_attach_images/attach_logo.png HTTP/1.1" 304 - "http://www.sancarloscity.org/forum2/index.php?act=post&do=reply_post&f=9&t=233" "Mozilla/4.0 (compatible; MSIE 7.0; Windows NT 6.0; Mozilla/4.0 (compatible; MSIE 6.0; Windows NT 5.1; SV1) ; SLCC1; .NET CLR 2.0.50727; Media Center PC 5.0; .NET CLR 3.0.04506; InfoPath.2)" "www.sancarloscity.org"
203.177.74.139 - - [28/Aug/2008:05:18:18 -0700] "GET /forum2/style_images/red_crysta/folder_attach_images/attach_wait.gif HTTP/1.1" 304 - "http://www.sancarloscity.org/forum2/index.php?act=post&do=reply_post&f=9&t=233" "Mozilla/4.0 (compatible; MSIE 7.0; Windows NT 6.0; Mozilla/4.0 (compatible; MSIE 6.0; Windows NT 5.1; SV1) ; SLCC1; .NET CLR 2.0.50727; Media Center PC 5.0; .NET CLR 3.0.04506; InfoPath.2)" "www.sancarloscity.org"
203.177.74.139 - - [28/Aug/2008:05:18:19 -0700] "GET /forum2/style_images/red_crysta/folder_post_icons/icon2.gif HTTP/1.1" 200 676 "http://www.sancarloscity.org/forum2/index.php?act=post&do=reply_post&f=9&t=233" "Mozilla/4.0 (compatible; MSIE 7.0; Windows NT 6.0; Mozilla/4.0 (compatible; MSIE 6.0; Windows NT 5.1; SV1) ; SLCC1; .NET CLR 2.0.50727; Media Center PC 5.0; .NET CLR 3.0.04506; InfoPath.2)" "www.sancarloscity.org"
203.177.74.139 - - [28/Aug/2008:05:18:19 -0700] "GET /forum2/index.php?&act=attach&code=attach_upload_show&attach_rel_module=post&attach_rel_id=&attach_post_key=b8042566035bd9193ce4d97f8de90ca6&--ff--forum_id=9 HTTP/1.1" 200 2006 "http://www.sancarloscity.org/forum2/index.php?act=post&do=reply_post&f=9&t=233" "Mozilla/4.0 (compatible; MSIE 7.0; Windows NT 6.0; Mozilla/4.0 (compatible; MSIE 6.0; Windows NT 5.1; SV1) ; SLCC1; .NET CLR 2.0.50727; Media Center PC 5.0; .NET CLR 3.0.04506; InfoPath.2)" "www.sancarloscity.org"
203.177.74.139 - - [28/Aug/2008:05:18:20 -0700] "GET /forum2/style_images/red_crysta/folder_post_icons/icon7.gif HTTP/1.1" 304 - "http://www.sancarloscity.org/forum2/index.php?act=post&do=reply_post&f=9&t=233" "Mozilla/4.0 (compatible; MSIE 7.0; Windows NT 6.0; Mozilla/4.0 (compatible; MSIE 6.0; Windows NT 5.1; SV1) ; SLCC1; .NET CLR 2.0.50727; Media Center PC 5.0; .NET CLR 3.0.04506; InfoPath.2)" "www.sancarloscity.org"
203.177.74.139 - - [28/Aug/2008:05:18:20 -0700] "GET /forum2/style_images/red_crysta/folder_post_icons/icon8.gif HTTP/1.1" 304 - "http://www.sancarloscity.org/forum2/index.php?act=post&do=reply_post&f=9&t=233" "Mozilla/4.0 (compatible; MSIE 7.0; Windows NT 6.0; Mozilla/4.0 (compatible; MSIE 6.0; Windows NT 5.1; SV1) ; SLCC1; .NET CLR 2.0.50727; Media Center PC 5.0; .NET CLR 3.0.04506; InfoPath.2)" "www.sancarloscity.org"
203.177.74.139 - - [28/Aug/2008:05:18:20 -0700] "GET /forum2/style_images/red_crysta/folder_post_icons/icon9.gif HTTP/1.1" 200 888 "http://www.sancarloscity.org/forum2/index.php?act=post&do=reply_post&f=9&t=233" "Mozilla/4.0 (compatible; MSIE 7.0; Windows NT 6.0; Mozilla/4.0 (compatible; MSIE 6.0; Windows NT 5.1; SV1) ; SLCC1; .NET CLR 2.0.50727; Media Center PC 5.0; .NET CLR 3.0.04506; InfoPath.2)" "www.sancarloscity.org"
203.177.74.139 - - [28/Aug/2008:05:18:20 -0700] "GET /forum2/style_images/red_crysta/folder_post_icons/icon10.gif HTTP/1.1" 200 672 "http://www.sancarloscity.org/forum2/index.php?act=post&do=reply_post&f=9&t=233" "Mozilla/4.0 (compatible; MSIE 7.0; Windows NT 6.0; Mozilla/4.0 (compatible; MSIE 6.0; Windows NT 5.1; SV1) ; SLCC1; .NET CLR 2.0.50727; Media Center PC 5.0; .NET CLR 3.0.04506; InfoPath.2)" "www.sancarloscity.org"
203.177.74.139 - - [28/Aug/2008:05:18:21 -0700] "GET /forum2/style_images/red_crysta/folder_post_icons/icon3.gif HTTP/1.1" 304 - "http://www.sancarloscity.org/forum2/index.php?act=post&do=reply_post&f=9&t=233" "Mozilla/4.0 (compatible; MSIE 7.0; Windows NT 6.0; Mozilla/4.0 (compatible; MSIE 6.0; Windows NT 5.1; SV1) ; SLCC1; .NET CLR 2.0.50727; Media Center PC 5.0; .NET CLR 3.0.04506; InfoPath.2)" "www.sancarloscity.org"
203.177.74.139 - - [28/Aug/2008:05:18:21 -0700] "GET /forum2/style_images/red_crysta/folder_post_icons/icon5.gif HTTP/1.1" 304 - "http://www.sancarloscity.org/forum2/index.php?act=post&do=reply_post&f=9&t=233" "Mozilla/4.0 (compatible; MSIE 7.0; Windows NT 6.0; Mozilla/4.0 (compatible; MSIE 6.0; Windows NT 5.1; SV1) ; SLCC1; .NET CLR 2.0.50727; Media Center PC 5.0; .NET CLR 3.0.04506; InfoPath.2)" "www.sancarloscity.org"
74.6.18.251 - - [28/Aug/2008:05:18:21 -0700] "GET /forum2/index.php?showtopic=88&view=getnewpost HTTP/1.0" 302 0 "-" "Mozilla/5.0 (compatible; Yahoo! Slurp; http://help.yahoo.com/help/us/ysearch/slurp)" "www.sancarloscity.org"
203.177.74.139 - - [28/Aug/2008:05:18:22 -0700] "GET /forum2/style_images/red_crysta/folder_post_icons/icon12.gif HTTP/1.1" 304 - "http://www.sancarloscity.org/forum2/index.php?act=post&do=reply_post&f=9&t=233" "Mozilla/4.0 (compatible; MSIE 7.0; Windows NT 6.0; Mozilla/4.0 (compatible; MSIE 6.0; Windows NT 5.1; SV1) ; SLCC1; .NET CLR 2.0.50727; Media Center PC 5.0; .NET CLR 3.0.04506; InfoPath.2)" "www.sancarloscity.org"
203.177.74.139 - - [28/Aug/2008:05:18:22 -0700] "GET /forum2/style_images/red_crysta/folder_post_icons/icon13.gif HTTP/1.1" 200 1104 "http://www.sancarloscity.org/forum2/index.php?act=post&do=reply_post&f=9&t=233" "Mozilla/4.0 (compatible; MSIE 7.0; Windows NT 6.0; Mozilla/4.0 (compatible; MSIE 6.0; Windows NT 5.1; SV1) ; SLCC1; .NET CLR 2.0.50727; Media Center PC 5.0; .NET CLR 3.0.04506; InfoPath.2)" "www.sancarloscity.org"
203.177.74.139 - - [28/Aug/2008:05:18:22 -0700] "GET /forum2/style_images/red_crysta/folder_post_icons/icon14.gif HTTP/1.1" 304 - "http://www.sancarloscity.org/forum2/index.php?act=post&do=reply_post&f=9&t=233" "Mozilla/4.0 (compatible; MSIE 7.0; Windows NT 6.0; Mozilla/4.0 (compatible; MSIE 6.0; Windows NT 5.1; SV1) ; SLCC1; .NET CLR 2.0.50727; Media Center PC 5.0; .NET CLR 3.0.04506; InfoPath.2)" "www.sancarloscity.org"
203.177.74.139 - - [28/Aug/2008:05:18:24 -0700] "GET /forum2/index.php?act=task HTTP/1.1" 200 59 "http://www.sancarloscity.org/forum2/index.php?act=post&do=reply_post&f=9&t=233" "Mozilla/4.0 (compatible; MSIE 7.0; Windows NT 6.0; Mozilla/4.0 (compatible; MSIE 6.0; Windows NT 5.1; SV1) ; SLCC1; .NET CLR 2.0.50727; Media Center PC 5.0; .NET CLR 3.0.04506; InfoPath.2)" "www.sancarloscity.org"
203.177.74.139 - - [28/Aug/2008:05:18:24 -0700] "GET /forum2/style_images/red_crysta/folder_attach_images/attach_ok.png HTTP/1.1" 200 821 "http://www.sancarloscity.org/forum2/index.php?act=post&do=reply_post&f=9&t=233" "Mozilla/4.0 (compatible; MSIE 7.0; Windows NT 6.0; Mozilla/4.0 (compatible; MSIE 6.0; Windows NT 5.1; SV1) ; SLCC1; .NET CLR 2.0.50727; Media Center PC 5.0; .NET CLR 3.0.04506; InfoPath.2)" "www.sancarloscity.org"
74.6.18.251 - - [28/Aug/2008:05:18:29 -0700] "GET /forum2/index.php?s=7b3e8dfe20ea1672ca65312ff555b229&showtopic=88&pid=1296&st=0& HTTP/1.0" 200 11666 "-" "Mozilla/5.0 (compatible; Yahoo! Slurp; http://help.yahoo.com/help/us/ysearch/slurp)" "www.sancarloscity.org"
193.231.18.2 - - [28/Aug/2008:05:18:30 -0700] "GET http://www.sancarloscity.org/guestbook4.htm HTTP/1.0" 200 41710 "-" "Mozilla/4.0 (compatible; MSIE 7.0b; Windows NT 6.0)" "www.sancarloscity.org"
74.6.18.251 - - [28/Aug/2008:05:18:54 -0700] "GET /forum2/index.php?showtopic=103&mode=linear HTTP/1.0" 200 8614 "-" "Mozilla/5.0 (compatible; Yahoo! Slurp; http://help.yahoo.com/help/us/ysearch/slurp)" "www.sancarloscity.org"
74.6.18.251 - - [28/Aug/2008:05:19:05 -0700] "GET /classifieds/index.php?method=create_form&list=response&rollid=199&fromlist=advertisement&frommethod=showdetails&fromid=199&fromfromlist=classifiedscategory&fromfrommethod=showhtmllist&fromfromid=170 HTTP/1.0" 200 5571 "-" "Mozilla/5.0 (compatible; Yahoo! Slurp; http://help.yahoo.com/help/us/ysearch/slurp)" "www.sancarloscity.org"
120.28.140.12 - - [28/Aug/2008:05:19:13 -0700] "GET /sampo/flv/070508/6.flv HTTP/1.1" 200 3407872 "http://sancarloscity.org/sampo/Multichannel.swf" "Mozilla/4.0 (compatible; MSIE 6.0; Windows NT 5.1; SV1)" "www.sancarloscity.org"
74.6.18.251 - - [28/Aug/2008:05:19:27 -0700] "GET /forum2/index.php?showtopic=59&hl= HTTP/1.0" 200 8463 "-" "Mozilla/5.0 (compatible; Yahoo! Slurp; http://help.yahoo.com/help/us/ysearch/slurp)" "www.sancarloscity.org"
120.28.140.12 - - [28/Aug/2008:05:19:29 -0700] "GET /sampo/flv/2.flv HTTP/1.1" 200 458752 "http://sancarloscity.org/sampo/Multichannel.swf" "Mozilla/4.0 (compatible; MSIE 6.0; Windows NT 5.1; SV1)" "www.sancarloscity.org"
203.177.74.139 - - [28/Aug/2008:05:19:30 -0700] "POST /forum2/index.php? HTTP/1.1" 302 5 "http://www.sancarloscity.org/forum2/index.php?act=post&do=reply_post&f=9&t=233" "Mozilla/4.0 (compatible; MSIE 7.0; Windows NT 6.0; Mozilla/4.0 (compatible; MSIE 6.0; Windows NT 5.1; SV1) ; SLCC1; .NET CLR 2.0.50727; Media Center PC 5.0; .NET CLR 3.0.04506; InfoPath.2)" "www.sancarloscity.org"
203.177.74.139 - - [28/Aug/2008:05:19:31 -0700] "GET /forum2/index.php?showtopic=233&st=0&gopid=1593& HTTP/1.1" 200 9186 "http://www.sancarloscity.org/forum2/index.php?act=post&do=reply_post&f=9&t=233" "Mozilla/4.0 (compatible; MSIE 7.0; Windows NT 6.0; Mozilla/4.0 (compatible; MSIE 6.0; Windows NT 5.1; SV1) ; SLCC1; .NET CLR 2.0.50727; Media Center PC 5.0; .NET CLR 3.0.04506; InfoPath.2)" "www.sancarloscity.org"
203.177.74.139 - - [28/Aug/2008:05:19:32 -0700] "GET /forum2/style_images/red_crysta/folder_profile_portal/user-online.png HTTP/1.1" 200 686 "http://www.sancarloscity.org/forum2/index.php?showtopic=233&st=0&gopid=1593&#entry1593" "Mozilla/4.0 (compatible; MSIE 7.0; Windows NT 6.0; Mozilla/4.0 (compatible; MSIE 6.0; Windows NT 5.1; SV1) ; SLCC1; .NET CLR 2.0.50727; Media Center PC 5.0; .NET CLR 3.0.04506; InfoPath.2)" "www.sancarloscity.org"
203.177.74.139 - - [28/Aug/2008:05:19:33 -0700] "GET /forum2/style_images/red_crysta/folder_profile_portal/gender_mystery.png HTTP/1.1" 304 - "http://www.sancarloscity.org/forum2/index.php?showtopic=233&st=0&gopid=1593&#entry1593" "Mozilla/4.0 (compatible; MSIE 7.0; Windows NT 6.0; Mozilla/4.0 (compatible; MSIE 6.0; Windows NT 5.1; SV1) ; SLCC1; .NET CLR 2.0.50727; Media Center PC 5.0; .NET CLR 3.0.04506; InfoPath.2)" "www.sancarloscity.org"
203.177.74.139 - - [28/Aug/2008:05:19:33 -0700] "GET /forum2/uploads/av-4.jpg HTTP/1.1" 200 2507 "http://www.sancarloscity.org/forum2/index.php?showtopic=233&st=0&gopid=1593&#entry1593" "Mozilla/4.0 (compatible; MSIE 7.0; Windows NT 6.0; Mozilla/4.0 (compatible; MSIE 6.0; Windows NT 5.1; SV1) ; SLCC1; .NET CLR 2.0.50727; Media Center PC 5.0; .NET CLR 3.0.04506; InfoPath.2)" "www.sancarloscity.org"
203.177.74.139 - - [28/Aug/2008:05:19:33 -0700] "GET /forum2/style_images/red_crysta/p_delete.gif HTTP/1.1" 304 - "http://www.sancarloscity.org/forum2/index.php?showtopic=233&st=0&gopid=1593&#entry1593" "Mozilla/4.0 (compatible; MSIE 7.0; Windows NT 6.0; Mozilla/4.0 (compatible; MSIE 6.0; Windows NT 5.1; SV1) ; SLCC1; .NET CLR 2.0.50727; Media Center PC 5.0; .NET CLR 3.0.04506; InfoPath.2)" "www.sancarloscity.org"
203.177.74.139 - - [28/Aug/2008:05:19:34 -0700] "GET /forum2/index.php?act=task HTTP/1.1" 200 59 "http://www.sancarloscity.org/forum2/index.php?showtopic=233&st=0&gopid=1593&#entry1593" "Mozilla/4.0 (compatible; MSIE 7.0; Windows NT 6.0; Mozilla/4.0 (compatible; MSIE 6.0; Windows NT 5.1; SV1) ; SLCC1; .NET CLR 2.0.50727; Media Center PC 5.0; .NET CLR 3.0.04506; InfoPath.2)" "www.sancarloscity.org"
74.6.18.251 - - [28/Aug/2008:05:21:04 -0700] "GET /classifieds/index.php?method=create_form&list=friendmail&rollid=78&fromlist=advertisement&frommethod=showdetails&fromid=78&fromfromlist=classifiedscategory&fromfrommethod=showhtmllist&fromfromid=67 HTTP/1.0" 200 5715 "-" "Mozilla/5.0 (compatible; Yahoo! Slurp; http://help.yahoo.com/help/us/ysearch/slurp)" "www.sancarloscity.org"
64.1.215.166 - - [28/Aug/2008:05:22:04 -0700] "GET /jodera2/viewtopic.php?p=1431 HTTP/1.0" 200 25176 "-" "Mozilla/5.0 (Twiceler-0.9 http://www.cuil.com/twiceler/robot.html)" "www.sancarloscity.org"
120.28.140.12 - - [28/Aug/2008:05:23:01 -0700] "GET /sampo/flv/2.flv HTTP/1.1" 200 4939735 "http://sancarloscity.org/sampo/Multichannel.swf" "Mozilla/4.0 (compatible; MSIE 6.0; Windows NT 5.1; SV1)" "www.sancarloscity.org"
74.6.18.233 - - [28/Aug/2008:05:23:03 -0700] "GET /qphotogallery/displayimage.php?album=13&pos=11 HTTP/1.0" 200 22278 "-" "Mozilla/5.0 (compatible; Yahoo! Slurp; http://help.yahoo.com/help/us/ysearch/slurp)" "sancarloscity.org"
74.6.18.251 - - [28/Aug/2008:05:23:08 -0700] "GET /picgallery/displayimage.php?album=random&cat=14&pos=-523 HTTP/1.0" 200 18114 "-" "Mozilla/5.0 (compatible; Yahoo! Slurp; http://help.yahoo.com/help/us/ysearch/slurp)" "www.sancarloscity.org"
66.249.67.220 - - [28/Aug/2008:05:23:08 -0700] "GET / HTTP/1.1" 304 - "-" "Mozilla/5.0 (compatible; Googlebot/2.1; +http://www.google.com/bot.html)" "www.sancarloscity.org"
78.100.2.3 - - [28/Aug/2008:05:23:14 -0700] "GET /sampo/flv/080802/5.jpg HTTP/1.1" 304 - "-" "Mozilla/4.0 (compatible;)" "www.sancarloscity.org"
120.28.140.12 - - [28/Aug/2008:05:23:24 -0700] "GET /sampo/flv/3.flv HTTP/1.1" 200 393216 "http://sancarloscity.org/sampo/Multichannel.swf" "Mozilla/4.0 (compatible; MSIE 6.0; Windows NT 5.1; SV1)" "www.sancarloscity.org"
120.28.140.12 - - [28/Aug/2008:05:23:25 -0700] "GET /sampo/flv/5.flv HTTP/1.1" 200 196608 "http://sancarloscity.org/sampo/Multichannel.swf" "Mozilla/4.0 (compatible; MSIE 6.0; Windows NT 5.1; SV1)" "www.sancarloscity.org"
74.6.18.233 - - [28/Aug/2008:05:24:42 -0700] "GET /qphotogallery/displayimage.php?album=13&pos=2 HTTP/1.0" 200 21815 "-" "Mozilla/5.0 (compatible; Yahoo! Slurp; http://help.yahoo.com/help/us/ysearch/slurp)" "sancarloscity.org"
66.249.67.220 - - [28/Aug/2008:05:25:14 -0700] "GET /lolanitangslogofrnt.jpg HTTP/1.1" 200 4651 "-" "Googlebot-Image/1.0" "www.sancarloscity.org"
74.6.18.251 - - [28/Aug/2008:05:26:01 -0700] "GET /forum2/index.php?act=Search&f=9 HTTP/1.0" 200 3005 "-" "Mozilla/5.0 (compatible; Yahoo! Slurp; http://help.yahoo.com/help/us/ysearch/slurp)" "www.sancarloscity.org"
120.28.140.12 - - [28/Aug/2008:05:26:50 -0700] "GET /sampo/flv/5.flv HTTP/1.1" 200 3653316 "http://sancarloscity.org/sampo/Multichannel.swf" "Mozilla/4.0 (compatible; MSIE 6.0; Windows NT 5.1; SV1)" "www.sancarloscity.org"
74.6.18.251 - - [28/Aug/2008:05:27:07 -0700] "GET /forum2/index.php?act=Search&CODE=getalluser&mid=344 HTTP/1.0" 302 0 "-" "Mozilla/5.0 (compatible; Yahoo! Slurp; http://help.yahoo.com/help/us/ysearch/slurp)" "www.sancarloscity.org"
74.6.18.251 - - [28/Aug/2008:05:27:13 -0700] "GET /forum2/index.php?s=93119ce1593051073d33c3575f8ed714&act=Search&nav=au&CODE=show&searchid=6995b2a64aa6968a1214c9c1278f0903&search_in=posts&result_type=posts HTTP/1.0" 200 3945 "-" "Mozilla/5.0 (compatible; Yahoo! Slurp; http://help.yahoo.com/help/us/ysearch/slurp)" "www.sancarloscity.org"
120.28.210.120 - - [28/Aug/2008:05:27:39 -0700] "GET /quisumbingsite/emiliostory9.htm HTTP/1.1" 200 18491 "http://search.yahoo.com/search;_ylt=A0oGkkxdmbZI_GkAImhXNyoA?fr2=sg-gac&sado=1&p=biography%20of%20francisco%20buencamino%20jr&fr=yfp-t-501&ei=UTF-8&fp_ip=PH&meta=fl%3D0%26vc%3Dph&rd=adv" "Mozilla/4.0 (compatible; MSIE 6.0; Windows NT 5.1; SV1; .NET CLR 2.0.50727)" "www.sancarloscity.org"
120.28.210.120 - - [28/Aug/2008:05:27:39 -0700] "GET /quisumbingsite/antenna.css HTTP/1.1" 200 1674 "http://www.sancarloscity.org/quisumbingsite/emiliostory9.htm" "Mozilla/4.0 (compatible; MSIE 6.0; Windows NT 5.1; SV1; .NET CLR 2.0.50727)" "www.sancarloscity.org"
120.28.210.120 - - [28/Aug/2008:05:27:40 -0700] "GET /quisumbingsite/autoactivate.js HTTP/1.1" 200 5474 "http://www.sancarloscity.org/quisumbingsite/emiliostory9.htm" "Mozilla/4.0 (compatible; MSIE 6.0; Windows NT 5.1; SV1; .NET CLR 2.0.50727)" "www.sancarloscity.org"
120.28.210.120 - - [28/Aug/2008:05:27:41 -0700] "GET /quisumbingsite/qbanner2.jpg HTTP/1.1" 200 37507 "http://www.sancarloscity.org/quisumbingsite/emiliostory9.htm" "Mozilla/4.0 (compatible; MSIE 6.0; Windows NT 5.1; SV1; .NET CLR 2.0.50727)" "www.sancarloscity.org"
74.6.18.251 - - [28/Aug/2008:05:28:32 -0700] "GET /forum2/index.php?act=findpost&pid=1300 HTTP/1.0" 302 0 "-" "Mozilla/5.0 (compatible; Yahoo! Slurp; http://help.yahoo.com/help/us/ysearch/slurp)" "www.sancarloscity.org"
74.6.18.251 - - [28/Aug/2008:05:28:34 -0700] "GET /rtpan1frame5.htm HTTP/1.0" 200 5619 "-" "Mozilla/5.0 (compatible; Yahoo! Slurp; http://help.yahoo.com/help/us/ysearch/slurp)" "www.sancarloscity.org"
208.115.111.242 - - [28/Aug/2008:05:28:37 -0700] "GET /robots.txt HTTP/1.1" 200 44 "-" "DotBot/1.0.1 (http://www.dotnetdotcom.org/, crawler@dotnetdotcom.org)" "www.sancarloscity.org"
74.6.18.251 - - [28/Aug/2008:05:28:39 -0700] "GET /forum2/index.php?s=c317060a46660363ba17cb7b9ce94616&showtopic=16&st=20&p=1300& HTTP/1.0" 200 12263 "-" "Mozilla/5.0 (compatible; Yahoo! Slurp; http://help.yahoo.com/help/us/ysearch/slurp)" "www.sancarloscity.org"
125.22.245.20 - - [28/Aug/2008:05:28:49 -0700] "GET /favicon.ico HTTP/1.0" 404 731 "-" "Mozilla/4.0 (compatible; MSIE 6.0; Windows NT 5.1; SV1)" "www.sancarloscity.org"
125.22.245.20 - - [28/Aug/2008:05:29:01 -0700] "GET /comelec/BULWANGAN.htm HTTP/1.0" 200 720896 "http://www.google.co.in/search?hl=en&q=DOB+06-09-63&start=20&sa=N" "Mozilla/4.0 (compatible; MSIE 6.0; Windows NT 5.1; SV1)" "www.sancarloscity.org"
74.6.18.251 - - [28/Aug/2008:05:29:14 -0700] "GET /classifieds/index.php?method=showdetails&list=advertisement&rollid=79&fromfromlist=classifiedscategory&fromfrommethod=showhtmllist&fromfromid=147 HTTP/1.0" 200 5852 "-" "Mozilla/5.0 (compatible; Yahoo! Slurp; http://help.yahoo.com/help/us/ysearch/slurp)" "www.sancarloscity.org"
74.6.18.251 - - [28/Aug/2008:05:29:50 -0700] "GET /classifieds/index.php?method=create_form&list=classifiedsuser&rollid=137&fromlist=classifiedscategory&frommethod=showhtmllist&fromid=137 HTTP/1.0" 200 5348 "-" "Mozilla/5.0 (compatible; Yahoo! Slurp; http://help.yahoo.com/help/us/ysearch/slurp)" "www.sancarloscity.org"
74.6.18.251 - - [28/Aug/2008:05:30:04 -0700] "GET /logs/access_070912.log HTTP/1.0" 200 196608 "-" "Mozilla/5.0 (compatible; Yahoo! Slurp; http://help.yahoo.com/help/us/ysearch/slurp)" "www.sancarloscity.org"
82.174.19.188 - - [28/Aug/2008:05:30:09 -0700] "GET / HTTP/1.1" 200 55575 "-" "Mozilla/4.0 (compatible; MSIE 7.0; Windows NT 5.1)" "www.sancarloscity.org"
82.174.19.188 - - [28/Aug/2008:05:30:09 -0700] "GET /antenna.css HTTP/1.1" 200 1748 "http://www.sancarloscity.org/" "Mozilla/4.0 (compatible; MSIE 7.0; Windows NT 5.1)" "www.sancarloscity.org"
82.174.19.188 - - [28/Aug/2008:05:30:09 -0700] "GET /autoactivate.js HTTP/1.1" 200 5474 "http://www.sancarloscity.org/" "Mozilla/4.0 (compatible; MSIE 7.0; Windows NT 5.1)" "www.sancarloscity.org"
82.174.19.188 - - [28/Aug/2008:05:30:10 -0700] "GET /sccirtpan1.jpg HTTP/1.1" 200 25068 "http://www.sancarloscity.org/" "Mozilla/4.0 (compatible; MSIE 7.0; Windows NT 5.1)" "www.sancarloscity.org"
82.174.19.188 - - [28/Aug/2008:05:30:10 -0700] "GET /background_scci_top.jpg HTTP/1.1" 200 69602 "http://www.sancarloscity.org/" "Mozilla/4.0 (compatible; MSIE 7.0; Windows NT 5.1)" "www.sancarloscity.org"
82.174.19.188 - - [28/Aug/2008:05:30:10 -0700] "GET /bg_glass_bottomright3.jpg HTTP/1.1" 200 18715 "http://www.sancarloscity.org/" "Mozilla/4.0 (compatible; MSIE 7.0; Windows NT 5.1)" "www.sancarloscity.org"
82.174.19.188 - - [28/Aug/2008:05:30:10 -0700] "GET /bg_red_aurora.jpg HTTP/1.1" 200 32099 "http://www.sancarloscity.org/" "Mozilla/4.0 (compatible; MSIE 7.0; Windows NT 5.1)" "www.sancarloscity.org"
82.174.19.188 - - [28/Aug/2008:05:30:10 -0700] "GET /sccinewsidepan1.jpg HTTP/1.1" 200 29777 "http://www.sancarloscity.org/" "Mozilla/4.0 (compatible; MSIE 7.0; Windows NT 5.1)" "www.sancarloscity.org"
82.174.19.188 - - [28/Aug/2008:05:30:10 -0700] "GET /wheretostaytab2.jpg HTTP/1.1" 200 26860 "http://www.sancarloscity.org/" "Mozilla/4.0 (compatible; MSIE 7.0; Windows NT 5.1)" "www.sancarloscity.org"
82.174.19.188 - - [28/Aug/2008:05:30:10 -0700] "GET /bg_glass_bottomleft3.jpg HTTP/1.1" 200 18715 "http://www.sancarloscity.org/" "Mozilla/4.0 (compatible; MSIE 7.0; Windows NT 5.1)" "www.sancarloscity.org"
82.174.19.188 - - [28/Aug/2008:05:30:10 -0700] "GET /wheretostaytab1.jpg HTTP/1.1" 200 25858 "http://www.sancarloscity.org/" "Mozilla/4.0 (compatible; MSIE 7.0; Windows NT 5.1)" "www.sancarloscity.org"
82.174.19.188 - - [28/Aug/2008:05:30:10 -0700] "GET /wheretoeattab2.jpg HTTP/1.1" 200 26730 "http://www.sancarloscity.org/" "Mozilla/4.0 (compatible; MSIE 7.0; Windows NT 5.1)" "www.sancarloscity.org"
82.174.19.188 - - [28/Aug/2008:05:30:10 -0700] "GET /wheretoeattab1.jpg HTTP/1.1" 200 25761 "http://www.sancarloscity.org/" "Mozilla/4.0 (compatible; MSIE 7.0; Windows NT 5.1)" "www.sancarloscity.org"
82.174.19.188 - - [28/Aug/2008:05:30:10 -0700] "GET /sampo/ HTTP/1.1" 200 2268 "http://www.sancarloscity.org/" "Mozilla/4.0 (compatible; MSIE 7.0; Windows NT 5.1)" "sancarloscity.org"
82.174.19.188 - - [28/Aug/2008:05:30:11 -0700] "GET /whattodotab2.jpg HTTP/1.1" 200 26426 "http://www.sancarloscity.org/" "Mozilla/4.0 (compatible; MSIE 7.0; Windows NT 5.1)" "www.sancarloscity.org"
82.174.19.188 - - [28/Aug/2008:05:30:11 -0700] "GET /sampo/AC_RunActiveContent.js HTTP/1.1" 200 3233 "http://sancarloscity.org/sampo/" "Mozilla/4.0 (compatible; MSIE 7.0; Windows NT 5.1)" "sancarloscity.org"
82.174.19.188 - - [28/Aug/2008:05:30:11 -0700] "GET /whattodotab1.jpg HTTP/1.1" 200 25422 "http://www.sancarloscity.org/" "Mozilla/4.0 (compatible; MSIE 7.0; Windows NT 5.1)" "www.sancarloscity.org"
82.174.19.188 - - [28/Aug/2008:05:30:11 -0700] "GET /sampo/Multichannel.swf HTTP/1.1" 200 65261 "http://sancarloscity.org/sampo/" "Mozilla/4.0 (compatible; MSIE 7.0; Windows NT 5.1)" "sancarloscity.org"
82.174.19.188 - - [28/Aug/2008:05:30:12 -0700] "GET /whattoseetab2.jpg HTTP/1.1" 200 26704 "http://www.sancarloscity.org/" "Mozilla/4.0 (compatible; MSIE 7.0; Windows NT 5.1)" "www.sancarloscity.org"
82.174.19.188 - - [28/Aug/2008:05:30:12 -0700] "GET /whattoseetab1.jpg HTTP/1.1" 200 25736 "http://www.sancarloscity.org/" "Mozilla/4.0 (compatible; MSIE 7.0; Windows NT 5.1)" "www.sancarloscity.org"
82.174.19.188 - - [28/Aug/2008:05:30:12 -0700] "GET /sccilinksicons.jpg HTTP/1.1" 200 33512 "http://www.sancarloscity.org/" "Mozilla/4.0 (compatible; MSIE 7.0; Windows NT 5.1)" "www.sancarloscity.org"
82.174.19.188 - - [28/Aug/2008:05:30:12 -0700] "GET / HTTP/1.1" 200 55575 "http://www.sancarloscity.org/" "Mozilla/4.0 (compatible; MSIE 7.0; Windows NT 5.1)" "www.sancarloscity.org"
82.174.19.188 - - [28/Aug/2008:05:30:13 -0700] "GET /360maps.jpg HTTP/1.1" 200 12355 "http://www.sancarloscity.org/" "Mozilla/4.0 (compatible; MSIE 7.0; Windows NT 5.1)" "www.sancarloscity.org"
82.174.19.188 - - [28/Aug/2008:05:30:13 -0700] "GET /sccimidline.jpg HTTP/1.1" 200 22936 "http://www.sancarloscity.org/" "Mozilla/4.0 (compatible; MSIE 7.0; Windows NT 5.1)" "www.sancarloscity.org"
82.174.19.188 - - [28/Aug/2008:05:30:13 -0700] "GET /sccifrontpic.jpg HTTP/1.1" 200 61665 "http://www.sancarloscity.org/" "Mozilla/4.0 (compatible; MSIE 7.0; Windows NT 5.1)" "www.sancarloscity.org"
82.174.19.188 - - [28/Aug/2008:05:30:13 -0700] "GET /qfalconbanner.jpg HTTP/1.1" 200 13256 "http://www.sancarloscity.org/" "Mozilla/4.0 (compatible; MSIE 7.0; Windows NT 5.1)" "www.sancarloscity.org"
82.174.19.188 - - [28/Aug/2008:05:30:13 -0700] "GET /pplogobanner1.jpg HTTP/1.1" 200 29708 "http://www.sancarloscity.org/" "Mozilla/4.0 (compatible; MSIE 7.0; Windows NT 5.1)" "www.sancarloscity.org"
82.174.19.188 - - [28/Aug/2008:05:30:13 -0700] "GET /lolanitangslogofrnt.jpg HTTP/1.1" 200 4651 "http://www.sancarloscity.org/" "Mozilla/4.0 (compatible; MSIE 7.0; Windows NT 5.1)" "www.sancarloscity.org"
82.174.19.188 - - [28/Aug/2008:05:30:13 -0700] "GET /5star.jpg HTTP/1.1" 200 1016 "http://www.sancarloscity.org/" "Mozilla/4.0 (compatible; MSIE 7.0; Windows NT 5.1)" "www.sancarloscity.org"
82.174.19.188 - - [28/Aug/2008:05:30:13 -0700] "GET /ymblogo2new.gif HTTP/1.1" 200 8010 "http://www.sancarloscity.org/" "Mozilla/4.0 (compatible; MSIE 7.0; Windows NT 5.1)" "www.sancarloscity.org"
82.174.19.188 - - [28/Aug/2008:05:30:14 -0700] "GET /carmelslogo.jpg HTTP/1.1" 200 5824 "http://www.sancarloscity.org/" "Mozilla/4.0 (compatible; MSIE 7.0; Windows NT 5.1)" "www.sancarloscity.org"
82.174.19.188 - - [28/Aug/2008:05:30:14 -0700] "GET /4star.jpg HTTP/1.1" 200 960 "http://www.sancarloscity.org/" "Mozilla/4.0 (compatible; MSIE 7.0; Windows NT 5.1)" "www.sancarloscity.org"
82.174.19.188 - - [28/Aug/2008:05:30:14 -0700] "GET /sccinewsearch.jpg HTTP/1.1" 200 22686 "http://www.sancarloscity.org/" "Mozilla/4.0 (compatible; MSIE 7.0; Windows NT 5.1)" "www.sancarloscity.org"
82.174.19.188 - - [28/Aug/2008:05:30:14 -0700] "GET /sccisamplepage_02.gif HTTP/1.1" 200 7431 "http://www.sancarloscity.org/" "Mozilla/4.0 (compatible; MSIE 7.0; Windows NT 5.1)" "www.sancarloscity.org"
82.174.19.188 - - [28/Aug/2008:05:30:14 -0700] "GET /newpanmaster.png HTTP/1.1" 200 943 "http://www.sancarloscity.org/" "Mozilla/4.0 (compatible; MSIE 7.0; Windows NT 5.1)" "www.sancarloscity.org"
82.174.19.188 - - [28/Aug/2008:05:30:14 -0700] "GET /newpanmaster2.png HTTP/1.1" 200 927 "http://www.sancarloscity.org/" "Mozilla/4.0 (compatible; MSIE 7.0; Windows NT 5.1)" "www.sancarloscity.org"
82.174.19.188 - - [28/Aug/2008:05:30:15 -0700] "GET /sampo/xml/Dateline.xml HTTP/1.1" 200 32971 "http://sancarloscity.org/sampo/Multichannel.swf" "Mozilla/4.0 (compatible; MSIE 7.0; Windows NT 5.1)" "sancarloscity.org"
82.174.19.188 - - [28/Aug/2008:05:30:15 -0700] "GET /favicon.ico HTTP/1.1" 404 747 "-" "Mozilla/4.0 (compatible; MSIE 7.0; Windows NT 5.1)" "www.sancarloscity.org"
82.174.19.188 - - [28/Aug/2008:05:30:18 -0700] "GET /sampo/playlist.css HTTP/1.1" 200 559 "http://sancarloscity.org/sampo/Multichannel.swf" "Mozilla/4.0 (compatible; MSIE 7.0; Windows NT 5.1)" "sancarloscity.org"
82.174.19.188 - - [28/Aug/2008:05:30:18 -0700] "GET /sampo/flv/082008/1.jpg HTTP/1.1" 200 14434 "http://sancarloscity.org/sampo/Multichannel.swf" "Mozilla/4.0 (compatible; MSIE 7.0; Windows NT 5.1)" "www.sancarloscity.org"
82.174.19.188 - - [28/Aug/2008:05:30:18 -0700] "GET /sampo/flv/082008/3.jpg HTTP/1.1" 200 14264 "http://sancarloscity.org/sampo/Multichannel.swf" "Mozilla/4.0 (compatible; MSIE 7.0; Windows NT 5.1)" "www.sancarloscity.org"
82.174.19.188 - - [28/Aug/2008:05:30:18 -0700] "GET /sampo/flv/082008/2.jpg HTTP/1.1" 200 14217 "http://sancarloscity.org/sampo/Multichannel.swf" "Mozilla/4.0 (compatible; MSIE 7.0; Windows NT 5.1)" "www.sancarloscity.org"
82.174.19.188 - - [28/Aug/2008:05:30:18 -0700] "GET /sampo/flv/082008/4.jpg HTTP/1.1" 200 14273 "http://sancarloscity.org/sampo/Multichannel.swf" "Mozilla/4.0 (compatible; MSIE 7.0; Windows NT 5.1)" "www.sancarloscity.org"
82.174.19.188 - - [28/Aug/2008:05:30:18 -0700] "GET /sampo/flv/082008/5.jpg HTTP/1.1" 200 14280 "http://sancarloscity.org/sampo/Multichannel.swf" "Mozilla/4.0 (compatible; MSIE 7.0; Windows NT 5.1)" "www.sancarloscity.org"
82.174.19.188 - - [28/Aug/2008:05:30:18 -0700] "GET /sampo/flv/082008/1.jpg HTTP/1.1" 200 14434 "http://sancarloscity.org/sampo/Multichannel.swf" "Mozilla/4.0 (compatible; MSIE 7.0; Windows NT 5.1)" "www.sancarloscity.org"
82.174.19.188 - - [28/Aug/2008:05:30:18 -0700] "GET /sampo/flv/082008/2.jpg HTTP/1.1" 200 14217 "http://sancarloscity.org/sampo/Multichannel.swf" "Mozilla/4.0 (compatible; MSIE 7.0; Windows NT 5.1)" "www.sancarloscity.org"
82.174.19.188 - - [28/Aug/2008:05:30:18 -0700] "GET /sampo/flv/082008/3.jpg HTTP/1.1" 200 14264 "http://sancarloscity.org/sampo/Multichannel.swf" "Mozilla/4.0 (compatible; MSIE 7.0; Windows NT 5.1)" "www.sancarloscity.org"
82.174.19.188 - - [28/Aug/2008:05:30:18 -0700] "GET /sampo/flv/082008/4.jpg HTTP/1.1" 200 14273 "http://sancarloscity.org/sampo/Multichannel.swf" "Mozilla/4.0 (compatible; MSIE 7.0; Windows NT 5.1)" "www.sancarloscity.org"
82.174.19.188 - - [28/Aug/2008:05:30:18 -0700] "GET /sampo/flv/082008/5.jpg HTTP/1.1" 200 14280 "http://sancarloscity.org/sampo/Multichannel.swf" "Mozilla/4.0 (compatible; MSIE 7.0; Windows NT 5.1)" "www.sancarloscity.org"
208.115.111.242 - - [28/Aug/2008:05:30:19 -0700] "GET /forum2/index.php?s=4945093cea0812d0c75e4b47c8dd7d83&act=Members HTTP/1.1" 200 7286 "-" "DotBot/1.0.1 (http://www.dotnetdotcom.org/, crawler@dotnetdotcom.org)" "www.sancarloscity.org"
208.115.111.242 - - [28/Aug/2008:05:30:29 -0700] "GET /forum2/index.php?s=4945093cea0812d0c75e4b47c8dd7d83&act=Reg&CODE=00 HTTP/1.1" 200 3105 "-" "DotBot/1.0.1 (http://www.dotnetdotcom.org/, crawler@dotnetdotcom.org)" "www.sancarloscity.org"
208.115.111.242 - - [28/Aug/2008:05:30:44 -0700] "GET /forum2/index.php?s=4945093cea0812d0c75e4b47c8dd7d83&act=Search HTTP/1.1" 200 3015 "-" "DotBot/1.0.1 (http://www.dotnetdotcom.org/, crawler@dotnetdotcom.org)" "www.sancarloscity.org"
208.115.111.242 - - [28/Aug/2008:05:30:50 -0700] "GET /forum2/index.php?s=4945093cea0812d0c75e4b47c8dd7d83&act=Search&f= HTTP/1.1" 200 3013 "-" "DotBot/1.0.1 (http://www.dotnetdotcom.org/, crawler@dotnetdotcom.org)" "www.sancarloscity.org"
208.115.111.242 - - [28/Aug/2008:05:30:59 -0700] "GET /forum2/index.php?s=4945093cea0812d0c75e4b47c8dd7d83&act=calendar HTTP/1.1" 200 4062 "-" "DotBot/1.0.1 (http://www.dotnetdotcom.org/, crawler@dotnetdotcom.org)" "www.sancarloscity.org"
208.115.111.242 - - [28/Aug/2008:05:31:06 -0700] "GET /forum2/index.php?s=4945093cea0812d0c75e4b47c8dd7d83&act=module&module=gallery HTTP/1.1" 200 4887 "-" "DotBot/1.0.1 (http://www.dotnetdotcom.org/, crawler@dotnetdotcom.org)" "www.sancarloscity.org"
74.6.18.251 - - [28/Aug/2008:05:31:11 -0700] "GET /forum2/index.php?showtopic=231&mode=threaded&pid=1575 HTTP/1.0" 200 7327 "-" "Mozilla/5.0 (compatible; Yahoo! Slurp; http://help.yahoo.com/help/us/ysearch/slurp)" "www.sancarloscity.org"
208.115.111.242 - - [28/Aug/2008:05:31:16 -0700] "GET /forum2/index.php?s=4945093cea0812d0c75e4b47c8dd7d83&automodule=blog HTTP/1.1" 200 5499 "-" "DotBot/1.0.1 (http://www.dotnetdotcom.org/, crawler@dotnetdotcom.org)" "www.sancarloscity.org"
208.115.111.242 - - [28/Aug/2008:05:31:22 -0700] "GET /forum2/index.php?s=4945093cea0812d0c75e4b47c8dd7d83&automodule=blog&blogid=5& HTTP/1.1" 200 4442 "-" "DotBot/1.0.1 (http://www.dotnetdotcom.org/, crawler@dotnetdotcom.org)" "www.sancarloscity.org"
208.115.111.242 - - [28/Aug/2008:05:31:30 -0700] "GET /forum2/index.php?s=4945093cea0812d0c75e4b47c8dd7d83&automodule=blog&blogid=5&&req=printentry&eid=32 HTTP/1.1" 200 32651 "-" "DotBot/1.0.1 (http://www.dotnetdotcom.org/, crawler@dotnetdotcom.org)" "www.sancarloscity.org"
208.115.111.242 - - [28/Aug/2008:05:31:40 -0700] "GET /forum2/index.php?s=4945093cea0812d0c75e4b47c8dd7d83&automodule=blog&blogid=5&&req=printentry&eid=33 HTTP/1.1" 200 32324 "-" "DotBot/1.0.1 (http://www.dotnetdotcom.org/, crawler@dotnetdotcom.org)" "www.sancarloscity.org"
78.100.2.3 - - [28/Aug/2008:05:31:52 -0700] "GET /sampo/flv/080802/2.jpg HTTP/1.1" 304 - "-" "Mozilla/4.0 (compatible;)" "www.sancarloscity.org"
74.6.18.251 - - [28/Aug/2008:05:32:06 -0700] "GET /classifieds/index.php?method=create_form&list=friendmail&rollid=79&fromlist=advertisement&frommethod=showdetails&fromid=79&fromfromlist=classifiedscategory&fromfrommethod=showhtmllist&fromfromid=147 HTTP/1.0" 200 5720 "-" "Mozilla/5.0 (compatible; Yahoo! Slurp; http://help.yahoo.com/help/us/ysearch/slurp)" "www.sancarloscity.org"
