209.160.65.55 - - [30/Oct/2008:05:55:29 -0700] "GET /logs/access_081002.log//skin/zero_vote/error.php?dir=http://www.manifestotrl.org/v6.txt?? HTTP/1.1" 404 784 "-" "libwww-perl/5.810" "www.sancarloscity.org"
64.41.133.39 - - [30/Oct/2008:05:55:30 -0700] "GET /listings/event/results.php?letter=i&month=200811&this_date=20081101 HTTP/1.1" 200 12046 "http://www.sancarloscity.org/listings/event/results.php?month=200811&this_date=20081101" "Mozilla/4.0 (compatible; MSIE 6.0; Windows NT 5.1; .NET CLR 1.1.4322; .NET CLR 1.0.3705)" "www.sancarloscity.org"
64.41.133.39 - - [30/Oct/2008:05:55:34 -0700] "GET /listings/event/results.php?letter=v&month=200811&this_date=20081101 HTTP/1.1" 200 22424 "http://www.sancarloscity.org/listings/event/results.php?month=200811&this_date=20081101" "Mozilla/4.0 (compatible; MSIE 6.0; Windows NT 5.1; .NET CLR 1.1.4322; .NET CLR 1.0.3705)" "www.sancarloscity.org"
64.41.133.39 - - [30/Oct/2008:05:55:36 -0700] "GET /listings/event/results.php?letter=s&month=200811&this_date=20081101 HTTP/1.1" 200 24725 "http://www.sancarloscity.org/listings/event/results.php?month=200811&this_date=20081101" "Mozilla/4.0 (compatible; MSIE 6.0; Windows NT 5.1; .NET CLR 1.1.4322; .NET CLR 1.0.3705)" "www.sancarloscity.org"
209.160.65.55 - - [30/Oct/2008:05:55:39 -0700] "GET /logs/access_081015.log//skin/zero_vote/error.php?dir=http://www.manifestotrl.org/v6.txt?? HTTP/1.1" 404 784 "-" "libwww-perl/5.810" "www.sancarloscity.org"
64.41.133.39 - - [30/Oct/2008:05:55:39 -0700] "GET /listings/event/results.php?letter=b&month=200811&this_date=20081101 HTTP/1.1" 200 23564 "http://www.sancarloscity.org/listings/event/results.php?month=200811&this_date=20081101" "Mozilla/4.0 (compatible; MSIE 6.0; Windows NT 5.1; .NET CLR 1.1.4322; .NET CLR 1.0.3705)" "www.sancarloscity.org"
66.40.52.30 - - [30/Oct/2008:05:55:40 -0700] "GET /skin/zero_vote/error.php?dir=http://www.manifestotrl.org/perkosa.txt?? HTTP/1.1" 404 760 "-" "libwww-perl/5.800" "www.sancarloscity.org"
66.40.52.30 - - [30/Oct/2008:05:55:40 -0700] "GET /logs//skin/zero_vote/error.php?dir=http://www.manifestotrl.org/perkosa.txt?? HTTP/1.1" 404 766 "-" "libwww-perl/5.800" "www.sancarloscity.org"
66.40.52.30 - - [30/Oct/2008:05:55:40 -0700] "GET /logs/access_081002.log//skin/zero_vote/error.php?dir=http://www.manifestotrl.org/perkosa.txt?? HTTP/1.1" 404 784 "-" "libwww-perl/5.800" "www.sancarloscity.org"
64.41.133.39 - - [30/Oct/2008:05:55:43 -0700] "GET /listings/event/results.php?letter=a&month=200811&this_date=20081101 HTTP/1.1" 200 22409 "http://www.sancarloscity.org/listings/event/results.php?month=200811&this_date=20081101" "Mozilla/4.0 (compatible; MSIE 6.0; Windows NT 5.1; .NET CLR 1.1.4322; .NET CLR 1.0.3705)" "www.sancarloscity.org"
122.166.10.54 - - [30/Oct/2008:05:55:45 -0700] "GET /logs/access_080712.log HTTP/1.1" 200 786432 "-" "hldgetmqeCdjbwcc5aeytvrm Cp5yxupyrk" "www.sancarloscity.org"
66.40.52.30 - - [30/Oct/2008:05:55:46 -0700] "GET /logs/access_081015.log//skin/zero_vote/error.php?dir=http://www.manifestotrl.org/perkosa.txt?? HTTP/1.0" 404 768 "-" "libwww-perl/5.800" "www.sancarloscity.org"
64.41.133.39 - - [30/Oct/2008:05:55:47 -0700] "GET /listings/event/results.php?letter=p&month=200811&this_date=20081101 HTTP/1.1" 200 20331 "http://www.sancarloscity.org/listings/event/results.php?month=200811&this_date=20081101" "Mozilla/4.0 (compatible; MSIE 6.0; Windows NT 5.1; .NET CLR 1.1.4322; .NET CLR 1.0.3705)" "www.sancarloscity.org"
64.41.133.39 - - [30/Oct/2008:05:56:00 -0700] "GET /listings/event/results.php?letter=q&month=200811&this_date=20081101 HTTP/1.1" 200 12046 "http://www.sancarloscity.org/listings/event/results.php?month=200811&this_date=20081101" "Mozilla/4.0 (compatible; MSIE 6.0; Windows NT 5.1; .NET CLR 1.1.4322; .NET CLR 1.0.3705)" "www.sancarloscity.org"
212.100.250.218 - - [30/Oct/2008:05:56:10 -0700] "GET /jodera2/posting.php?mode=newtopic&f=1 HTTP/1.0" 302 0 "-" "Mozilla/4.0 (compatible; MSIE 6.0; Windows NT 5.1; en) Opera 9.0" "www.sancarloscity.org"
212.100.250.218 - - [30/Oct/2008:05:56:21 -0700] "GET /jodera2/login.php?redirect=posting.php&mode=newtopic&f=1&sid=b5fcd1e2d10f2b93d654217a34b97480 HTTP/1.0" 200 12362 "-" "Mozilla/4.0 (compatible; MSIE 6.0; Windows NT 5.1; en) Opera 9.0" "www.sancarloscity.org"
212.100.250.218 - - [30/Oct/2008:05:56:26 -0700] "POST /jodera2/login.php HTTP/1.0" 302 0 "http://www.sancarloscity.org/jodera2/login.php?redirect=posting.php&mode=newtopic&f=1&sid=b5fcd1e2d10f2b93d654217a34b97480" "Mozilla/4.0 (compatible; MSIE 6.0; Windows NT 5.1; en) Opera 9.0" "www.sancarloscity.org"
212.100.250.218 - - [30/Oct/2008:05:56:32 -0700] "GET /jodera2/posting.php?mode=newtopic&f=1&sid=b5fcd1e2d10f2b93d654217a34b97480 HTTP/1.0" 200 41366 "-" "Mozilla/4.0 (compatible; MSIE 6.0; Windows NT 5.1; en) Opera 9.0" "www.sancarloscity.org"
200.63.42.79 - - [30/Oct/2008:05:56:37 -0700] "GET /jodera2/index.php HTTP/1.0" 200 61810 "-" "Mozilla/4.0 (compatible; MSIE 5.5; Windows NT 4.0)" "www.sancarloscity.org"
66.249.73.51 - - [30/Oct/2008:05:56:39 -0700] "GET /jodera2/viewtopic.php?t=16720&view=next&sid=57d8e68fcf4ad4b643de4ef5621f8230 HTTP/1.1" 200 66639 "-" "Mozilla/5.0 (compatible; Googlebot/2.1; +http://www.google.com/bot.html)" "www.sancarloscity.org"
200.63.42.93 - - [30/Oct/2008:05:56:58 -0700] "GET /jodera2/index.php HTTP/1.0" 200 61811 "-" "Mozilla/4.0 (compatible; MSIE 5.0; Windows 3.1)" "www.sancarloscity.org"
200.63.42.79 - - [30/Oct/2008:05:57:00 -0700] "GET /jodera2/viewforum.php?f=1&sid=c3c4a631f236ef54e92078846a3dfbe9 HTTP/1.0" 200 84807 "-" "Mozilla/4.0 (compatible; MSIE 5.5; Windows NT 4.0)" "www.sancarloscity.org"
70.85.114.130 - - [30/Oct/2008:05:57:04 -0700] "GET /logs/access_081004.log/errors.php?error=http://www.irtt.ir/poll/image/id.jpg??? HTTP/1.1" 404 769 "-" "libwww-perl/5.805" "www.sancarloscity.org"
70.85.114.130 - - [30/Oct/2008:05:57:05 -0700] "GET /errors.php?error=http://www.irtt.ir/poll/image/id.jpg??? HTTP/1.1" 404 759 "-" "libwww-perl/5.805" "www.sancarloscity.org"
70.85.114.130 - - [30/Oct/2008:05:57:05 -0700] "GET /logs/errors.php?error=http://www.irtt.ir/poll/image/id.jpg??? HTTP/1.1" 404 764 "-" "libwww-perl/5.805" "www.sancarloscity.org"
200.63.42.93 - - [30/Oct/2008:05:57:14 -0700] "GET /jodera2/viewforum.php?f=1&sid=39e3041b2fe7cecec718e34db30b3ef1 HTTP/1.0" 200 84807 "-" "Mozilla/4.0 (compatible; MSIE 5.0; Windows 3.1)" "www.sancarloscity.org"
72.30.142.88 - - [30/Oct/2008:05:57:17 -0700] "GET /robots.txt HTTP/1.0" 200 44 "-" "Mozilla/5.0 (compatible; Yahoo! Slurp; http://help.yahoo.com/help/us/ysearch/slurp)" "www.sancarloscity.org"
212.100.250.218 - - [30/Oct/2008:05:57:18 -0700] "POST /jodera2/posting.php HTTP/1.0" 200 11444 "http://www.sancarloscity.org/jodera2/posting.php?mode=newtopic&f=1&sid=b5fcd1e2d10f2b93d654217a34b97480" "Mozilla/4.0 (compatible; MSIE 6.0; Windows NT 5.1; en) Opera 9.0" "www.sancarloscity.org"
200.63.42.93 - - [30/Oct/2008:05:57:21 -0700] "GET /jodera2/login.php HTTP/1.0" 200 12333 "-" "Mozilla/4.0 (compatible; MSIE 5.0; Windows 3.1)" "www.sancarloscity.org"
200.63.42.93 - - [30/Oct/2008:05:57:22 -0700] "POST /jodera2/login.php HTTP/1.0" 302 0 "http://www.sancarloscity.org/jodera2/login.php" "Mozilla/4.0 (compatible; MSIE 5.0; Windows 3.1)" "www.sancarloscity.org"
200.63.42.79 - - [30/Oct/2008:05:57:32 -0700] "GET /jodera2/login.php HTTP/1.0" 200 12333 "-" "Mozilla/4.0 (compatible; MSIE 5.5; Windows NT 4.0)" "www.sancarloscity.org"
64.41.133.39 - - [30/Oct/2008:05:57:33 -0700] "GET /listings/event/results.php?letter=n&category_id=2 HTTP/1.1" 200 10506 "http://www.sancarloscity.org/listings/event/results.php?category_id=2" "Mozilla/4.0 (compatible; MSIE 6.0; Windows NT 5.1; .NET CLR 1.1.4322; .NET CLR 1.0.3705)" "www.sancarloscity.org"
64.41.133.39 - - [30/Oct/2008:05:57:44 -0700] "GET /listings/event/results.php?letter=s&category_id=2 HTTP/1.1" 200 19595 "http://www.sancarloscity.org/listings/event/results.php?category_id=2" "Mozilla/4.0 (compatible; MSIE 6.0; Windows NT 5.1; .NET CLR 1.1.4322; .NET CLR 1.0.3705)" "www.sancarloscity.org"
212.100.250.218 - - [30/Oct/2008:05:57:45 -0700] "GET /jodera2/viewtopic.php?p=29905 HTTP/1.0" 200 29556 "-" "Mozilla/4.0 (compatible; MSIE 6.0; Windows NT 5.1; en) Opera 9.0" "www.sancarloscity.org"
190.24.131.38 - - [30/Oct/2008:05:57:45 -0700] "GET /logs/access_081002.log//skin/zero_vote/error.php?dir=http://www.manifestotrl.org/v6.txt?? HTTP/1.1" 404 784 "-" "libwww-perl/5.805" "www.sancarloscity.org"
190.24.131.38 - - [30/Oct/2008:05:57:45 -0700] "GET /skin/zero_vote/error.php?dir=http://www.manifestotrl.org/v6.txt?? HTTP/1.1" 404 760 "-" "libwww-perl/5.805" "www.sancarloscity.org"
200.63.42.93 - - [30/Oct/2008:05:57:45 -0700] "GET /jodera2/index.php?sid=39e3041b2fe7cecec718e34db30b3ef1 HTTP/1.0" 200 55213 "-" "Mozilla/4.0 (compatible; MSIE 5.0; Windows 3.1)" "www.sancarloscity.org"
190.24.131.38 - - [30/Oct/2008:05:57:45 -0700] "GET /logs//skin/zero_vote/error.php?dir=http://www.manifestotrl.org/v6.txt?? HTTP/1.1" 404 766 "-" "libwww-perl/5.805" "www.sancarloscity.org"
200.63.42.93 - - [30/Oct/2008:05:57:45 -0700] "GET /jodera2/posting.php?mode=newtopic&f=1 HTTP/1.0" 200 41368 "-" "Mozilla/4.0 (compatible; MSIE 5.0; Windows 3.1)" "www.sancarloscity.org"
72.30.142.88 - - [30/Oct/2008:05:57:46 -0700] "GET /jodera2/joderaphoto/index.php?cat=0 HTTP/1.0" 200 39343 "-" "Mozilla/5.0 (compatible; Yahoo! Slurp; http://help.yahoo.com/help/us/ysearch/slurp)" "www.sancarloscity.org"
200.63.42.79 - - [30/Oct/2008:05:57:46 -0700] "POST /jodera2/login.php HTTP/1.0" 302 0 "http://www.sancarloscity.org/jodera2/login.php" "Mozilla/4.0 (compatible; MSIE 5.5; Windows NT 4.0)" "www.sancarloscity.org"
212.100.250.218 - - [30/Oct/2008:05:57:46 -0700] "GET /jodera2/viewtopic.php?p=29905 HTTP/1.0" 200 29556 "-" "Mozilla/4.0 (compatible; MSIE 6.0; Windows NT 5.1; en) Opera 9.0" "www.sancarloscity.org"
64.41.133.39 - - [30/Oct/2008:05:57:56 -0700] "GET /listings/event/results.php?letter=c&category_id=2 HTTP/1.1" 200 18230 "http://www.sancarloscity.org/listings/event/results.php?category_id=2" "Mozilla/4.0 (compatible; MSIE 6.0; Windows NT 5.1; .NET CLR 1.1.4322; .NET CLR 1.0.3705)" "www.sancarloscity.org"
190.24.131.38 - - [30/Oct/2008:05:57:56 -0700] "GET /logs/access_081015.log//skin/zero_vote/error.php?dir=http://www.manifestotrl.org/v6.txt?? HTTP/1.1" 404 784 "-" "libwww-perl/5.805" "www.sancarloscity.org"
154.5.252.194 - - [30/Oct/2008:05:57:57 -0700] "GET /logs/access_081006.log/phphtml.php?htmlclass_path=http://610times.com/bbs/info/id.txt?? HTTP/1.1" 404 770 "-" "libwww-perl/5.79" "www.sancarloscity.org"
154.5.252.194 - - [30/Oct/2008:05:57:57 -0700] "GET /phphtml.php?htmlclass_path=http://610times.com/bbs/info/id.txt?? HTTP/1.1" 404 760 "-" "libwww-perl/5.79" "www.sancarloscity.org"
154.5.252.194 - - [30/Oct/2008:05:57:57 -0700] "GET /logs/phphtml.php?htmlclass_path=http://610times.com/bbs/info/id.txt?? HTTP/1.1" 404 765 "-" "libwww-perl/5.79" "www.sancarloscity.org"
70.85.114.130 - - [30/Oct/2008:05:57:57 -0700] "GET /logs/access_081007.log/errors.php?error=http://www.irtt.ir/poll/image/id.jpg??? HTTP/1.1" 404 769 "-" "libwww-perl/5.805" "www.sancarloscity.org"
70.85.114.130 - - [30/Oct/2008:05:57:58 -0700] "GET /errors.php?error=http://www.irtt.ir/poll/image/id.jpg??? HTTP/1.1" 404 759 "-" "libwww-perl/5.805" "www.sancarloscity.org"
70.85.114.130 - - [30/Oct/2008:05:57:58 -0700] "GET /logs/errors.php?error=http://www.irtt.ir/poll/image/id.jpg??? HTTP/1.1" 404 764 "-" "libwww-perl/5.805" "www.sancarloscity.org"
190.24.131.38 - - [30/Oct/2008:05:58:03 -0700] "GET /logs/access_081002.log//skin/zero_vote/error.php?dir=http://www.mfa.gov.bt/kethek-id.txt?? HTTP/1.1" 404 784 "-" "libwww-perl/5.805" "www.sancarloscity.org"
190.24.131.38 - - [30/Oct/2008:05:58:03 -0700] "GET /skin/zero_vote/error.php?dir=http://www.mfa.gov.bt/kethek-id.txt?? HTTP/1.1" 404 760 "-" "libwww-perl/5.805" "www.sancarloscity.org"
190.24.131.38 - - [30/Oct/2008:05:58:04 -0700] "GET /logs//skin/zero_vote/error.php?dir=http://www.mfa.gov.bt/kethek-id.txt?? HTTP/1.1" 404 766 "-" "libwww-perl/5.805" "www.sancarloscity.org"
82.128.11.252 - - [30/Oct/2008:05:58:07 -0700] "GET /logs/access_080115.log HTTP/1.1" 200 786432 "http://www.1second.com/cgi-bin/payperclick/smartsearch.cgi?username=&keywords=%2B1+milton+@yahoo.com+txt" "Mozilla/4.0 (compatible; MSIE 6.0; Windows NT 5.1; SV1)" "www.sancarloscity.org"
121.170.11.100 - - [30/Oct/2008:05:58:09 -0700] "GET /logs/access_080922.log/scanhttp://www.geocities.com/kucluk_pamungkas/safe.txt??? HTTP/1.1" 404 813 "-" "libwww-perl/5.79" "www.sancarloscity.org"
190.24.131.38 - - [30/Oct/2008:05:58:18 -0700] "GET /skin/zero_vote/error.php?dir=http://www.manifestotrl.org/perkosa.txt?? HTTP/1.1" 404 760 "-" "libwww-perl/5.805" "www.sancarloscity.org"
190.24.131.38 - - [30/Oct/2008:05:58:18 -0700] "GET /logs//skin/zero_vote/error.php?dir=http://www.manifestotrl.org/perkosa.txt?? HTTP/1.1" 404 766 "-" "libwww-perl/5.805" "www.sancarloscity.org"
190.24.131.38 - - [30/Oct/2008:05:58:18 -0700] "GET /logs/access_081002.log//skin/zero_vote/error.php?dir=http://www.manifestotrl.org/perkosa.txt?? HTTP/1.1" 404 784 "-" "libwww-perl/5.805" "www.sancarloscity.org"
200.63.42.79 - - [30/Oct/2008:05:58:19 -0700] "GET /jodera2/index.php?sid=c3c4a631f236ef54e92078846a3dfbe9 HTTP/1.0" 200 55279 "-" "Mozilla/4.0 (compatible; MSIE 5.5; Windows NT 4.0)" "www.sancarloscity.org"
200.63.42.79 - - [30/Oct/2008:05:58:20 -0700] "GET /jodera2/posting.php?mode=newtopic&f=1 HTTP/1.0" 200 41368 "-" "Mozilla/4.0 (compatible; MSIE 5.5; Windows NT 4.0)" "www.sancarloscity.org"
122.55.21.35 - - [30/Oct/2008:05:58:21 -0700] "GET /slowpoke/vecustombg.jpg HTTP/1.1" 200 33286 "http://profiles.friendster.com/52282788" "Mozilla/4.0 (compatible; MSIE 6.0; Windows NT 5.1; SV1; FunWebProducts; InfoPath.2)" "sancarloscity.org"
190.24.131.38 - - [30/Oct/2008:05:58:23 -0700] "GET /logs/access_081015.log//skin/zero_vote/error.php?dir=http://www.mfa.gov.bt/kethek-id.txt?? HTTP/1.1" 404 784 "-" "libwww-perl/5.805" "www.sancarloscity.org"
202.171.48.89 - - [30/Oct/2008:05:58:30 -0700] "GET /logs/access_081015.log/?sIncPath=http://djvirgil.nl/modules/id.txt?? HTTP/1.1" 404 759 "-" "libwww-perl/5.79" "www.sancarloscity.org"
202.171.48.89 - - [30/Oct/2008:05:58:30 -0700] "GET /logs/access_081015.log/?sIncPath=http://djvirgil.nl/modules/id.txt?? HTTP/1.1" 404 759 "-" "libwww-perl/5.79" "www.sancarloscity.org"
202.171.48.89 - - [30/Oct/2008:05:58:30 -0700] "GET /logs/access_081015.log/?sIncPath=http://djvirgil.nl/modules/id.txt?? HTTP/1.1" 404 759 "-" "libwww-perl/5.79" "www.sancarloscity.org"
190.24.131.38 - - [30/Oct/2008:05:58:33 -0700] "GET /logs/access_081015.log//skin/zero_vote/error.php?dir=http://www.manifestotrl.org/perkosa.txt?? HTTP/1.1" 404 784 "-" "libwww-perl/5.805" "www.sancarloscity.org"
200.63.42.79 - - [30/Oct/2008:05:58:36 -0700] "GET /jodera2/index.php?sid=c3c4a631f236ef54e92078846a3dfbe9 HTTP/1.0" 200 55279 "-" "Mozilla/4.0 (compatible; MSIE 5.5; Windows NT 4.0)" "www.sancarloscity.org"
208.111.154.15 - - [30/Oct/2008:05:58:37 -0700] "GET /picgallery/thumbnails.php?album=6&page=1&sort=td HTTP/1.1" 200 16799 "-" "Mozilla/5.0 (compatible; Charlotte/1.1; http://www.searchme.com/support/)" "www.sancarloscity.org"
208.111.154.15 - - [30/Oct/2008:05:58:44 -0700] "GET /picgallery/displayimage.php?album=lastup&cat=5&pos=6 HTTP/1.1" 200 9590 "-" "Mozilla/5.0 (compatible; Charlotte/1.1; http://www.searchme.com/support/)" "www.sancarloscity.org"
89.149.196.212 - - [30/Oct/2008:05:58:49 -0700] "GET /jodera2/posting.php?mode=newtopic&f=1 HTTP/1.0" 302 0 "http://www.sancarloscity.org/jodera2/posting.php?mode=newtopic&f=1" "Mozilla/4.0 (compatible; MSIE 6.0; Windows NT 5.2; Win64; AMD64)" "www.sancarloscity.org"
200.63.42.95 - - [30/Oct/2008:05:58:53 -0700] "GET /jodera2/index.php HTTP/1.0" 200 62027 "-" "Mozilla/4.0 (compatible; Powermarks/3.5; Windows 95/98/2000/NT)" "www.sancarloscity.org"
89.149.196.212 - - [30/Oct/2008:05:59:04 -0700] "GET /jodera2/login.php?redirect=posting.php&mode=newtopic&f=1&sid=20d11fb71b74dc832c078cafe6ce2ce2 HTTP/1.0" 200 12362 "http://www.sancarloscity.org/jodera2/login.php?redirect=posting.php&mode=newtopic&f=1&sid=20d11fb71b74dc832c078cafe6ce2ce2" "Mozilla/4.0 (compatible; MSIE 6.0; Windows NT 5.2; Win64; AMD64)" "www.sancarloscity.org"
200.63.42.95 - - [30/Oct/2008:05:59:08 -0700] "GET /jodera2/viewforum.php?f=1&sid=e230e5c41f5d4bd12d2a2d4f649e55c7 HTTP/1.0" 200 84842 "-" "Mozilla/4.0 (compatible; Powermarks/3.5; Windows 95/98/2000/NT)" "www.sancarloscity.org"
89.149.196.212 - - [30/Oct/2008:05:59:08 -0700] "POST /jodera2/login.php HTTP/1.0" 302 0 "http://www.sancarloscity.org/jodera2/login.php?redirect=posting.php&mode=newtopic&f=1&sid=20d11fb71b74dc832c078cafe6ce2ce2" "Mozilla/4.0 (compatible; MSIE 6.0; Windows NT 5.2; Win64; AMD64)" "www.sancarloscity.org"
200.63.42.93 - - [30/Oct/2008:05:59:09 -0700] "POST /jodera2/posting.php HTTP/1.0" 200 11446 "http://www.sancarloscity.org/jodera2/posting.php?mode=newtopic&f=1" "Mozilla/4.0 (compatible; MSIE 5.0; Windows 3.1)" "www.sancarloscity.org"
89.149.196.212 - - [30/Oct/2008:05:59:09 -0700] "GET /jodera2/posting.php?mode=newtopic&f=1&sid=20d11fb71b74dc832c078cafe6ce2ce2 HTTP/1.0" 200 40970 "http://www.sancarloscity.org/jodera2/posting.php?mode=newtopic&f=1&sid=20d11fb71b74dc832c078cafe6ce2ce2" "Mozilla/4.0 (compatible; MSIE 6.0; Windows NT 5.2; Win64; AMD64)" "www.sancarloscity.org"
200.63.42.95 - - [30/Oct/2008:05:59:11 -0700] "GET /jodera2/login.php HTTP/1.0" 200 12333 "-" "Mozilla/4.0 (compatible; Powermarks/3.5; Windows 95/98/2000/NT)" "www.sancarloscity.org"
89.149.196.212 - - [30/Oct/2008:05:59:18 -0700] "POST /jodera2/posting.php HTTP/1.0" 200 11444 "http://www.sancarloscity.org/jodera2/posting.php?mode=newtopic&f=1&sid=20d11fb71b74dc832c078cafe6ce2ce2" "Mozilla/4.0 (compatible; MSIE 6.0; Windows NT 5.2; Win64; AMD64)" "www.sancarloscity.org"
200.63.42.95 - - [30/Oct/2008:05:59:18 -0700] "POST /jodera2/login.php HTTP/1.0" 302 0 "http://www.sancarloscity.org/jodera2/login.php" "Mozilla/4.0 (compatible; Powermarks/3.5; Windows 95/98/2000/NT)" "www.sancarloscity.org"
64.41.133.39 - - [30/Oct/2008:05:59:20 -0700] "GET /listings/event/results.php?letter=j&category_id=2 HTTP/1.1" 200 10506 "http://www.sancarloscity.org/listings/event/results.php?category_id=2" "Mozilla/4.0 (compatible; MSIE 6.0; Windows NT 5.1; .NET CLR 1.1.4322; .NET CLR 1.0.3705)" "www.sancarloscity.org"
200.63.42.79 - - [30/Oct/2008:05:59:20 -0700] "POST /jodera2/posting.php HTTP/1.0" 200 11446 "http://www.sancarloscity.org/jodera2/posting.php?mode=newtopic&f=1" "Mozilla/4.0 (compatible; MSIE 5.5; Windows NT 4.0)" "www.sancarloscity.org"
89.149.196.212 - - [30/Oct/2008:05:59:20 -0700] "GET /jodera2/viewtopic.php?p=29908#29908 HTTP/1.0" 200 31248 "http://www.sancarloscity.org/viewtopic.php?p=29908#29908" "Mozilla/4.0 (compatible; MSIE 6.0; Windows NT 5.2; Win64; AMD64)" "www.sancarloscity.org"
64.41.133.39 - - [30/Oct/2008:05:59:30 -0700] "GET /listings/event/results.php?letter=b&category_id=2 HTTP/1.1" 200 10506 "http://www.sancarloscity.org/listings/event/results.php?category_id=2" "Mozilla/4.0 (compatible; MSIE 6.0; Windows NT 5.1; .NET CLR 1.1.4322; .NET CLR 1.0.3705)" "www.sancarloscity.org"
58.69.207.119 - - [30/Oct/2008:05:59:35 -0700] "GET /forum2/index.php?showtopic=106&mode=linear HTTP/1.1" 200 9412 "http://search.yahoo.com/search?ei=utf-8&fr=slv8-camfrog&p=trabaho%20sa%20torismo.com&type=" "Mozilla/4.0 (compatible; MSIE 7.0; Windows NT 5.1; .NET CLR 2.0.50727)" "www.sancarloscity.org"
70.85.114.130 - - [30/Oct/2008:05:59:39 -0700] "GET /logs/access_080907.log/errors.php?error=http://www.irtt.ir/poll/image/id.jpg??? HTTP/1.1" 404 769 "-" "libwww-perl/5.805" "www.sancarloscity.org"
64.41.133.39 - - [30/Oct/2008:05:59:39 -0700] "GET /listings/event/results.php?letter=i&category_id=2 HTTP/1.1" 200 10506 "http://www.sancarloscity.org/listings/event/results.php?category_id=2" "Mozilla/4.0 (compatible; MSIE 6.0; Windows NT 5.1; .NET CLR 1.1.4322; .NET CLR 1.0.3705)" "www.sancarloscity.org"
200.63.42.95 - - [30/Oct/2008:05:59:41 -0700] "GET /jodera2/index.php?sid=e230e5c41f5d4bd12d2a2d4f649e55c7 HTTP/1.0" 200 55342 "-" "Mozilla/4.0 (compatible; Powermarks/3.5; Windows 95/98/2000/NT)" "www.sancarloscity.org"
200.63.42.95 - - [30/Oct/2008:05:59:41 -0700] "GET /jodera2/posting.php?mode=newtopic&f=1 HTTP/1.0" 200 41364 "-" "Mozilla/4.0 (compatible; Powermarks/3.5; Windows 95/98/2000/NT)" "www.sancarloscity.org"
221.194.142.30 - - [30/Oct/2008:05:59:41 -0700] "GET /jodera2/viewtopic.php?p=12981 HTTP/1.1" 200 65555 "-" "Mozilla/4.0 (compatible; MSIE 6.0; Windows NT 5.1; CollapsarWEB qihoobot@qihoo.net)" "www.sancarloscity.org"
221.194.142.30 - - [30/Oct/2008:05:59:41 -0700] "GET /jodera2/viewtopic.php?p=12981 HTTP/1.1" 200 233639 "-" "Mozilla/4.0 (compatible; MSIE 6.0; Windows NT 5.1; CollapsarWEB qihoobot@qihoo.net)" "www.sancarloscity.org"
58.69.207.119 - - [30/Oct/2008:05:59:50 -0700] "GET /forum2/index.php?showtopic=106&mode=linear HTTP/1.1" 200 9412 "http://search.yahoo.com/search?ei=utf-8&fr=slv8-camfrog&p=trabaho%20sa%20torismo.com&type=" "Mozilla/4.0 (compatible; MSIE 7.0; Windows NT 5.1; .NET CLR 2.0.50727)" "www.sancarloscity.org"
81.19.66.38 - - [30/Oct/2008:05:59:57 -0700] "GET /jodera2/viewtopic.php?p=27268 HTTP/1.1" 200 69277 "-" "StackRambler/2.0 (MSIE incompatible)" "www.sancarloscity.org"
81.19.66.38 - - [30/Oct/2008:05:59:59 -0700] "GET /jodera2/viewtopic.php?p=27274 HTTP/1.1" 200 41905 "-" "StackRambler/2.0 (MSIE incompatible)" "www.sancarloscity.org"
200.93.147.155 - - [30/Oct/2008:06:00:01 -0700] "GET /logs///skin/zero_vote/error.php?dir=http://www.geocities.com/tutimasripah/fx29id.txt?? HTTP/1.1" 404 767 "-" "Mozilla/5.0" "www.sancarloscity.org"
81.19.66.38 - - [30/Oct/2008:06:00:01 -0700] "GET /jodera2/viewtopic.php?p=27215 HTTP/1.1" 500 292 "-" "StackRambler/2.0 (MSIE incompatible)" "www.sancarloscity.org"
200.93.147.155 - - [30/Oct/2008:06:00:01 -0700] "GET /logs/access_081002.log///skin/zero_vote/error.php?dir=http://www.geocities.com/tutimasripah/fx29id.txt?? HTTP/1.1" 404 785 "-" "Mozilla/5.0" "www.sancarloscity.org"
200.93.147.155 - - [30/Oct/2008:06:00:01 -0700] "GET /logs///skin/zero_vote/error.php?dir=http://www.geocities.com/tutimasripah/fx29id.txt?? HTTP/1.1" 404 767 "-" "Mozilla/5.0" "www.sancarloscity.org"
200.93.147.155 - - [30/Oct/2008:06:00:01 -0700] "GET /logs/access_081002.log///skin/zero_vote/error.php?dir=http://www.geocities.com/tutimasripah/fx29id.txt?? HTTP/1.1" 404 785 "-" "Mozilla/5.0" "www.sancarloscity.org"
81.19.66.38 - - [30/Oct/2008:06:00:02 -0700] "GET /jodera2/viewtopic.php?p=27750&sid=267d62be1dfa5d49c609a0937ef244a5 HTTP/1.1" 200 75494 "-" "StackRambler/2.0 (MSIE incompatible)" "www.sancarloscity.org"
81.19.66.38 - - [30/Oct/2008:06:00:05 -0700] "GET /jodera2/viewtopic.php?p=27747&sid=f1e422c94a77e53c8465954a0b1a0426 HTTP/1.1" 200 76104 "-" "StackRambler/2.0 (MSIE incompatible)" "www.sancarloscity.org"
89.218.85.18 - - [30/Oct/2008:06:00:09 -0700] "GET /logs/access_081002.log//skin/zero_vote/error.php?dir=http://www.adithosting.com/store/id.txt??? HTTP/1.1" 404 784 "-" "libwww-perl/5.805" "www.sancarloscity.org"
89.218.85.18 - - [30/Oct/2008:06:00:09 -0700] "GET /skin/zero_vote/error.php?dir=http://www.adithosting.com/store/id.txt??? HTTP/1.1" 404 760 "-" "libwww-perl/5.805" "www.sancarloscity.org"
89.218.85.18 - - [30/Oct/2008:06:00:09 -0700] "GET /logs//skin/zero_vote/error.php?dir=http://www.adithosting.com/store/id.txt??? HTTP/1.1" 404 766 "-" "libwww-perl/5.805" "www.sancarloscity.org"
200.63.42.95 - - [30/Oct/2008:06:00:10 -0700] "POST /jodera2/posting.php HTTP/1.0" 200 11442 "http://www.sancarloscity.org/jodera2/posting.php?mode=newtopic&f=1" "Mozilla/4.0 (compatible; Powermarks/3.5; Windows 95/98/2000/NT)" "www.sancarloscity.org"
209.160.65.55 - - [30/Oct/2008:06:00:13 -0700] "GET /skin/zero_vote/error.php?dir=http://www.geocities.com/kamtiez_family2000/kontol.txt?%0D?? HTTP/1.1" 404 760 "-" "libwww-perl/5.810" "www.sancarloscity.org"
209.160.65.55 - - [30/Oct/2008:06:00:13 -0700] "GET /logs//skin/zero_vote/error.php?dir=http://www.geocities.com/kamtiez_family2000/kontol.txt?%0D?? HTTP/1.1" 404 766 "-" "libwww-perl/5.810" "www.sancarloscity.org"
209.160.65.55 - - [30/Oct/2008:06:00:13 -0700] "GET /logs/access_081002.log//skin/zero_vote/error.php?dir=http://www.geocities.com/kamtiez_family2000/kontol.txt?%0D?? HTTP/1.1" 404 784 "-" "libwww-perl/5.810" "www.sancarloscity.org"
66.249.73.51 - - [30/Oct/2008:06:00:15 -0700] "GET /jodera2///viewtopic.php?t=19525&view=next&sid=6c1fe21498eb613535da6dce514b220e HTTP/1.1" 200 44706 "-" "Mozilla/5.0 (compatible; Googlebot/2.1; +http://www.google.com/bot.html)" "www.sancarloscity.org"
209.160.65.55 - - [30/Oct/2008:06:00:15 -0700] "GET /logs/access_081002.log//skin/zero_vote/error.php?dir=http://www.geocities.com/kamtiez_family2000/kontol.txt?%0D?? HTTP/1.1" 404 784 "-" "libwww-perl/5.810" "www.sancarloscity.org"
209.160.65.55 - - [30/Oct/2008:06:00:15 -0700] "GET /logs//skin/zero_vote/error.php?dir=http://www.geocities.com/kamtiez_family2000/kontol.txt?%0D?? HTTP/1.1" 404 766 "-" "libwww-perl/5.810" "www.sancarloscity.org"
209.160.65.55 - - [30/Oct/2008:06:00:15 -0700] "GET /skin/zero_vote/error.php?dir=http://www.geocities.com/kamtiez_family2000/kontol.txt?%0D?? HTTP/1.1" 404 760 "-" "libwww-perl/5.810" "www.sancarloscity.org"
209.160.65.55 - - [30/Oct/2008:06:00:17 -0700] "GET /skin/zero_vote/error.php?dir=http://www.geocities.com/kamtiez_family2000/kontol.txt?%0D?? HTTP/1.1" 404 760 "-" "libwww-perl/5.810" "www.sancarloscity.org"
209.160.65.55 - - [30/Oct/2008:06:00:17 -0700] "GET /logs/access_081002.log//skin/zero_vote/error.php?dir=http://www.geocities.com/kamtiez_family2000/kontol.txt?%0D?? HTTP/1.1" 404 784 "-" "libwww-perl/5.810" "www.sancarloscity.org"
209.160.65.55 - - [30/Oct/2008:06:00:17 -0700] "GET /logs//skin/zero_vote/error.php?dir=http://www.geocities.com/kamtiez_family2000/kontol.txt?%0D?? HTTP/1.1" 404 766 "-" "libwww-perl/5.810" "www.sancarloscity.org"
209.160.65.55 - - [30/Oct/2008:06:00:17 -0700] "GET /logs/access_081002.log//skin/zero_vote/error.php?dir=http://www.geocities.com/kamtiez_family2000/kontol.txt?%0D?? HTTP/1.1" 404 784 "-" "libwww-perl/5.810" "www.sancarloscity.org"
209.160.65.55 - - [30/Oct/2008:06:00:17 -0700] "GET /skin/zero_vote/error.php?dir=http://www.geocities.com/kamtiez_family2000/kontol.txt?%0D?? HTTP/1.1" 404 760 "-" "libwww-perl/5.810" "www.sancarloscity.org"
209.160.65.55 - - [30/Oct/2008:06:00:17 -0700] "GET /logs//skin/zero_vote/error.php?dir=http://www.geocities.com/kamtiez_family2000/kontol.txt?%0D?? HTTP/1.1" 404 766 "-" "libwww-perl/5.810" "www.sancarloscity.org"
64.41.133.39 - - [30/Oct/2008:06:00:17 -0700] "GET /listings/event/results.php?letter=h&category_id=6 HTTP/1.1" 200 10506 "http://www.sancarloscity.org/listings/event/results.php?category_id=6" "Mozilla/4.0 (compatible; MSIE 6.0; Windows NT 5.1; .NET CLR 1.1.4322; .NET CLR 1.0.3705)" "www.sancarloscity.org"
64.41.133.39 - - [30/Oct/2008:06:00:19 -0700] "GET /listings/event/results.php?letter=i&category_id=6 HTTP/1.1" 200 10506 "http://www.sancarloscity.org/listings/event/results.php?category_id=6" "Mozilla/4.0 (compatible; MSIE 6.0; Windows NT 5.1; .NET CLR 1.1.4322; .NET CLR 1.0.3705)" "www.sancarloscity.org"
200.93.147.155 - - [30/Oct/2008:06:00:21 -0700] "GET /logs/access_081015.log///skin/zero_vote/error.php?dir=http://www.geocities.com/tutimasripah/fx29id.txt?? HTTP/1.1" 404 785 "-" "Mozilla/5.0" "www.sancarloscity.org"
200.93.147.155 - - [30/Oct/2008:06:00:22 -0700] "GET /logs/access_081015.log///skin/zero_vote/error.php?dir=http://www.geocities.com/tutimasripah/fx29id.txt?? HTTP/1.1" 404 785 "-" "Mozilla/5.0" "www.sancarloscity.org"
64.41.133.39 - - [30/Oct/2008:06:00:22 -0700] "GET /listings/event/results.php?letter=f&category_id=6 HTTP/1.1" 200 10506 "http://www.sancarloscity.org/listings/event/results.php?category_id=6" "Mozilla/4.0 (compatible; MSIE 6.0; Windows NT 5.1; .NET CLR 1.1.4322; .NET CLR 1.0.3705)" "www.sancarloscity.org"
209.160.65.55 - - [30/Oct/2008:06:00:26 -0700] "GET /logs/access_081015.log//skin/zero_vote/error.php?dir=http://www.geocities.com/kamtiez_family2000/kontol.txt?%0D?? HTTP/1.1" 404 784 "-" "libwww-perl/5.810" "www.sancarloscity.org"
64.41.133.39 - - [30/Oct/2008:06:00:27 -0700] "GET /listings/event/results.php?letter=n&category_id=6 HTTP/1.1" 200 10506 "http://www.sancarloscity.org/listings/event/results.php?category_id=6" "Mozilla/4.0 (compatible; MSIE 6.0; Windows NT 5.1; .NET CLR 1.1.4322; .NET CLR 1.0.3705)" "www.sancarloscity.org"
200.93.147.155 - - [30/Oct/2008:06:00:28 -0700] "GET /logs/access_081002.log%20%20///skin/zero_vote/error.php?dir=http://www.geocities.com/tutimasripah/fx29id.txt?? HTTP/1.1" 404 787 "-" "Mozilla/5.0" "www.sancarloscity.org"
209.160.65.55 - - [30/Oct/2008:06:00:29 -0700] "GET /logs/access_081015.log//skin/zero_vote/error.php?dir=http://www.geocities.com/kamtiez_family2000/kontol.txt?%0D?? HTTP/1.1" 404 784 "-" "libwww-perl/5.810" "www.sancarloscity.org"
200.93.147.155 - - [30/Oct/2008:06:00:29 -0700] "GET /logs///skin/zero_vote/error.php?dir=http://www.geocities.com/tutimasripah/fx29id.txt?? HTTP/1.1" 404 767 "-" "Mozilla/5.0" "www.sancarloscity.org"
209.160.65.55 - - [30/Oct/2008:06:00:30 -0700] "GET /logs/access_081015.log//skin/zero_vote/error.php?dir=http://www.geocities.com/kamtiez_family2000/kontol.txt?%0D?? HTTP/1.1" 404 784 "-" "libwww-perl/5.810" "www.sancarloscity.org"
209.160.65.55 - - [30/Oct/2008:06:00:32 -0700] "GET /logs/access_081015.log//skin/zero_vote/error.php?dir=http://www.geocities.com/kamtiez_family2000/kontol.txt?%0D?? HTTP/1.1" 404 784 "-" "libwww-perl/5.810" "www.sancarloscity.org"
64.41.133.39 - - [30/Oct/2008:06:00:34 -0700] "GET /listings/event/results.php?letter=p&category_id=6 HTTP/1.1" 200 17387 "http://www.sancarloscity.org/listings/event/results.php?category_id=6" "Mozilla/4.0 (compatible; MSIE 6.0; Windows NT 5.1; .NET CLR 1.1.4322; .NET CLR 1.0.3705)" "www.sancarloscity.org"
200.93.147.155 - - [30/Oct/2008:06:00:39 -0700] "GET /logs///skin/zero_vote/error.php?dir=http://www.geocities.com/tutimasripah/fx29id.txt?? HTTP/1.1" 404 767 "-" "Mozilla/5.0" "www.sancarloscity.org"
64.41.133.39 - - [30/Oct/2008:06:00:39 -0700] "GET /listings/event/results.php?letter=o&category_id=6 HTTP/1.1" 200 10506 "http://www.sancarloscity.org/listings/event/results.php?category_id=6" "Mozilla/4.0 (compatible; MSIE 6.0; Windows NT 5.1; .NET CLR 1.1.4322; .NET CLR 1.0.3705)" "www.sancarloscity.org"
200.93.147.155 - - [30/Oct/2008:06:00:41 -0700] "GET /logs/access_081002.log///skin/zero_vote/error.php?dir=http://www.geocities.com/tutimasripah/fx29id.txt?? HTTP/1.1" 404 785 "-" "Mozilla/5.0" "www.sancarloscity.org"
200.93.147.155 - - [30/Oct/2008:06:00:45 -0700] "GET /logs///skin/zero_vote/error.php?dir=http://www.geocities.com/tutimasripah/fx29id.txt?? HTTP/1.1" 404 767 "-" "Mozilla/5.0" "www.sancarloscity.org"
200.93.147.155 - - [30/Oct/2008:06:00:45 -0700] "GET /logs/access_081002.log///skin/zero_vote/error.php?dir=http://www.geocities.com/tutimasripah/fx29id.txt?? HTTP/1.1" 404 785 "-" "Mozilla/5.0" "www.sancarloscity.org"
64.41.133.39 - - [30/Oct/2008:06:00:45 -0700] "GET /listings/event/results.php?letter=d&category_id=6 HTTP/1.1" 200 10506 "http://www.sancarloscity.org/listings/event/results.php?category_id=6" "Mozilla/4.0 (compatible; MSIE 6.0; Windows NT 5.1; .NET CLR 1.1.4322; .NET CLR 1.0.3705)" "www.sancarloscity.org"
89.218.85.18 - - [30/Oct/2008:06:00:46 -0700] "GET /logs/access_081015.log//skin/zero_vote/error.php?dir=http://www.adithosting.com/store/id.txt??? HTTP/1.1" 404 784 "-" "libwww-perl/5.805" "www.sancarloscity.org"
64.41.133.39 - - [30/Oct/2008:06:00:49 -0700] "GET /listings/event/results.php?letter=f&category_id=6 HTTP/1.1" 200 10506 "http://www.sancarloscity.org/listings/event/results.php?category_id=6" "Mozilla/4.0 (compatible; MSIE 6.0; Windows NT 5.1; .NET CLR 1.1.4322; .NET CLR 1.0.3705)" "www.sancarloscity.org"
200.93.147.155 - - [30/Oct/2008:06:00:49 -0700] "GET /logs/access_081015.log%20%20///skin/zero_vote/error.php?dir=http://www.geocities.com/tutimasripah/fx29id.txt?? HTTP/1.1" 404 787 "-" "Mozilla/5.0" "www.sancarloscity.org"
64.41.133.39 - - [30/Oct/2008:06:00:52 -0700] "GET /listings/event/results.php?letter=no&category_id=6 HTTP/1.1" 200 10506 "http://www.sancarloscity.org/listings/event/results.php?category_id=6" "Mozilla/4.0 (compatible; MSIE 6.0; Windows NT 5.1; .NET CLR 1.1.4322; .NET CLR 1.0.3705)" "www.sancarloscity.org"
64.41.133.39 - - [30/Oct/2008:06:00:55 -0700] "GET /listings/event/results.php?letter=c&category_id=6 HTTP/1.1" 200 10506 "http://www.sancarloscity.org/listings/event/results.php?category_id=6" "Mozilla/4.0 (compatible; MSIE 6.0; Windows NT 5.1; .NET CLR 1.1.4322; .NET CLR 1.0.3705)" "www.sancarloscity.org"
200.93.147.155 - - [30/Oct/2008:06:00:57 -0700] "GET /logs/access_081002.log%20%20///skin/zero_vote/error.php?dir=http://www.geocities.com/tutimasripah/fx29id.txt?? HTTP/1.1" 404 787 "-" "Mozilla/5.0" "www.sancarloscity.org"
64.41.133.39 - - [30/Oct/2008:06:00:58 -0700] "GET /listings/event/results.php?letter=u&category_id=6 HTTP/1.1" 200 10506 "http://www.sancarloscity.org/listings/event/results.php?category_id=6" "Mozilla/4.0 (compatible; MSIE 6.0; Windows NT 5.1; .NET CLR 1.1.4322; .NET CLR 1.0.3705)" "www.sancarloscity.org"
89.218.85.18 - - [30/Oct/2008:06:01:01 -0700] "GET /logs/access_081002.log//skin/zero_vote/error.php?dir=http://www.manifestotrl.org/perkosa.txt?? HTTP/1.1" 404 784 "-" "libwww-perl/5.805" "www.sancarloscity.org"
89.218.85.18 - - [30/Oct/2008:06:01:01 -0700] "GET /skin/zero_vote/error.php?dir=http://www.manifestotrl.org/perkosa.txt?? HTTP/1.1" 404 760 "-" "libwww-perl/5.805" "www.sancarloscity.org"
89.218.85.18 - - [30/Oct/2008:06:01:01 -0700] "GET /logs//skin/zero_vote/error.php?dir=http://www.manifestotrl.org/perkosa.txt?? HTTP/1.1" 404 766 "-" "libwww-perl/5.805" "www.sancarloscity.org"
80.67.23.90 - - [30/Oct/2008:06:01:03 -0700] "GET /include/plugins/jrBrowser/purchase.php?jamroom[jm_dir]=http://www.r-techracing.hu/downloads/rob.gif?? HTTP/1.1" 404 774 "-" "libwww-perl/5.808" "www.sancarloscity.org"
64.41.133.39 - - [30/Oct/2008:06:01:03 -0700] "GET /listings/event/results.php?letter=z&category_id=6 HTTP/1.1" 200 10506 "http://www.sancarloscity.org/listings/event/results.php?category_id=6" "Mozilla/4.0 (compatible; MSIE 6.0; Windows NT 5.1; .NET CLR 1.1.4322; .NET CLR 1.0.3705)" "www.sancarloscity.org"
200.93.147.155 - - [30/Oct/2008:06:01:03 -0700] "GET /logs///skin/zero_vote/error.php?dir=http://www.geocities.com/tutimasripah/fx29id.txt?? HTTP/1.1" 404 767 "-" "Mozilla/5.0" "www.sancarloscity.org"
200.93.147.155 - - [30/Oct/2008:06:01:03 -0700] "GET /logs/access_081002.log///skin/zero_vote/error.php?dir=http://www.geocities.com/tutimasripah/fx29id.txt?? HTTP/1.1" 404 785 "-" "Mozilla/5.0" "www.sancarloscity.org"
89.218.85.18 - - [30/Oct/2008:06:01:09 -0700] "GET /logs/access_081002.log//skin/zero_vote/error.php?dir=http://shemouth.nimunet.com/irc/id.txt???? HTTP/1.1" 404 784 "-" "libwww-perl/5.805" "www.sancarloscity.org"
200.93.147.155 - - [30/Oct/2008:06:01:09 -0700] "GET /logs/access_081002.log///skin/zero_vote/error.php?dir=http://www.geocities.com/tutimasripah/fx29id.txt?? HTTP/1.1" 404 785 "-" "Mozilla/5.0" "www.sancarloscity.org"
89.218.85.18 - - [30/Oct/2008:06:01:09 -0700] "GET /logs//skin/zero_vote/error.php?dir=http://shemouth.nimunet.com/irc/id.txt???? HTTP/1.1" 404 766 "-" "libwww-perl/5.805" "www.sancarloscity.org"
89.218.85.18 - - [30/Oct/2008:06:01:09 -0700] "GET /skin/zero_vote/error.php?dir=http://shemouth.nimunet.com/irc/id.txt???? HTTP/1.1" 404 760 "-" "libwww-perl/5.805" "www.sancarloscity.org"
64.41.133.39 - - [30/Oct/2008:06:01:12 -0700] "GET /listings/event/results.php?letter=e&category_id=6 HTTP/1.1" 200 10506 "http://www.sancarloscity.org/listings/event/results.php?category_id=6" "Mozilla/4.0 (compatible; MSIE 6.0; Windows NT 5.1; .NET CLR 1.1.4322; .NET CLR 1.0.3705)" "www.sancarloscity.org"
200.93.147.155 - - [30/Oct/2008:06:01:15 -0700] "GET /logs/access_081015.log///skin/zero_vote/error.php?dir=http://www.geocities.com/tutimasripah/fx29id.txt?? HTTP/1.1" 404 785 "-" "Mozilla/5.0" "www.sancarloscity.org"
64.41.133.39 - - [30/Oct/2008:06:01:17 -0700] "GET /listings/event/results.php?letter=k&category_id=6 HTTP/1.1" 200 10506 "http://www.sancarloscity.org/listings/event/results.php?category_id=6" "Mozilla/4.0 (compatible; MSIE 6.0; Windows NT 5.1; .NET CLR 1.1.4322; .NET CLR 1.0.3705)" "www.sancarloscity.org"
200.93.147.155 - - [30/Oct/2008:06:01:18 -0700] "GET /logs/access_081015.log///skin/zero_vote/error.php?dir=http://www.geocities.com/tutimasripah/fx29id.txt?? HTTP/1.1" 404 785 "-" "Mozilla/5.0" "www.sancarloscity.org"
74.6.22.101 - - [30/Oct/2008:06:01:20 -0700] "GET /qphotogallery/displayimage.php?album=toprated&cat=0&pos=19 HTTP/1.0" 200 22323 "-" "Mozilla/5.0 (compatible; Yahoo! Slurp; http://help.yahoo.com/help/us/ysearch/slurp)" "sancarloscity.org"
24.67.0.44 - - [30/Oct/2008:06:01:32 -0700] "GET /phphtml.php?htmlclass_path=http://610times.com/bbs/info/id.txt?? HTTP/1.1" 404 760 "-" "libwww-perl/5.79" "www.sancarloscity.org"
64.41.133.39 - - [30/Oct/2008:06:01:36 -0700] "GET /listings/event/results.php?letter=m&category_id=6 HTTP/1.1" 200 10506 "http://www.sancarloscity.org/listings/event/results.php?category_id=6" "Mozilla/4.0 (compatible; MSIE 6.0; Windows NT 5.1; .NET CLR 1.1.4322; .NET CLR 1.0.3705)" "www.sancarloscity.org"
194.165.42.81 - - [30/Oct/2008:06:01:41 -0700] "GET /jodera2/posting.php?mode=reply&t=21903 HTTP/1.0" 302 0 "-" "Mozilla/4.0 (compatible; MSIE 6.0; Windows NT 5.0; T312461)" "www.sancarloscity.org"
200.93.147.155 - - [30/Oct/2008:06:01:41 -0700] "GET /logs/access_081015.log///skin/zero_vote/error.php?dir=http://www.geocities.com/tutimasripah/fx29id.txt?? HTTP/1.1" 404 785 "-" "Mozilla/5.0" "www.sancarloscity.org"
194.165.42.81 - - [30/Oct/2008:06:01:41 -0700] "GET /jodera2/login.php?redirect=posting.php&mode=reply&t=21903&sid=fd5c35aa2511d36bdc134a876bf786da HTTP/1.0" 200 12363 "-" "Mozilla/4.0 (compatible; MSIE 6.0; Windows NT 5.0; T312461)" "www.sancarloscity.org"
200.93.147.155 - - [30/Oct/2008:06:01:41 -0700] "GET /logs/access_081015.log///skin/zero_vote/error.php?dir=http://www.geocities.com/tutimasripah/fx29id.txt?? HTTP/1.1" 404 785 "-" "Mozilla/5.0" "www.sancarloscity.org"
64.41.133.39 - - [30/Oct/2008:06:01:42 -0700] "GET /listings/event/results.php?letter=t&category_id=6 HTTP/1.1" 200 10506 "http://www.sancarloscity.org/listings/event/results.php?category_id=6" "Mozilla/4.0 (compatible; MSIE 6.0; Windows NT 5.1; .NET CLR 1.1.4322; .NET CLR 1.0.3705)" "www.sancarloscity.org"
194.165.42.81 - - [30/Oct/2008:06:01:42 -0700] "GET /jodera2/profile.php?mode=register HTTP/1.0" 200 14310 "-" "Mozilla/4.0 (compatible; MSIE 6.0; Windows NT 5.0; T312461)" "www.sancarloscity.org"
194.165.42.81 - - [30/Oct/2008:06:01:43 -0700] "GET /jodera2/profile.php?mode=register&agreed=true HTTP/1.0" 200 30036 "-" "Mozilla/4.0 (compatible; MSIE 6.0; Windows NT 5.0; T312461)" "www.sancarloscity.org"
64.41.133.39 - - [30/Oct/2008:06:01:45 -0700] "GET /listings/event/results.php?letter=m&category_id=6 HTTP/1.1" 200 10506 "http://www.sancarloscity.org/listings/event/results.php?category_id=6" "Mozilla/4.0 (compatible; MSIE 6.0; Windows NT 5.1; .NET CLR 1.1.4322; .NET CLR 1.0.3705)" "www.sancarloscity.org"
194.165.42.81 - - [30/Oct/2008:06:01:46 -0700] "POST /jodera2/profile.php HTTP/1.0" 200 32055 "http://www.sancarloscity.org/jodera2/profile.php?mode=register&agreed=true" "Mozilla/4.0 (compatible; MSIE 6.0; Windows NT 5.0; T312461)" "www.sancarloscity.org"
194.165.42.81 - - [30/Oct/2008:06:01:48 -0700] "GET /jodera2/login.php HTTP/1.0" 200 12333 "-" "Mozilla/4.0 (compatible; MSIE 6.0; Windows NT 5.0; T312461)" "www.sancarloscity.org"
194.165.42.81 - - [30/Oct/2008:06:01:50 -0700] "POST /jodera2/login.php HTTP/1.0" 302 0 "http://www.sancarloscity.org/jodera2/login.php" "Mozilla/4.0 (compatible; MSIE 6.0; Windows NT 5.0; T312461)" "www.sancarloscity.org"
200.76.250.44 - - [30/Oct/2008:06:01:56 -0700] "GET /personals/add.php?l=ar HTTP/1.1" 404 753 "-" "Mozilla/4.0 (compatible; MSIE 6.0; Windows NT 5.1; SV1)" "www.sancarloscity.org"
194.165.42.81 - - [30/Oct/2008:06:02:03 -0700] "GET /jodera2/index.php?sid=fd5c35aa2511d36bdc134a876bf786da HTTP/1.0" 200 55410 "-" "Mozilla/4.0 (compatible; MSIE 6.0; Windows NT 5.0; T312461)" "www.sancarloscity.org"
64.41.133.39 - - [30/Oct/2008:06:02:03 -0700] "GET /listings/event/results.php?letter=a&category_id=6 HTTP/1.1" 200 10506 "http://www.sancarloscity.org/listings/event/results.php?category_id=6" "Mozilla/4.0 (compatible; MSIE 6.0; Windows NT 5.1; .NET CLR 1.1.4322; .NET CLR 1.0.3705)" "www.sancarloscity.org"
89.218.85.18 - - [30/Oct/2008:06:02:04 -0700] "GET /logs/access_081015.log//skin/zero_vote/error.php?dir=http://www.manifestotrl.org/perkosa.txt?? HTTP/1.1" 404 784 "-" "libwww-perl/5.805" "www.sancarloscity.org"
194.165.42.81 - - [30/Oct/2008:06:02:11 -0700] "GET /jodera2/viewforum.php?f=1 HTTP/1.0" 200 90780 "-" "Mozilla/4.0 (compatible; MSIE 6.0; Windows NT 5.0; T312461)" "www.sancarloscity.org"
194.165.42.81 - - [30/Oct/2008:06:02:15 -0700] "GET /jodera2/login.php HTTP/1.0" 302 0 "-" "Mozilla/4.0 (compatible; MSIE 6.0; Windows NT 5.0; T312461)" "www.sancarloscity.org"
194.165.42.81 - - [30/Oct/2008:06:02:16 -0700] "GET /jodera2/index.php HTTP/1.0" 200 55410 "-" "Mozilla/4.0 (compatible; MSIE 6.0; Windows NT 5.0; T312461)" "www.sancarloscity.org"
89.218.85.18 - - [30/Oct/2008:06:02:20 -0700] "GET /logs/access_081015.log//skin/zero_vote/error.php?dir=http://shemouth.nimunet.com/irc/id.txt???? HTTP/1.1" 404 784 "-" "libwww-perl/5.805" "www.sancarloscity.org"
76.88.173.151 - - [30/Oct/2008:06:02:23 -0700] "GET / HTTP/1.1" 200 44270 "-" "Mozilla/4.0 (compatible; MSIE 7.0; Windows NT 5.1; .NET CLR 1.0.3705; .NET CLR 1.1.4322; Media Center PC 4.0; .NET CLR 2.0.50727)" "sancarloscity.org"
76.88.173.151 - - [30/Oct/2008:06:02:23 -0700] "GET /antenna.css HTTP/1.1" 200 1748 "http://sancarloscity.org/" "Mozilla/4.0 (compatible; MSIE 7.0; Windows NT 5.1; .NET CLR 1.0.3705; .NET CLR 1.1.4322; Media Center PC 4.0; .NET CLR 2.0.50727)" "sancarloscity.org"
76.88.173.151 - - [30/Oct/2008:06:02:23 -0700] "GET /autoactivate.js HTTP/1.1" 200 5474 "http://sancarloscity.org/" "Mozilla/4.0 (compatible; MSIE 7.0; Windows NT 5.1; .NET CLR 1.0.3705; .NET CLR 1.1.4322; Media Center PC 4.0; .NET CLR 2.0.50727)" "sancarloscity.org"
76.88.173.151 - - [30/Oct/2008:06:02:24 -0700] "GET /sampo/ HTTP/1.1" 200 2268 "http://sancarloscity.org/" "Mozilla/4.0 (compatible; MSIE 7.0; Windows NT 5.1; .NET CLR 1.0.3705; .NET CLR 1.1.4322; Media Center PC 4.0; .NET CLR 2.0.50727)" "sancarloscity.org"
76.88.173.151 - - [30/Oct/2008:06:02:24 -0700] "GET /frontbanner.swf HTTP/1.1" 200 0 "http://sancarloscity.org/" "Mozilla/4.0 (compatible; MSIE 7.0; Windows NT 5.1; .NET CLR 1.0.3705; .NET CLR 1.1.4322; Media Center PC 4.0; .NET CLR 2.0.50727)" "sancarloscity.org"
76.88.173.151 - - [30/Oct/2008:06:02:24 -0700] "GET /sampo/AC_RunActiveContent.js HTTP/1.1" 200 8029 "http://sancarloscity.org/sampo/" "Mozilla/4.0 (compatible; MSIE 7.0; Windows NT 5.1; .NET CLR 1.0.3705; .NET CLR 1.1.4322; Media Center PC 4.0; .NET CLR 2.0.50727)" "sancarloscity.org"
76.88.173.151 - - [30/Oct/2008:06:02:25 -0700] "GET /sampo/Multichannel.swf HTTP/1.1" 200 0 "http://sancarloscity.org/sampo/" "Mozilla/4.0 (compatible; MSIE 7.0; Windows NT 5.1; .NET CLR 1.0.3705; .NET CLR 1.1.4322; Media Center PC 4.0; .NET CLR 2.0.50727)" "sancarloscity.org"
76.88.173.151 - - [30/Oct/2008:06:02:26 -0700] "GET /sampo/xml/Dateline.xml HTTP/1.1" 200 0 "http://sancarloscity.org/sampo/Multichannel.swf" "Mozilla/4.0 (compatible; MSIE 7.0; Windows NT 5.1; .NET CLR 1.0.3705; .NET CLR 1.1.4322; Media Center PC 4.0; .NET CLR 2.0.50727)" "sancarloscity.org"
64.41.133.39 - - [30/Oct/2008:06:02:26 -0700] "GET /listings/event/results.php?letter=l&category_id=6 HTTP/1.1" 200 10506 "http://www.sancarloscity.org/listings/event/results.php?category_id=6" "Mozilla/4.0 (compatible; MSIE 6.0; Windows NT 5.1; .NET CLR 1.1.4322; .NET CLR 1.0.3705)" "www.sancarloscity.org"
76.88.173.151 - - [30/Oct/2008:06:02:26 -0700] "GET /sampo/playlist.css HTTP/1.1" 200 559 "http://sancarloscity.org/sampo/Multichannel.swf" "Mozilla/4.0 (compatible; MSIE 7.0; Windows NT 5.1; .NET CLR 1.0.3705; .NET CLR 1.1.4322; Media Center PC 4.0; .NET CLR 2.0.50727)" "sancarloscity.org"
74.6.8.93 - - [30/Oct/2008:06:02:38 -0700] "GET /forum2/index.php?act=Search&f=15 HTTP/1.0" 200 7710 "-" "Mozilla/5.0 (compatible; Yahoo! Slurp; http://help.yahoo.com/help/us/ysearch/slurp)" "www.sancarloscity.org"
64.41.133.39 - - [30/Oct/2008:06:02:41 -0700] "GET /listings/event/results.php?letter=s&category_id=6 HTTP/1.1" 200 10506 "http://www.sancarloscity.org/listings/event/results.php?category_id=6" "Mozilla/4.0 (compatible; MSIE 6.0; Windows NT 5.1; .NET CLR 1.1.4322; .NET CLR 1.0.3705)" "www.sancarloscity.org"
64.41.133.39 - - [30/Oct/2008:06:02:42 -0700] "GET / HTTP/1.1" 200 44270 "http://www.sancarloscity.org/listings/event/results.php?category_id=10" "Mozilla/4.0 (compatible; MSIE 6.0; Windows NT 5.1; .NET CLR 1.1.4322; .NET CLR 1.0.3705)" "www.sancarloscity.org"
194.165.42.81 - - [30/Oct/2008:06:02:44 -0700] "GET /jodera2/viewforum.php?f=1 HTTP/1.0" 200 90780 "-" "Mozilla/4.0 (compatible; MSIE 6.0; Windows NT 5.0; T312461)" "www.sancarloscity.org"
194.165.42.81 - - [30/Oct/2008:06:02:50 -0700] "GET /jodera2/login.php HTTP/1.0" 302 0 "-" "Mozilla/4.0 (compatible; MSIE 6.0; Windows NT 5.0; T312461)" "www.sancarloscity.org"
84.16.230.107 - - [30/Oct/2008:06:02:53 -0700] "GET /jodera2/posting.php?mode=newtopic&f=1 HTTP/1.0" 302 0 "http://www.sancarloscity.org/jodera2/posting.php?mode=newtopic&f=1" "Mozilla/4.0 (compatible; MSIE 6.0; Windows NT 5.1; ru) Opera 8.01" "www.sancarloscity.org"
194.165.42.81 - - [30/Oct/2008:06:03:06 -0700] "GET /jodera2/viewforum.php?f=1&topicdays=0&start=23550 HTTP/1.0" 200 32336 "-" "Mozilla/4.0 (compatible; MSIE 6.0; Windows NT 5.0; T312461)" "www.sancarloscity.org"
84.16.230.107 - - [30/Oct/2008:06:03:06 -0700] "GET /jodera2/login.php?redirect=posting.php&mode=newtopic&f=1&sid=8c367fb3bddc92500555f81c9da3f42f HTTP/1.0" 200 12362 "http://www.sancarloscity.org/jodera2/login.php?redirect=posting.php&mode=newtopic&f=1&sid=8c367fb3bddc92500555f81c9da3f42f" "Mozilla/4.0 (compatible; MSIE 6.0; Windows NT 5.1; ru) Opera 8.01" "www.sancarloscity.org"
194.165.42.81 - - [30/Oct/2008:06:03:06 -0700] "GET /jodera2/index.php HTTP/1.0" 200 55210 "-" "Mozilla/4.0 (compatible; MSIE 6.0; Windows NT 5.0; T312461)" "www.sancarloscity.org"
64.41.133.39 - - [30/Oct/2008:06:03:06 -0700] "GET / HTTP/1.1" 200 44270 "http://www.sancarloscity.org/listings/event/results.php?category_id=4" "Mozilla/4.0 (compatible; MSIE 6.0; Windows NT 5.1; .NET CLR 1.1.4322; .NET CLR 1.0.3705)" "www.sancarloscity.org"
84.16.230.107 - - [30/Oct/2008:06:03:07 -0700] "POST /jodera2/login.php HTTP/1.0" 302 0 "http://www.sancarloscity.org/jodera2/login.php?redirect=posting.php&mode=newtopic&f=1&sid=8c367fb3bddc92500555f81c9da3f42f" "Mozilla/4.0 (compatible; MSIE 6.0; Windows NT 5.1; ru) Opera 8.01" "www.sancarloscity.org"
84.16.230.107 - - [30/Oct/2008:06:03:11 -0700] "GET /jodera2/posting.php?mode=newtopic&f=1&sid=8c367fb3bddc92500555f81c9da3f42f HTTP/1.0" 200 40970 "http://www.sancarloscity.org/jodera2/posting.php?mode=newtopic&f=1&sid=8c367fb3bddc92500555f81c9da3f42f" "Mozilla/4.0 (compatible; MSIE 6.0; Windows NT 5.1; ru) Opera 8.01" "www.sancarloscity.org"
64.41.133.39 - - [30/Oct/2008:06:03:20 -0700] "GET /listings/event/results.php?letter=x&category_id=4 HTTP/1.1" 200 10508 "http://www.sancarloscity.org/listings/event/results.php?category_id=4" "Mozilla/4.0 (compatible; MSIE 6.0; Windows NT 5.1; .NET CLR 1.1.4322; .NET CLR 1.0.3705)" "www.sancarloscity.org"
75.126.148.210 - - [30/Oct/2008:06:03:23 -0700] "GET / HTTP/1.0" 200 44270 "-" "Mozilla/4.0 (compatible; MSIE 6.0; Windows NT 5.0)" "www.sancarloscity.org"
64.41.133.39 - - [30/Oct/2008:06:03:32 -0700] "GET /listings/event/results.php?letter=g&category_id=4 HTTP/1.1" 200 10508 "http://www.sancarloscity.org/listings/event/results.php?category_id=4" "Mozilla/4.0 (compatible; MSIE 6.0; Windows NT 5.1; .NET CLR 1.1.4322; .NET CLR 1.0.3705)" "www.sancarloscity.org"
202.171.48.89 - - [30/Oct/2008:06:03:39 -0700] "GET /logs/access_080415.log/index.php?cat=http://djvirgil.nl/modules/id.txt?? HTTP/1.1" 404 768 "-" "libwww-perl/5.79" "www.sancarloscity.org"
202.171.48.89 - - [30/Oct/2008:06:03:40 -0700] "GET /index.php?cat=http://djvirgil.nl/modules/id.txt?? HTTP/1.1" 404 758 "-" "libwww-perl/5.79" "www.sancarloscity.org"
202.171.48.89 - - [30/Oct/2008:06:03:40 -0700] "GET /logs/index.php?cat=http://djvirgil.nl/modules/id.txt?? HTTP/1.1" 404 763 "-" "libwww-perl/5.79" "www.sancarloscity.org"
194.165.42.81 - - [30/Oct/2008:06:03:47 -0700] "GET /jodera2/viewforum.php?f=1 HTTP/1.0" 200 65536 "-" "Mozilla/4.0 (compatible; MSIE 6.0; Windows NT 5.0; T312461)" "www.sancarloscity.org"
202.171.48.89 - - [30/Oct/2008:06:03:50 -0700] "GET /logs/access_080126.log/index.php?cat=http://djvirgil.nl/modules/id.txt?? HTTP/1.1" 404 768 "-" "libwww-perl/5.79" "www.sancarloscity.org"
194.165.42.81 - - [30/Oct/2008:06:04:00 -0700] "GET /jodera2/viewforum.php?f=1&topicdays=0&start=50 HTTP/1.0" 200 11835 "-" "Mozilla/4.0 (compatible; MSIE 6.0; Windows NT 5.0; T312461)" "www.sancarloscity.org"
84.16.230.107 - - [30/Oct/2008:06:04:00 -0700] "POST /jodera2/posting.php HTTP/1.0" 200 14449 "http://www.sancarloscity.org/jodera2/posting.php?mode=newtopic&f=1&sid=8c367fb3bddc92500555f81c9da3f42f" "Mozilla/4.0 (compatible; MSIE 6.0; Windows NT 5.1; ru) Opera 8.01" "www.sancarloscity.org"
