75.48.164.92 - - [30/Oct/2008:05:08:30 -0700] "GET /picgallery/albums/userpics/10001/DSC01178.JPG HTTP/1.1" 200 73328 "http://www.sancarloscity.org/picgallery/displayimage.php?pid=445&fullsize=1" "Mozilla/4.0 (compatible; MSIE 8.0; Windows NT 5.1; Trident/4.0; YPC 3.2.0; .NET CLR 1.1.4322; .NET CLR 2.0.50727; .NET CLR 3.0.04506.30; .NET CLR 3.0.04506.648)" "sancarloscity.org"
200.63.42.79 - - [30/Oct/2008:05:08:31 -0700] "POST /jodera2/login.php HTTP/1.0" 302 0 "http://www.sancarloscity.org/jodera2/login.php" "Mozilla/4.0 (compatible; MSIE 6.0; Windows NT 5.1; .NET CLR 1.1.4322; Alexa Toolbar; (R1 1.5))" "www.sancarloscity.org"
200.63.42.79 - - [30/Oct/2008:05:08:40 -0700] "GET /jodera2/index.php?sid=e34b268ef1f3f38a8fcc14d06d2566e9 HTTP/1.0" 200 55212 "-" "Mozilla/4.0 (compatible; MSIE 6.0; Windows NT 5.1; .NET CLR 1.1.4322; Alexa Toolbar; (R1 1.5))" "www.sancarloscity.org"
75.48.164.92 - - [30/Oct/2008:05:08:40 -0700] "GET /picgallery/displayimage.php?album=37&pos=29 HTTP/1.1" 200 10236 "http://www.sancarloscity.org/picgallery/displayimage.php?album=random&cat=0&pos=-445" "Mozilla/4.0 (compatible; MSIE 8.0; Windows NT 5.1; Trident/4.0; YPC 3.2.0; .NET CLR 1.1.4322; .NET CLR 2.0.50727; .NET CLR 3.0.04506.30; .NET CLR 3.0.04506.648)" "www.sancarloscity.org"
64.41.133.39 - - [30/Oct/2008:05:08:40 -0700] "GET /listings/listing/results.php?category_id=713 HTTP/1.1" 200 24396 "http://sancarloscity.org/index1.htm" "Mozilla/4.0 (compatible; MSIE 6.0; Windows NT 5.1; .NET CLR 1.1.4322; .NET CLR 1.0.3705)" "www.sancarloscity.org"
75.48.164.92 - - [30/Oct/2008:05:08:40 -0700] "GET /picgallery/albums/userpics/10001/normal_DSC01179.JPG HTTP/1.1" 200 18627 "http://www.sancarloscity.org/picgallery/displayimage.php?album=37&pos=29" "Mozilla/4.0 (compatible; MSIE 8.0; Windows NT 5.1; Trident/4.0; YPC 3.2.0; .NET CLR 1.1.4322; .NET CLR 2.0.50727; .NET CLR 3.0.04506.30; .NET CLR 3.0.04506.648)" "sancarloscity.org"
200.63.42.79 - - [30/Oct/2008:05:08:43 -0700] "GET /jodera2/posting.php?mode=newtopic&f=1 HTTP/1.0" 200 41368 "-" "Mozilla/4.0 (compatible; MSIE 6.0; Windows NT 5.1; .NET CLR 1.1.4322; Alexa Toolbar; (R1 1.5))" "www.sancarloscity.org"
75.48.164.92 - - [30/Oct/2008:05:08:45 -0700] "GET /picgallery/displayimage.php?album=37&pos=30 HTTP/1.1" 200 10235 "http://www.sancarloscity.org/picgallery/displayimage.php?album=37&pos=29" "Mozilla/4.0 (compatible; MSIE 8.0; Windows NT 5.1; Trident/4.0; YPC 3.2.0; .NET CLR 1.1.4322; .NET CLR 2.0.50727; .NET CLR 3.0.04506.30; .NET CLR 3.0.04506.648)" "www.sancarloscity.org"
75.48.164.92 - - [30/Oct/2008:05:08:45 -0700] "GET /picgallery/albums/userpics/10001/normal_DSC01180.JPG HTTP/1.1" 200 22608 "http://www.sancarloscity.org/picgallery/displayimage.php?album=37&pos=30" "Mozilla/4.0 (compatible; MSIE 8.0; Windows NT 5.1; Trident/4.0; YPC 3.2.0; .NET CLR 1.1.4322; .NET CLR 2.0.50727; .NET CLR 3.0.04506.30; .NET CLR 3.0.04506.648)" "sancarloscity.org"
75.48.164.92 - - [30/Oct/2008:05:08:48 -0700] "GET /picgallery/displayimage.php?album=37&pos=31 HTTP/1.1" 200 10238 "http://www.sancarloscity.org/picgallery/displayimage.php?album=37&pos=30" "Mozilla/4.0 (compatible; MSIE 8.0; Windows NT 5.1; Trident/4.0; YPC 3.2.0; .NET CLR 1.1.4322; .NET CLR 2.0.50727; .NET CLR 3.0.04506.30; .NET CLR 3.0.04506.648)" "www.sancarloscity.org"
75.48.164.92 - - [30/Oct/2008:05:08:49 -0700] "GET /picgallery/albums/userpics/10001/normal_DSC01183.JPG HTTP/1.1" 200 15776 "http://www.sancarloscity.org/picgallery/displayimage.php?album=37&pos=31" "Mozilla/4.0 (compatible; MSIE 8.0; Windows NT 5.1; Trident/4.0; YPC 3.2.0; .NET CLR 1.1.4322; .NET CLR 2.0.50727; .NET CLR 3.0.04506.30; .NET CLR 3.0.04506.648)" "sancarloscity.org"
75.48.164.92 - - [30/Oct/2008:05:08:51 -0700] "GET /picgallery/displayimage.php?album=37&pos=32 HTTP/1.1" 200 10239 "http://www.sancarloscity.org/picgallery/displayimage.php?album=37&pos=31" "Mozilla/4.0 (compatible; MSIE 8.0; Windows NT 5.1; Trident/4.0; YPC 3.2.0; .NET CLR 1.1.4322; .NET CLR 2.0.50727; .NET CLR 3.0.04506.30; .NET CLR 3.0.04506.648)" "www.sancarloscity.org"
75.48.164.92 - - [30/Oct/2008:05:08:52 -0700] "GET /picgallery/albums/userpics/10001/normal_DSC01185.JPG HTTP/1.1" 200 26200 "http://www.sancarloscity.org/picgallery/displayimage.php?album=37&pos=32" "Mozilla/4.0 (compatible; MSIE 8.0; Windows NT 5.1; Trident/4.0; YPC 3.2.0; .NET CLR 1.1.4322; .NET CLR 2.0.50727; .NET CLR 3.0.04506.30; .NET CLR 3.0.04506.648)" "sancarloscity.org"
75.48.164.92 - - [30/Oct/2008:05:08:55 -0700] "GET /picgallery/displayimage.php?album=37&pos=33 HTTP/1.1" 200 10237 "http://www.sancarloscity.org/picgallery/displayimage.php?album=37&pos=32" "Mozilla/4.0 (compatible; MSIE 8.0; Windows NT 5.1; Trident/4.0; YPC 3.2.0; .NET CLR 1.1.4322; .NET CLR 2.0.50727; .NET CLR 3.0.04506.30; .NET CLR 3.0.04506.648)" "www.sancarloscity.org"
75.48.164.92 - - [30/Oct/2008:05:08:55 -0700] "GET /picgallery/albums/userpics/10001/normal_DSC01187.JPG HTTP/1.1" 200 25470 "http://www.sancarloscity.org/picgallery/displayimage.php?album=37&pos=33" "Mozilla/4.0 (compatible; MSIE 8.0; Windows NT 5.1; Trident/4.0; YPC 3.2.0; .NET CLR 1.1.4322; .NET CLR 2.0.50727; .NET CLR 3.0.04506.30; .NET CLR 3.0.04506.648)" "sancarloscity.org"
64.41.133.39 - - [30/Oct/2008:05:08:56 -0700] "GET /listings/listing/results.php?category_id=714 HTTP/1.1" 200 24415 "http://sancarloscity.org/index1.htm" "Mozilla/4.0 (compatible; MSIE 6.0; Windows NT 5.1; .NET CLR 1.1.4322; .NET CLR 1.0.3705)" "www.sancarloscity.org"
75.48.164.92 - - [30/Oct/2008:05:08:59 -0700] "GET /picgallery/displayimage.php?album=37&pos=34 HTTP/1.1" 200 10238 "http://www.sancarloscity.org/picgallery/displayimage.php?album=37&pos=33" "Mozilla/4.0 (compatible; MSIE 8.0; Windows NT 5.1; Trident/4.0; YPC 3.2.0; .NET CLR 1.1.4322; .NET CLR 2.0.50727; .NET CLR 3.0.04506.30; .NET CLR 3.0.04506.648)" "www.sancarloscity.org"
75.48.164.92 - - [30/Oct/2008:05:09:00 -0700] "GET /picgallery/albums/userpics/10001/normal_DSC01188.JPG HTTP/1.1" 200 31339 "http://www.sancarloscity.org/picgallery/displayimage.php?album=37&pos=34" "Mozilla/4.0 (compatible; MSIE 8.0; Windows NT 5.1; Trident/4.0; YPC 3.2.0; .NET CLR 1.1.4322; .NET CLR 2.0.50727; .NET CLR 3.0.04506.30; .NET CLR 3.0.04506.648)" "sancarloscity.org"
75.48.164.92 - - [30/Oct/2008:05:09:04 -0700] "GET /picgallery/displayimage.php?album=37&pos=35 HTTP/1.1" 200 10235 "http://www.sancarloscity.org/picgallery/displayimage.php?album=37&pos=34" "Mozilla/4.0 (compatible; MSIE 8.0; Windows NT 5.1; Trident/4.0; YPC 3.2.0; .NET CLR 1.1.4322; .NET CLR 2.0.50727; .NET CLR 3.0.04506.30; .NET CLR 3.0.04506.648)" "www.sancarloscity.org"
75.48.164.92 - - [30/Oct/2008:05:09:04 -0700] "GET /picgallery/albums/userpics/10001/normal_DSC01193.JPG HTTP/1.1" 200 27122 "http://www.sancarloscity.org/picgallery/displayimage.php?album=37&pos=35" "Mozilla/4.0 (compatible; MSIE 8.0; Windows NT 5.1; Trident/4.0; YPC 3.2.0; .NET CLR 1.1.4322; .NET CLR 2.0.50727; .NET CLR 3.0.04506.30; .NET CLR 3.0.04506.648)" "sancarloscity.org"
200.63.42.79 - - [30/Oct/2008:05:09:05 -0700] "POST /jodera2/posting.php HTTP/1.0" 200 11446 "http://www.sancarloscity.org/jodera2/posting.php?mode=newtopic&f=1" "Mozilla/4.0 (compatible; MSIE 6.0; Windows NT 5.1; .NET CLR 1.1.4322; Alexa Toolbar; (R1 1.5))" "www.sancarloscity.org"
64.41.133.39 - - [30/Oct/2008:05:09:06 -0700] "GET /listings/listing/results.php?category_id=718 HTTP/1.1" 200 28945 "http://sancarloscity.org/index1.htm" "Mozilla/4.0 (compatible; MSIE 6.0; Windows NT 5.1; .NET CLR 1.1.4322; .NET CLR 1.0.3705)" "www.sancarloscity.org"
75.48.164.92 - - [30/Oct/2008:05:09:10 -0700] "GET /picgallery/displayimage.php?album=37&pos=36 HTTP/1.1" 200 10236 "http://www.sancarloscity.org/picgallery/displayimage.php?album=37&pos=35" "Mozilla/4.0 (compatible; MSIE 8.0; Windows NT 5.1; Trident/4.0; YPC 3.2.0; .NET CLR 1.1.4322; .NET CLR 2.0.50727; .NET CLR 3.0.04506.30; .NET CLR 3.0.04506.648)" "www.sancarloscity.org"
75.48.164.92 - - [30/Oct/2008:05:09:10 -0700] "GET /picgallery/albums/userpics/10001/normal_DSC01197.JPG HTTP/1.1" 200 20765 "http://www.sancarloscity.org/picgallery/displayimage.php?album=37&pos=36" "Mozilla/4.0 (compatible; MSIE 8.0; Windows NT 5.1; Trident/4.0; YPC 3.2.0; .NET CLR 1.1.4322; .NET CLR 2.0.50727; .NET CLR 3.0.04506.30; .NET CLR 3.0.04506.648)" "sancarloscity.org"
75.48.164.92 - - [30/Oct/2008:05:09:12 -0700] "GET /picgallery/displayimage.php?album=37&pos=37 HTTP/1.1" 200 10236 "http://www.sancarloscity.org/picgallery/displayimage.php?album=37&pos=36" "Mozilla/4.0 (compatible; MSIE 8.0; Windows NT 5.1; Trident/4.0; YPC 3.2.0; .NET CLR 1.1.4322; .NET CLR 2.0.50727; .NET CLR 3.0.04506.30; .NET CLR 3.0.04506.648)" "www.sancarloscity.org"
75.48.164.92 - - [30/Oct/2008:05:09:13 -0700] "GET /picgallery/albums/userpics/10001/normal_DSC01198.JPG HTTP/1.1" 200 24493 "http://www.sancarloscity.org/picgallery/displayimage.php?album=37&pos=37" "Mozilla/4.0 (compatible; MSIE 8.0; Windows NT 5.1; Trident/4.0; YPC 3.2.0; .NET CLR 1.1.4322; .NET CLR 2.0.50727; .NET CLR 3.0.04506.30; .NET CLR 3.0.04506.648)" "sancarloscity.org"
64.41.133.39 - - [30/Oct/2008:05:09:14 -0700] "GET /listings/listing/results.php?category_id=706 HTTP/1.1" 200 25044 "http://sancarloscity.org/index1.htm" "Mozilla/4.0 (compatible; MSIE 6.0; Windows NT 5.1; .NET CLR 1.1.4322; .NET CLR 1.0.3705)" "www.sancarloscity.org"
75.48.164.92 - - [30/Oct/2008:05:09:15 -0700] "GET /picgallery/displayimage.php?album=37&pos=38 HTTP/1.1" 200 10236 "http://www.sancarloscity.org/picgallery/displayimage.php?album=37&pos=37" "Mozilla/4.0 (compatible; MSIE 8.0; Windows NT 5.1; Trident/4.0; YPC 3.2.0; .NET CLR 1.1.4322; .NET CLR 2.0.50727; .NET CLR 3.0.04506.30; .NET CLR 3.0.04506.648)" "www.sancarloscity.org"
75.48.164.92 - - [30/Oct/2008:05:09:15 -0700] "GET /picgallery/albums/userpics/10001/normal_DSC01199.JPG HTTP/1.1" 200 27714 "http://www.sancarloscity.org/picgallery/displayimage.php?album=37&pos=38" "Mozilla/4.0 (compatible; MSIE 8.0; Windows NT 5.1; Trident/4.0; YPC 3.2.0; .NET CLR 1.1.4322; .NET CLR 2.0.50727; .NET CLR 3.0.04506.30; .NET CLR 3.0.04506.648)" "sancarloscity.org"
89.149.202.60 - - [30/Oct/2008:05:09:18 -0700] "GET /jodera2/posting.php?mode=newtopic&f=1 HTTP/1.0" 302 0 "http://www.sancarloscity.org/jodera2/posting.php?mode=newtopic&f=1" "Mozilla/4.0 (compatible; MSIE 6.0; MSIE 5.5; Windows NT 4.0) Opera 7.0 [en]" "www.sancarloscity.org"
89.149.202.60 - - [30/Oct/2008:05:09:18 -0700] "GET /jodera2/login.php?redirect=posting.php&mode=newtopic&f=1&sid=c4b4f01575562574b311e41e3c3978d4 HTTP/1.0" 200 12362 "http://www.sancarloscity.org/jodera2/login.php?redirect=posting.php&mode=newtopic&f=1&sid=c4b4f01575562574b311e41e3c3978d4" "Mozilla/4.0 (compatible; MSIE 6.0; MSIE 5.5; Windows NT 4.0) Opera 7.0 [en]" "www.sancarloscity.org"
75.48.164.92 - - [30/Oct/2008:05:09:19 -0700] "GET /picgallery/displayimage.php?album=37&pos=39 HTTP/1.1" 200 10236 "http://www.sancarloscity.org/picgallery/displayimage.php?album=37&pos=38" "Mozilla/4.0 (compatible; MSIE 8.0; Windows NT 5.1; Trident/4.0; YPC 3.2.0; .NET CLR 1.1.4322; .NET CLR 2.0.50727; .NET CLR 3.0.04506.30; .NET CLR 3.0.04506.648)" "www.sancarloscity.org"
75.48.164.92 - - [30/Oct/2008:05:09:19 -0700] "GET /picgallery/albums/userpics/10001/normal_DSC01200.JPG HTTP/1.1" 200 28283 "http://www.sancarloscity.org/picgallery/displayimage.php?album=37&pos=39" "Mozilla/4.0 (compatible; MSIE 8.0; Windows NT 5.1; Trident/4.0; YPC 3.2.0; .NET CLR 1.1.4322; .NET CLR 2.0.50727; .NET CLR 3.0.04506.30; .NET CLR 3.0.04506.648)" "sancarloscity.org"
89.149.202.60 - - [30/Oct/2008:05:09:19 -0700] "POST /jodera2/login.php HTTP/1.0" 302 0 "http://www.sancarloscity.org/jodera2/login.php?redirect=posting.php&mode=newtopic&f=1&sid=c4b4f01575562574b311e41e3c3978d4" "Mozilla/4.0 (compatible; MSIE 6.0; MSIE 5.5; Windows NT 4.0) Opera 7.0 [en]" "www.sancarloscity.org"
89.149.202.60 - - [30/Oct/2008:05:09:20 -0700] "GET /jodera2/posting.php?mode=newtopic&f=1&sid=c4b4f01575562574b311e41e3c3978d4 HTTP/1.0" 200 40970 "http://www.sancarloscity.org/jodera2/posting.php?mode=newtopic&f=1&sid=c4b4f01575562574b311e41e3c3978d4" "Mozilla/4.0 (compatible; MSIE 6.0; MSIE 5.5; Windows NT 4.0) Opera 7.0 [en]" "www.sancarloscity.org"
75.48.164.92 - - [30/Oct/2008:05:09:22 -0700] "GET /picgallery/displayimage.php?album=37&pos=40 HTTP/1.1" 200 10236 "http://www.sancarloscity.org/picgallery/displayimage.php?album=37&pos=39" "Mozilla/4.0 (compatible; MSIE 8.0; Windows NT 5.1; Trident/4.0; YPC 3.2.0; .NET CLR 1.1.4322; .NET CLR 2.0.50727; .NET CLR 3.0.04506.30; .NET CLR 3.0.04506.648)" "www.sancarloscity.org"
75.48.164.92 - - [30/Oct/2008:05:09:22 -0700] "GET /picgallery/albums/userpics/10001/normal_DSC01201.JPG HTTP/1.1" 200 25641 "http://www.sancarloscity.org/picgallery/displayimage.php?album=37&pos=40" "Mozilla/4.0 (compatible; MSIE 8.0; Windows NT 5.1; Trident/4.0; YPC 3.2.0; .NET CLR 1.1.4322; .NET CLR 2.0.50727; .NET CLR 3.0.04506.30; .NET CLR 3.0.04506.648)" "sancarloscity.org"
89.149.202.60 - - [30/Oct/2008:05:09:27 -0700] "POST /jodera2/posting.php HTTP/1.0" 200 11444 "http://www.sancarloscity.org/jodera2/posting.php?mode=newtopic&f=1&sid=c4b4f01575562574b311e41e3c3978d4" "Mozilla/4.0 (compatible; MSIE 6.0; MSIE 5.5; Windows NT 4.0) Opera 7.0 [en]" "www.sancarloscity.org"
75.48.164.92 - - [30/Oct/2008:05:09:28 -0700] "GET /picgallery/displayimage.php?album=37&pos=41 HTTP/1.1" 200 10236 "http://www.sancarloscity.org/picgallery/displayimage.php?album=37&pos=40" "Mozilla/4.0 (compatible; MSIE 8.0; Windows NT 5.1; Trident/4.0; YPC 3.2.0; .NET CLR 1.1.4322; .NET CLR 2.0.50727; .NET CLR 3.0.04506.30; .NET CLR 3.0.04506.648)" "www.sancarloscity.org"
75.48.164.92 - - [30/Oct/2008:05:09:28 -0700] "GET /picgallery/albums/userpics/10001/normal_DSC01202.JPG HTTP/1.1" 200 22817 "http://www.sancarloscity.org/picgallery/displayimage.php?album=37&pos=41" "Mozilla/4.0 (compatible; MSIE 8.0; Windows NT 5.1; Trident/4.0; YPC 3.2.0; .NET CLR 1.1.4322; .NET CLR 2.0.50727; .NET CLR 3.0.04506.30; .NET CLR 3.0.04506.648)" "sancarloscity.org"
61.80.90.4 - - [30/Oct/2008:05:09:28 -0700] "GET /logs/access_081009.log/?sourcedir=http://jaxyguy.110mb.com/ids.txt????? HTTP/1.1" 404 759 "-" "libwww-perl/5.79" "www.sancarloscity.org"
89.149.202.60 - - [30/Oct/2008:05:09:29 -0700] "GET /jodera2/viewtopic.php?p=29877 HTTP/1.0" 200 31270 "http://www.sancarloscity.org/viewtopic.php?p=29877#29877" "Mozilla/4.0 (compatible; MSIE 6.0; MSIE 5.5; Windows NT 4.0) Opera 7.0 [en]" "www.sancarloscity.org"
75.48.164.92 - - [30/Oct/2008:05:09:30 -0700] "GET /picgallery/displayimage.php?album=37&pos=42 HTTP/1.1" 200 10236 "http://www.sancarloscity.org/picgallery/displayimage.php?album=37&pos=41" "Mozilla/4.0 (compatible; MSIE 8.0; Windows NT 5.1; Trident/4.0; YPC 3.2.0; .NET CLR 1.1.4322; .NET CLR 2.0.50727; .NET CLR 3.0.04506.30; .NET CLR 3.0.04506.648)" "www.sancarloscity.org"
75.48.164.92 - - [30/Oct/2008:05:09:30 -0700] "GET /picgallery/albums/userpics/10001/normal_DSC01203.JPG HTTP/1.1" 200 21228 "http://www.sancarloscity.org/picgallery/displayimage.php?album=37&pos=42" "Mozilla/4.0 (compatible; MSIE 8.0; Windows NT 5.1; Trident/4.0; YPC 3.2.0; .NET CLR 1.1.4322; .NET CLR 2.0.50727; .NET CLR 3.0.04506.30; .NET CLR 3.0.04506.648)" "sancarloscity.org"
61.80.90.4 - - [30/Oct/2008:05:09:32 -0700] "GET /logs/access_081009.log/?sourcedir=http://jaxyguy.110mb.com/ids.txt????? HTTP/1.1" 404 759 "-" "libwww-perl/5.79" "www.sancarloscity.org"
75.48.164.92 - - [30/Oct/2008:05:09:32 -0700] "GET /picgallery/displayimage.php?album=37&pos=43 HTTP/1.1" 200 10237 "http://www.sancarloscity.org/picgallery/displayimage.php?album=37&pos=42" "Mozilla/4.0 (compatible; MSIE 8.0; Windows NT 5.1; Trident/4.0; YPC 3.2.0; .NET CLR 1.1.4322; .NET CLR 2.0.50727; .NET CLR 3.0.04506.30; .NET CLR 3.0.04506.648)" "www.sancarloscity.org"
75.48.164.92 - - [30/Oct/2008:05:09:32 -0700] "GET /picgallery/albums/userpics/10001/normal_DSC01230.JPG HTTP/1.1" 200 22353 "http://www.sancarloscity.org/picgallery/displayimage.php?album=37&pos=43" "Mozilla/4.0 (compatible; MSIE 8.0; Windows NT 5.1; Trident/4.0; YPC 3.2.0; .NET CLR 1.1.4322; .NET CLR 2.0.50727; .NET CLR 3.0.04506.30; .NET CLR 3.0.04506.648)" "sancarloscity.org"
64.41.133.39 - - [30/Oct/2008:05:09:32 -0700] "GET /listings/listing/results.php?category_id=708 HTTP/1.1" 200 24431 "http://sancarloscity.org/index1.htm" "Mozilla/4.0 (compatible; MSIE 6.0; Windows NT 5.1; .NET CLR 1.1.4322; .NET CLR 1.0.3705)" "www.sancarloscity.org"
75.48.164.92 - - [30/Oct/2008:05:09:36 -0700] "GET /picgallery/displayimage.php?album=37&pos=44 HTTP/1.1" 200 10234 "http://www.sancarloscity.org/picgallery/displayimage.php?album=37&pos=43" "Mozilla/4.0 (compatible; MSIE 8.0; Windows NT 5.1; Trident/4.0; YPC 3.2.0; .NET CLR 1.1.4322; .NET CLR 2.0.50727; .NET CLR 3.0.04506.30; .NET CLR 3.0.04506.648)" "www.sancarloscity.org"
75.48.164.92 - - [30/Oct/2008:05:09:36 -0700] "GET /picgallery/albums/userpics/10001/normal_DSC01232.JPG HTTP/1.1" 200 21941 "http://www.sancarloscity.org/picgallery/displayimage.php?album=37&pos=44" "Mozilla/4.0 (compatible; MSIE 8.0; Windows NT 5.1; Trident/4.0; YPC 3.2.0; .NET CLR 1.1.4322; .NET CLR 2.0.50727; .NET CLR 3.0.04506.30; .NET CLR 3.0.04506.648)" "sancarloscity.org"
75.48.164.92 - - [30/Oct/2008:05:09:38 -0700] "GET /picgallery/displayimage.php?album=37&pos=45 HTTP/1.1" 200 10236 "http://www.sancarloscity.org/picgallery/displayimage.php?album=37&pos=44" "Mozilla/4.0 (compatible; MSIE 8.0; Windows NT 5.1; Trident/4.0; YPC 3.2.0; .NET CLR 1.1.4322; .NET CLR 2.0.50727; .NET CLR 3.0.04506.30; .NET CLR 3.0.04506.648)" "www.sancarloscity.org"
75.48.164.92 - - [30/Oct/2008:05:09:38 -0700] "GET /picgallery/albums/userpics/10001/normal_DSC01233.JPG HTTP/1.1" 200 22687 "http://www.sancarloscity.org/picgallery/displayimage.php?album=37&pos=45" "Mozilla/4.0 (compatible; MSIE 8.0; Windows NT 5.1; Trident/4.0; YPC 3.2.0; .NET CLR 1.1.4322; .NET CLR 2.0.50727; .NET CLR 3.0.04506.30; .NET CLR 3.0.04506.648)" "sancarloscity.org"
64.41.133.39 - - [30/Oct/2008:05:09:39 -0700] "GET /listings/listing/results.php?category_id=697 HTTP/1.1" 200 38028 "http://sancarloscity.org/index1.htm" "Mozilla/4.0 (compatible; MSIE 6.0; Windows NT 5.1; .NET CLR 1.1.4322; .NET CLR 1.0.3705)" "www.sancarloscity.org"
75.48.164.92 - - [30/Oct/2008:05:09:40 -0700] "GET /picgallery/displayimage.php?album=37&pos=46 HTTP/1.1" 200 10236 "http://www.sancarloscity.org/picgallery/displayimage.php?album=37&pos=45" "Mozilla/4.0 (compatible; MSIE 8.0; Windows NT 5.1; Trident/4.0; YPC 3.2.0; .NET CLR 1.1.4322; .NET CLR 2.0.50727; .NET CLR 3.0.04506.30; .NET CLR 3.0.04506.648)" "www.sancarloscity.org"
220.181.61.213 - - [30/Oct/2008:05:09:40 -0700] "GET /jodera2/viewtopic.php?p=21305 HTTP/1.1" 200 32937 "-" "Sogou web spider/4.0(+http://www.sogou.com/docs/help/webmasters.htm#07)" "www.sancarloscity.org"
75.48.164.92 - - [30/Oct/2008:05:09:40 -0700] "GET /picgallery/albums/userpics/10001/normal_DSC01244.JPG HTTP/1.1" 200 20918 "http://www.sancarloscity.org/picgallery/displayimage.php?album=37&pos=46" "Mozilla/4.0 (compatible; MSIE 8.0; Windows NT 5.1; Trident/4.0; YPC 3.2.0; .NET CLR 1.1.4322; .NET CLR 2.0.50727; .NET CLR 3.0.04506.30; .NET CLR 3.0.04506.648)" "sancarloscity.org"
75.48.164.92 - - [30/Oct/2008:05:09:41 -0700] "GET /picgallery/displayimage.php?album=37&pos=47 HTTP/1.1" 200 10237 "http://www.sancarloscity.org/picgallery/displayimage.php?album=37&pos=46" "Mozilla/4.0 (compatible; MSIE 8.0; Windows NT 5.1; Trident/4.0; YPC 3.2.0; .NET CLR 1.1.4322; .NET CLR 2.0.50727; .NET CLR 3.0.04506.30; .NET CLR 3.0.04506.648)" "www.sancarloscity.org"
75.48.164.92 - - [30/Oct/2008:05:09:42 -0700] "GET /picgallery/albums/userpics/10001/normal_DSC01246.JPG HTTP/1.1" 200 26710 "http://www.sancarloscity.org/picgallery/displayimage.php?album=37&pos=47" "Mozilla/4.0 (compatible; MSIE 8.0; Windows NT 5.1; Trident/4.0; YPC 3.2.0; .NET CLR 1.1.4322; .NET CLR 2.0.50727; .NET CLR 3.0.04506.30; .NET CLR 3.0.04506.648)" "sancarloscity.org"
75.48.164.92 - - [30/Oct/2008:05:09:43 -0700] "GET /picgallery/displayimage.php?album=37&pos=48 HTTP/1.1" 200 10236 "http://www.sancarloscity.org/picgallery/displayimage.php?album=37&pos=47" "Mozilla/4.0 (compatible; MSIE 8.0; Windows NT 5.1; Trident/4.0; YPC 3.2.0; .NET CLR 1.1.4322; .NET CLR 2.0.50727; .NET CLR 3.0.04506.30; .NET CLR 3.0.04506.648)" "www.sancarloscity.org"
75.48.164.92 - - [30/Oct/2008:05:09:44 -0700] "GET /picgallery/albums/userpics/10001/normal_DSC01247.JPG HTTP/1.1" 200 27206 "http://www.sancarloscity.org/picgallery/displayimage.php?album=37&pos=48" "Mozilla/4.0 (compatible; MSIE 8.0; Windows NT 5.1; Trident/4.0; YPC 3.2.0; .NET CLR 1.1.4322; .NET CLR 2.0.50727; .NET CLR 3.0.04506.30; .NET CLR 3.0.04506.648)" "sancarloscity.org"
75.48.164.92 - - [30/Oct/2008:05:09:45 -0700] "GET /picgallery/displayimage.php?album=37&pos=49 HTTP/1.1" 200 10236 "http://www.sancarloscity.org/picgallery/displayimage.php?album=37&pos=48" "Mozilla/4.0 (compatible; MSIE 8.0; Windows NT 5.1; Trident/4.0; YPC 3.2.0; .NET CLR 1.1.4322; .NET CLR 2.0.50727; .NET CLR 3.0.04506.30; .NET CLR 3.0.04506.648)" "www.sancarloscity.org"
75.48.164.92 - - [30/Oct/2008:05:09:45 -0700] "GET /picgallery/albums/userpics/10001/normal_DSC01249.JPG HTTP/1.1" 200 30354 "http://www.sancarloscity.org/picgallery/displayimage.php?album=37&pos=49" "Mozilla/4.0 (compatible; MSIE 8.0; Windows NT 5.1; Trident/4.0; YPC 3.2.0; .NET CLR 1.1.4322; .NET CLR 2.0.50727; .NET CLR 3.0.04506.30; .NET CLR 3.0.04506.648)" "sancarloscity.org"
64.41.133.39 - - [30/Oct/2008:05:09:48 -0700] "GET /listings/listing/results.php?category_id=715 HTTP/1.1" 200 28874 "http://sancarloscity.org/index1.htm" "Mozilla/4.0 (compatible; MSIE 6.0; Windows NT 5.1; .NET CLR 1.1.4322; .NET CLR 1.0.3705)" "www.sancarloscity.org"
75.48.164.92 - - [30/Oct/2008:05:09:48 -0700] "GET /picgallery/displayimage.php?album=37&pos=50 HTTP/1.1" 200 10238 "http://www.sancarloscity.org/picgallery/displayimage.php?album=37&pos=49" "Mozilla/4.0 (compatible; MSIE 8.0; Windows NT 5.1; Trident/4.0; YPC 3.2.0; .NET CLR 1.1.4322; .NET CLR 2.0.50727; .NET CLR 3.0.04506.30; .NET CLR 3.0.04506.648)" "www.sancarloscity.org"
75.48.164.92 - - [30/Oct/2008:05:09:48 -0700] "GET /picgallery/albums/userpics/10001/normal_DSC01252.JPG HTTP/1.1" 200 18052 "http://www.sancarloscity.org/picgallery/displayimage.php?album=37&pos=50" "Mozilla/4.0 (compatible; MSIE 8.0; Windows NT 5.1; Trident/4.0; YPC 3.2.0; .NET CLR 1.1.4322; .NET CLR 2.0.50727; .NET CLR 3.0.04506.30; .NET CLR 3.0.04506.648)" "sancarloscity.org"
75.48.164.92 - - [30/Oct/2008:05:09:52 -0700] "GET /picgallery/displayimage.php?album=37&pos=51 HTTP/1.1" 200 10236 "http://www.sancarloscity.org/picgallery/displayimage.php?album=37&pos=50" "Mozilla/4.0 (compatible; MSIE 8.0; Windows NT 5.1; Trident/4.0; YPC 3.2.0; .NET CLR 1.1.4322; .NET CLR 2.0.50727; .NET CLR 3.0.04506.30; .NET CLR 3.0.04506.648)" "www.sancarloscity.org"
75.48.164.92 - - [30/Oct/2008:05:09:52 -0700] "GET /picgallery/albums/userpics/10001/normal_DSC01276.JPG HTTP/1.1" 200 36108 "http://www.sancarloscity.org/picgallery/displayimage.php?album=37&pos=51" "Mozilla/4.0 (compatible; MSIE 8.0; Windows NT 5.1; Trident/4.0; YPC 3.2.0; .NET CLR 1.1.4322; .NET CLR 2.0.50727; .NET CLR 3.0.04506.30; .NET CLR 3.0.04506.648)" "sancarloscity.org"
75.48.164.92 - - [30/Oct/2008:05:09:54 -0700] "GET /picgallery/displayimage.php?album=37&pos=52 HTTP/1.1" 200 10239 "http://www.sancarloscity.org/picgallery/displayimage.php?album=37&pos=51" "Mozilla/4.0 (compatible; MSIE 8.0; Windows NT 5.1; Trident/4.0; YPC 3.2.0; .NET CLR 1.1.4322; .NET CLR 2.0.50727; .NET CLR 3.0.04506.30; .NET CLR 3.0.04506.648)" "www.sancarloscity.org"
75.48.164.92 - - [30/Oct/2008:05:09:54 -0700] "GET /picgallery/albums/userpics/10001/normal_DSC01277.JPG HTTP/1.1" 200 28724 "http://www.sancarloscity.org/picgallery/displayimage.php?album=37&pos=52" "Mozilla/4.0 (compatible; MSIE 8.0; Windows NT 5.1; Trident/4.0; YPC 3.2.0; .NET CLR 1.1.4322; .NET CLR 2.0.50727; .NET CLR 3.0.04506.30; .NET CLR 3.0.04506.648)" "sancarloscity.org"
64.41.133.39 - - [30/Oct/2008:05:09:56 -0700] "GET /listings/listing/results.php?category_id=717 HTTP/1.1" 200 24365 "http://sancarloscity.org/index1.htm" "Mozilla/4.0 (compatible; MSIE 6.0; Windows NT 5.1; .NET CLR 1.1.4322; .NET CLR 1.0.3705)" "www.sancarloscity.org"
75.48.164.92 - - [30/Oct/2008:05:10:07 -0700] "GET /picgallery/displayimage.php?album=random&cat=0&pos=-445 HTTP/1.1" 200 10252 "http://www.sancarloscity.org/picgallery/" "Mozilla/4.0 (compatible; MSIE 8.0; Windows NT 5.1; Trident/4.0; YPC 3.2.0; .NET CLR 1.1.4322; .NET CLR 2.0.50727; .NET CLR 3.0.04506.30; .NET CLR 3.0.04506.648)" "www.sancarloscity.org"
82.99.30.21 - - [30/Oct/2008:05:10:08 -0700] "GET /jodera2/faq.php?sid=f31b551f26a5d43b863226a114bce1d7 HTTP/1.0" 200 68232 "-" "Mozilla/4.0 (compatible; MSIE 6.0; Windows NT 5.1)" "www.sancarloscity.org"
64.41.133.39 - - [30/Oct/2008:05:10:12 -0700] "GET /listings/listing/results.php?category_id=707 HTTP/1.1" 200 25044 "http://sancarloscity.org/index1.htm" "Mozilla/4.0 (compatible; MSIE 6.0; Windows NT 5.1; .NET CLR 1.1.4322; .NET CLR 1.0.3705)" "www.sancarloscity.org"
75.48.164.92 - - [30/Oct/2008:05:10:12 -0700] "GET / HTTP/1.1" 200 44270 "-" "Mozilla/4.0 (compatible; MSIE 8.0; Windows NT 5.1; Trident/4.0; YPC 3.2.0; .NET CLR 1.1.4322; .NET CLR 2.0.50727; .NET CLR 3.0.04506.30; .NET CLR 3.0.04506.648)" "www.sancarloscity.org"
75.48.164.92 - - [30/Oct/2008:05:10:12 -0700] "GET /antenna.css HTTP/1.1" 200 1748 "http://www.sancarloscity.org/" "Mozilla/4.0 (compatible; MSIE 8.0; Windows NT 5.1; Trident/4.0; YPC 3.2.0; .NET CLR 1.1.4322; .NET CLR 2.0.50727; .NET CLR 3.0.04506.30; .NET CLR 3.0.04506.648)" "www.sancarloscity.org"
75.48.164.92 - - [30/Oct/2008:05:10:12 -0700] "GET /autoactivate.js HTTP/1.1" 200 5474 "http://www.sancarloscity.org/" "Mozilla/4.0 (compatible; MSIE 8.0; Windows NT 5.1; Trident/4.0; YPC 3.2.0; .NET CLR 1.1.4322; .NET CLR 2.0.50727; .NET CLR 3.0.04506.30; .NET CLR 3.0.04506.648)" "www.sancarloscity.org"
75.48.164.92 - - [30/Oct/2008:05:10:13 -0700] "GET /sampo/ HTTP/1.1" 200 2268 "http://www.sancarloscity.org/" "Mozilla/4.0 (compatible; MSIE 8.0; Windows NT 5.1; Trident/4.0; YPC 3.2.0; .NET CLR 1.1.4322; .NET CLR 2.0.50727; .NET CLR 3.0.04506.30; .NET CLR 3.0.04506.648)" "sancarloscity.org"
75.48.164.92 - - [30/Oct/2008:05:10:13 -0700] "GET /frontbanner.swf HTTP/1.1" 200 0 "http://www.sancarloscity.org/" "Mozilla/4.0 (compatible; MSIE 8.0; Windows NT 5.1; Trident/4.0; YPC 3.2.0; .NET CLR 1.1.4322; .NET CLR 2.0.50727; .NET CLR 3.0.04506.30; .NET CLR 3.0.04506.648)" "www.sancarloscity.org"
75.48.164.92 - - [30/Oct/2008:05:10:14 -0700] "GET /sampo/AC_RunActiveContent.js HTTP/1.1" 200 8029 "http://sancarloscity.org/sampo/" "Mozilla/4.0 (compatible; MSIE 8.0; Windows NT 5.1; Trident/4.0; YPC 3.2.0; .NET CLR 1.1.4322; .NET CLR 2.0.50727; .NET CLR 3.0.04506.30; .NET CLR 3.0.04506.648)" "sancarloscity.org"
75.48.164.92 - - [30/Oct/2008:05:10:14 -0700] "GET /sampo/Multichannel.swf HTTP/1.1" 200 0 "http://sancarloscity.org/sampo/" "Mozilla/4.0 (compatible; MSIE 8.0; Windows NT 5.1; Trident/4.0; YPC 3.2.0; .NET CLR 1.1.4322; .NET CLR 2.0.50727; .NET CLR 3.0.04506.30; .NET CLR 3.0.04506.648)" "sancarloscity.org"
75.48.164.92 - - [30/Oct/2008:05:10:14 -0700] "GET /sampo/xml/Dateline.xml HTTP/1.1" 200 0 "http://sancarloscity.org/sampo/Multichannel.swf" "Mozilla/4.0 (compatible; MSIE 8.0; Windows NT 5.1; Trident/4.0; YPC 3.2.0; .NET CLR 1.1.4322; .NET CLR 2.0.50727; .NET CLR 3.0.04506.30; .NET CLR 3.0.04506.648)" "sancarloscity.org"
75.48.164.92 - - [30/Oct/2008:05:10:15 -0700] "GET /sampo/playlist.css HTTP/1.1" 200 559 "http://sancarloscity.org/sampo/Multichannel.swf" "Mozilla/4.0 (compatible; MSIE 8.0; Windows NT 5.1; Trident/4.0; YPC 3.2.0; .NET CLR 1.1.4322; .NET CLR 2.0.50727; .NET CLR 3.0.04506.30; .NET CLR 3.0.04506.648)" "sancarloscity.org"
64.41.133.39 - - [30/Oct/2008:05:10:21 -0700] "GET /listings/listing/results.php?category_id=727 HTTP/1.1" 200 33361 "http://sancarloscity.org/index1.htm" "Mozilla/4.0 (compatible; MSIE 6.0; Windows NT 5.1; .NET CLR 1.1.4322; .NET CLR 1.0.3705)" "www.sancarloscity.org"
64.41.133.39 - - [30/Oct/2008:05:10:26 -0700] "GET /newmaps/mappage.htm HTTP/1.1" 200 5346 "http://sancarloscity.org/index1.htm" "Mozilla/4.0 (compatible; MSIE 6.0; Windows NT 5.1; .NET CLR 1.1.4322; .NET CLR 1.0.3705)" "www.sancarloscity.org"
64.41.133.39 - - [30/Oct/2008:05:10:33 -0700] "GET /listings/listing/results.php?category_id=709 HTTP/1.1" 200 26705 "http://sancarloscity.org/index1.htm" "Mozilla/4.0 (compatible; MSIE 6.0; Windows NT 5.1; .NET CLR 1.1.4322; .NET CLR 1.0.3705)" "www.sancarloscity.org"
208.115.111.242 - - [30/Oct/2008:05:10:35 -0700] "GET /forum2/index.php?s=2ff21513512a01e534bea834d088633b&act=post&do=new_post&f=13 HTTP/1.1" 200 7726 "-" "Mozilla/5.0 (compatible; DotBot/1.1; http://www.dotnetdotcom.org/, crawler@dotnetdotcom.org)" "www.sancarloscity.org"
64.41.133.39 - - [30/Oct/2008:05:10:37 -0700] "GET /aboutus.htm HTTP/1.1" 200 20766 "http://sancarloscity.org/index1.htm" "Mozilla/4.0 (compatible; MSIE 6.0; Windows NT 5.1; .NET CLR 1.1.4322; .NET CLR 1.0.3705)" "www.sancarloscity.org"
208.115.111.242 - - [30/Oct/2008:05:10:39 -0700] "GET /forum2/index.php?s=2ff21513512a01e534bea834d088633b&act=post&do=reply_post&f=13&t=178 HTTP/1.1" 200 7729 "-" "Mozilla/5.0 (compatible; DotBot/1.1; http://www.dotnetdotcom.org/, crawler@dotnetdotcom.org)" "www.sancarloscity.org"
208.115.111.242 - - [30/Oct/2008:05:10:50 -0700] "GET /forum2/index.php?s=2ff21513512a01e534bea834d088633b&act=usercp&CODE=start_subs&method=forum&fid=13 HTTP/1.1" 200 7722 "-" "Mozilla/5.0 (compatible; DotBot/1.1; http://www.dotnetdotcom.org/, crawler@dotnetdotcom.org)" "www.sancarloscity.org"
64.41.133.39 - - [30/Oct/2008:05:10:50 -0700] "GET /eatndine.htm HTTP/1.1" 200 22609 "http://sancarloscity.org/index1.htm" "Mozilla/4.0 (compatible; MSIE 6.0; Windows NT 5.1; .NET CLR 1.1.4322; .NET CLR 1.0.3705)" "sancarloscity.org"
208.115.111.242 - - [30/Oct/2008:05:10:54 -0700] "GET /forum2/index.php?s=2ff21513512a01e534bea834d088633b&act=usercp&CODE=start_subs&method=topic&tid=178 HTTP/1.1" 200 7722 "-" "Mozilla/5.0 (compatible; DotBot/1.1; http://www.dotnetdotcom.org/, crawler@dotnetdotcom.org)" "www.sancarloscity.org"
64.41.133.39 - - [30/Oct/2008:05:10:54 -0700] "GET /aboutsancarlos.htm HTTP/1.1" 200 25459 "http://sancarloscity.org/index1.htm" "Mozilla/4.0 (compatible; MSIE 6.0; Windows NT 5.1; .NET CLR 1.1.4322; .NET CLR 1.0.3705)" "sancarloscity.org"
208.115.111.242 - - [30/Oct/2008:05:10:58 -0700] "GET /forum2/index.php?s=2ff21513512a01e534bea834d088633b&automodule=blog HTTP/1.1" 200 7722 "-" "Mozilla/5.0 (compatible; DotBot/1.1; http://www.dotnetdotcom.org/, crawler@dotnetdotcom.org)" "www.sancarloscity.org"
208.115.111.242 - - [30/Oct/2008:05:11:03 -0700] "GET /forum2/index.php?s=2ff21513512a01e534bea834d088633b&showforum=13 HTTP/1.1" 200 7887 "-" "Mozilla/5.0 (compatible; DotBot/1.1; http://www.dotnetdotcom.org/, crawler@dotnetdotcom.org)" "www.sancarloscity.org"
64.41.133.39 - - [30/Oct/2008:05:11:05 -0700] "GET /listings/listing/results.php?category_id=699 HTTP/1.1" 200 31242 "http://sancarloscity.org/index1.htm" "Mozilla/4.0 (compatible; MSIE 6.0; Windows NT 5.1; .NET CLR 1.1.4322; .NET CLR 1.0.3705)" "www.sancarloscity.org"
208.115.111.242 - - [30/Oct/2008:05:11:07 -0700] "GET /forum2/index.php?s=2ff21513512a01e534bea834d088633b&showforum=8 HTTP/1.1" 200 7884 "-" "Mozilla/5.0 (compatible; DotBot/1.1; http://www.dotnetdotcom.org/, crawler@dotnetdotcom.org)" "www.sancarloscity.org"
66.249.73.51 - - [30/Oct/2008:05:11:10 -0700] "GET / HTTP/1.1" 200 44270 "-" "Mozilla/5.0 (compatible; Googlebot/2.1; +http://www.google.com/bot.html)" "www.sancarloscity.org"
208.115.111.242 - - [30/Oct/2008:05:11:11 -0700] "GET /forum2/index.php?s=2ff21513512a01e534bea834d088633b&showtopic=178&mode=linear HTTP/1.1" 200 7891 "-" "Mozilla/5.0 (compatible; DotBot/1.1; http://www.dotnetdotcom.org/, crawler@dotnetdotcom.org)" "www.sancarloscity.org"
64.41.133.39 - - [30/Oct/2008:05:11:13 -0700] "GET /listings/listing/results.php?category_id=724 HTTP/1.1" 200 24342 "http://sancarloscity.org/index1.htm" "Mozilla/4.0 (compatible; MSIE 6.0; Windows NT 5.1; .NET CLR 1.1.4322; .NET CLR 1.0.3705)" "www.sancarloscity.org"
208.115.111.242 - - [30/Oct/2008:05:11:16 -0700] "GET /forum2/index.php?s=2ff21513512a01e534bea834d088633b&showtopic=178&mode=linearplus HTTP/1.1" 200 7891 "-" "Mozilla/5.0 (compatible; DotBot/1.1; http://www.dotnetdotcom.org/, crawler@dotnetdotcom.org)" "www.sancarloscity.org"
208.115.111.242 - - [30/Oct/2008:05:11:22 -0700] "GET /forum2/index.php?s=2ff21513512a01e534bea834d088633b&showtopic=178&mode=threaded HTTP/1.1" 200 7891 "-" "Mozilla/5.0 (compatible; DotBot/1.1; http://www.dotnetdotcom.org/, crawler@dotnetdotcom.org)" "www.sancarloscity.org"
203.146.26.91 - - [30/Oct/2008:05:11:32 -0700] "GET /logs/access_080921.log//s_loadenv.inc.php?DOCUMENT_ROOT=http://610times.com/bbs/info/id.txt?? HTTP/1.1" 404 777 "-" "libwww-perl/5.79" "www.sancarloscity.org"
203.146.26.91 - - [30/Oct/2008:05:11:32 -0700] "GET /s_loadenv.inc.php?DOCUMENT_ROOT=http://610times.com/bbs/info/id.txt?? HTTP/1.1" 404 766 "-" "libwww-perl/5.79" "www.sancarloscity.org"
203.146.26.91 - - [30/Oct/2008:05:11:33 -0700] "GET /logs//s_loadenv.inc.php?DOCUMENT_ROOT=http://610times.com/bbs/info/id.txt?? HTTP/1.1" 404 772 "-" "libwww-perl/5.79" "www.sancarloscity.org"
64.41.133.39 - - [30/Oct/2008:05:11:43 -0700] "GET /attractions.htm HTTP/1.1" 200 20789 "http://sancarloscity.org/index1.htm" "Mozilla/4.0 (compatible; MSIE 6.0; Windows NT 5.1; .NET CLR 1.1.4322; .NET CLR 1.0.3705)" "sancarloscity.org"
64.41.133.39 - - [30/Oct/2008:05:11:50 -0700] "GET /hotelrates.htm HTTP/1.1" 200 26015 "http://sancarloscity.org/index1.htm" "Mozilla/4.0 (compatible; MSIE 6.0; Windows NT 5.1; .NET CLR 1.1.4322; .NET CLR 1.0.3705)" "sancarloscity.org"
200.63.42.93 - - [30/Oct/2008:05:12:00 -0700] "GET /jodera2/index.php HTTP/1.0" 200 61812 "-" "Mozilla/4.0 (compatible- MSIE 6.0- Windows NT 5.1- SV1- .NET CLR 1.1.4322" "www.sancarloscity.org"
200.63.42.93 - - [30/Oct/2008:05:12:11 -0700] "GET /jodera2/viewforum.php?f=1&sid=208184de062b580e7153c56be0b2e6c5 HTTP/1.0" 200 84796 "-" "Mozilla/4.0 (compatible- MSIE 6.0- Windows NT 5.1- SV1- .NET CLR 1.1.4322" "www.sancarloscity.org"
203.146.15.54 - - [30/Oct/2008:05:12:20 -0700] "GET /logs/access_080916.log//index.php?option=com_mambatstaff&Itemid=&mosConfig_absolute_path=http://sonoma-ave.org/xoops//modules/myalbum/v6id.txt??? HTTP/1.1" 404 769 "-" "libwww-perl/5.805" "www.sancarloscity.org"
203.146.15.54 - - [30/Oct/2008:05:12:20 -0700] "GET /index.php?option=com_mambatstaff&Itemid=&mosConfig_absolute_path=http://sonoma-ave.org/xoops//modules/myalbum/v6id.txt??? HTTP/1.1" 404 758 "-" "libwww-perl/5.805" "www.sancarloscity.org"
203.146.15.54 - - [30/Oct/2008:05:12:20 -0700] "GET /logs//index.php?option=com_mambatstaff&Itemid=&mosConfig_absolute_path=http://sonoma-ave.org/xoops//modules/myalbum/v6id.txt??? HTTP/1.1" 404 764 "-" "libwww-perl/5.805" "www.sancarloscity.org"
64.41.133.39 - - [30/Oct/2008:05:12:21 -0700] "GET /listings/listing/results.php?category_id=705 HTTP/1.1" 200 24477 "http://sancarloscity.org/index1.htm" "Mozilla/4.0 (compatible; MSIE 6.0; Windows NT 5.1; .NET CLR 1.1.4322; .NET CLR 1.0.3705)" "www.sancarloscity.org"
200.63.42.93 - - [30/Oct/2008:05:12:22 -0700] "GET /jodera2/login.php HTTP/1.0" 200 12333 "-" "Mozilla/4.0 (compatible- MSIE 6.0- Windows NT 5.1- SV1- .NET CLR 1.1.4322" "www.sancarloscity.org"
200.63.42.93 - - [30/Oct/2008:05:12:23 -0700] "POST /jodera2/login.php HTTP/1.0" 302 0 "http://www.sancarloscity.org/jodera2/login.php" "Mozilla/4.0 (compatible- MSIE 6.0- Windows NT 5.1- SV1- .NET CLR 1.1.4322" "www.sancarloscity.org"
200.63.42.93 - - [30/Oct/2008:05:12:36 -0700] "GET /jodera2/index.php?sid=208184de062b580e7153c56be0b2e6c5 HTTP/1.0" 200 55214 "-" "Mozilla/4.0 (compatible- MSIE 6.0- Windows NT 5.1- SV1- .NET CLR 1.1.4322" "www.sancarloscity.org"
64.41.133.39 - - [30/Oct/2008:05:12:36 -0700] "GET /listings/listing/results.php?category_id=721 HTTP/1.1" 200 24446 "http://sancarloscity.org/index1.htm" "Mozilla/4.0 (compatible; MSIE 6.0; Windows NT 5.1; .NET CLR 1.1.4322; .NET CLR 1.0.3705)" "www.sancarloscity.org"
200.63.42.93 - - [30/Oct/2008:05:12:38 -0700] "GET /jodera2/posting.php?mode=newtopic&f=1 HTTP/1.0" 200 41368 "-" "Mozilla/4.0 (compatible- MSIE 6.0- Windows NT 5.1- SV1- .NET CLR 1.1.4322" "www.sancarloscity.org"
64.41.133.39 - - [30/Oct/2008:05:12:46 -0700] "GET /index1.htm HTTP/1.1" 200 21792 "http://sancarloscity.org/index1.htm" "Mozilla/4.0 (compatible; MSIE 6.0; Windows NT 5.1; .NET CLR 1.1.4322; .NET CLR 1.0.3705)" "www.sancarloscity.org"
208.111.154.16 - - [30/Oct/2008:05:12:51 -0700] "GET /forum2/index.php?s=3b98aabdbf1dddcaf25c7a0b9d8b93a3&act=calendar&cal_id=1&code=birthdays&y=2007&m=12&d=29 HTTP/1.1" 200 7722 "-" "Mozilla/5.0 (compatible; Charlotte/1.1; http://www.searchme.com/support/)" "www.sancarloscity.org"
200.63.42.93 - - [30/Oct/2008:05:12:59 -0700] "POST /jodera2/posting.php HTTP/1.0" 200 11446 "http://www.sancarloscity.org/jodera2/posting.php?mode=newtopic&f=1" "Mozilla/4.0 (compatible- MSIE 6.0- Windows NT 5.1- SV1- .NET CLR 1.1.4322" "www.sancarloscity.org"
64.41.133.39 - - [30/Oct/2008:05:12:59 -0700] "GET /listings/listing/results.php?category_id=691 HTTP/1.1" 200 53084 "http://sancarloscity.org/index1.htm" "Mozilla/4.0 (compatible; MSIE 6.0; Windows NT 5.1; .NET CLR 1.1.4322; .NET CLR 1.0.3705)" "www.sancarloscity.org"
64.41.133.39 - - [30/Oct/2008:05:13:06 -0700] "GET /listings/listing/results.php?category_id=710 HTTP/1.1" 200 26824 "http://sancarloscity.org/index1.htm" "Mozilla/4.0 (compatible; MSIE 6.0; Windows NT 5.1; .NET CLR 1.1.4322; .NET CLR 1.0.3705)" "www.sancarloscity.org"
64.41.133.39 - - [30/Oct/2008:05:13:11 -0700] "GET /listings/listing/results.php?category_id=726 HTTP/1.1" 200 33304 "http://sancarloscity.org/index1.htm" "Mozilla/4.0 (compatible; MSIE 6.0; Windows NT 5.1; .NET CLR 1.1.4322; .NET CLR 1.0.3705)" "www.sancarloscity.org"
64.41.133.39 - - [30/Oct/2008:05:13:21 -0700] "GET /listings/listing/results.php?category_id=702 HTTP/1.1" 200 52510 "http://sancarloscity.org/index1.htm" "Mozilla/4.0 (compatible; MSIE 6.0; Windows NT 5.1; .NET CLR 1.1.4322; .NET CLR 1.0.3705)" "www.sancarloscity.org"
64.41.133.39 - - [30/Oct/2008:05:13:27 -0700] "GET /listings/listing/ HTTP/1.1" 200 30017 "http://sancarloscity.org/index1.htm" "Mozilla/4.0 (compatible; MSIE 6.0; Windows NT 5.1; .NET CLR 1.1.4322; .NET CLR 1.0.3705)" "www.sancarloscity.org"
82.99.30.65 - - [30/Oct/2008:05:13:28 -0700] "GET /jodera2/search.php?sid=f31b551f26a5d43b863226a114bce1d7 HTTP/1.0" 200 24425 "-" "Mozilla/4.0 (compatible; MSIE 6.0; Windows NT 5.1)" "www.sancarloscity.org"
64.41.133.39 - - [30/Oct/2008:05:13:43 -0700] "GET /listings/listing/results.php?category_id=728 HTTP/1.1" 200 26612 "http://sancarloscity.org/index1.htm" "Mozilla/4.0 (compatible; MSIE 6.0; Windows NT 5.1; .NET CLR 1.1.4322; .NET CLR 1.0.3705)" "www.sancarloscity.org"
203.146.26.91 - - [30/Oct/2008:05:13:46 -0700] "GET /s_loadenv.inc.php?DOCUMENT_ROOT=http://610times.com/bbs/info/id.txt?? HTTP/1.1" 404 766 "-" "libwww-perl/5.79" "www.sancarloscity.org"
64.41.133.39 - - [30/Oct/2008:05:14:04 -0700] "GET /index.htm HTTP/1.1" 200 44270 "http://sancarloscity.org/index1.htm" "Mozilla/4.0 (compatible; MSIE 6.0; Windows NT 5.1; .NET CLR 1.1.4322; .NET CLR 1.0.3705)" "sancarloscity.org"
64.41.133.39 - - [30/Oct/2008:05:14:18 -0700] "GET /advertise HTTP/1.1" 200 13778 "http://sancarloscity.org/index1.htm" "Mozilla/4.0 (compatible; MSIE 6.0; Windows NT 5.1; .NET CLR 1.1.4322; .NET CLR 1.0.3705)" "www.sancarloscity.org"
208.115.111.242 - - [30/Oct/2008:05:14:26 -0700] "GET /forum2/index.php?s=2ff21513512a01e534bea834d088633b&showtopic=178&view=new HTTP/1.1" 200 7891 "-" "Mozilla/5.0 (compatible; DotBot/1.1; http://www.dotnetdotcom.org/, crawler@dotnetdotcom.org)" "www.sancarloscity.org"
64.41.133.39 - - [30/Oct/2008:05:14:27 -0700] "GET /picgallery HTTP/1.1" 301 103 "http://sancarloscity.org/index1.htm" "Mozilla/4.0 (compatible; MSIE 6.0; Windows NT 5.1; .NET CLR 1.1.4322; .NET CLR 1.0.3705)" "www.sancarloscity.org"
89.149.196.212 - - [30/Oct/2008:05:14:27 -0700] "GET /jodera2/posting.php?mode=newtopic&f=1 HTTP/1.0" 302 0 "http://www.sancarloscity.org/jodera2/posting.php?mode=newtopic&f=1" "Mozilla/4.0 (compatible; MSIE 5.23; Macintosh; PPC) Escape 5.1.3" "www.sancarloscity.org"
89.149.196.212 - - [30/Oct/2008:05:14:28 -0700] "GET /jodera2/login.php?redirect=posting.php&mode=newtopic&f=1&sid=834cce041a681eb6d27565323eca3e89 HTTP/1.0" 200 12362 "http://www.sancarloscity.org/jodera2/login.php?redirect=posting.php&mode=newtopic&f=1&sid=834cce041a681eb6d27565323eca3e89" "Mozilla/4.0 (compatible; MSIE 5.23; Macintosh; PPC) Escape 5.1.3" "www.sancarloscity.org"
89.149.196.212 - - [30/Oct/2008:05:14:29 -0700] "POST /jodera2/login.php HTTP/1.0" 302 0 "http://www.sancarloscity.org/jodera2/login.php?redirect=posting.php&mode=newtopic&f=1&sid=834cce041a681eb6d27565323eca3e89" "Mozilla/4.0 (compatible; MSIE 5.23; Macintosh; PPC) Escape 5.1.3" "www.sancarloscity.org"
89.149.196.212 - - [30/Oct/2008:05:14:29 -0700] "GET /jodera2/posting.php?mode=newtopic&f=1&sid=834cce041a681eb6d27565323eca3e89 HTTP/1.0" 200 40970 "http://www.sancarloscity.org/jodera2/posting.php?mode=newtopic&f=1&sid=834cce041a681eb6d27565323eca3e89" "Mozilla/4.0 (compatible; MSIE 5.23; Macintosh; PPC) Escape 5.1.3" "www.sancarloscity.org"
208.115.111.242 - - [30/Oct/2008:05:14:30 -0700] "GET /forum2/index.php?s=2ff21513512a01e534bea834d088633b&showtopic=178&view=old HTTP/1.1" 200 7891 "-" "Mozilla/5.0 (compatible; DotBot/1.1; http://www.dotnetdotcom.org/, crawler@dotnetdotcom.org)" "www.sancarloscity.org"
208.115.111.242 - - [30/Oct/2008:05:14:35 -0700] "GET /forum2/index.php?s=2ff21513512a01e534bea834d088633b&showuser=4 HTTP/1.1" 200 7722 "-" "Mozilla/5.0 (compatible; DotBot/1.1; http://www.dotnetdotcom.org/, crawler@dotnetdotcom.org)" "www.sancarloscity.org"
89.149.196.212 - - [30/Oct/2008:05:14:38 -0700] "POST /jodera2/posting.php HTTP/1.0" 200 11444 "http://www.sancarloscity.org/jodera2/posting.php?mode=newtopic&f=1&sid=834cce041a681eb6d27565323eca3e89" "Mozilla/4.0 (compatible; MSIE 5.23; Macintosh; PPC) Escape 5.1.3" "www.sancarloscity.org"
208.111.154.16 - - [30/Oct/2008:05:14:39 -0700] "GET /picgallery/displayimage.php?album=13&pos=9 HTTP/1.1" 200 9426 "-" "Mozilla/5.0 (compatible; Charlotte/1.1; http://www.searchme.com/support/)" "www.sancarloscity.org"
89.149.196.212 - - [30/Oct/2008:05:14:39 -0700] "GET /jodera2/viewtopic.php?p=29879#29879 HTTP/1.0" 200 31316 "http://www.sancarloscity.org/viewtopic.php?p=29879#29879" "Mozilla/4.0 (compatible; MSIE 5.23; Macintosh; PPC) Escape 5.1.3" "www.sancarloscity.org"
208.115.111.242 - - [30/Oct/2008:05:14:40 -0700] "GET /forum2/index.php?s=30012f630618862cecd8a2607b9ecf20&automodule=blog&blogid=1 HTTP/1.1" 200 7722 "-" "Mozilla/5.0 (compatible; DotBot/1.1; http://www.dotnetdotcom.org/, crawler@dotnetdotcom.org)" "www.sancarloscity.org"
208.115.111.242 - - [30/Oct/2008:05:14:44 -0700] "GET /forum2/index.php?s=3059abe43c4181b35891846a010c0c02&showtopic=178 HTTP/1.1" 200 7891 "-" "Mozilla/5.0 (compatible; DotBot/1.1; http://www.dotnetdotcom.org/, crawler@dotnetdotcom.org)" "www.sancarloscity.org"
64.41.133.39 - - [30/Oct/2008:05:14:46 -0700] "GET /listings/listing/results.php?category_id=729 HTTP/1.1" 200 39897 "http://sancarloscity.org/index1.htm" "Mozilla/4.0 (compatible; MSIE 6.0; Windows NT 5.1; .NET CLR 1.1.4322; .NET CLR 1.0.3705)" "www.sancarloscity.org"
208.115.111.242 - - [30/Oct/2008:05:14:48 -0700] "GET /forum2/index.php?s=3087d84b62160f26716d6bf0598e249d&automodule=blog&blogid=3 HTTP/1.1" 200 7722 "-" "Mozilla/5.0 (compatible; DotBot/1.1; http://www.dotnetdotcom.org/, crawler@dotnetdotcom.org)" "www.sancarloscity.org"
208.115.111.242 - - [30/Oct/2008:05:14:53 -0700] "GET /forum2/index.php?s=30b68df14d180e220077154927457597&automodule=blog&blogid=1&showentry=0 HTTP/1.1" 200 7722 "-" "Mozilla/5.0 (compatible; DotBot/1.1; http://www.dotnetdotcom.org/, crawler@dotnetdotcom.org)" "www.sancarloscity.org"
66.249.73.51 - - [30/Oct/2008:05:14:54 -0700] "GET / HTTP/1.1" 200 44270 "-" "Mozilla/5.0 (compatible; Googlebot/2.1; +http://www.google.com/bot.html)" "www.sancarloscity.org"
64.41.133.39 - - [30/Oct/2008:05:14:54 -0700] "GET /listings/listing/results.php?category_id=716 HTTP/1.1" 200 24409 "http://www.sancarloscity.org/listings/listing/" "Mozilla/4.0 (compatible; MSIE 6.0; Windows NT 5.1; .NET CLR 1.1.4322; .NET CLR 1.0.3705)" "www.sancarloscity.org"
208.115.111.242 - - [30/Oct/2008:05:14:58 -0700] "GET /forum2/index.php?s=314ba4130a28607a214cffc3a39a14b1&automodule=blog&blogid=5 HTTP/1.1" 200 7722 "-" "Mozilla/5.0 (compatible; DotBot/1.1; http://www.dotnetdotcom.org/, crawler@dotnetdotcom.org)" "www.sancarloscity.org"
89.218.85.18 - - [30/Oct/2008:05:14:59 -0700] "GET /logs//index.php?option=com_mambatstaff&Itemid=&mosConfig_absolute_path=http://www.dumkerng.com/eshop/id.txt???? HTTP/1.1" 404 764 "-" "libwww-perl/5.805" "www.sancarloscity.org"
89.218.85.18 - - [30/Oct/2008:05:14:59 -0700] "GET /index.php?option=com_mambatstaff&Itemid=&mosConfig_absolute_path=http://www.dumkerng.com/eshop/id.txt???? HTTP/1.1" 404 758 "-" "libwww-perl/5.805" "www.sancarloscity.org"
89.218.85.18 - - [30/Oct/2008:05:14:59 -0700] "GET /logs/access_080916.log//index.php?option=com_mambatstaff&Itemid=&mosConfig_absolute_path=http://www.dumkerng.com/eshop/id.txt???? HTTP/1.1" 404 769 "-" "libwww-perl/5.805" "www.sancarloscity.org"
208.115.111.242 - - [30/Oct/2008:05:15:04 -0700] "GET /forum2/index.php?s=320fc7207954b248ab5fa0215e8c3c96& HTTP/1.1" 200 7722 "-" "Mozilla/5.0 (compatible; DotBot/1.1; http://www.dotnetdotcom.org/, crawler@dotnetdotcom.org)" "www.sancarloscity.org"
64.41.133.39 - - [30/Oct/2008:05:15:07 -0700] "GET /listings/listing/results.php?category_id=722 HTTP/1.1" 200 47383 "http://www.sancarloscity.org/listings/listing/" "Mozilla/4.0 (compatible; MSIE 6.0; Windows NT 5.1; .NET CLR 1.1.4322; .NET CLR 1.0.3705)" "www.sancarloscity.org"
208.115.111.242 - - [30/Oct/2008:05:15:15 -0700] "GET /forum2/index.php?s=320fc7207954b248ab5fa0215e8c3c96&act=Forward&f=9&t=147 HTTP/1.1" 200 7727 "-" "Mozilla/5.0 (compatible; DotBot/1.1; http://www.dotnetdotcom.org/, crawler@dotnetdotcom.org)" "www.sancarloscity.org"
200.63.42.95 - - [30/Oct/2008:05:15:22 -0700] "GET /jodera2/index.php HTTP/1.0" 200 61812 "-" "Mozilla/4.0 (compatible; MSIE 6.0; Windows NT 5.1) Netscape/8.0.4" "www.sancarloscity.org"
64.41.133.39 - - [30/Oct/2008:05:15:22 -0700] "GET /listings/listing/results.php?category_id=691 HTTP/1.1" 200 53084 "http://www.sancarloscity.org/listings/listing/" "Mozilla/4.0 (compatible; MSIE 6.0; Windows NT 5.1; .NET CLR 1.1.4322; .NET CLR 1.0.3705)" "www.sancarloscity.org"
200.63.42.95 - - [30/Oct/2008:05:15:32 -0700] "GET /jodera2/viewforum.php?f=1&sid=11b19ed94160aa319650e689f286533a HTTP/1.0" 200 84796 "-" "Mozilla/4.0 (compatible; MSIE 6.0; Windows NT 5.1) Netscape/8.0.4" "www.sancarloscity.org"
89.218.85.18 - - [30/Oct/2008:05:15:36 -0700] "GET /logs/access_080916.log//index.php?option=com_mambatstaff&Itemid=&mosConfig_absolute_path=http://www.dumkerng.com/eshop/id.txt???? HTTP/1.1" 404 769 "-" "libwww-perl/5.805" "www.sancarloscity.org"
89.218.85.18 - - [30/Oct/2008:05:15:37 -0700] "GET /logs//index.php?option=com_mambatstaff&Itemid=&mosConfig_absolute_path=http://www.dumkerng.com/eshop/id.txt???? HTTP/1.1" 404 764 "-" "libwww-perl/5.805" "www.sancarloscity.org"
89.218.85.18 - - [30/Oct/2008:05:15:37 -0700] "GET /index.php?option=com_mambatstaff&Itemid=&mosConfig_absolute_path=http://www.dumkerng.com/eshop/id.txt???? HTTP/1.1" 404 758 "-" "libwww-perl/5.805" "www.sancarloscity.org"
64.41.133.39 - - [30/Oct/2008:05:15:39 -0700] "GET /listings/listing/results.php?category_id=733 HTTP/1.1" 200 47168 "http://www.sancarloscity.org/listings/listing/" "Mozilla/4.0 (compatible; MSIE 6.0; Windows NT 5.1; .NET CLR 1.1.4322; .NET CLR 1.0.3705)" "www.sancarloscity.org"
200.63.42.95 - - [30/Oct/2008:05:15:40 -0700] "GET /jodera2/login.php HTTP/1.0" 200 12333 "-" "Mozilla/4.0 (compatible; MSIE 6.0; Windows NT 5.1) Netscape/8.0.4" "www.sancarloscity.org"
200.63.42.95 - - [30/Oct/2008:05:15:41 -0700] "POST /jodera2/login.php HTTP/1.0" 302 0 "http://www.sancarloscity.org/jodera2/login.php" "Mozilla/4.0 (compatible; MSIE 6.0; Windows NT 5.1) Netscape/8.0.4" "www.sancarloscity.org"
89.218.85.18 - - [30/Oct/2008:05:15:50 -0700] "GET /logs/access_080916.log//index.php?option=com_mambatstaff&Itemid=&mosConfig_absolute_path=http://www.dumkerng.com/eshop/id.txt???? HTTP/1.1" 404 769 "-" "libwww-perl/5.805" "www.sancarloscity.org"
89.218.85.18 - - [30/Oct/2008:05:15:52 -0700] "GET /index.php?option=com_mambatstaff&Itemid=&mosConfig_absolute_path=http://www.dumkerng.com/eshop/id.txt???? HTTP/1.1" 404 758 "-" "libwww-perl/5.805" "www.sancarloscity.org"
200.63.42.95 - - [30/Oct/2008:05:15:53 -0700] "GET /jodera2/index.php?sid=11b19ed94160aa319650e689f286533a HTTP/1.0" 200 55207 "-" "Mozilla/4.0 (compatible; MSIE 6.0; Windows NT 5.1) Netscape/8.0.4" "www.sancarloscity.org"
89.218.85.18 - - [30/Oct/2008:05:15:53 -0700] "GET /logs//index.php?option=com_mambatstaff&Itemid=&mosConfig_absolute_path=http://www.dumkerng.com/eshop/id.txt???? HTTP/1.1" 404 764 "-" "libwww-perl/5.805" "www.sancarloscity.org"
64.41.133.39 - - [30/Oct/2008:05:15:55 -0700] "GET /listings/listing/results.php?category_id=721 HTTP/1.1" 200 24446 "http://www.sancarloscity.org/listings/listing/" "Mozilla/4.0 (compatible; MSIE 6.0; Windows NT 5.1; .NET CLR 1.1.4322; .NET CLR 1.0.3705)" "www.sancarloscity.org"
