75.48.164.92 - - [30/Oct/2008:05:00:08 -0700] "GET /picgallery/displayimage.php?album=lastup&cat=20&pos=3 HTTP/1.1" 200 10070 "http://www.sancarloscity.org/picgallery/index.php?cat=20" "Mozilla/4.0 (compatible; MSIE 8.0; Windows NT 5.1; Trident/4.0; YPC 3.2.0; .NET CLR 1.1.4322; .NET CLR 2.0.50727; .NET CLR 3.0.04506.30; .NET CLR 3.0.04506.648)" "www.sancarloscity.org"
203.177.74.136 - - [30/Oct/2008:05:00:11 -0700] "GET /picgallery/displayimage.php?album=78&pos=5 HTTP/1.1" 200 10007 "http://www.sancarloscity.org/picgallery/thumbnails.php?album=78" "Mozilla/4.0 (compatible; MSIE 6.0; Windows NT 5.1; SV1; .NET CLR 2.0.50727)" "www.sancarloscity.org"
75.48.164.92 - - [30/Oct/2008:05:00:14 -0700] "GET /picgallery/displayimage.php?album=lastup&cat=20&pos=4 HTTP/1.1" 200 10070 "http://www.sancarloscity.org/picgallery/displayimage.php?album=lastup&cat=20&pos=3" "Mozilla/4.0 (compatible; MSIE 8.0; Windows NT 5.1; Trident/4.0; YPC 3.2.0; .NET CLR 1.1.4322; .NET CLR 2.0.50727; .NET CLR 3.0.04506.30; .NET CLR 3.0.04506.648)" "www.sancarloscity.org"
75.48.164.92 - - [30/Oct/2008:05:00:17 -0700] "GET /picgallery/displayimage.php?album=lastup&cat=20&pos=5 HTTP/1.1" 200 10069 "http://www.sancarloscity.org/picgallery/displayimage.php?album=lastup&cat=20&pos=4" "Mozilla/4.0 (compatible; MSIE 8.0; Windows NT 5.1; Trident/4.0; YPC 3.2.0; .NET CLR 1.1.4322; .NET CLR 2.0.50727; .NET CLR 3.0.04506.30; .NET CLR 3.0.04506.648)" "www.sancarloscity.org"
75.48.164.92 - - [30/Oct/2008:05:00:20 -0700] "GET /picgallery/displayimage.php?album=lastup&cat=20&pos=6 HTTP/1.1" 200 10071 "http://www.sancarloscity.org/picgallery/displayimage.php?album=lastup&cat=20&pos=5" "Mozilla/4.0 (compatible; MSIE 8.0; Windows NT 5.1; Trident/4.0; YPC 3.2.0; .NET CLR 1.1.4322; .NET CLR 2.0.50727; .NET CLR 3.0.04506.30; .NET CLR 3.0.04506.648)" "www.sancarloscity.org"
203.177.74.136 - - [30/Oct/2008:05:00:20 -0700] "GET /picgallery/displayimage.php?album=78&pos=8 HTTP/1.1" 200 10006 "http://www.sancarloscity.org/picgallery/thumbnails.php?album=78" "Mozilla/4.0 (compatible; MSIE 6.0; Windows NT 5.1; SV1; .NET CLR 2.0.50727)" "www.sancarloscity.org"
203.177.74.136 - - [30/Oct/2008:05:00:21 -0700] "GET /picgallery/albums/userpics/10001/normal_IMG_6690.jpg HTTP/1.1" 200 23133 "http://www.sancarloscity.org/picgallery/displayimage.php?album=78&pos=8" "Mozilla/4.0 (compatible; MSIE 6.0; Windows NT 5.1; SV1; .NET CLR 2.0.50727)" "sancarloscity.org"
69.94.120.195 - - [30/Oct/2008:05:00:23 -0700] "GET /logs/access_080921.log//s_loadenv.inc.php?DOCUMENT_ROOT=http://www.elitewheels.ru/images/inc?? HTTP/1.1" 404 777 "-" "libwww-perl/5.79" "www.sancarloscity.org"
69.94.120.195 - - [30/Oct/2008:05:00:24 -0700] "GET /s_loadenv.inc.php?DOCUMENT_ROOT=http://www.elitewheels.ru/images/inc?? HTTP/1.1" 404 766 "-" "libwww-perl/5.79" "www.sancarloscity.org"
69.94.120.195 - - [30/Oct/2008:05:00:24 -0700] "GET /logs//s_loadenv.inc.php?DOCUMENT_ROOT=http://www.elitewheels.ru/images/inc?? HTTP/1.1" 404 772 "-" "libwww-perl/5.79" "www.sancarloscity.org"
64.41.133.39 - - [30/Oct/2008:05:00:24 -0700] "GET / HTTP/1.1" 200 44270 "-" "Mozilla/4.0 (compatible; MSIE 6.0; Windows NT 5.1; .NET CLR 1.1.4322; .NET CLR 1.0.3705)" "www.sancarloscity.org"
64.41.133.39 - - [30/Oct/2008:05:00:27 -0700] "GET /newmaps/mappage.htm HTTP/1.1" 200 5346 "http://www.sancarloscity.org/" "Mozilla/4.0 (compatible; MSIE 6.0; Windows NT 5.1; .NET CLR 1.1.4322; .NET CLR 1.0.3705)" "www.sancarloscity.org"
203.177.74.136 - - [30/Oct/2008:05:00:28 -0700] "GET /picgallery/displayimage.php?album=78&pos=10 HTTP/1.1" 200 10010 "http://www.sancarloscity.org/picgallery/thumbnails.php?album=78" "Mozilla/4.0 (compatible; MSIE 6.0; Windows NT 5.1; SV1; .NET CLR 2.0.50727)" "www.sancarloscity.org"
64.113.39.18 - - [30/Oct/2008:05:00:28 -0700] "GET /logs/access_080921.log//s_loadenv.inc.php?DOCUMENT_ROOT=http://chat.laosmile.com/temp/templates/info/id.txt?? HTTP/1.1" 404 777 "-" "libwww-perl/5.819" "www.sancarloscity.org"
64.113.39.18 - - [30/Oct/2008:05:00:28 -0700] "GET /s_loadenv.inc.php?DOCUMENT_ROOT=http://chat.laosmile.com/temp/templates/info/id.txt?? HTTP/1.1" 404 766 "-" "libwww-perl/5.819" "www.sancarloscity.org"
64.113.39.18 - - [30/Oct/2008:05:00:28 -0700] "GET /logs//s_loadenv.inc.php?DOCUMENT_ROOT=http://chat.laosmile.com/temp/templates/info/id.txt?? HTTP/1.1" 404 772 "-" "libwww-perl/5.819" "www.sancarloscity.org"
203.177.74.136 - - [30/Oct/2008:05:00:29 -0700] "GET /picgallery/albums/userpics/10001/normal_IMG_6692.jpg HTTP/1.1" 200 15391 "http://www.sancarloscity.org/picgallery/displayimage.php?album=78&pos=10" "Mozilla/4.0 (compatible; MSIE 6.0; Windows NT 5.1; SV1; .NET CLR 2.0.50727)" "sancarloscity.org"
74.6.8.93 - - [30/Oct/2008:05:00:29 -0700] "GET /listings/listing/results.php?letter=o&category_id=756 HTTP/1.0" 200 25060 "-" "Mozilla/5.0 (compatible; Yahoo! Slurp; http://help.yahoo.com/help/us/ysearch/slurp)" "www.sancarloscity.org"
203.177.74.136 - - [30/Oct/2008:05:00:34 -0700] "GET /picgallery/thumbnails.php?album=78&page=2 HTTP/1.1" 200 18203 "http://www.sancarloscity.org/picgallery/thumbnails.php?album=78" "Mozilla/4.0 (compatible; MSIE 6.0; Windows NT 5.1; SV1; .NET CLR 2.0.50727)" "www.sancarloscity.org"
64.41.133.39 - - [30/Oct/2008:05:00:34 -0700] "GET /listings/listing/results.php?category_id=721 HTTP/1.1" 200 24446 "http://www.sancarloscity.org/" "Mozilla/4.0 (compatible; MSIE 6.0; Windows NT 5.1; .NET CLR 1.1.4322; .NET CLR 1.0.3705)" "www.sancarloscity.org"
64.113.39.18 - - [30/Oct/2008:05:00:34 -0700] "GET /logs/access_080921.log//s_loadenv.inc.php?DOCUMENT_ROOT=http://chat.laosmile.com/temp/templates/info/id.txt?? HTTP/1.1" 404 777 "-" "libwww-perl/5.819" "www.sancarloscity.org"
64.113.39.18 - - [30/Oct/2008:05:00:34 -0700] "GET /s_loadenv.inc.php?DOCUMENT_ROOT=http://chat.laosmile.com/temp/templates/info/id.txt?? HTTP/1.1" 404 766 "-" "libwww-perl/5.819" "www.sancarloscity.org"
64.113.39.18 - - [30/Oct/2008:05:00:35 -0700] "GET /logs//s_loadenv.inc.php?DOCUMENT_ROOT=http://chat.laosmile.com/temp/templates/info/id.txt?? HTTP/1.1" 404 772 "-" "libwww-perl/5.819" "www.sancarloscity.org"
203.177.74.136 - - [30/Oct/2008:05:00:36 -0700] "GET /picgallery/albums/userpics/10001/thumb_IMG_6699.jpg HTTP/1.1" 200 2405 "http://www.sancarloscity.org/picgallery/thumbnails.php?album=78&page=2" "Mozilla/4.0 (compatible; MSIE 6.0; Windows NT 5.1; SV1; .NET CLR 2.0.50727)" "sancarloscity.org"
203.177.74.136 - - [30/Oct/2008:05:00:40 -0700] "GET /picgallery/displayimage.php?album=78&pos=12 HTTP/1.1" 200 10011 "http://www.sancarloscity.org/picgallery/thumbnails.php?album=78&page=2" "Mozilla/4.0 (compatible; MSIE 6.0; Windows NT 5.1; SV1; .NET CLR 2.0.50727)" "www.sancarloscity.org"
64.41.133.39 - - [30/Oct/2008:05:00:40 -0700] "GET /listings/listing/results.php?category_id=713 HTTP/1.1" 200 24396 "http://www.sancarloscity.org/" "Mozilla/4.0 (compatible; MSIE 6.0; Windows NT 5.1; .NET CLR 1.1.4322; .NET CLR 1.0.3705)" "www.sancarloscity.org"
203.177.74.136 - - [30/Oct/2008:05:00:41 -0700] "GET /picgallery/albums/userpics/10001/normal_IMG_6694.jpg HTTP/1.1" 200 19441 "http://www.sancarloscity.org/picgallery/displayimage.php?album=78&pos=12" "Mozilla/4.0 (compatible; MSIE 6.0; Windows NT 5.1; SV1; .NET CLR 2.0.50727)" "sancarloscity.org"
64.41.133.39 - - [30/Oct/2008:05:00:48 -0700] "GET /qfalcon HTTP/1.1" 301 100 "http://www.sancarloscity.org/" "Mozilla/4.0 (compatible; MSIE 6.0; Windows NT 5.1; .NET CLR 1.1.4322; .NET CLR 1.0.3705)" "www.sancarloscity.org"
64.41.133.39 - - [30/Oct/2008:05:00:48 -0700] "GET /qfalcon/ HTTP/1.1" 200 14096 "http://www.sancarloscity.org/" "Mozilla/4.0 (compatible; MSIE 6.0; Windows NT 5.1; .NET CLR 1.1.4322; .NET CLR 1.0.3705)" "www.sancarloscity.org"
203.177.74.136 - - [30/Oct/2008:05:00:49 -0700] "GET /picgallery/displayimage.php?album=78&pos=18 HTTP/1.1" 200 10011 "http://www.sancarloscity.org/picgallery/thumbnails.php?album=78&page=2" "Mozilla/4.0 (compatible; MSIE 6.0; Windows NT 5.1; SV1; .NET CLR 2.0.50727)" "www.sancarloscity.org"
64.41.133.39 - - [30/Oct/2008:05:00:51 -0700] "GET /hotelrates.htm HTTP/1.1" 200 26015 "http://www.sancarloscity.org/" "Mozilla/4.0 (compatible; MSIE 6.0; Windows NT 5.1; .NET CLR 1.1.4322; .NET CLR 1.0.3705)" "www.sancarloscity.org"
64.41.133.39 - - [30/Oct/2008:05:00:56 -0700] "GET /listings/listing/results.php?category_id=716 HTTP/1.1" 200 24409 "http://www.sancarloscity.org/" "Mozilla/4.0 (compatible; MSIE 6.0; Windows NT 5.1; .NET CLR 1.1.4322; .NET CLR 1.0.3705)" "www.sancarloscity.org"
64.41.133.39 - - [30/Oct/2008:05:01:00 -0700] "GET /gettingtosancarlos.htm HTTP/1.1" 200 32255 "http://www.sancarloscity.org/" "Mozilla/4.0 (compatible; MSIE 6.0; Windows NT 5.1; .NET CLR 1.1.4322; .NET CLR 1.0.3705)" "www.sancarloscity.org"
203.177.74.136 - - [30/Oct/2008:05:01:03 -0700] "GET /picgallery/albums/userpics/10001/thumb_IMG_6729.jpg HTTP/1.1" 200 2546 "http://www.sancarloscity.org/picgallery/thumbnails.php?album=78&page=3" "Mozilla/4.0 (compatible; MSIE 6.0; Windows NT 5.1; SV1; .NET CLR 2.0.50727)" "sancarloscity.org"
64.41.133.39 - - [30/Oct/2008:05:01:05 -0700] "GET /listings/listing/results.php?category_id=715 HTTP/1.1" 200 28874 "http://www.sancarloscity.org/" "Mozilla/4.0 (compatible; MSIE 6.0; Windows NT 5.1; .NET CLR 1.1.4322; .NET CLR 1.0.3705)" "www.sancarloscity.org"
200.63.42.93 - - [30/Oct/2008:05:01:08 -0700] "GET /jodera2/index.php HTTP/1.0" 200 61603 "-" "Mozilla/4.0 (compatible; MSIE 6.0; Windows NT 5.1; en) Opera 9.0" "www.sancarloscity.org"
203.177.74.136 - - [30/Oct/2008:05:01:08 -0700] "GET /picgallery/albums/userpics/10001/thumb_IMG_6738.jpg HTTP/1.1" 200 2457 "http://www.sancarloscity.org/picgallery/thumbnails.php?album=78&page=3" "Mozilla/4.0 (compatible; MSIE 6.0; Windows NT 5.1; SV1; .NET CLR 2.0.50727)" "sancarloscity.org"
64.41.133.39 - - [30/Oct/2008:05:01:11 -0700] "GET /listings/listing/results.php?category_id=696 HTTP/1.1" 200 28997 "http://www.sancarloscity.org/" "Mozilla/4.0 (compatible; MSIE 6.0; Windows NT 5.1; .NET CLR 1.1.4322; .NET CLR 1.0.3705)" "www.sancarloscity.org"
200.63.42.93 - - [30/Oct/2008:05:01:17 -0700] "GET /jodera2/viewforum.php?f=1&sid=ad4e8bb9de365d3e694ca42f00515e30 HTTP/1.0" 200 84727 "-" "Mozilla/4.0 (compatible; MSIE 6.0; Windows NT 5.1; en) Opera 9.0" "www.sancarloscity.org"
203.177.74.136 - - [30/Oct/2008:05:01:17 -0700] "GET /picgallery/thumbnails.php?album=78&page=4 HTTP/1.1" 200 18203 "http://www.sancarloscity.org/picgallery/thumbnails.php?album=78&page=3" "Mozilla/4.0 (compatible; MSIE 6.0; Windows NT 5.1; SV1; .NET CLR 2.0.50727)" "www.sancarloscity.org"
64.41.133.39 - - [30/Oct/2008:05:01:17 -0700] "GET /listings/listing/detail.php?id=14830 HTTP/1.1" 200 33422 "http://www.sancarloscity.org/" "Mozilla/4.0 (compatible; MSIE 6.0; Windows NT 5.1; .NET CLR 1.1.4322; .NET CLR 1.0.3705)" "www.sancarloscity.org"
74.6.8.93 - - [30/Oct/2008:05:01:17 -0700] "GET /listings/listing/results.php?letter=n&category_id=755 HTTP/1.0" 200 25069 "-" "Mozilla/5.0 (compatible; Yahoo! Slurp; http://help.yahoo.com/help/us/ysearch/slurp)" "www.sancarloscity.org"
200.63.42.93 - - [30/Oct/2008:05:01:21 -0700] "GET /jodera2/login.php HTTP/1.0" 200 12333 "-" "Mozilla/4.0 (compatible; MSIE 6.0; Windows NT 5.1; en) Opera 9.0" "www.sancarloscity.org"
64.41.133.39 - - [30/Oct/2008:05:01:22 -0700] "GET /attractions.htm HTTP/1.1" 200 20789 "http://www.sancarloscity.org/" "Mozilla/4.0 (compatible; MSIE 6.0; Windows NT 5.1; .NET CLR 1.1.4322; .NET CLR 1.0.3705)" "www.sancarloscity.org"
200.63.42.93 - - [30/Oct/2008:05:01:22 -0700] "POST /jodera2/login.php HTTP/1.0" 302 0 "http://www.sancarloscity.org/jodera2/login.php" "Mozilla/4.0 (compatible; MSIE 6.0; Windows NT 5.1; en) Opera 9.0" "www.sancarloscity.org"
203.177.74.136 - - [30/Oct/2008:05:01:22 -0700] "GET /picgallery/albums/userpics/10001/thumb_IMG_6747.jpg HTTP/1.1" 200 2616 "http://www.sancarloscity.org/picgallery/thumbnails.php?album=78&page=4" "Mozilla/4.0 (compatible; MSIE 6.0; Windows NT 5.1; SV1; .NET CLR 2.0.50727)" "sancarloscity.org"
64.41.133.39 - - [30/Oct/2008:05:01:26 -0700] "GET /hotelrates.htm HTTP/1.1" 200 26015 "http://www.sancarloscity.org/" "Mozilla/4.0 (compatible; MSIE 6.0; Windows NT 5.1; .NET CLR 1.1.4322; .NET CLR 1.0.3705)" "www.sancarloscity.org"
203.177.74.136 - - [30/Oct/2008:05:01:31 -0700] "GET /picgallery/thumbnails.php?album=78&page=5 HTTP/1.1" 200 18211 "http://www.sancarloscity.org/picgallery/thumbnails.php?album=78&page=4" "Mozilla/4.0 (compatible; MSIE 6.0; Windows NT 5.1; SV1; .NET CLR 2.0.50727)" "www.sancarloscity.org"
200.63.42.93 - - [30/Oct/2008:05:01:31 -0700] "GET /jodera2/index.php?sid=ad4e8bb9de365d3e694ca42f00515e30 HTTP/1.0" 200 55080 "-" "Mozilla/4.0 (compatible; MSIE 6.0; Windows NT 5.1; en) Opera 9.0" "www.sancarloscity.org"
64.41.133.39 - - [30/Oct/2008:05:01:32 -0700] "GET /listings/advertise.php?listing HTTP/1.1" 200 23565 "http://www.sancarloscity.org/" "Mozilla/4.0 (compatible; MSIE 6.0; Windows NT 5.1; .NET CLR 1.1.4322; .NET CLR 1.0.3705)" "www.sancarloscity.org"
200.63.42.93 - - [30/Oct/2008:05:01:35 -0700] "GET /jodera2/posting.php?mode=newtopic&f=1 HTTP/1.0" 200 41368 "-" "Mozilla/4.0 (compatible; MSIE 6.0; Windows NT 5.1; en) Opera 9.0" "www.sancarloscity.org"
203.177.74.136 - - [30/Oct/2008:05:01:35 -0700] "GET /picgallery/albums/userpics/10001/thumb_IMG_6757.jpg HTTP/1.1" 200 2285 "http://www.sancarloscity.org/picgallery/thumbnails.php?album=78&page=5" "Mozilla/4.0 (compatible; MSIE 6.0; Windows NT 5.1; SV1; .NET CLR 2.0.50727)" "sancarloscity.org"
203.177.74.136 - - [30/Oct/2008:05:01:35 -0700] "GET /picgallery/albums/userpics/10001/thumb_IMG_6758.jpg HTTP/1.1" 200 2268 "http://www.sancarloscity.org/picgallery/thumbnails.php?album=78&page=5" "Mozilla/4.0 (compatible; MSIE 6.0; Windows NT 5.1; SV1; .NET CLR 2.0.50727)" "sancarloscity.org"
203.177.74.136 - - [30/Oct/2008:05:01:36 -0700] "GET /picgallery/albums/userpics/10001/thumb_IMG_6760.jpg HTTP/1.1" 200 2319 "http://www.sancarloscity.org/picgallery/thumbnails.php?album=78&page=5" "Mozilla/4.0 (compatible; MSIE 6.0; Windows NT 5.1; SV1; .NET CLR 2.0.50727)" "sancarloscity.org"
64.41.133.39 - - [30/Oct/2008:05:01:36 -0700] "GET /listings/listing/results.php?category_id=718 HTTP/1.1" 200 28945 "http://www.sancarloscity.org/" "Mozilla/4.0 (compatible; MSIE 6.0; Windows NT 5.1; .NET CLR 1.1.4322; .NET CLR 1.0.3705)" "www.sancarloscity.org"
212.111.198.44 - - [30/Oct/2008:05:01:37 -0700] "GET /jodera2/viewtopic.php?p=15013 HTTP/1.0" 200 82151 "http://www.google.ru/search?hl=ru&q=%EF%EE%F0%F1%EC%EE%F2%F0+%EA%E0%F0%F2%E8%ED%EE%EA+%EF%EE%F0%ED%EE&btnG=%D0%9F%D0%BE%D0%B8%D1%81%D0%BA+%D0%B2+Google&lr=" "Opera/9.24 (Windows NT 5.1; U; SV1; MEGAUPLOAD 1.0; ru)" "www.sancarloscity.org"
212.111.198.44 - - [30/Oct/2008:05:01:40 -0700] "GET /jodera2/templates/Cobalt/Cobalt.css HTTP/1.0" 200 15663 "http://www.sancarloscity.org/jodera2/viewtopic.php?p=15013" "Opera/9.24 (Windows NT 5.1; U; SV1; MEGAUPLOAD 1.0; ru)" "www.sancarloscity.org"
82.99.30.32 - - [30/Oct/2008:05:01:44 -0700] "GET /jodera2/index.php?sid=d1ef9063ec1be77e33408c1900aa1c34 HTTP/1.0" 200 61705 "-" "Mozilla/4.0 (compatible; MSIE 6.0; Windows NT 5.1)" "www.sancarloscity.org"
200.63.42.93 - - [30/Oct/2008:05:01:52 -0700] "POST /jodera2/posting.php HTTP/1.0" 200 11446 "http://www.sancarloscity.org/jodera2/posting.php?mode=newtopic&f=1" "Mozilla/4.0 (compatible; MSIE 6.0; Windows NT 5.1; en) Opera 9.0" "www.sancarloscity.org"
64.41.133.39 - - [30/Oct/2008:05:01:52 -0700] "GET /listings/listing/results.php?category_id=691 HTTP/1.1" 200 53084 "http://www.sancarloscity.org/" "Mozilla/4.0 (compatible; MSIE 6.0; Windows NT 5.1; .NET CLR 1.1.4322; .NET CLR 1.0.3705)" "www.sancarloscity.org"
66.249.73.51 - - [30/Oct/2008:05:01:53 -0700] "GET /listings/listing/results.php?letter=z&category_id=692 HTTP/1.1" 200 25073 "-" "Mozilla/5.0 (compatible; Googlebot/2.1; +http://www.google.com/bot.html)" "www.sancarloscity.org"
209.160.65.55 - - [30/Oct/2008:05:01:54 -0700] "GET /s_loadenv.inc.php?DOCUMENT_ROOT=http://610times.com/bbs/info/id.txt?? HTTP/1.1" 404 766 "-" "libwww-perl/5.810" "www.sancarloscity.org"
212.111.198.44 - - [30/Oct/2008:05:01:54 -0700] "GET /jodera2/viewtopic.php?p=15013 HTTP/1.0" 200 79558 "http://www.google.ru/search?hl=ru&q=%EF%EE%F0%F1%EC%EE%F2%F0+%EA%E0%F0%F2%E8%ED%EE%EA+%EF%EE%F0%ED%EE&btnG=%D0%9F%D0%BE%D0%B8%D1%81%D0%BA+%D0%B2+Google&lr=" "Opera/9.24 (Windows NT 5.1; U; SV1; MEGAUPLOAD 1.0; ru)" "www.sancarloscity.org"
212.111.198.44 - - [30/Oct/2008:05:01:56 -0700] "GET /jodera2/templates/Cobalt/Cobalt.css HTTP/1.0" 200 15663 "http://www.sancarloscity.org/jodera2/viewtopic.php?p=15013" "Opera/9.24 (Windows NT 5.1; U; SV1; MEGAUPLOAD 1.0; ru)" "www.sancarloscity.org"
209.160.65.55 - - [30/Oct/2008:05:01:56 -0700] "GET /s_loadenv.inc.php?DOCUMENT_ROOT=http://610times.com/bbs/info/id.txt?? HTTP/1.1" 404 766 "-" "libwww-perl/5.810" "www.sancarloscity.org"
64.41.133.39 - - [30/Oct/2008:05:02:08 -0700] "GET /listings/advertise.php?listing HTTP/1.1" 200 24013 "http://www.sancarloscity.org/" "Mozilla/4.0 (compatible; MSIE 6.0; Windows NT 5.1; .NET CLR 1.1.4322; .NET CLR 1.0.3705)" "www.sancarloscity.org"
64.41.133.39 - - [30/Oct/2008:05:02:13 -0700] "GET /listings/listing/results.php?category_id=709 HTTP/1.1" 200 26705 "http://www.sancarloscity.org/" "Mozilla/4.0 (compatible; MSIE 6.0; Windows NT 5.1; .NET CLR 1.1.4322; .NET CLR 1.0.3705)" "www.sancarloscity.org"
64.41.133.39 - - [30/Oct/2008:05:02:16 -0700] "GET /listings/listing/results.php?category_id=703 HTTP/1.1" 200 26593 "http://www.sancarloscity.org/" "Mozilla/4.0 (compatible; MSIE 6.0; Windows NT 5.1; .NET CLR 1.1.4322; .NET CLR 1.0.3705)" "www.sancarloscity.org"
64.41.133.39 - - [30/Oct/2008:05:02:23 -0700] "GET /listings/listing/results.php?category_id=699 HTTP/1.1" 200 31242 "http://www.sancarloscity.org/" "Mozilla/4.0 (compatible; MSIE 6.0; Windows NT 5.1; .NET CLR 1.1.4322; .NET CLR 1.0.3705)" "www.sancarloscity.org"
64.41.133.39 - - [30/Oct/2008:05:02:28 -0700] "GET /listings/listing/results.php?category_id=708 HTTP/1.1" 200 24431 "http://www.sancarloscity.org/" "Mozilla/4.0 (compatible; MSIE 6.0; Windows NT 5.1; .NET CLR 1.1.4322; .NET CLR 1.0.3705)" "www.sancarloscity.org"
64.41.133.39 - - [30/Oct/2008:05:02:36 -0700] "GET /gettingaround.htm HTTP/1.1" 200 20762 "http://www.sancarloscity.org/" "Mozilla/4.0 (compatible; MSIE 6.0; Windows NT 5.1; .NET CLR 1.1.4322; .NET CLR 1.0.3705)" "www.sancarloscity.org"
72.30.78.226 - - [30/Oct/2008:05:02:36 -0700] "GET /robots.txt HTTP/1.0" 200 44 "-" "Mozilla/5.0 (compatible; Yahoo! Slurp; http://help.yahoo.com/help/us/ysearch/slurp)" "sancarloscity.org"
75.126.148.210 - - [30/Oct/2008:05:03:01 -0700] "GET / HTTP/1.0" 200 44270 "-" "Mozilla/4.0 (compatible; MSIE 6.0; Windows NT 5.0)" "www.sancarloscity.org"
69.94.120.195 - - [30/Oct/2008:05:03:03 -0700] "GET /logs/access_080921.log//s_loadenv.inc.php?DOCUMENT_ROOT=http://www.elitewheels.ru/images/inc?? HTTP/1.1" 404 777 "-" "libwww-perl/5.79" "www.sancarloscity.org"
69.94.120.195 - - [30/Oct/2008:05:03:03 -0700] "GET /s_loadenv.inc.php?DOCUMENT_ROOT=http://www.elitewheels.ru/images/inc?? HTTP/1.1" 404 766 "-" "libwww-perl/5.79" "www.sancarloscity.org"
64.41.133.39 - - [30/Oct/2008:05:03:03 -0700] "GET /qfalcon HTTP/1.1" 301 100 "http://www.sancarloscity.org/" "Mozilla/4.0 (compatible; MSIE 6.0; Windows NT 5.1; .NET CLR 1.1.4322; .NET CLR 1.0.3705)" "www.sancarloscity.org"
64.41.133.39 - - [30/Oct/2008:05:03:03 -0700] "GET /qfalcon/ HTTP/1.1" 200 14096 "http://www.sancarloscity.org/" "Mozilla/4.0 (compatible; MSIE 6.0; Windows NT 5.1; .NET CLR 1.1.4322; .NET CLR 1.0.3705)" "www.sancarloscity.org"
69.94.120.195 - - [30/Oct/2008:05:03:03 -0700] "GET /logs//s_loadenv.inc.php?DOCUMENT_ROOT=http://www.elitewheels.ru/images/inc?? HTTP/1.1" 404 772 "-" "libwww-perl/5.79" "www.sancarloscity.org"
64.41.133.39 - - [30/Oct/2008:05:03:13 -0700] "GET /listings/listing/detail.php?id=14830 HTTP/1.1" 200 33422 "http://www.sancarloscity.org/" "Mozilla/4.0 (compatible; MSIE 6.0; Windows NT 5.1; .NET CLR 1.1.4322; .NET CLR 1.0.3705)" "www.sancarloscity.org"
212.63.65.43 - - [30/Oct/2008:05:03:13 -0700] "GET /logs/access_081017.log//include/bbs.lib.inc.php?site_path=http://not-network.com/idscan9?? HTTP/1.1" 404 783 "-" "libwww-perl/5.64" "www.sancarloscity.org"
212.111.198.44 - - [30/Oct/2008:05:03:13 -0700] "GET /favicon.ico HTTP/1.0" 404 723 "http://www.sancarloscity.org/jodera2/viewtopic.php?p=15013" "Opera/9.24 (Windows NT 5.1; U; SV1; MEGAUPLOAD 1.0; ru)" "sancarloscity.org"
212.63.65.43 - - [30/Oct/2008:05:03:14 -0700] "GET /include/bbs.lib.inc.php?site_path=http://not-network.com/idscan9?? HTTP/1.1" 404 759 "-" "libwww-perl/5.64" "www.sancarloscity.org"
212.63.65.43 - - [30/Oct/2008:05:03:14 -0700] "GET /logs//include/bbs.lib.inc.php?site_path=http://not-network.com/idscan9?? HTTP/1.1" 404 765 "-" "libwww-perl/5.64" "www.sancarloscity.org"
64.41.133.39 - - [30/Oct/2008:05:03:19 -0700] "GET /listings/listing/detail.php?id=14829 HTTP/1.1" 200 36940 "http://www.sancarloscity.org/" "Mozilla/4.0 (compatible; MSIE 6.0; Windows NT 5.1; .NET CLR 1.1.4322; .NET CLR 1.0.3705)" "www.sancarloscity.org"
89.149.196.210 - - [30/Oct/2008:05:03:20 -0700] "GET /jodera2/posting.php?mode=newtopic&f=1 HTTP/1.0" 302 0 "http://www.sancarloscity.org/jodera2/posting.php?mode=newtopic&f=1" "Mozilla/5.0 (Windows; U; Windows NT 5.1; en-US; rv:1.7.12) Gecko/20050915 Firefox/1.0.7" "www.sancarloscity.org"
89.149.196.210 - - [30/Oct/2008:05:03:20 -0700] "GET /jodera2/login.php?redirect=posting.php&mode=newtopic&f=1&sid=be0edd174b501d8ca03ad9259809ad74 HTTP/1.0" 200 12362 "http://www.sancarloscity.org/jodera2/login.php?redirect=posting.php&mode=newtopic&f=1&sid=be0edd174b501d8ca03ad9259809ad74" "Mozilla/5.0 (Windows; U; Windows NT 5.1; en-US; rv:1.7.12) Gecko/20050915 Firefox/1.0.7" "www.sancarloscity.org"
89.149.196.210 - - [30/Oct/2008:05:03:21 -0700] "POST /jodera2/login.php HTTP/1.0" 302 0 "http://www.sancarloscity.org/jodera2/login.php?redirect=posting.php&mode=newtopic&f=1&sid=be0edd174b501d8ca03ad9259809ad74" "Mozilla/5.0 (Windows; U; Windows NT 5.1; en-US; rv:1.7.12) Gecko/20050915 Firefox/1.0.7" "www.sancarloscity.org"
84.16.230.126 - - [30/Oct/2008:05:03:22 -0700] "GET /jodera2/posting.php?mode=newtopic&f=1 HTTP/1.0" 302 0 "http://www.sancarloscity.org/jodera2/posting.php?mode=newtopic&f=1" "Mozilla/5.0 (Windows; U; Windows NT 5.2; en-US; rv:1.7.5) Gecko/20041107 Firefox/1.0" "www.sancarloscity.org"
89.149.196.210 - - [30/Oct/2008:05:03:22 -0700] "GET /jodera2/posting.php?mode=newtopic&f=1&sid=be0edd174b501d8ca03ad9259809ad74 HTTP/1.0" 200 40970 "http://www.sancarloscity.org/jodera2/posting.php?mode=newtopic&f=1&sid=be0edd174b501d8ca03ad9259809ad74" "Mozilla/5.0 (Windows; U; Windows NT 5.1; en-US; rv:1.7.12) Gecko/20050915 Firefox/1.0.7" "www.sancarloscity.org"
84.16.230.126 - - [30/Oct/2008:05:03:22 -0700] "GET /jodera2/login.php?redirect=posting.php&mode=newtopic&f=1&sid=bdf7eed454757473201779cf2241bdde HTTP/1.0" 200 12362 "http://www.sancarloscity.org/jodera2/login.php?redirect=posting.php&mode=newtopic&f=1&sid=bdf7eed454757473201779cf2241bdde" "Mozilla/5.0 (Windows; U; Windows NT 5.2; en-US; rv:1.7.5) Gecko/20041107 Firefox/1.0" "www.sancarloscity.org"
64.41.133.39 - - [30/Oct/2008:05:03:22 -0700] "GET /listings/listing/results.php?category_id=717 HTTP/1.1" 200 24365 "http://www.sancarloscity.org/" "Mozilla/4.0 (compatible; MSIE 6.0; Windows NT 5.1; .NET CLR 1.1.4322; .NET CLR 1.0.3705)" "www.sancarloscity.org"
84.16.230.126 - - [30/Oct/2008:05:03:23 -0700] "POST /jodera2/login.php HTTP/1.0" 302 0 "http://www.sancarloscity.org/jodera2/login.php?redirect=posting.php&mode=newtopic&f=1&sid=bdf7eed454757473201779cf2241bdde" "Mozilla/5.0 (Windows; U; Windows NT 5.2; en-US; rv:1.7.5) Gecko/20041107 Firefox/1.0" "www.sancarloscity.org"
84.16.230.126 - - [30/Oct/2008:05:03:24 -0700] "GET /jodera2/posting.php?mode=newtopic&f=1&sid=bdf7eed454757473201779cf2241bdde HTTP/1.0" 200 40970 "http://www.sancarloscity.org/jodera2/posting.php?mode=newtopic&f=1&sid=bdf7eed454757473201779cf2241bdde" "Mozilla/5.0 (Windows; U; Windows NT 5.2; en-US; rv:1.7.5) Gecko/20041107 Firefox/1.0" "www.sancarloscity.org"
201.219.3.77 - - [30/Oct/2008:05:03:34 -0700] "GET /logs/access_081002.log//Neos_Chronos/header.php?base_folder=http://gosgo.com/bbs/idr.txt?? HTTP/1.0" 404 767 "-" "Mozilla/5.0 (Macintosh; U; PPC Mac OS X Mach-O; en-US; rv:1.7.12) Gecko/20050915 Firefox/1.0.7" "www.sancarloscity.org"
64.41.133.39 - - [30/Oct/2008:05:03:39 -0700] "GET /listings/listing/results.php?category_id=710 HTTP/1.1" 200 26824 "http://www.sancarloscity.org/" "Mozilla/4.0 (compatible; MSIE 6.0; Windows NT 5.1; .NET CLR 1.1.4322; .NET CLR 1.0.3705)" "www.sancarloscity.org"
89.149.196.210 - - [30/Oct/2008:05:03:41 -0700] "POST /jodera2/posting.php HTTP/1.0" 200 11444 "http://www.sancarloscity.org/jodera2/posting.php?mode=newtopic&f=1&sid=be0edd174b501d8ca03ad9259809ad74" "Mozilla/5.0 (Windows; U; Windows NT 5.1; en-US; rv:1.7.12) Gecko/20050915 Firefox/1.0.7" "www.sancarloscity.org"
84.16.230.126 - - [30/Oct/2008:05:03:41 -0700] "POST /jodera2/posting.php HTTP/1.0" 200 11444 "http://www.sancarloscity.org/jodera2/posting.php?mode=newtopic&f=1&sid=bdf7eed454757473201779cf2241bdde" "Mozilla/5.0 (Windows; U; Windows NT 5.2; en-US; rv:1.7.5) Gecko/20041107 Firefox/1.0" "www.sancarloscity.org"
64.41.133.39 - - [30/Oct/2008:05:03:42 -0700] "GET /aboutus.htm HTTP/1.1" 200 20766 "http://www.sancarloscity.org/" "Mozilla/4.0 (compatible; MSIE 6.0; Windows NT 5.1; .NET CLR 1.1.4322; .NET CLR 1.0.3705)" "www.sancarloscity.org"
89.149.196.210 - - [30/Oct/2008:05:03:42 -0700] "GET /jodera2/viewtopic.php?p=29869#29869 HTTP/1.0" 200 31263 "http://www.sancarloscity.org/viewtopic.php?p=29869#29869" "Mozilla/5.0 (Windows; U; Windows NT 5.1; en-US; rv:1.7.12) Gecko/20050915 Firefox/1.0.7" "www.sancarloscity.org"
84.16.230.126 - - [30/Oct/2008:05:03:42 -0700] "GET /jodera2/viewtopic.php?p=29870 HTTP/1.0" 200 31048 "http://www.sancarloscity.org/viewtopic.php?p=29870#29870" "Mozilla/5.0 (Windows; U; Windows NT 5.2; en-US; rv:1.7.5) Gecko/20041107 Firefox/1.0" "www.sancarloscity.org"
64.41.133.39 - - [30/Oct/2008:05:03:54 -0700] "GET /listings/listing/results.php?category_id=714 HTTP/1.1" 200 24415 "http://www.sancarloscity.org/" "Mozilla/4.0 (compatible; MSIE 6.0; Windows NT 5.1; .NET CLR 1.1.4322; .NET CLR 1.0.3705)" "www.sancarloscity.org"
64.41.133.39 - - [30/Oct/2008:05:04:00 -0700] "GET /eatndine.htm HTTP/1.1" 200 22609 "http://www.sancarloscity.org/" "Mozilla/4.0 (compatible; MSIE 6.0; Windows NT 5.1; .NET CLR 1.1.4322; .NET CLR 1.0.3705)" "www.sancarloscity.org"
89.149.241.165 - - [30/Oct/2008:05:04:04 -0700] "GET /jodera2/posting.php?mode=reply&t=24054 HTTP/1.0" 302 0 "http://www.sancarloscity.org/jodera2/posting.php?mode=reply&t=24054" "Mozilla/4.0 (compatible; MSIE 6.0; Update a; AOL 6.0; Windows 98)" "www.sancarloscity.org"
89.149.241.165 - - [30/Oct/2008:05:04:04 -0700] "GET /jodera2/login.php?redirect=posting.php&mode=reply&t=24054&sid=fad3196dfaade69fb9126b6e57821574 HTTP/1.0" 200 12363 "http://www.sancarloscity.org/jodera2/login.php?redirect=posting.php&mode=reply&t=24054&sid=fad3196dfaade69fb9126b6e57821574" "Mozilla/4.0 (compatible; MSIE 6.0; Update a; AOL 6.0; Windows 98)" "www.sancarloscity.org"
89.149.241.165 - - [30/Oct/2008:05:04:05 -0700] "POST /jodera2/login.php HTTP/1.0" 302 0 "http://www.sancarloscity.org/jodera2/login.php?redirect=posting.php&mode=reply&t=24054&sid=fad3196dfaade69fb9126b6e57821574" "Mozilla/4.0 (compatible; MSIE 6.0; Update a; AOL 6.0; Windows 98)" "www.sancarloscity.org"
89.149.241.165 - - [30/Oct/2008:05:04:05 -0700] "GET /jodera2/posting.php?mode=reply&t=24054&sid=fad3196dfaade69fb9126b6e57821574 HTTP/1.0" 200 50544 "http://www.sancarloscity.org/jodera2/posting.php?mode=reply&t=24054&sid=fad3196dfaade69fb9126b6e57821574" "Mozilla/4.0 (compatible; MSIE 6.0; Update a; AOL 6.0; Windows 98)" "www.sancarloscity.org"
62.172.108.23 - - [30/Oct/2008:05:04:06 -0700] "GET /aboutsancarlos/ HTTP/1.1" 200 83799 "http://images.google.co.uk/imgres?imgurl=http://www.sancarloscity.org/pictures/oldpic/a2.jpg&imgrefurl=http://www.sancarloscity.org/aboutsancarlos/&h=1422&w=1648&sz=135&hl=en&start=15&usg=__4laUKYOvLkKTakpbbpN98DfskLA=&tbnid=G0_khQ9Kz4Q-BM:&tbnh=129&tbnw=150&prev=/images%3Fq%3Dport%2Bsan%2Bvicente%26imgsz%3Dhuge%26gbv%3D2%26hl%3Den%26newwindow%3D1%26safe%3Doff%26sa%3DG" "Mozilla/4.0 (compatible; MSIE 6.0; Windows NT 5.0; .NET CLR 2.0.50727)" "www.sancarloscity.org"
62.172.108.23 - - [30/Oct/2008:05:04:06 -0700] "GET /style.css HTTP/1.1" 200 17050 "http://www.sancarloscity.org/aboutsancarlos/" "Mozilla/4.0 (compatible; MSIE 6.0; Windows NT 5.0; .NET CLR 2.0.50727)" "www.sancarloscity.org"
62.172.108.23 - - [30/Oct/2008:05:04:07 -0700] "GET /aboutsancarlos/bro3.jpg HTTP/1.1" 200 49795 "http://www.sancarloscity.org/aboutsancarlos/" "Mozilla/4.0 (compatible; MSIE 6.0; Windows NT 5.0; .NET CLR 2.0.50727)" "sancarloscity.org"
62.172.108.23 - - [30/Oct/2008:05:04:07 -0700] "GET /aboutsancarlos/logsc.gif HTTP/1.1" 200 4614 "http://www.sancarloscity.org/aboutsancarlos/" "Mozilla/4.0 (compatible; MSIE 6.0; Windows NT 5.0; .NET CLR 2.0.50727)" "sancarloscity.org"
62.172.108.23 - - [30/Oct/2008:05:04:07 -0700] "GET /pictures/oldpic/pic9.jpg HTTP/1.1" 200 56872 "http://www.sancarloscity.org/aboutsancarlos/" "Mozilla/4.0 (compatible; MSIE 6.0; Windows NT 5.0; .NET CLR 2.0.50727)" "sancarloscity.org"
62.172.108.23 - - [30/Oct/2008:05:04:07 -0700] "GET /pictures/oldpic/oldcityhall.jpg HTTP/1.1" 200 22790 "http://www.sancarloscity.org/aboutsancarlos/" "Mozilla/4.0 (compatible; MSIE 6.0; Windows NT 5.0; .NET CLR 2.0.50727)" "sancarloscity.org"
62.172.108.23 - - [30/Oct/2008:05:04:07 -0700] "GET /aboutsancarlos/sealscc.jpg HTTP/1.1" 200 338016 "http://www.sancarloscity.org/aboutsancarlos/" "Mozilla/4.0 (compatible; MSIE 6.0; Windows NT 5.0; .NET CLR 2.0.50727)" "sancarloscity.org"
62.172.108.23 - - [30/Oct/2008:05:04:07 -0700] "GET /images/church2.jpg HTTP/1.1" 200 24545 "http://www.sancarloscity.org/aboutsancarlos/" "Mozilla/4.0 (compatible; MSIE 6.0; Windows NT 5.0; .NET CLR 2.0.50727)" "sancarloscity.org"
62.172.108.23 - - [30/Oct/2008:05:04:07 -0700] "GET /pintaflores/pf.gif HTTP/1.1" 200 1954 "http://www.sancarloscity.org/aboutsancarlos/" "Mozilla/4.0 (compatible; MSIE 6.0; Windows NT 5.0; .NET CLR 2.0.50727)" "sancarloscity.org"
62.172.108.23 - - [30/Oct/2008:05:04:07 -0700] "GET /pintaflores/Pintaflores1.jpg HTTP/1.1" 200 24049 "http://www.sancarloscity.org/aboutsancarlos/" "Mozilla/4.0 (compatible; MSIE 6.0; Windows NT 5.0; .NET CLR 2.0.50727)" "sancarloscity.org"
62.172.108.23 - - [30/Oct/2008:05:04:07 -0700] "GET /aboutsancarlos/sign.gif HTTP/1.1" 200 46007 "http://www.sancarloscity.org/aboutsancarlos/" "Mozilla/4.0 (compatible; MSIE 6.0; Windows NT 5.0; .NET CLR 2.0.50727)" "sancarloscity.org"
72.30.78.226 - - [30/Oct/2008:05:04:15 -0700] "GET /qphotogallery/displayimage.php?album=random&cat=10&pos=-206 HTTP/1.0" 200 21173 "-" "Mozilla/5.0 (compatible; Yahoo! Slurp; http://help.yahoo.com/help/us/ysearch/slurp)" "sancarloscity.org"
64.41.133.39 - - [30/Oct/2008:05:04:15 -0700] "GET /listings/listing/results.php?category_id=701 HTTP/1.1" 200 26407 "http://www.sancarloscity.org/" "Mozilla/4.0 (compatible; MSIE 6.0; Windows NT 5.1; .NET CLR 1.1.4322; .NET CLR 1.0.3705)" "www.sancarloscity.org"
89.149.241.165 - - [30/Oct/2008:05:04:19 -0700] "POST /jodera2/posting.php HTTP/1.0" 200 11444 "http://www.sancarloscity.org/jodera2/posting.php?mode=reply&t=24054&sid=fad3196dfaade69fb9126b6e57821574" "Mozilla/4.0 (compatible; MSIE 6.0; Update a; AOL 6.0; Windows 98)" "www.sancarloscity.org"
89.149.241.165 - - [30/Oct/2008:05:04:20 -0700] "GET /jodera2/viewtopic.php?p=29871 HTTP/1.0" 200 80759 "http://www.sancarloscity.org/viewtopic.php?p=29871#29871" "Mozilla/4.0 (compatible; MSIE 6.0; Update a; AOL 6.0; Windows 98)" "www.sancarloscity.org"
64.41.133.39 - - [30/Oct/2008:05:04:22 -0700] "GET /listings/listing/results.php?category_id=727 HTTP/1.1" 200 33361 "http://www.sancarloscity.org/" "Mozilla/4.0 (compatible; MSIE 6.0; Windows NT 5.1; .NET CLR 1.1.4322; .NET CLR 1.0.3705)" "www.sancarloscity.org"
84.16.231.171 - - [30/Oct/2008:05:04:30 -0700] "GET /jodera2/posting.php?mode=newtopic&f=1 HTTP/1.0" 302 0 "http://www.sancarloscity.org/jodera2/posting.php?mode=newtopic&f=1" "Mozilla/4.0 (compatible; MSIE 6.0; America Online Browser 1.1; rev1.2; Windows NT 5.1; SV1; .NET CLR 1.1.4322)" "www.sancarloscity.org"
84.16.231.171 - - [30/Oct/2008:05:04:30 -0700] "GET /jodera2/login.php?redirect=posting.php&mode=newtopic&f=1&sid=29ae3311c4f8eeb02f181982903835ab HTTP/1.0" 200 12362 "http://www.sancarloscity.org/jodera2/login.php?redirect=posting.php&mode=newtopic&f=1&sid=29ae3311c4f8eeb02f181982903835ab" "Mozilla/4.0 (compatible; MSIE 6.0; America Online Browser 1.1; rev1.2; Windows NT 5.1; SV1; .NET CLR 1.1.4322)" "www.sancarloscity.org"
84.16.231.171 - - [30/Oct/2008:05:04:32 -0700] "POST /jodera2/login.php HTTP/1.0" 302 0 "http://www.sancarloscity.org/jodera2/login.php?redirect=posting.php&mode=newtopic&f=1&sid=29ae3311c4f8eeb02f181982903835ab" "Mozilla/4.0 (compatible; MSIE 6.0; America Online Browser 1.1; rev1.2; Windows NT 5.1; SV1; .NET CLR 1.1.4322)" "www.sancarloscity.org"
84.16.231.171 - - [30/Oct/2008:05:04:32 -0700] "GET /jodera2/posting.php?mode=newtopic&f=1&sid=29ae3311c4f8eeb02f181982903835ab HTTP/1.0" 200 40970 "http://www.sancarloscity.org/jodera2/posting.php?mode=newtopic&f=1&sid=29ae3311c4f8eeb02f181982903835ab" "Mozilla/4.0 (compatible; MSIE 6.0; America Online Browser 1.1; rev1.2; Windows NT 5.1; SV1; .NET CLR 1.1.4322)" "www.sancarloscity.org"
64.41.133.39 - - [30/Oct/2008:05:04:43 -0700] "GET /listings/listing/results.php?category_id=736 HTTP/1.1" 200 24382 "http://www.sancarloscity.org/" "Mozilla/4.0 (compatible; MSIE 6.0; Windows NT 5.1; .NET CLR 1.1.4322; .NET CLR 1.0.3705)" "www.sancarloscity.org"
84.16.231.171 - - [30/Oct/2008:05:04:44 -0700] "POST /jodera2/posting.php HTTP/1.0" 200 11444 "http://www.sancarloscity.org/jodera2/posting.php?mode=newtopic&f=1&sid=29ae3311c4f8eeb02f181982903835ab" "Mozilla/4.0 (compatible; MSIE 6.0; America Online Browser 1.1; rev1.2; Windows NT 5.1; SV1; .NET CLR 1.1.4322)" "www.sancarloscity.org"
84.16.231.171 - - [30/Oct/2008:05:04:46 -0700] "GET /jodera2/viewtopic.php?p=29872 HTTP/1.0" 200 31357 "http://www.sancarloscity.org/viewtopic.php?p=29872#29872" "Mozilla/4.0 (compatible; MSIE 6.0; America Online Browser 1.1; rev1.2; Windows NT 5.1; SV1; .NET CLR 1.1.4322)" "www.sancarloscity.org"
74.6.8.93 - - [30/Oct/2008:05:05:01 -0700] "GET /picgallery/thumbnails.php?album=toprated&cat=11&page=2 HTTP/1.0" 200 15246 "-" "Mozilla/5.0 (compatible; Yahoo! Slurp; http://help.yahoo.com/help/us/ysearch/slurp)" "www.sancarloscity.org"
64.41.133.39 - - [30/Oct/2008:05:05:23 -0700] "GET /listings/listing/results.php?category_id=732 HTTP/1.1" 200 31141 "http://www.sancarloscity.org/" "Mozilla/4.0 (compatible; MSIE 6.0; Windows NT 5.1; .NET CLR 1.1.4322; .NET CLR 1.0.3705)" "www.sancarloscity.org"
82.99.30.43 - - [30/Oct/2008:05:05:37 -0700] "GET /jodera2/search.php?sid=d1ef9063ec1be77e33408c1900aa1c34 HTTP/1.0" 200 24425 "-" "Mozilla/4.0 (compatible; MSIE 6.0; Windows NT 5.1)" "www.sancarloscity.org"
212.26.255.139 - - [30/Oct/2008:05:05:43 -0700] "GET /jodera2/viewtopic.php?p=24086 HTTP/1.1" 200 84241 "http://www.google.ru/search?hl=ru&newwindow=1&q=%D0%BF%D0%BE%D0%BB%D0%BD%D1%8B%D0%B5+%D1%80%D1%83%D1%81%D1%81%D0%BA%D0%B8%D0%B5+%D0%B6%D0%B5%D0%BD%D1%89%D0%B8%D0%BD%D1%8B+%D1%84%D0%BE%D1%82%D0%BE&btnG=%D0%9F%D0%BE%D0%B8%D1%81%D0%BA&lr=&aq=f&oq=" "Opera/9.61 (Windows NT 5.1; U; Edition Campaign 05; ru) Presto/2.1.1" "www.sancarloscity.org"
64.41.133.39 - - [30/Oct/2008:05:05:44 -0700] "GET /listings/listing/results.php?category_id=731 HTTP/1.1" 200 24376 "http://www.sancarloscity.org/" "Mozilla/4.0 (compatible; MSIE 6.0; Windows NT 5.1; .NET CLR 1.1.4322; .NET CLR 1.0.3705)" "www.sancarloscity.org"
200.63.42.95 - - [30/Oct/2008:05:05:45 -0700] "GET /jodera2/index.php HTTP/1.0" 200 61812 "-" "Mozilla/4.0 (compatible; MSIE 6.0; Windows NT 5.2; SV1; .NET CLR 1.1.4322; .NET CLR 2.0.50727)" "www.sancarloscity.org"
212.26.255.139 - - [30/Oct/2008:05:05:45 -0700] "GET /jodera2/templates/Cobalt/Cobalt.css HTTP/1.1" 200 15663 "http://www.sancarloscity.org/jodera2/viewtopic.php?p=24086" "Opera/9.61 (Windows NT 5.1; U; Edition Campaign 05; ru) Presto/2.1.1" "www.sancarloscity.org"
200.63.42.95 - - [30/Oct/2008:05:05:52 -0700] "GET /jodera2/viewforum.php?f=1&sid=43e40fdce07ecdb339059b20ea27d478 HTTP/1.0" 200 84767 "-" "Mozilla/4.0 (compatible; MSIE 6.0; Windows NT 5.2; SV1; .NET CLR 1.1.4322; .NET CLR 2.0.50727)" "www.sancarloscity.org"
64.41.133.39 - - [30/Oct/2008:05:05:52 -0700] "GET /listings/listing/results.php?category_id=704 HTTP/1.1" 200 24314 "http://www.sancarloscity.org/" "Mozilla/4.0 (compatible; MSIE 6.0; Windows NT 5.1; .NET CLR 1.1.4322; .NET CLR 1.0.3705)" "www.sancarloscity.org"
72.30.78.226 - - [30/Oct/2008:05:05:56 -0700] "GET /qphotogallery/displayimage.php?album=lastup&cat=6&pos=4 HTTP/1.0" 200 22241 "-" "Mozilla/5.0 (compatible; Yahoo! Slurp; http://help.yahoo.com/help/us/ysearch/slurp)" "sancarloscity.org"
200.63.42.95 - - [30/Oct/2008:05:05:57 -0700] "GET /jodera2/login.php HTTP/1.0" 200 12333 "-" "Mozilla/4.0 (compatible; MSIE 6.0; Windows NT 5.2; SV1; .NET CLR 1.1.4322; .NET CLR 2.0.50727)" "www.sancarloscity.org"
200.63.42.95 - - [30/Oct/2008:05:05:58 -0700] "POST /jodera2/login.php HTTP/1.0" 302 0 "http://www.sancarloscity.org/jodera2/login.php" "Mozilla/4.0 (compatible; MSIE 6.0; Windows NT 5.2; SV1; .NET CLR 1.1.4322; .NET CLR 2.0.50727)" "www.sancarloscity.org"
200.63.42.95 - - [30/Oct/2008:05:06:08 -0700] "GET /jodera2/index.php?sid=43e40fdce07ecdb339059b20ea27d478 HTTP/1.0" 200 55208 "-" "Mozilla/4.0 (compatible; MSIE 6.0; Windows NT 5.2; SV1; .NET CLR 1.1.4322; .NET CLR 2.0.50727)" "www.sancarloscity.org"
200.63.42.95 - - [30/Oct/2008:05:06:10 -0700] "GET /jodera2/posting.php?mode=newtopic&f=1 HTTP/1.0" 200 41364 "-" "Mozilla/4.0 (compatible; MSIE 6.0; Windows NT 5.2; SV1; .NET CLR 1.1.4322; .NET CLR 2.0.50727)" "www.sancarloscity.org"
64.41.133.39 - - [30/Oct/2008:05:06:14 -0700] "GET /index1.htm HTTP/1.1" 200 21792 "http://www.sancarloscity.org/" "Mozilla/4.0 (compatible; MSIE 6.0; Windows NT 5.1; .NET CLR 1.1.4322; .NET CLR 1.0.3705)" "sancarloscity.org"
64.41.133.39 - - [30/Oct/2008:05:06:27 -0700] "GET / HTTP/1.1" 200 44270 "http://www.sancarloscity.org/" "Mozilla/4.0 (compatible; MSIE 6.0; Windows NT 5.1; .NET CLR 1.1.4322; .NET CLR 1.0.3705)" "sancarloscity.org"
200.63.42.95 - - [30/Oct/2008:05:06:30 -0700] "POST /jodera2/posting.php HTTP/1.0" 200 11442 "http://www.sancarloscity.org/jodera2/posting.php?mode=newtopic&f=1" "Mozilla/4.0 (compatible; MSIE 6.0; Windows NT 5.2; SV1; .NET CLR 1.1.4322; .NET CLR 2.0.50727)" "www.sancarloscity.org"
64.41.133.39 - - [30/Oct/2008:05:06:45 -0700] "GET /sampo/ HTTP/1.1" 200 2268 "http://www.sancarloscity.org/" "Mozilla/4.0 (compatible; MSIE 6.0; Windows NT 5.1; .NET CLR 1.1.4322; .NET CLR 1.0.3705)" "sancarloscity.org"
64.41.133.39 - - [30/Oct/2008:05:07:07 -0700] "GET /listings/listing/results.php?category_id=741 HTTP/1.1" 200 26586 "http://www.sancarloscity.org/" "Mozilla/4.0 (compatible; MSIE 6.0; Windows NT 5.1; .NET CLR 1.1.4322; .NET CLR 1.0.3705)" "www.sancarloscity.org"
78.157.142.5 - - [30/Oct/2008:05:07:10 -0700] "GET /forum2/index.php?s=b3effcf170fd467382a1eecc5cd6ce50&act=post&do=reply_post&f=9&t=196 HTTP/1.0" 200 9232 "-" "Mozilla/4.0 (compatible; MSIE 6.0; Windows NT 5.1; .NET CLR 1.1.4322; FDM)" "www.sancarloscity.org"
78.157.142.5 - - [30/Oct/2008:05:07:12 -0700] "GET /forum2/index.php?s=b3effcf170fd467382a1eecc5cd6ce50&act=post&do=reply_post&f=9&t=196 HTTP/1.0" 200 9200 "-" "Mozilla/4.0 (compatible; MSIE 6.0; Windows NT 5.1; .NET CLR 1.1.4322; FDM)" "www.sancarloscity.org"
78.157.142.5 - - [30/Oct/2008:05:07:13 -0700] "GET /forum2/index.php?s=51e973390117484bbf95cf5a1bf6d114 HTTP/1.0" 200 9195 "-" "Mozilla/4.0 (compatible; MSIE 6.0; Windows NT 5.1; .NET CLR 1.1.4322; FDM)" "www.sancarloscity.org"
78.157.142.5 - - [30/Oct/2008:05:07:14 -0700] "GET /forum2/index.php?s=b3effcf170fd467382a1eecc5cd6ce50&act=post&do=reply_post&f=9&t=196 HTTP/1.0" 200 9200 "-" "Mozilla/4.0 (compatible; MSIE 6.0; Windows NT 5.1; .NET CLR 1.1.4322; FDM)" "www.sancarloscity.org"
78.157.142.5 - - [30/Oct/2008:05:07:15 -0700] "GET /forum2/index.php HTTP/1.0" 200 9195 "-" "Mozilla/4.0 (compatible; MSIE 6.0; Windows NT 5.1; .NET CLR 1.1.4322; FDM)" "www.sancarloscity.org"
78.157.142.5 - - [30/Oct/2008:05:07:16 -0700] "GET /forum2/index.php?s=b3effcf170fd467382a1eecc5cd6ce50&act=post&do=reply_post&f=9&t=196 HTTP/1.0" 200 9200 "-" "Mozilla/4.0 (compatible; MSIE 6.0; Windows NT 5.1; .NET CLR 1.1.4322; FDM)" "www.sancarloscity.org"
78.157.142.5 - - [30/Oct/2008:05:07:16 -0700] "GET /forum2/index.php HTTP/1.0" 200 9195 "-" "Mozilla/4.0 (compatible; MSIE 6.0; Windows NT 5.1; .NET CLR 1.1.4322; FDM)" "www.sancarloscity.org"
89.149.227.208 - - [30/Oct/2008:05:07:17 -0700] "GET /jodera2/posting.php?mode=newtopic&f=1 HTTP/1.0" 302 0 "http://www.sancarloscity.org/jodera2/posting.php?mode=newtopic&f=1" "Mozilla/4.0 (compatible; MSIE 4.01; Digital AlphaServer 1000A 4/233; Windows NT; Powered By 64-Bit Alpha Processor)" "www.sancarloscity.org"
89.149.227.208 - - [30/Oct/2008:05:07:18 -0700] "GET /jodera2/login.php?redirect=posting.php&mode=newtopic&f=1&sid=78a6e0c119e2bf3d28114a8b6f18272e HTTP/1.0" 200 12362 "http://www.sancarloscity.org/jodera2/login.php?redirect=posting.php&mode=newtopic&f=1&sid=78a6e0c119e2bf3d28114a8b6f18272e" "Mozilla/4.0 (compatible; MSIE 4.01; Digital AlphaServer 1000A 4/233; Windows NT; Powered By 64-Bit Alpha Processor)" "www.sancarloscity.org"
89.149.227.208 - - [30/Oct/2008:05:07:19 -0700] "POST /jodera2/login.php HTTP/1.0" 302 0 "http://www.sancarloscity.org/jodera2/login.php?redirect=posting.php&mode=newtopic&f=1&sid=78a6e0c119e2bf3d28114a8b6f18272e" "Mozilla/4.0 (compatible; MSIE 4.01; Digital AlphaServer 1000A 4/233; Windows NT; Powered By 64-Bit Alpha Processor)" "www.sancarloscity.org"
89.149.227.208 - - [30/Oct/2008:05:07:19 -0700] "GET /jodera2/posting.php?mode=newtopic&f=1&sid=78a6e0c119e2bf3d28114a8b6f18272e HTTP/1.0" 200 40970 "http://www.sancarloscity.org/jodera2/posting.php?mode=newtopic&f=1&sid=78a6e0c119e2bf3d28114a8b6f18272e" "Mozilla/4.0 (compatible; MSIE 4.01; Digital AlphaServer 1000A 4/233; Windows NT; Powered By 64-Bit Alpha Processor)" "www.sancarloscity.org"
64.41.133.39 - - [30/Oct/2008:05:07:20 -0700] "GET /donate.htm HTTP/1.1" 200 17074 "http://www.sancarloscity.org/" "Mozilla/4.0 (compatible; MSIE 6.0; Windows NT 5.1; .NET CLR 1.1.4322; .NET CLR 1.0.3705)" "www.sancarloscity.org"
89.149.227.208 - - [30/Oct/2008:05:07:27 -0700] "POST /jodera2/posting.php HTTP/1.0" 200 11444 "http://www.sancarloscity.org/jodera2/posting.php?mode=newtopic&f=1&sid=78a6e0c119e2bf3d28114a8b6f18272e" "Mozilla/4.0 (compatible; MSIE 4.01; Digital AlphaServer 1000A 4/233; Windows NT; Powered By 64-Bit Alpha Processor)" "www.sancarloscity.org"
64.41.133.39 - - [30/Oct/2008:05:07:27 -0700] "GET /listings/listing/results.php?category_id=695 HTTP/1.1" 200 24414 "http://www.sancarloscity.org/" "Mozilla/4.0 (compatible; MSIE 6.0; Windows NT 5.1; .NET CLR 1.1.4322; .NET CLR 1.0.3705)" "www.sancarloscity.org"
89.149.227.208 - - [30/Oct/2008:05:07:27 -0700] "GET /jodera2/viewtopic.php?p=29874#29874 HTTP/1.0" 200 31147 "http://www.sancarloscity.org/viewtopic.php?p=29874#29874" "Mozilla/4.0 (compatible; MSIE 4.01; Digital AlphaServer 1000A 4/233; Windows NT; Powered By 64-Bit Alpha Processor)" "www.sancarloscity.org"
84.16.230.111 - - [30/Oct/2008:05:07:40 -0700] "GET /jodera2/posting.php?mode=reply&t=24055 HTTP/1.0" 302 0 "http://www.sancarloscity.org/jodera2/posting.php?mode=reply&t=24055" "Mozilla/5.0 (Windows; U; Windows NT 5.0; en-GB; rv:1.7.6) Gecko/20050222 Firefox/1.0.1" "www.sancarloscity.org"
84.16.230.111 - - [30/Oct/2008:05:07:41 -0700] "GET /jodera2/login.php?redirect=posting.php&mode=reply&t=24055&sid=f2aca0562844277fec166d9bc702afb7 HTTP/1.0" 200 12363 "http://www.sancarloscity.org/jodera2/login.php?redirect=posting.php&mode=reply&t=24055&sid=f2aca0562844277fec166d9bc702afb7" "Mozilla/5.0 (Windows; U; Windows NT 5.0; en-GB; rv:1.7.6) Gecko/20050222 Firefox/1.0.1" "www.sancarloscity.org"
84.16.230.111 - - [30/Oct/2008:05:07:42 -0700] "POST /jodera2/login.php HTTP/1.0" 302 0 "http://www.sancarloscity.org/jodera2/login.php?redirect=posting.php&mode=reply&t=24055&sid=f2aca0562844277fec166d9bc702afb7" "Mozilla/5.0 (Windows; U; Windows NT 5.0; en-GB; rv:1.7.6) Gecko/20050222 Firefox/1.0.1" "www.sancarloscity.org"
84.16.230.111 - - [30/Oct/2008:05:07:42 -0700] "GET /jodera2/posting.php?mode=reply&t=24055&sid=f2aca0562844277fec166d9bc702afb7 HTTP/1.0" 200 50461 "http://www.sancarloscity.org/jodera2/posting.php?mode=reply&t=24055&sid=f2aca0562844277fec166d9bc702afb7" "Mozilla/5.0 (Windows; U; Windows NT 5.0; en-GB; rv:1.7.6) Gecko/20050222 Firefox/1.0.1" "www.sancarloscity.org"
84.16.230.111 - - [30/Oct/2008:05:07:55 -0700] "POST /jodera2/posting.php HTTP/1.0" 200 11444 "http://www.sancarloscity.org/jodera2/posting.php?mode=reply&t=24055&sid=f2aca0562844277fec166d9bc702afb7" "Mozilla/5.0 (Windows; U; Windows NT 5.0; en-GB; rv:1.7.6) Gecko/20050222 Firefox/1.0.1" "www.sancarloscity.org"
84.16.230.111 - - [30/Oct/2008:05:07:56 -0700] "GET /jodera2/viewtopic.php?p=29875 HTTP/1.0" 200 81007 "http://www.sancarloscity.org/viewtopic.php?p=29875#29875" "Mozilla/5.0 (Windows; U; Windows NT 5.0; en-GB; rv:1.7.6) Gecko/20050222 Firefox/1.0.1" "www.sancarloscity.org"
208.115.111.242 - - [30/Oct/2008:05:08:04 -0700] "GET /robots.txt HTTP/1.1" 200 44 "-" "Mozilla/5.0 (compatible; DotBot/1.1; http://www.dotnetdotcom.org/, crawler@dotnetdotcom.org)" "www.sancarloscity.org"
200.63.42.79 - - [30/Oct/2008:05:08:09 -0700] "GET /jodera2/index.php HTTP/1.0" 200 61810 "-" "Mozilla/4.0 (compatible; MSIE 6.0; Windows NT 5.1; .NET CLR 1.1.4322; Alexa Toolbar; (R1 1.5))" "www.sancarloscity.org"
64.41.133.39 - - [30/Oct/2008:05:08:11 -0700] "GET /listings/listing/results.php?category_id=723 HTTP/1.1" 200 24393 "http://sancarloscity.org/index1.htm" "Mozilla/4.0 (compatible; MSIE 6.0; Windows NT 5.1; .NET CLR 1.1.4322; .NET CLR 1.0.3705)" "www.sancarloscity.org"
200.63.42.79 - - [30/Oct/2008:05:08:19 -0700] "GET /jodera2/viewforum.php?f=1&sid=e34b268ef1f3f38a8fcc14d06d2566e9 HTTP/1.0" 200 84769 "-" "Mozilla/4.0 (compatible; MSIE 6.0; Windows NT 5.1; .NET CLR 1.1.4322; Alexa Toolbar; (R1 1.5))" "www.sancarloscity.org"
64.41.133.39 - - [30/Oct/2008:05:08:19 -0700] "GET /listings/listing/results.php?category_id=700 HTTP/1.1" 200 37308 "http://sancarloscity.org/index1.htm" "Mozilla/4.0 (compatible; MSIE 6.0; Windows NT 5.1; .NET CLR 1.1.4322; .NET CLR 1.0.3705)" "www.sancarloscity.org"
75.48.164.92 - - [30/Oct/2008:05:08:22 -0700] "GET /picgallery/displayimage.php?album=random&cat=0&pos=-445 HTTP/1.1" 200 10252 "http://www.sancarloscity.org/picgallery/" "Mozilla/4.0 (compatible; MSIE 8.0; Windows NT 5.1; Trident/4.0; YPC 3.2.0; .NET CLR 1.1.4322; .NET CLR 2.0.50727; .NET CLR 3.0.04506.30; .NET CLR 3.0.04506.648)" "www.sancarloscity.org"
75.48.164.92 - - [30/Oct/2008:05:08:22 -0700] "GET /picgallery/albums/userpics/10001/normal_DSC01178.JPG HTTP/1.1" 200 17226 "http://www.sancarloscity.org/picgallery/displayimage.php?album=random&cat=0&pos=-445" "Mozilla/4.0 (compatible; MSIE 8.0; Windows NT 5.1; Trident/4.0; YPC 3.2.0; .NET CLR 1.1.4322; .NET CLR 2.0.50727; .NET CLR 3.0.04506.30; .NET CLR 3.0.04506.648)" "sancarloscity.org"
64.41.133.39 - - [30/Oct/2008:05:08:27 -0700] "GET /listings/listing/results.php?category_id=720 HTTP/1.1" 200 26410 "http://sancarloscity.org/index1.htm" "Mozilla/4.0 (compatible; MSIE 6.0; Windows NT 5.1; .NET CLR 1.1.4322; .NET CLR 1.0.3705)" "www.sancarloscity.org"
208.111.154.15 - - [30/Oct/2008:05:08:28 -0700] "GET /forum2/index.php?s=dd41b74a1653028b1c6022f645c8d182&act=Stats&CODE=leaders HTTP/1.1" 200 7722 "-" "Mozilla/5.0 (compatible; Charlotte/1.1; http://www.searchme.com/support/)" "www.sancarloscity.org"
200.63.42.79 - - [30/Oct/2008:05:08:29 -0700] "GET /jodera2/login.php HTTP/1.0" 200 12333 "-" "Mozilla/4.0 (compatible; MSIE 6.0; Windows NT 5.1; .NET CLR 1.1.4322; Alexa Toolbar; (R1 1.5))" "www.sancarloscity.org"
66.249.73.51 - - [30/Oct/2008:05:08:29 -0700] "GET / HTTP/1.1" 200 44270 "-" "Mozilla/5.0 (compatible; Googlebot/2.1; +http://www.google.com/bot.html)" "www.sancarloscity.org"
75.48.164.92 - - [30/Oct/2008:05:08:30 -0700] "GET /picgallery/displayimage.php?pid=445&fullsize=1 HTTP/1.1" 200 1026 "-" "Mozilla/4.0 (compatible; MSIE 8.0; Windows NT 5.1; Trident/4.0; YPC 3.2.0; .NET CLR 1.1.4322; .NET CLR 2.0.50727; .NET CLR 3.0.04506.30; .NET CLR 3.0.04506.648)" "www.sancarloscity.org"
75.48.164.92 - - [30/Oct/2008:05:08:30 -0700] "GET /picgallery/themes/classic/style.css HTTP/1.1" 200 10890 "http://www.sancarloscity.org/picgallery/displayimage.php?pid=445&fullsize=1" "Mozilla/4.0 (compatible; MSIE 8.0; Windows NT 5.1; Trident/4.0; YPC 3.2.0; .NET CLR 1.1.4322; .NET CLR 2.0.50727; .NET CLR 3.0.04506.30; .NET CLR 3.0.04506.648)" "www.sancarloscity.org"
75.48.164.92 - - [30/Oct/2008:05:08:30 -0700] "GET /picgallery/scripts.js HTTP/1.1" 200 2715 "http://www.sancarloscity.org/picgallery/displayimage.php?pid=445&fullsize=1" "Mozilla/4.0 (compatible; MSIE 8.0; Windows NT 5.1; Trident/4.0; YPC 3.2.0; .NET CLR 1.1.4322; .NET CLR 2.0.50727; .NET CLR 3.0.04506.30; .NET CLR 3.0.04506.648)" "www.sancarloscity.org"
