84.16.230.126 - - [30/Oct/2008:05:47:59 -0700] "GET /jodera2/login.php?redirect=posting.php&mode=newtopic&f=1&sid=d8c5ec9f714370b8871d22769676c5cc HTTP/1.0" 200 12362 "http://www.sancarloscity.org/jodera2/login.php?redirect=posting.php&mode=newtopic&f=1&sid=d8c5ec9f714370b8871d22769676c5cc" "Mozilla/5.0 (Windows; U; Windows NT 5.1; en-US; rv:1.8) Gecko/20060319 Firefox/2.0a1" "www.sancarloscity.org"
72.29.68.220 - - [30/Oct/2008:05:47:59 -0700] "GET /logs/access_080415.log/index.php?cat=http://djvirgil.nl/modules/id.txt?? HTTP/1.1" 404 768 "-" "libwww-perl/5.810" "www.sancarloscity.org"
72.29.68.220 - - [30/Oct/2008:05:47:59 -0700] "GET /index.php?cat=http://djvirgil.nl/modules/id.txt?? HTTP/1.1" 404 758 "-" "libwww-perl/5.810" "www.sancarloscity.org"
72.29.68.220 - - [30/Oct/2008:05:47:59 -0700] "GET /logs/index.php?cat=http://djvirgil.nl/modules/id.txt?? HTTP/1.1" 404 763 "-" "libwww-perl/5.810" "www.sancarloscity.org"
84.16.230.126 - - [30/Oct/2008:05:48:00 -0700] "POST /jodera2/login.php HTTP/1.0" 302 0 "http://www.sancarloscity.org/jodera2/login.php?redirect=posting.php&mode=newtopic&f=1&sid=d8c5ec9f714370b8871d22769676c5cc" "Mozilla/5.0 (Windows; U; Windows NT 5.1; en-US; rv:1.8) Gecko/20060319 Firefox/2.0a1" "www.sancarloscity.org"
84.16.230.126 - - [30/Oct/2008:05:48:00 -0700] "GET /jodera2/posting.php?mode=newtopic&f=1&sid=d8c5ec9f714370b8871d22769676c5cc HTTP/1.0" 200 40970 "http://www.sancarloscity.org/jodera2/posting.php?mode=newtopic&f=1&sid=d8c5ec9f714370b8871d22769676c5cc" "Mozilla/5.0 (Windows; U; Windows NT 5.1; en-US; rv:1.8) Gecko/20060319 Firefox/2.0a1" "www.sancarloscity.org"
70.85.114.130 - - [30/Oct/2008:05:48:03 -0700] "GET /logs/access_080918.log///vwar/backup/errors.php?error=http://www.irtt.ir/poll/image/id.jpg??? HTTP/1.1" 404 783 "-" "libwww-perl/5.805" "www.sancarloscity.org"
72.29.68.220 - - [30/Oct/2008:05:48:06 -0700] "GET /logs/access_080126.log/index.php?cat=http://djvirgil.nl/modules/id.txt?? HTTP/1.1" 404 768 "-" "libwww-perl/5.810" "www.sancarloscity.org"
84.16.230.126 - - [30/Oct/2008:05:48:08 -0700] "POST /jodera2/posting.php HTTP/1.0" 200 11444 "http://www.sancarloscity.org/jodera2/posting.php?mode=newtopic&f=1&sid=d8c5ec9f714370b8871d22769676c5cc" "Mozilla/5.0 (Windows; U; Windows NT 5.1; en-US; rv:1.8) Gecko/20060319 Firefox/2.0a1" "www.sancarloscity.org"
84.16.230.126 - - [30/Oct/2008:05:48:09 -0700] "GET /jodera2/viewtopic.php?p=29897 HTTP/1.0" 200 31373 "http://www.sancarloscity.org/viewtopic.php?p=29897#29897" "Mozilla/5.0 (Windows; U; Windows NT 5.1; en-US; rv:1.8) Gecko/20060319 Firefox/2.0a1" "www.sancarloscity.org"
69.116.50.249 - - [30/Oct/2008:05:48:11 -0700] "GET /picgallery/displayimage.php?pid=703&fullsize=1 HTTP/1.1" 200 1025 "-" "Mozilla/4.0 (compatible; MSIE 7.0; Windows NT 6.0; SLCC1; .NET CLR 2.0.50727; Media Center PC 5.0; .NET CLR 3.0.04506; InfoPath.2)" "www.sancarloscity.org"
69.116.50.249 - - [30/Oct/2008:05:48:12 -0700] "GET /picgallery/themes/classic/style.css HTTP/1.1" 200 10890 "http://www.sancarloscity.org/picgallery/displayimage.php?pid=703&fullsize=1" "Mozilla/4.0 (compatible; MSIE 7.0; Windows NT 6.0; SLCC1; .NET CLR 2.0.50727; Media Center PC 5.0; .NET CLR 3.0.04506; InfoPath.2)" "www.sancarloscity.org"
69.116.50.249 - - [30/Oct/2008:05:48:13 -0700] "GET /picgallery/albums/userpics/10001/IMG_6680.jpg HTTP/1.1" 200 32464 "http://www.sancarloscity.org/picgallery/displayimage.php?pid=703&fullsize=1" "Mozilla/4.0 (compatible; MSIE 7.0; Windows NT 6.0; SLCC1; .NET CLR 2.0.50727; Media Center PC 5.0; .NET CLR 3.0.04506; InfoPath.2)" "sancarloscity.org"
69.116.50.249 - - [30/Oct/2008:05:48:17 -0700] "GET /picgallery/scripts.js HTTP/1.1" 200 2715 "http://www.sancarloscity.org/picgallery/displayimage.php?pid=703&fullsize=1" "Mozilla/4.0 (compatible; MSIE 7.0; Windows NT 6.0; SLCC1; .NET CLR 2.0.50727; Media Center PC 5.0; .NET CLR 3.0.04506; InfoPath.2)" "www.sancarloscity.org"
74.6.8.93 - - [30/Oct/2008:05:48:25 -0700] "GET /picgallery/ratepic.php?pic=523&rate=3 HTTP/1.0" 302 0 "-" "Mozilla/5.0 (compatible; Yahoo! Slurp; http://help.yahoo.com/help/us/ysearch/slurp)" "www.sancarloscity.org"
69.116.50.249 - - [30/Oct/2008:05:48:27 -0700] "GET /picgallery/displayimage.php?album=78&pos=1 HTTP/1.1" 200 10006 "http://www.sancarloscity.org/picgallery/displayimage.php?album=78&pos=0" "Mozilla/4.0 (compatible; MSIE 7.0; Windows NT 6.0; SLCC1; .NET CLR 2.0.50727; Media Center PC 5.0; .NET CLR 3.0.04506; InfoPath.2)" "www.sancarloscity.org"
84.16.231.171 - - [30/Oct/2008:05:48:35 -0700] "GET /jodera2/posting.php?mode=newtopic&f=1 HTTP/1.0" 302 0 "http://www.sancarloscity.org/jodera2/posting.php?mode=newtopic&f=1" "Mozilla/4.0 (compatible; MSIE 6.0; Windows NT 5.1; SV1; .NET CLR 1.1.4322; XMPP Tiscali Communicator v.10.0.2; .NET CLR 2.0.50727)" "www.sancarloscity.org"
84.16.231.171 - - [30/Oct/2008:05:48:36 -0700] "GET /jodera2/login.php?redirect=posting.php&mode=newtopic&f=1&sid=297062ab5dcb36767793e696e668fec4 HTTP/1.0" 200 12362 "http://www.sancarloscity.org/jodera2/login.php?redirect=posting.php&mode=newtopic&f=1&sid=297062ab5dcb36767793e696e668fec4" "Mozilla/4.0 (compatible; MSIE 6.0; Windows NT 5.1; SV1; .NET CLR 1.1.4322; XMPP Tiscali Communicator v.10.0.2; .NET CLR 2.0.50727)" "www.sancarloscity.org"
84.16.231.171 - - [30/Oct/2008:05:48:38 -0700] "POST /jodera2/login.php HTTP/1.0" 302 0 "http://www.sancarloscity.org/jodera2/login.php?redirect=posting.php&mode=newtopic&f=1&sid=297062ab5dcb36767793e696e668fec4" "Mozilla/4.0 (compatible; MSIE 6.0; Windows NT 5.1; SV1; .NET CLR 1.1.4322; XMPP Tiscali Communicator v.10.0.2; .NET CLR 2.0.50727)" "www.sancarloscity.org"
84.16.231.171 - - [30/Oct/2008:05:48:39 -0700] "GET /jodera2/posting.php?mode=newtopic&f=1&sid=297062ab5dcb36767793e696e668fec4 HTTP/1.0" 200 40970 "http://www.sancarloscity.org/jodera2/posting.php?mode=newtopic&f=1&sid=297062ab5dcb36767793e696e668fec4" "Mozilla/4.0 (compatible; MSIE 6.0; Windows NT 5.1; SV1; .NET CLR 1.1.4322; XMPP Tiscali Communicator v.10.0.2; .NET CLR 2.0.50727)" "www.sancarloscity.org"
220.181.61.213 - - [30/Oct/2008:05:48:45 -0700] "GET /jodera2/viewtopic.php?p=21523 HTTP/1.1" 200 82534 "-" "Sogou web spider/4.0(+http://www.sogou.com/docs/help/webmasters.htm#07)" "www.sancarloscity.org"
208.115.111.242 - - [30/Oct/2008:05:48:45 -0700] "GET /forum2/index.php?s=320fc7207954b248ab5fa0215e8c3c96&showuser=13 HTTP/1.1" 200 7722 "-" "Mozilla/5.0 (compatible; DotBot/1.1; http://www.dotnetdotcom.org/, crawler@dotnetdotcom.org)" "www.sancarloscity.org"
84.16.231.171 - - [30/Oct/2008:05:48:46 -0700] "POST /jodera2/posting.php HTTP/1.0" 200 11444 "http://www.sancarloscity.org/jodera2/posting.php?mode=newtopic&f=1&sid=297062ab5dcb36767793e696e668fec4" "Mozilla/4.0 (compatible; MSIE 6.0; Windows NT 5.1; SV1; .NET CLR 1.1.4322; XMPP Tiscali Communicator v.10.0.2; .NET CLR 2.0.50727)" "www.sancarloscity.org"
64.41.133.39 - - [30/Oct/2008:05:48:47 -0700] "GET /listings/event/results.php?letter=g&category_id=15 HTTP/1.1" 200 10506 "http://www.sancarloscity.org/listings/event/results.php?category_id=15" "Mozilla/4.0 (compatible; MSIE 6.0; Windows NT 5.1; .NET CLR 1.1.4322; .NET CLR 1.0.3705)" "www.sancarloscity.org"
74.6.8.93 - - [30/Oct/2008:05:48:48 -0700] "GET /picgallery/displayimage.php?pos=-523 HTTP/1.0" 200 10185 "-" "Mozilla/5.0 (compatible; Yahoo! Slurp; http://help.yahoo.com/help/us/ysearch/slurp)" "www.sancarloscity.org"
84.16.231.171 - - [30/Oct/2008:05:48:48 -0700] "GET /jodera2/viewtopic.php?p=29898 HTTP/1.0" 200 31584 "http://www.sancarloscity.org/viewtopic.php?p=29898#29898" "Mozilla/4.0 (compatible; MSIE 6.0; Windows NT 5.1; SV1; .NET CLR 1.1.4322; XMPP Tiscali Communicator v.10.0.2; .NET CLR 2.0.50727)" "www.sancarloscity.org"
69.116.50.249 - - [30/Oct/2008:05:48:51 -0700] "GET /picgallery/displayimage.php?album=78&pos=2 HTTP/1.1" 200 10006 "http://www.sancarloscity.org/picgallery/displayimage.php?album=78&pos=1" "Mozilla/4.0 (compatible; MSIE 7.0; Windows NT 6.0; SLCC1; .NET CLR 2.0.50727; Media Center PC 5.0; .NET CLR 3.0.04506; InfoPath.2)" "www.sancarloscity.org"
64.41.133.39 - - [30/Oct/2008:05:48:51 -0700] "GET /listings/event/results.php?letter=w&category_id=15 HTTP/1.1" 200 10506 "http://www.sancarloscity.org/listings/event/results.php?category_id=15" "Mozilla/4.0 (compatible; MSIE 6.0; Windows NT 5.1; .NET CLR 1.1.4322; .NET CLR 1.0.3705)" "www.sancarloscity.org"
69.116.50.249 - - [30/Oct/2008:05:48:52 -0700] "GET /picgallery/albums/userpics/10001/normal_IMG_6682.jpg HTTP/1.1" 200 15835 "http://www.sancarloscity.org/picgallery/displayimage.php?album=78&pos=2" "Mozilla/4.0 (compatible; MSIE 7.0; Windows NT 6.0; SLCC1; .NET CLR 2.0.50727; Media Center PC 5.0; .NET CLR 3.0.04506; InfoPath.2)" "sancarloscity.org"
208.115.111.242 - - [30/Oct/2008:05:48:52 -0700] "GET /forum2/index.php?s=320fc7207954b248ab5fa0215e8c3c96&showuser=14 HTTP/1.1" 200 7722 "-" "Mozilla/5.0 (compatible; DotBot/1.1; http://www.dotnetdotcom.org/, crawler@dotnetdotcom.org)" "www.sancarloscity.org"
64.41.133.39 - - [30/Oct/2008:05:48:56 -0700] "GET /listings/event/results.php?letter=s&category_id=15 HTTP/1.1" 200 17436 "http://www.sancarloscity.org/listings/event/results.php?category_id=15" "Mozilla/4.0 (compatible; MSIE 6.0; Windows NT 5.1; .NET CLR 1.1.4322; .NET CLR 1.0.3705)" "www.sancarloscity.org"
208.115.111.242 - - [30/Oct/2008:05:48:57 -0700] "GET /forum2/index.php?s=320fc7207954b248ab5fa0215e8c3c96&showuser=155 HTTP/1.1" 200 7722 "-" "Mozilla/5.0 (compatible; DotBot/1.1; http://www.dotnetdotcom.org/, crawler@dotnetdotcom.org)" "www.sancarloscity.org"
69.116.50.249 - - [30/Oct/2008:05:48:58 -0700] "GET /picgallery/displayimage.php?album=78&pos=3 HTTP/1.1" 200 10006 "http://www.sancarloscity.org/picgallery/displayimage.php?album=78&pos=2" "Mozilla/4.0 (compatible; MSIE 7.0; Windows NT 6.0; SLCC1; .NET CLR 2.0.50727; Media Center PC 5.0; .NET CLR 3.0.04506; InfoPath.2)" "www.sancarloscity.org"
64.41.133.39 - - [30/Oct/2008:05:48:59 -0700] "GET /listings/event/results.php?letter=j&category_id=15 HTTP/1.1" 200 10506 "http://www.sancarloscity.org/listings/event/results.php?category_id=15" "Mozilla/4.0 (compatible; MSIE 6.0; Windows NT 5.1; .NET CLR 1.1.4322; .NET CLR 1.0.3705)" "www.sancarloscity.org"
208.115.111.242 - - [30/Oct/2008:05:49:01 -0700] "GET /forum2/index.php?s=320fd6c636f0bf1ca5d6d8a3a9989300&act=calendar&cal_id=1&code=showweek&week=1217399862 HTTP/1.1" 200 7722 "-" "Mozilla/5.0 (compatible; DotBot/1.1; http://www.dotnetdotcom.org/, crawler@dotnetdotcom.org)" "www.sancarloscity.org"
69.116.50.249 - - [30/Oct/2008:05:49:04 -0700] "GET /picgallery/displayimage.php?album=78&pos=4 HTTP/1.1" 200 10007 "http://www.sancarloscity.org/picgallery/displayimage.php?album=78&pos=3" "Mozilla/4.0 (compatible; MSIE 7.0; Windows NT 6.0; SLCC1; .NET CLR 2.0.50727; Media Center PC 5.0; .NET CLR 3.0.04506; InfoPath.2)" "www.sancarloscity.org"
69.116.50.249 - - [30/Oct/2008:05:49:04 -0700] "GET /picgallery/albums/userpics/10001/normal_IMG_6684.jpg HTTP/1.1" 200 15770 "http://www.sancarloscity.org/picgallery/displayimage.php?album=78&pos=4" "Mozilla/4.0 (compatible; MSIE 7.0; Windows NT 6.0; SLCC1; .NET CLR 2.0.50727; Media Center PC 5.0; .NET CLR 3.0.04506; InfoPath.2)" "sancarloscity.org"
64.41.133.39 - - [30/Oct/2008:05:49:06 -0700] "GET /listings/event/results.php?letter=i&category_id=15 HTTP/1.1" 200 10506 "http://www.sancarloscity.org/listings/event/results.php?category_id=15" "Mozilla/4.0 (compatible; MSIE 6.0; Windows NT 5.1; .NET CLR 1.1.4322; .NET CLR 1.0.3705)" "www.sancarloscity.org"
208.115.111.242 - - [30/Oct/2008:05:49:06 -0700] "GET /forum2/index.php?s=3231d9d036734d2c55d631ff4dbe4017&automodule=blog&blogid=9 HTTP/1.1" 200 7722 "-" "Mozilla/5.0 (compatible; DotBot/1.1; http://www.dotnetdotcom.org/, crawler@dotnetdotcom.org)" "www.sancarloscity.org"
69.116.50.249 - - [30/Oct/2008:05:49:09 -0700] "GET /picgallery/displayimage.php?album=78&pos=5 HTTP/1.1" 200 10006 "http://www.sancarloscity.org/picgallery/displayimage.php?album=78&pos=4" "Mozilla/4.0 (compatible; MSIE 7.0; Windows NT 6.0; SLCC1; .NET CLR 2.0.50727; Media Center PC 5.0; .NET CLR 3.0.04506; InfoPath.2)" "www.sancarloscity.org"
208.115.111.242 - - [30/Oct/2008:05:49:11 -0700] "GET /forum2/index.php?s=325a5346d4b4ca7f8de28538c7972980&act=Search&nav=au&CODE=show&searchid=00220d4e596f018dc5d0bd60b7001192&search_in=posts&result_type=posts HTTP/1.1" 200 7722 "-" "Mozilla/5.0 (compatible; DotBot/1.1; http://www.dotnetdotcom.org/, crawler@dotnetdotcom.org)" "www.sancarloscity.org"
69.116.50.249 - - [30/Oct/2008:05:49:15 -0700] "GET /picgallery/displayimage.php?album=78&pos=6 HTTP/1.1" 200 10006 "http://www.sancarloscity.org/picgallery/displayimage.php?album=78&pos=5" "Mozilla/4.0 (compatible; MSIE 7.0; Windows NT 6.0; SLCC1; .NET CLR 2.0.50727; Media Center PC 5.0; .NET CLR 3.0.04506; InfoPath.2)" "www.sancarloscity.org"
64.41.133.39 - - [30/Oct/2008:05:49:15 -0700] "GET /listings/event/results.php?letter=d&category_id=15 HTTP/1.1" 200 10506 "http://www.sancarloscity.org/listings/event/results.php?category_id=15" "Mozilla/4.0 (compatible; MSIE 6.0; Windows NT 5.1; .NET CLR 1.1.4322; .NET CLR 1.0.3705)" "www.sancarloscity.org"
208.115.111.242 - - [30/Oct/2008:05:49:16 -0700] "GET /forum2/index.php?s=325d1e6226a07b36194e50daf2a91dbf&automodule=blog&blogid=7 HTTP/1.1" 200 7722 "-" "Mozilla/5.0 (compatible; DotBot/1.1; http://www.dotnetdotcom.org/, crawler@dotnetdotcom.org)" "www.sancarloscity.org"
64.41.133.39 - - [30/Oct/2008:05:49:19 -0700] "GET /listings/event/results.php?letter=a&category_id=15 HTTP/1.1" 200 10506 "http://www.sancarloscity.org/listings/event/results.php?category_id=15" "Mozilla/4.0 (compatible; MSIE 6.0; Windows NT 5.1; .NET CLR 1.1.4322; .NET CLR 1.0.3705)" "www.sancarloscity.org"
69.116.50.249 - - [30/Oct/2008:05:49:20 -0700] "GET /picgallery/displayimage.php?album=78&pos=7 HTTP/1.1" 200 10007 "http://www.sancarloscity.org/picgallery/displayimage.php?album=78&pos=6" "Mozilla/4.0 (compatible; MSIE 7.0; Windows NT 6.0; SLCC1; .NET CLR 2.0.50727; Media Center PC 5.0; .NET CLR 3.0.04506; InfoPath.2)" "www.sancarloscity.org"
208.115.111.242 - - [30/Oct/2008:05:49:20 -0700] "GET /forum2/index.php?s=32a74895477d6520a63d91fb48f4277c&automodule=blog&blogid=4 HTTP/1.1" 200 7722 "-" "Mozilla/5.0 (compatible; DotBot/1.1; http://www.dotnetdotcom.org/, crawler@dotnetdotcom.org)" "www.sancarloscity.org"
69.116.50.249 - - [30/Oct/2008:05:49:20 -0700] "GET /picgallery/albums/userpics/10001/normal_IMG_6689.jpg HTTP/1.1" 200 19235 "http://www.sancarloscity.org/picgallery/displayimage.php?album=78&pos=7" "Mozilla/4.0 (compatible; MSIE 7.0; Windows NT 6.0; SLCC1; .NET CLR 2.0.50727; Media Center PC 5.0; .NET CLR 3.0.04506; InfoPath.2)" "sancarloscity.org"
69.116.50.249 - - [30/Oct/2008:05:49:26 -0700] "GET /picgallery/displayimage.php?album=78&pos=8 HTTP/1.1" 200 10006 "http://www.sancarloscity.org/picgallery/displayimage.php?album=78&pos=7" "Mozilla/4.0 (compatible; MSIE 7.0; Windows NT 6.0; SLCC1; .NET CLR 2.0.50727; Media Center PC 5.0; .NET CLR 3.0.04506; InfoPath.2)" "www.sancarloscity.org"
208.115.111.242 - - [30/Oct/2008:05:49:26 -0700] "GET /forum2/index.php?s=330f34108cef9f1d253bc6c18547d38e&act=idx HTTP/1.1" 200 7722 "-" "Mozilla/5.0 (compatible; DotBot/1.1; http://www.dotnetdotcom.org/, crawler@dotnetdotcom.org)" "www.sancarloscity.org"
64.41.133.39 - - [30/Oct/2008:05:49:27 -0700] "GET /listings/event/results.php?letter=v&category_id=15 HTTP/1.1" 200 10506 "http://www.sancarloscity.org/listings/event/results.php?category_id=15" "Mozilla/4.0 (compatible; MSIE 6.0; Windows NT 5.1; .NET CLR 1.1.4322; .NET CLR 1.0.3705)" "www.sancarloscity.org"
69.116.50.249 - - [30/Oct/2008:05:49:31 -0700] "GET /picgallery/displayimage.php?album=78&pos=9 HTTP/1.1" 200 10009 "http://www.sancarloscity.org/picgallery/displayimage.php?album=78&pos=8" "Mozilla/4.0 (compatible; MSIE 7.0; Windows NT 6.0; SLCC1; .NET CLR 2.0.50727; Media Center PC 5.0; .NET CLR 3.0.04506; InfoPath.2)" "www.sancarloscity.org"
208.115.111.242 - - [30/Oct/2008:05:49:31 -0700] "GET /forum2/index.php?s=33dfc57126d7337a25294be966d6ee5c&showtopic=146&pid=831&st=0 HTTP/1.1" 200 7890 "-" "Mozilla/5.0 (compatible; DotBot/1.1; http://www.dotnetdotcom.org/, crawler@dotnetdotcom.org)" "www.sancarloscity.org"
64.41.133.39 - - [30/Oct/2008:05:49:32 -0700] "GET /listings/event/results.php?letter=m&category_id=15 HTTP/1.1" 200 10506 "http://www.sancarloscity.org/listings/event/results.php?category_id=15" "Mozilla/4.0 (compatible; MSIE 6.0; Windows NT 5.1; .NET CLR 1.1.4322; .NET CLR 1.0.3705)" "www.sancarloscity.org"
69.116.50.249 - - [30/Oct/2008:05:49:32 -0700] "GET /picgallery/albums/userpics/10001/normal_IMG_6691.jpg HTTP/1.1" 200 21223 "http://www.sancarloscity.org/picgallery/displayimage.php?album=78&pos=9" "Mozilla/4.0 (compatible; MSIE 7.0; Windows NT 6.0; SLCC1; .NET CLR 2.0.50727; Media Center PC 5.0; .NET CLR 3.0.04506; InfoPath.2)" "sancarloscity.org"
209.160.65.55 - - [30/Oct/2008:05:49:34 -0700] "GET /logs/access_080923.log%20//administrator/components/com_dbquery/classes/DBQ/admin/common.class.php?mosConfig_absolute_path=http://www.desividesimasti.net/forums/games/includes/images/id.txt???? HTTP/1.1" 404 832 "-" "libwww-perl/5.810" "www.sancarloscity.org"
69.116.50.249 - - [30/Oct/2008:05:49:35 -0700] "GET /picgallery/displayimage.php?album=78&pos=10 HTTP/1.1" 200 10009 "http://www.sancarloscity.org/picgallery/displayimage.php?album=78&pos=9" "Mozilla/4.0 (compatible; MSIE 7.0; Windows NT 6.0; SLCC1; .NET CLR 2.0.50727; Media Center PC 5.0; .NET CLR 3.0.04506; InfoPath.2)" "www.sancarloscity.org"
64.41.133.39 - - [30/Oct/2008:05:49:37 -0700] "GET /listings/event/results.php?letter=t&category_id=15 HTTP/1.1" 200 10506 "http://www.sancarloscity.org/listings/event/results.php?category_id=15" "Mozilla/4.0 (compatible; MSIE 6.0; Windows NT 5.1; .NET CLR 1.1.4322; .NET CLR 1.0.3705)" "www.sancarloscity.org"
69.116.50.249 - - [30/Oct/2008:05:49:39 -0700] "GET /picgallery/displayimage.php?album=78&pos=11 HTTP/1.1" 200 10010 "http://www.sancarloscity.org/picgallery/displayimage.php?album=78&pos=10" "Mozilla/4.0 (compatible; MSIE 7.0; Windows NT 6.0; SLCC1; .NET CLR 2.0.50727; Media Center PC 5.0; .NET CLR 3.0.04506; InfoPath.2)" "www.sancarloscity.org"
69.116.50.249 - - [30/Oct/2008:05:49:40 -0700] "GET /picgallery/albums/userpics/10001/normal_IMG_6693.jpg HTTP/1.1" 200 17098 "http://www.sancarloscity.org/picgallery/displayimage.php?album=78&pos=11" "Mozilla/4.0 (compatible; MSIE 7.0; Windows NT 6.0; SLCC1; .NET CLR 2.0.50727; Media Center PC 5.0; .NET CLR 3.0.04506; InfoPath.2)" "sancarloscity.org"
200.63.42.95 - - [30/Oct/2008:05:49:40 -0700] "GET /jodera2/index.php HTTP/1.0" 200 61812 "-" "Mozilla/4.0 (compatible; MSIE 6.0; Windows NT 5.1; MRA 4.3 (build 01218); .NET CLR 1.1.4322)" "www.sancarloscity.org"
64.41.133.39 - - [30/Oct/2008:05:49:41 -0700] "GET /listings/event/results.php?letter=p&category_id=15 HTTP/1.1" 200 10506 "http://www.sancarloscity.org/listings/event/results.php?category_id=15" "Mozilla/4.0 (compatible; MSIE 6.0; Windows NT 5.1; .NET CLR 1.1.4322; .NET CLR 1.0.3705)" "www.sancarloscity.org"
69.116.50.249 - - [30/Oct/2008:05:49:46 -0700] "GET /picgallery/displayimage.php?album=78&pos=12 HTTP/1.1" 200 10011 "http://www.sancarloscity.org/picgallery/displayimage.php?album=78&pos=11" "Mozilla/4.0 (compatible; MSIE 7.0; Windows NT 6.0; SLCC1; .NET CLR 2.0.50727; Media Center PC 5.0; .NET CLR 3.0.04506; InfoPath.2)" "www.sancarloscity.org"
89.149.241.165 - - [30/Oct/2008:05:49:49 -0700] "GET /jodera2/posting.php?mode=reply&t=24073 HTTP/1.0" 302 0 "http://www.sancarloscity.org/jodera2/posting.php?mode=reply&t=24073" "Mozilla/4.0 (compatible; MSIE 7.0b; Windows NT 6.0)" "www.sancarloscity.org"
200.63.42.95 - - [30/Oct/2008:05:49:49 -0700] "GET /jodera2/viewforum.php?f=1&sid=d0e28fffd8836d71925e876ad7aa36a0 HTTP/1.0" 200 84786 "-" "Mozilla/4.0 (compatible; MSIE 6.0; Windows NT 5.1; MRA 4.3 (build 01218); .NET CLR 1.1.4322)" "www.sancarloscity.org"
89.149.241.165 - - [30/Oct/2008:05:49:49 -0700] "GET /jodera2/login.php?redirect=posting.php&mode=reply&t=24073&sid=7bc98cfb1af5f85e8f16546cc1a22fd1 HTTP/1.0" 200 12363 "http://www.sancarloscity.org/jodera2/login.php?redirect=posting.php&mode=reply&t=24073&sid=7bc98cfb1af5f85e8f16546cc1a22fd1" "Mozilla/4.0 (compatible; MSIE 7.0b; Windows NT 6.0)" "www.sancarloscity.org"
64.41.133.39 - - [30/Oct/2008:05:49:49 -0700] "GET /listings/event/results.php?letter=y&category_id=15 HTTP/1.1" 200 10506 "http://www.sancarloscity.org/listings/event/results.php?category_id=15" "Mozilla/4.0 (compatible; MSIE 6.0; Windows NT 5.1; .NET CLR 1.1.4322; .NET CLR 1.0.3705)" "www.sancarloscity.org"
89.149.241.165 - - [30/Oct/2008:05:49:50 -0700] "POST /jodera2/login.php HTTP/1.0" 302 0 "http://www.sancarloscity.org/jodera2/login.php?redirect=posting.php&mode=reply&t=24073&sid=7bc98cfb1af5f85e8f16546cc1a22fd1" "Mozilla/4.0 (compatible; MSIE 7.0b; Windows NT 6.0)" "www.sancarloscity.org"
89.149.241.165 - - [30/Oct/2008:05:49:51 -0700] "GET /jodera2/posting.php?mode=reply&t=24073&sid=7bc98cfb1af5f85e8f16546cc1a22fd1 HTTP/1.0" 200 50562 "http://www.sancarloscity.org/jodera2/posting.php?mode=reply&t=24073&sid=7bc98cfb1af5f85e8f16546cc1a22fd1" "Mozilla/4.0 (compatible; MSIE 7.0b; Windows NT 6.0)" "www.sancarloscity.org"
200.63.42.95 - - [30/Oct/2008:05:49:57 -0700] "GET /jodera2/login.php HTTP/1.0" 200 12333 "-" "Mozilla/4.0 (compatible; MSIE 6.0; Windows NT 5.1; MRA 4.3 (build 01218); .NET CLR 1.1.4322)" "www.sancarloscity.org"
64.41.133.39 - - [30/Oct/2008:05:49:58 -0700] "GET /listings/event/results.php?letter=e&category_id=15 HTTP/1.1" 200 10506 "http://www.sancarloscity.org/listings/event/results.php?category_id=15" "Mozilla/4.0 (compatible; MSIE 6.0; Windows NT 5.1; .NET CLR 1.1.4322; .NET CLR 1.0.3705)" "www.sancarloscity.org"
200.63.42.95 - - [30/Oct/2008:05:49:58 -0700] "POST /jodera2/login.php HTTP/1.0" 302 0 "http://www.sancarloscity.org/jodera2/login.php" "Mozilla/4.0 (compatible; MSIE 6.0; Windows NT 5.1; MRA 4.3 (build 01218); .NET CLR 1.1.4322)" "www.sancarloscity.org"
200.63.42.95 - - [30/Oct/2008:05:50:22 -0700] "GET /jodera2/posting.php?mode=newtopic&f=1 HTTP/1.0" 200 41364 "-" "Mozilla/4.0 (compatible; MSIE 6.0; Windows NT 5.1; MRA 4.3 (build 01218); .NET CLR 1.1.4322)" "www.sancarloscity.org"
89.149.241.165 - - [30/Oct/2008:05:50:23 -0700] "POST /jodera2/posting.php HTTP/1.0" 200 11444 "http://www.sancarloscity.org/jodera2/posting.php?mode=reply&t=24073&sid=7bc98cfb1af5f85e8f16546cc1a22fd1" "Mozilla/4.0 (compatible; MSIE 7.0b; Windows NT 6.0)" "www.sancarloscity.org"
200.63.42.95 - - [30/Oct/2008:05:50:23 -0700] "GET /jodera2/index.php?sid=d0e28fffd8836d71925e876ad7aa36a0 HTTP/1.0" 200 55207 "-" "Mozilla/4.0 (compatible; MSIE 6.0; Windows NT 5.1; MRA 4.3 (build 01218); .NET CLR 1.1.4322)" "www.sancarloscity.org"
64.41.133.39 - - [30/Oct/2008:05:50:23 -0700] "GET /listings/event/results.php?letter=u&category_id=15 HTTP/1.1" 200 10506 "http://www.sancarloscity.org/listings/event/results.php?category_id=15" "Mozilla/4.0 (compatible; MSIE 6.0; Windows NT 5.1; .NET CLR 1.1.4322; .NET CLR 1.0.3705)" "www.sancarloscity.org"
64.41.133.39 - - [30/Oct/2008:05:50:23 -0700] "GET /listings/event/results.php?letter=l&category_id=15 HTTP/1.1" 200 10506 "http://www.sancarloscity.org/listings/event/results.php?category_id=15" "Mozilla/4.0 (compatible; MSIE 6.0; Windows NT 5.1; .NET CLR 1.1.4322; .NET CLR 1.0.3705)" "www.sancarloscity.org"
89.149.241.165 - - [30/Oct/2008:05:50:23 -0700] "GET /jodera2/viewtopic.php?p=29899 HTTP/1.0" 200 80917 "http://www.sancarloscity.org/viewtopic.php?p=29899#29899" "Mozilla/4.0 (compatible; MSIE 7.0b; Windows NT 6.0)" "www.sancarloscity.org"
64.41.133.39 - - [30/Oct/2008:05:50:29 -0700] "GET /listings/event/results.php?letter=n&category_id=15 HTTP/1.1" 200 10506 "http://www.sancarloscity.org/listings/event/results.php?category_id=15" "Mozilla/4.0 (compatible; MSIE 6.0; Windows NT 5.1; .NET CLR 1.1.4322; .NET CLR 1.0.3705)" "www.sancarloscity.org"
64.41.133.39 - - [30/Oct/2008:05:50:35 -0700] "GET /listings/event/results.php?letter=z&category_id=15 HTTP/1.1" 200 10506 "http://www.sancarloscity.org/listings/event/results.php?category_id=15" "Mozilla/4.0 (compatible; MSIE 6.0; Windows NT 5.1; .NET CLR 1.1.4322; .NET CLR 1.0.3705)" "www.sancarloscity.org"
200.63.42.95 - - [30/Oct/2008:05:50:42 -0700] "POST /jodera2/posting.php HTTP/1.0" 200 11442 "http://www.sancarloscity.org/jodera2/posting.php?mode=newtopic&f=1" "Mozilla/4.0 (compatible; MSIE 6.0; Windows NT 5.1; MRA 4.3 (build 01218); .NET CLR 1.1.4322)" "www.sancarloscity.org"
64.41.133.39 - - [30/Oct/2008:05:50:42 -0700] "GET /listings/event/results.php?letter=k&category_id=15 HTTP/1.1" 200 10506 "http://www.sancarloscity.org/listings/event/results.php?category_id=15" "Mozilla/4.0 (compatible; MSIE 6.0; Windows NT 5.1; .NET CLR 1.1.4322; .NET CLR 1.0.3705)" "www.sancarloscity.org"
64.41.133.39 - - [30/Oct/2008:05:50:49 -0700] "GET /listings/event/results.php?letter=r&category_id=15 HTTP/1.1" 200 10506 "http://www.sancarloscity.org/listings/event/results.php?category_id=15" "Mozilla/4.0 (compatible; MSIE 6.0; Windows NT 5.1; .NET CLR 1.1.4322; .NET CLR 1.0.3705)" "www.sancarloscity.org"
89.149.202.60 - - [30/Oct/2008:05:50:52 -0700] "GET /jodera2/posting.php?mode=newtopic&f=1 HTTP/1.0" 302 0 "http://www.sancarloscity.org/jodera2/posting.php?mode=newtopic&f=1" "Mozilla/5.0 (Windows; U; Windows NT 5.1; en-US; rv:1.2b) Gecko/20020923 Phoenix/0.1" "www.sancarloscity.org"
89.149.202.60 - - [30/Oct/2008:05:50:53 -0700] "GET /jodera2/login.php?redirect=posting.php&mode=newtopic&f=1&sid=e49bcb7c3c583e59b3f5b27133fb5fde HTTP/1.0" 200 12362 "http://www.sancarloscity.org/jodera2/login.php?redirect=posting.php&mode=newtopic&f=1&sid=e49bcb7c3c583e59b3f5b27133fb5fde" "Mozilla/5.0 (Windows; U; Windows NT 5.1; en-US; rv:1.2b) Gecko/20020923 Phoenix/0.1" "www.sancarloscity.org"
89.149.202.60 - - [30/Oct/2008:05:50:54 -0700] "POST /jodera2/login.php HTTP/1.0" 302 0 "http://www.sancarloscity.org/jodera2/login.php?redirect=posting.php&mode=newtopic&f=1&sid=e49bcb7c3c583e59b3f5b27133fb5fde" "Mozilla/5.0 (Windows; U; Windows NT 5.1; en-US; rv:1.2b) Gecko/20020923 Phoenix/0.1" "www.sancarloscity.org"
89.149.202.60 - - [30/Oct/2008:05:50:54 -0700] "GET /jodera2/posting.php?mode=newtopic&f=1&sid=e49bcb7c3c583e59b3f5b27133fb5fde HTTP/1.0" 200 40970 "http://www.sancarloscity.org/jodera2/posting.php?mode=newtopic&f=1&sid=e49bcb7c3c583e59b3f5b27133fb5fde" "Mozilla/5.0 (Windows; U; Windows NT 5.1; en-US; rv:1.2b) Gecko/20020923 Phoenix/0.1" "www.sancarloscity.org"
89.149.202.60 - - [30/Oct/2008:05:51:04 -0700] "POST /jodera2/posting.php HTTP/1.0" 200 11444 "http://www.sancarloscity.org/jodera2/posting.php?mode=newtopic&f=1&sid=e49bcb7c3c583e59b3f5b27133fb5fde" "Mozilla/5.0 (Windows; U; Windows NT 5.1; en-US; rv:1.2b) Gecko/20020923 Phoenix/0.1" "www.sancarloscity.org"
89.149.202.60 - - [30/Oct/2008:05:51:05 -0700] "GET /jodera2/viewtopic.php?p=29901 HTTP/1.0" 200 31379 "http://www.sancarloscity.org/viewtopic.php?p=29901#29901" "Mozilla/5.0 (Windows; U; Windows NT 5.1; en-US; rv:1.2b) Gecko/20020923 Phoenix/0.1" "www.sancarloscity.org"
64.41.133.39 - - [30/Oct/2008:05:51:16 -0700] "GET /listings/event/results.php?letter=h&category_id=15 HTTP/1.1" 200 10506 "http://www.sancarloscity.org/listings/event/results.php?category_id=15" "Mozilla/4.0 (compatible; MSIE 6.0; Windows NT 5.1; .NET CLR 1.1.4322; .NET CLR 1.0.3705)" "www.sancarloscity.org"
89.149.227.208 - - [30/Oct/2008:05:51:22 -0700] "GET /jodera2/posting.php?mode=newtopic&f=1 HTTP/1.0" 302 0 "http://www.sancarloscity.org/jodera2/posting.php?mode=newtopic&f=1" "Mozilla/4.0 (compatible; MSIE 6.0; Windows 98; Win 9x 4.90)" "www.sancarloscity.org"
89.149.227.208 - - [30/Oct/2008:05:51:22 -0700] "GET /jodera2/login.php?redirect=posting.php&mode=newtopic&f=1&sid=db389b411cb9e2c21066e23c41827172 HTTP/1.0" 200 12362 "http://www.sancarloscity.org/jodera2/login.php?redirect=posting.php&mode=newtopic&f=1&sid=db389b411cb9e2c21066e23c41827172" "Mozilla/4.0 (compatible; MSIE 6.0; Windows 98; Win 9x 4.90)" "www.sancarloscity.org"
89.149.227.208 - - [30/Oct/2008:05:51:23 -0700] "POST /jodera2/login.php HTTP/1.0" 302 0 "http://www.sancarloscity.org/jodera2/login.php?redirect=posting.php&mode=newtopic&f=1&sid=db389b411cb9e2c21066e23c41827172" "Mozilla/4.0 (compatible; MSIE 6.0; Windows 98; Win 9x 4.90)" "www.sancarloscity.org"
89.149.227.208 - - [30/Oct/2008:05:51:24 -0700] "GET /jodera2/posting.php?mode=newtopic&f=1&sid=db389b411cb9e2c21066e23c41827172 HTTP/1.0" 200 40970 "http://www.sancarloscity.org/jodera2/posting.php?mode=newtopic&f=1&sid=db389b411cb9e2c21066e23c41827172" "Mozilla/4.0 (compatible; MSIE 6.0; Windows 98; Win 9x 4.90)" "www.sancarloscity.org"
89.149.227.208 - - [30/Oct/2008:05:51:33 -0700] "POST /jodera2/posting.php HTTP/1.0" 200 11444 "http://www.sancarloscity.org/jodera2/posting.php?mode=newtopic&f=1&sid=db389b411cb9e2c21066e23c41827172" "Mozilla/4.0 (compatible; MSIE 6.0; Windows 98; Win 9x 4.90)" "www.sancarloscity.org"
121.100.48.134 - - [30/Oct/2008:05:51:34 -0700] "GET /listings/listing/review.php?listing_id=14817 HTTP/1.1" 200 21260 "http://search.yahoo.com/search?fr=ytff1-msgr&p=du%20ek%20sam%20inc&ei=UTF-8&type=" "Mozilla/5.0 (Windows; U; Windows NT 5.1; en-US; rv:1.9.0.3) Gecko/2008092417 Firefox/3.0.3" "www.sancarloscity.org"
89.149.227.208 - - [30/Oct/2008:05:51:34 -0700] "GET /jodera2/viewtopic.php?p=29902#29902 HTTP/1.0" 200 31348 "http://www.sancarloscity.org/viewtopic.php?p=29902#29902" "Mozilla/4.0 (compatible; MSIE 6.0; Windows 98; Win 9x 4.90)" "www.sancarloscity.org"
121.100.48.134 - - [30/Oct/2008:05:51:36 -0700] "GET /listings/layout/listing_result.css HTTP/1.1" 200 12330 "http://www.sancarloscity.org/listings/listing/review.php?listing_id=14817" "Mozilla/5.0 (Windows; U; Windows NT 5.1; en-US; rv:1.9.0.3) Gecko/2008092417 Firefox/3.0.3" "www.sancarloscity.org"
121.100.48.134 - - [30/Oct/2008:05:51:36 -0700] "GET /listings/layout/general_structure.css HTTP/1.1" 200 28444 "http://www.sancarloscity.org/listings/listing/review.php?listing_id=14817" "Mozilla/5.0 (Windows; U; Windows NT 5.1; en-US; rv:1.9.0.3) Gecko/2008092417 Firefox/3.0.3" "www.sancarloscity.org"
121.100.48.134 - - [30/Oct/2008:05:51:36 -0700] "GET /listings/layout/listing_color.css HTTP/1.1" 200 4496 "http://www.sancarloscity.org/listings/listing/review.php?listing_id=14817" "Mozilla/5.0 (Windows; U; Windows NT 5.1; en-US; rv:1.9.0.3) Gecko/2008092417 Firefox/3.0.3" "www.sancarloscity.org"
121.100.48.134 - - [30/Oct/2008:05:51:36 -0700] "GET /listings/scripts/common.js HTTP/1.1" 200 5162 "http://www.sancarloscity.org/listings/listing/review.php?listing_id=14817" "Mozilla/5.0 (Windows; U; Windows NT 5.1; en-US; rv:1.9.0.3) Gecko/2008092417 Firefox/3.0.3" "www.sancarloscity.org"
121.100.48.134 - - [30/Oct/2008:05:51:36 -0700] "GET /listings/layout/color/white_blue.css HTTP/1.1" 200 24170 "http://www.sancarloscity.org/listings/listing/review.php?listing_id=14817" "Mozilla/5.0 (Windows; U; Windows NT 5.1; en-US; rv:1.9.0.3) Gecko/2008092417 Firefox/3.0.3" "www.sancarloscity.org"
121.100.48.134 - - [30/Oct/2008:05:51:36 -0700] "GET /listings/layout/general_noimage.css HTTP/1.1" 200 89 "http://www.sancarloscity.org/listings/listing/review.php?listing_id=14817" "Mozilla/5.0 (Windows; U; Windows NT 5.1; en-US; rv:1.9.0.3) Gecko/2008092417 Firefox/3.0.3" "www.sancarloscity.org"
121.100.48.134 - - [30/Oct/2008:05:51:38 -0700] "GET /listings/scripts/location.js HTTP/1.1" 200 4102 "http://www.sancarloscity.org/listings/listing/review.php?listing_id=14817" "Mozilla/5.0 (Windows; U; Windows NT 5.1; en-US; rv:1.9.0.3) Gecko/2008092417 Firefox/3.0.3" "www.sancarloscity.org"
121.100.48.134 - - [30/Oct/2008:05:51:40 -0700] "GET /listings/scripts/menusearch.js HTTP/1.1" 200 614 "http://www.sancarloscity.org/listings/listing/review.php?listing_id=14817" "Mozilla/5.0 (Windows; U; Windows NT 5.1; en-US; rv:1.9.0.3) Gecko/2008092417 Firefox/3.0.3" "www.sancarloscity.org"
121.100.48.134 - - [30/Oct/2008:05:51:41 -0700] "GET /listings/scripts/contactclick.js HTTP/1.1" 200 1110 "http://www.sancarloscity.org/listings/listing/review.php?listing_id=14817" "Mozilla/5.0 (Windows; U; Windows NT 5.1; en-US; rv:1.9.0.3) Gecko/2008092417 Firefox/3.0.3" "www.sancarloscity.org"
121.100.48.134 - - [30/Oct/2008:05:51:41 -0700] "GET /listings/scripts/cookies.js HTTP/1.1" 200 2224 "http://www.sancarloscity.org/listings/listing/review.php?listing_id=14817" "Mozilla/5.0 (Windows; U; Windows NT 5.1; en-US; rv:1.9.0.3) Gecko/2008092417 Firefox/3.0.3" "www.sancarloscity.org"
121.100.48.134 - - [30/Oct/2008:05:51:42 -0700] "GET /listings/upload/image_files/photo_78.gif HTTP/1.1" 200 15262 "http://www.sancarloscity.org/listings/listing/review.php?listing_id=14817" "Mozilla/5.0 (Windows; U; Windows NT 5.1; en-US; rv:1.9.0.3) Gecko/2008092417 Firefox/3.0.3" "sancarloscity.org"
66.249.73.51 - - [30/Oct/2008:05:51:44 -0700] "GET /listings/listing/review.php?listing_id=14817 HTTP/1.1" 200 21308 "-" "Mediapartners-Google" "www.sancarloscity.org"
121.100.48.134 - - [30/Oct/2008:05:51:51 -0700] "GET /favicon.ico HTTP/1.1" 404 739 "-" "Mozilla/5.0 (Windows; U; Windows NT 5.1; en-US; rv:1.9.0.3) Gecko/2008092417 Firefox/3.0.3" "sancarloscity.org"
64.41.133.39 - - [30/Oct/2008:05:51:55 -0700] "GET / HTTP/1.1" 200 44270 "http://www.sancarloscity.org/listings/event/results.php?category_id=13" "Mozilla/4.0 (compatible; MSIE 6.0; Windows NT 5.1; .NET CLR 1.1.4322; .NET CLR 1.0.3705)" "www.sancarloscity.org"
64.41.133.39 - - [30/Oct/2008:05:51:58 -0700] "GET /listings/event/results.php?letter=u&category_id=13 HTTP/1.1" 200 10518 "http://www.sancarloscity.org/listings/event/results.php?category_id=13" "Mozilla/4.0 (compatible; MSIE 6.0; Windows NT 5.1; .NET CLR 1.1.4322; .NET CLR 1.0.3705)" "www.sancarloscity.org"
64.41.133.39 - - [30/Oct/2008:05:52:01 -0700] "GET /listings/event/results.php?letter=z&category_id=13 HTTP/1.1" 200 10518 "http://www.sancarloscity.org/listings/event/results.php?category_id=13" "Mozilla/4.0 (compatible; MSIE 6.0; Windows NT 5.1; .NET CLR 1.1.4322; .NET CLR 1.0.3705)" "www.sancarloscity.org"
84.16.230.111 - - [30/Oct/2008:05:52:05 -0700] "GET /jodera2/posting.php?mode=reply&t=24074 HTTP/1.0" 302 0 "http://www.sancarloscity.org/jodera2/posting.php?mode=reply&t=24074" "Mozilla/4.0 (compatible; MSIE 5.5; Windows 98)" "www.sancarloscity.org"
64.41.133.39 - - [30/Oct/2008:05:52:06 -0700] "GET /listings/event/results.php?letter=no&category_id=13 HTTP/1.1" 200 10518 "http://www.sancarloscity.org/listings/event/results.php?category_id=13" "Mozilla/4.0 (compatible; MSIE 6.0; Windows NT 5.1; .NET CLR 1.1.4322; .NET CLR 1.0.3705)" "www.sancarloscity.org"
84.16.230.111 - - [30/Oct/2008:05:52:06 -0700] "GET /jodera2/login.php?redirect=posting.php&mode=reply&t=24074&sid=c1a5ca7bcf702fc4cc4494f85ba132eb HTTP/1.0" 200 12363 "http://www.sancarloscity.org/jodera2/login.php?redirect=posting.php&mode=reply&t=24074&sid=c1a5ca7bcf702fc4cc4494f85ba132eb" "Mozilla/4.0 (compatible; MSIE 5.5; Windows 98)" "www.sancarloscity.org"
84.16.230.111 - - [30/Oct/2008:05:52:07 -0700] "POST /jodera2/login.php HTTP/1.0" 302 0 "http://www.sancarloscity.org/jodera2/login.php?redirect=posting.php&mode=reply&t=24074&sid=c1a5ca7bcf702fc4cc4494f85ba132eb" "Mozilla/4.0 (compatible; MSIE 5.5; Windows 98)" "www.sancarloscity.org"
121.170.11.100 - - [30/Oct/2008:05:52:08 -0700] "GET /logs/access_080928.log/scanhttp://www.geocities.com/kucluk_pamungkas/safe.txt??? HTTP/1.1" 404 813 "-" "libwww-perl/5.79" "www.sancarloscity.org"
84.16.230.111 - - [30/Oct/2008:05:52:09 -0700] "GET /jodera2/posting.php?mode=reply&t=24074&sid=c1a5ca7bcf702fc4cc4494f85ba132eb HTTP/1.0" 200 50482 "http://www.sancarloscity.org/jodera2/posting.php?mode=reply&t=24074&sid=c1a5ca7bcf702fc4cc4494f85ba132eb" "Mozilla/4.0 (compatible; MSIE 5.5; Windows 98)" "www.sancarloscity.org"
121.170.11.100 - - [30/Oct/2008:05:52:09 -0700] "GET /scanhttp://www.geocities.com/kucluk_pamungkas/safe.txt??? HTTP/1.1" 404 790 "-" "libwww-perl/5.79" "www.sancarloscity.org"
64.41.133.39 - - [30/Oct/2008:05:52:10 -0700] "GET /listings/event/results.php?letter=w&category_id=13 HTTP/1.1" 200 10518 "http://www.sancarloscity.org/listings/event/results.php?category_id=13" "Mozilla/4.0 (compatible; MSIE 6.0; Windows NT 5.1; .NET CLR 1.1.4322; .NET CLR 1.0.3705)" "www.sancarloscity.org"
121.170.11.100 - - [30/Oct/2008:05:52:10 -0700] "GET /logs/scanhttp://www.geocities.com/kucluk_pamungkas/safe.txt??? HTTP/1.1" 404 795 "-" "libwww-perl/5.79" "www.sancarloscity.org"
64.41.133.39 - - [30/Oct/2008:05:52:17 -0700] "GET /listings/event/results.php?letter=v&category_id=13 HTTP/1.1" 200 10518 "http://www.sancarloscity.org/listings/event/results.php?category_id=13" "Mozilla/4.0 (compatible; MSIE 6.0; Windows NT 5.1; .NET CLR 1.1.4322; .NET CLR 1.0.3705)" "www.sancarloscity.org"
64.41.133.39 - - [30/Oct/2008:05:52:20 -0700] "GET /listings/event/results.php?letter=o&category_id=13 HTTP/1.1" 200 10518 "http://www.sancarloscity.org/listings/event/results.php?category_id=13" "Mozilla/4.0 (compatible; MSIE 6.0; Windows NT 5.1; .NET CLR 1.1.4322; .NET CLR 1.0.3705)" "www.sancarloscity.org"
84.16.230.111 - - [30/Oct/2008:05:52:22 -0700] "POST /jodera2/posting.php HTTP/1.0" 200 11444 "http://www.sancarloscity.org/jodera2/posting.php?mode=reply&t=24074&sid=c1a5ca7bcf702fc4cc4494f85ba132eb" "Mozilla/4.0 (compatible; MSIE 5.5; Windows 98)" "www.sancarloscity.org"
84.16.230.111 - - [30/Oct/2008:05:52:23 -0700] "GET /jodera2/viewtopic.php?p=29903 HTTP/1.0" 200 81320 "http://www.sancarloscity.org/viewtopic.php?p=29903#29903" "Mozilla/4.0 (compatible; MSIE 5.5; Windows 98)" "www.sancarloscity.org"
64.41.133.39 - - [30/Oct/2008:05:52:23 -0700] "GET /listings/event/results.php?letter=r&category_id=13 HTTP/1.1" 200 10518 "http://www.sancarloscity.org/listings/event/results.php?category_id=13" "Mozilla/4.0 (compatible; MSIE 6.0; Windows NT 5.1; .NET CLR 1.1.4322; .NET CLR 1.0.3705)" "www.sancarloscity.org"
64.41.133.39 - - [30/Oct/2008:05:52:27 -0700] "GET /listings/event/results.php?letter=b&category_id=13 HTTP/1.1" 200 10518 "http://www.sancarloscity.org/listings/event/results.php?category_id=13" "Mozilla/4.0 (compatible; MSIE 6.0; Windows NT 5.1; .NET CLR 1.1.4322; .NET CLR 1.0.3705)" "www.sancarloscity.org"
64.41.133.39 - - [30/Oct/2008:05:52:31 -0700] "GET /listings/event/results.php?letter=e&category_id=13 HTTP/1.1" 200 10518 "http://www.sancarloscity.org/listings/event/results.php?category_id=13" "Mozilla/4.0 (compatible; MSIE 6.0; Windows NT 5.1; .NET CLR 1.1.4322; .NET CLR 1.0.3705)" "www.sancarloscity.org"
64.41.133.39 - - [30/Oct/2008:05:52:35 -0700] "GET /listings/event/results.php?letter=p&category_id=13 HTTP/1.1" 200 10518 "http://www.sancarloscity.org/listings/event/results.php?category_id=13" "Mozilla/4.0 (compatible; MSIE 6.0; Windows NT 5.1; .NET CLR 1.1.4322; .NET CLR 1.0.3705)" "www.sancarloscity.org"
64.41.133.39 - - [30/Oct/2008:05:52:37 -0700] "GET /listings/event/results.php?letter=d&category_id=13 HTTP/1.1" 200 10518 "http://www.sancarloscity.org/listings/event/results.php?category_id=13" "Mozilla/4.0 (compatible; MSIE 6.0; Windows NT 5.1; .NET CLR 1.1.4322; .NET CLR 1.0.3705)" "www.sancarloscity.org"
64.41.133.39 - - [30/Oct/2008:05:52:46 -0700] "GET /listings/event/results.php?letter=k&category_id=13 HTTP/1.1" 200 10518 "http://www.sancarloscity.org/listings/event/results.php?category_id=13" "Mozilla/4.0 (compatible; MSIE 6.0; Windows NT 5.1; .NET CLR 1.1.4322; .NET CLR 1.0.3705)" "www.sancarloscity.org"
64.41.133.39 - - [30/Oct/2008:05:52:56 -0700] "GET /listings/event/results.php?letter=n&category_id=13 HTTP/1.1" 200 10518 "http://www.sancarloscity.org/listings/event/results.php?category_id=13" "Mozilla/4.0 (compatible; MSIE 6.0; Windows NT 5.1; .NET CLR 1.1.4322; .NET CLR 1.0.3705)" "www.sancarloscity.org"
64.41.133.39 - - [30/Oct/2008:05:53:11 -0700] "GET /listings/event/results.php?letter=x&category_id=13 HTTP/1.1" 200 10518 "http://www.sancarloscity.org/listings/event/results.php?category_id=13" "Mozilla/4.0 (compatible; MSIE 6.0; Windows NT 5.1; .NET CLR 1.1.4322; .NET CLR 1.0.3705)" "www.sancarloscity.org"
64.41.133.39 - - [30/Oct/2008:05:53:14 -0700] "GET /listings/event/results.php?letter=a&category_id=13 HTTP/1.1" 200 17442 "http://www.sancarloscity.org/listings/event/results.php?category_id=13" "Mozilla/4.0 (compatible; MSIE 6.0; Windows NT 5.1; .NET CLR 1.1.4322; .NET CLR 1.0.3705)" "www.sancarloscity.org"
212.165.142.178 - - [30/Oct/2008:05:53:15 -0700] "POST /listings/members/classifieds/classified.php HTTP/1.1" 200 10517 "http://www.sancarloscity.org/listings/members/classifieds/classified.php" "Mozilla/5.0 (Windows; U; Windows NT 5.1; en-GB; rv:1.9.0.3) Gecko/2008092417 Firefox/3.0.3 (.NET CLR 2.0.50727; .NET CLR 3.0.4506.2152; .NET CLR 3.5.30729)" "www.sancarloscity.org"
64.41.133.39 - - [30/Oct/2008:05:53:24 -0700] "GET /listings/event/results.php?letter=f&category_id=13 HTTP/1.1" 200 10518 "http://www.sancarloscity.org/listings/event/results.php?category_id=13" "Mozilla/4.0 (compatible; MSIE 6.0; Windows NT 5.1; .NET CLR 1.1.4322; .NET CLR 1.0.3705)" "www.sancarloscity.org"
74.6.22.101 - - [30/Oct/2008:05:53:34 -0700] "GET /qphotogallery/thumbnails.php?album=24&page=1&sort=pa HTTP/1.0" 200 16527 "-" "Mozilla/5.0 (compatible; Yahoo! Slurp; http://help.yahoo.com/help/us/ysearch/slurp)" "sancarloscity.org"
202.171.48.89 - - [30/Oct/2008:05:53:41 -0700] "GET /logs/access_081004.log/?sIncPath=http://djvirgil.nl/modules/id.txt?? HTTP/1.1" 404 759 "-" "libwww-perl/5.79" "www.sancarloscity.org"
202.171.48.89 - - [30/Oct/2008:05:53:41 -0700] "GET /logs/access_081004.log/?sIncPath=http://djvirgil.nl/modules/id.txt?? HTTP/1.1" 404 759 "-" "libwww-perl/5.79" "www.sancarloscity.org"
202.171.48.89 - - [30/Oct/2008:05:53:41 -0700] "GET /logs/access_081004.log/?sIncPath=http://djvirgil.nl/modules/id.txt?? HTTP/1.1" 404 759 "-" "libwww-perl/5.79" "www.sancarloscity.org"
202.171.48.89 - - [30/Oct/2008:05:53:41 -0700] "GET /?sIncPath=http://djvirgil.nl/modules/id.txt?? HTTP/1.1" 200 44270 "-" "libwww-perl/5.79" "www.sancarloscity.org"
202.171.48.89 - - [30/Oct/2008:05:53:41 -0700] "GET /?sIncPath=http://djvirgil.nl/modules/id.txt?? HTTP/1.1" 200 44270 "-" "libwww-perl/5.79" "www.sancarloscity.org"
202.171.48.89 - - [30/Oct/2008:05:53:42 -0700] "GET /?sIncPath=http://djvirgil.nl/modules/id.txt?? HTTP/1.1" 200 44270 "-" "libwww-perl/5.79" "www.sancarloscity.org"
202.171.48.89 - - [30/Oct/2008:05:53:43 -0700] "GET /logs/?sIncPath=http://djvirgil.nl/modules/id.txt?? HTTP/1.1" 200 71305 "-" "libwww-perl/5.79" "www.sancarloscity.org"
202.171.48.89 - - [30/Oct/2008:05:53:43 -0700] "GET /logs/?sIncPath=http://djvirgil.nl/modules/id.txt?? HTTP/1.1" 200 71305 "-" "libwww-perl/5.79" "www.sancarloscity.org"
202.171.48.89 - - [30/Oct/2008:05:53:43 -0700] "GET /logs/?sIncPath=http://djvirgil.nl/modules/id.txt?? HTTP/1.1" 200 71305 "-" "libwww-perl/5.79" "www.sancarloscity.org"
66.225.214.207 - - [30/Oct/2008:05:53:46 -0700] "GET /logs/access_080929.log/?sourcedir=http://www.tallgirls.co.uk/stats/cmdstring.swf? HTTP/1.1" 404 759 "-" "libwww-perl/5.810" "www.sancarloscity.org"
66.225.214.207 - - [30/Oct/2008:05:53:47 -0700] "GET /?sourcedir=http://www.tallgirls.co.uk/stats/cmdstring.swf? HTTP/1.1" 200 44270 "-" "libwww-perl/5.810" "www.sancarloscity.org"
66.225.214.207 - - [30/Oct/2008:05:53:48 -0700] "GET /logs/?sourcedir=http://www.tallgirls.co.uk/stats/cmdstring.swf? HTTP/1.1" 200 71305 "-" "libwww-perl/5.810" "www.sancarloscity.org"
66.249.73.51 - - [30/Oct/2008:05:53:52 -0700] "GET / HTTP/1.1" 200 44270 "-" "Mozilla/5.0 (compatible; Googlebot/2.1; +http://www.google.com/bot.html)" "www.sancarloscity.org"
64.41.133.39 - - [30/Oct/2008:05:53:57 -0700] "GET /listings/event/results.php?letter=c&category_id=13 HTTP/1.1" 200 10518 "http://www.sancarloscity.org/listings/event/results.php?category_id=13" "Mozilla/4.0 (compatible; MSIE 6.0; Windows NT 5.1; .NET CLR 1.1.4322; .NET CLR 1.0.3705)" "www.sancarloscity.org"
64.41.133.39 - - [30/Oct/2008:05:54:01 -0700] "GET /listings/event/results.php?letter=y&category_id=13 HTTP/1.1" 200 10518 "http://www.sancarloscity.org/listings/event/results.php?category_id=13" "Mozilla/4.0 (compatible; MSIE 6.0; Windows NT 5.1; .NET CLR 1.1.4322; .NET CLR 1.0.3705)" "www.sancarloscity.org"
66.225.214.207 - - [30/Oct/2008:05:54:04 -0700] "GET /logs/access_080917.log/?sourcedir=http://www.tallgirls.co.uk/stats/cmdstring.swf? HTTP/1.1" 404 759 "-" "libwww-perl/5.810" "www.sancarloscity.org"
64.41.133.39 - - [30/Oct/2008:05:54:05 -0700] "GET /listings/event/results.php?letter=h&category_id=13 HTTP/1.1" 200 10518 "http://www.sancarloscity.org/listings/event/results.php?category_id=13" "Mozilla/4.0 (compatible; MSIE 6.0; Windows NT 5.1; .NET CLR 1.1.4322; .NET CLR 1.0.3705)" "www.sancarloscity.org"
66.249.73.51 - - [30/Oct/2008:05:54:12 -0700] "GET / HTTP/1.1" 200 44270 "-" "Mozilla/5.0 (compatible; Googlebot/2.1; +http://www.google.com/bot.html)" "www.sancarloscity.org"
64.41.133.39 - - [30/Oct/2008:05:54:24 -0700] "GET /listings/event/detail.php?id=18 HTTP/1.1" 200 16996 "http://www.sancarloscity.org/listings/event/results.php?month=200811&this_date=20081101" "Mozilla/4.0 (compatible; MSIE 6.0; Windows NT 5.1; .NET CLR 1.1.4322; .NET CLR 1.0.3705)" "www.sancarloscity.org"
66.249.73.51 - - [30/Oct/2008:05:54:35 -0700] "GET /listings/listing/results.php?letter=q&category_id=739 HTTP/1.1" 200 25109 "-" "Mozilla/5.0 (compatible; Googlebot/2.1; +http://www.google.com/bot.html)" "www.sancarloscity.org"
66.249.73.51 - - [30/Oct/2008:05:54:38 -0700] "GET / HTTP/1.1" 200 44270 "-" "Mozilla/5.0 (compatible; Googlebot/2.1; +http://www.google.com/bot.html)" "www.sancarloscity.org"
64.41.133.39 - - [30/Oct/2008:05:54:48 -0700] "GET /listings/event/results.php?letter=t&month=200811&this_date=20081101 HTTP/1.1" 200 20335 "http://www.sancarloscity.org/listings/event/results.php?month=200811&this_date=20081101" "Mozilla/4.0 (compatible; MSIE 6.0; Windows NT 5.1; .NET CLR 1.1.4322; .NET CLR 1.0.3705)" "www.sancarloscity.org"
74.6.8.93 - - [30/Oct/2008:05:54:59 -0700] "GET /listings/listing/results.php?letter=b&category_id=715 HTTP/1.0" 200 25090 "-" "Mozilla/5.0 (compatible; Yahoo! Slurp; http://help.yahoo.com/help/us/ysearch/slurp)" "www.sancarloscity.org"
89.149.196.210 - - [30/Oct/2008:05:55:03 -0700] "GET /jodera2/posting.php?mode=newtopic&f=1 HTTP/1.0" 302 0 "http://www.sancarloscity.org/jodera2/posting.php?mode=newtopic&f=1" "Mozilla/4.0 (compatible; MSIE 5.0; Windows NT; DigExt)" "www.sancarloscity.org"
89.149.196.210 - - [30/Oct/2008:05:55:04 -0700] "GET /jodera2/login.php?redirect=posting.php&mode=newtopic&f=1&sid=8bfa3371de2648daaecef2c13c2546ec HTTP/1.0" 200 12362 "http://www.sancarloscity.org/jodera2/login.php?redirect=posting.php&mode=newtopic&f=1&sid=8bfa3371de2648daaecef2c13c2546ec" "Mozilla/4.0 (compatible; MSIE 5.0; Windows NT; DigExt)" "www.sancarloscity.org"
64.41.133.39 - - [30/Oct/2008:05:55:04 -0700] "GET /listings/event/results.php?letter=u&month=200811&this_date=20081101 HTTP/1.1" 200 12046 "http://www.sancarloscity.org/listings/event/results.php?month=200811&this_date=20081101" "Mozilla/4.0 (compatible; MSIE 6.0; Windows NT 5.1; .NET CLR 1.1.4322; .NET CLR 1.0.3705)" "www.sancarloscity.org"
89.149.196.210 - - [30/Oct/2008:05:55:05 -0700] "POST /jodera2/login.php HTTP/1.0" 302 0 "http://www.sancarloscity.org/jodera2/login.php?redirect=posting.php&mode=newtopic&f=1&sid=8bfa3371de2648daaecef2c13c2546ec" "Mozilla/4.0 (compatible; MSIE 5.0; Windows NT; DigExt)" "www.sancarloscity.org"
89.149.196.210 - - [30/Oct/2008:05:55:06 -0700] "GET /jodera2/posting.php?mode=newtopic&f=1&sid=8bfa3371de2648daaecef2c13c2546ec HTTP/1.0" 200 40970 "http://www.sancarloscity.org/jodera2/posting.php?mode=newtopic&f=1&sid=8bfa3371de2648daaecef2c13c2546ec" "Mozilla/4.0 (compatible; MSIE 5.0; Windows NT; DigExt)" "www.sancarloscity.org"
89.149.196.210 - - [30/Oct/2008:05:55:13 -0700] "POST /jodera2/posting.php HTTP/1.0" 200 11444 "http://www.sancarloscity.org/jodera2/posting.php?mode=newtopic&f=1&sid=8bfa3371de2648daaecef2c13c2546ec" "Mozilla/4.0 (compatible; MSIE 5.0; Windows NT; DigExt)" "www.sancarloscity.org"
64.41.133.39 - - [30/Oct/2008:05:55:13 -0700] "GET /listings/event/results.php?letter=h&month=200811&this_date=20081101 HTTP/1.1" 200 12046 "http://www.sancarloscity.org/listings/event/results.php?month=200811&this_date=20081101" "Mozilla/4.0 (compatible; MSIE 6.0; Windows NT 5.1; .NET CLR 1.1.4322; .NET CLR 1.0.3705)" "www.sancarloscity.org"
89.149.196.210 - - [30/Oct/2008:05:55:14 -0700] "GET /jodera2/viewtopic.php?p=29904#29904 HTTP/1.0" 200 31422 "http://www.sancarloscity.org/viewtopic.php?p=29904#29904" "Mozilla/4.0 (compatible; MSIE 5.0; Windows NT; DigExt)" "www.sancarloscity.org"
64.41.133.39 - - [30/Oct/2008:05:55:17 -0700] "GET /listings/event/results.php?month=200812&this_date=20081201 HTTP/1.1" 200 21993 "http://www.sancarloscity.org/listings/event/results.php?month=200811&this_date=20081101" "Mozilla/4.0 (compatible; MSIE 6.0; Windows NT 5.1; .NET CLR 1.1.4322; .NET CLR 1.0.3705)" "www.sancarloscity.org"
212.165.142.178 - - [30/Oct/2008:05:55:26 -0700] "POST /listings/members/classifieds/classified.php HTTP/1.1" 200 10520 "http://www.sancarloscity.org/listings/members/classifieds/classified.php" "Mozilla/5.0 (Windows; U; Windows NT 5.1; en-GB; rv:1.9.0.3) Gecko/2008092417 Firefox/3.0.3 (.NET CLR 2.0.50727; .NET CLR 3.0.4506.2152; .NET CLR 3.5.30729)" "www.sancarloscity.org"
209.160.65.55 - - [30/Oct/2008:05:55:26 -0700] "GET /skin/zero_vote/error.php?dir=http://www.manifestotrl.org/v6.txt?? HTTP/1.1" 404 760 "-" "libwww-perl/5.810" "www.sancarloscity.org"
209.160.65.55 - - [30/Oct/2008:05:55:28 -0700] "GET /logs//skin/zero_vote/error.php?dir=http://www.manifestotrl.org/v6.txt?? HTTP/1.1" 404 766 "-" "libwww-perl/5.810" "www.sancarloscity.org"
