124.217.45.157 - - [15/Nov/2008:04:47:20 -0800] "GET /forum2/style_images/red_crysta/folder_profile_portal/user-offline.png HTTP/1.1" 200 569 "http://www.sancarloscity.org/forum2/index.php?s=f33b91e60d423249a1519ad745ef3094&act=Search&nav=au&CODE=show&searchid=3d6a8aa579ffef22c41946098a4e9d92&search_in=posts&result_type=posts" "Mozilla/4.0 (compatible; MSIE 6.0; Windows NT 5.1; SV1)" "sancarloscity.org"
124.217.45.157 - - [15/Nov/2008:04:47:20 -0800] "GET /forum2/uploads/photo-thumb-24.jpg HTTP/1.1" 200 1570 "http://www.sancarloscity.org/forum2/index.php?s=f33b91e60d423249a1519ad745ef3094&act=Search&nav=au&CODE=show&searchid=3d6a8aa579ffef22c41946098a4e9d92&search_in=posts&result_type=posts" "Mozilla/4.0 (compatible; MSIE 6.0; Windows NT 5.1; SV1)" "sancarloscity.org"
12.25.213.2 - - [15/Nov/2008:04:47:20 -0800] "GET /picgallery/albums/userpics/10001/normal_IMG_6698.jpg HTTP/1.1" 200 12832 "http://www.sancarloscity.org/picgallery/displayimage.php?album=78&pos=16" "Mozilla/4.0 (compatible; MSIE 6.0; Windows NT 5.1; SV1; .NET CLR 1.1.4322)" "sancarloscity.org"
124.217.45.157 - - [15/Nov/2008:04:47:20 -0800] "GET /forum2/style_images/red_crysta/rating_0_mini.gif HTTP/1.1" 200 256 "http://www.sancarloscity.org/forum2/index.php?s=f33b91e60d423249a1519ad745ef3094&act=Search&nav=au&CODE=show&searchid=3d6a8aa579ffef22c41946098a4e9d92&search_in=posts&result_type=posts" "Mozilla/4.0 (compatible; MSIE 6.0; Windows NT 5.1; SV1)" "sancarloscity.org"
124.217.45.157 - - [15/Nov/2008:04:47:20 -0800] "GET /forum2/style_images/red_crysta/tile_cat.gif HTTP/1.1" 200 2760 "http://www.sancarloscity.org/forum2/index.php?s=f33b91e60d423249a1519ad745ef3094&act=Search&nav=au&CODE=show&searchid=3d6a8aa579ffef22c41946098a4e9d92&search_in=posts&result_type=posts" "Mozilla/4.0 (compatible; MSIE 6.0; Windows NT 5.1; SV1)" "sancarloscity.org"
124.217.45.157 - - [15/Nov/2008:04:47:21 -0800] "GET /forum2/style_images/red_crysta/folder_profile_portal/gender_male.png HTTP/1.1" 200 692 "http://www.sancarloscity.org/forum2/index.php?s=f33b91e60d423249a1519ad745ef3094&act=Search&nav=au&CODE=show&searchid=3d6a8aa579ffef22c41946098a4e9d92&search_in=posts&result_type=posts" "Mozilla/4.0 (compatible; MSIE 6.0; Windows NT 5.1; SV1)" "sancarloscity.org"
203.87.198.94 - - [15/Nov/2008:04:47:21 -0800] "GET /listings/layout/listing_result.css HTTP/1.1" 200 12330 "http://www.sancarloscity.org/listings/listing/review.php?listing_id=14958" "Mozilla/5.0 (Windows; U; Windows NT 5.1; en-US; rv:1.9.0.4) Gecko/2008102920 Firefox/3.0.4" "www.sancarloscity.org"
124.217.45.157 - - [15/Nov/2008:04:47:22 -0800] "GET /forum2/style_images/red_crysta/folder_profile_portal/find_posts.png HTTP/1.1" 200 677 "http://www.sancarloscity.org/forum2/index.php?s=f33b91e60d423249a1519ad745ef3094&act=Search&nav=au&CODE=show&searchid=3d6a8aa579ffef22c41946098a4e9d92&search_in=posts&result_type=posts" "Mozilla/4.0 (compatible; MSIE 6.0; Windows NT 5.1; SV1)" "sancarloscity.org"
124.217.45.157 - - [15/Nov/2008:04:47:22 -0800] "GET /forum2/style_images/red_crysta/pip.gif HTTP/1.1" 200 125 "http://www.sancarloscity.org/forum2/index.php?s=f33b91e60d423249a1519ad745ef3094&act=Search&nav=au&CODE=show&searchid=3d6a8aa579ffef22c41946098a4e9d92&search_in=posts&result_type=posts" "Mozilla/4.0 (compatible; MSIE 6.0; Windows NT 5.1; SV1)" "sancarloscity.org"
124.217.45.157 - - [15/Nov/2008:04:47:22 -0800] "GET /forum2/style_images/red_crysta/spacer.gif HTTP/1.1" 200 43 "http://www.sancarloscity.org/forum2/index.php?s=f33b91e60d423249a1519ad745ef3094&act=Search&nav=au&CODE=show&searchid=3d6a8aa579ffef22c41946098a4e9d92&search_in=posts&result_type=posts" "Mozilla/4.0 (compatible; MSIE 6.0; Windows NT 5.1; SV1)" "sancarloscity.org"
124.217.45.157 - - [15/Nov/2008:04:47:23 -0800] "GET /forum2/uploads/monthly_03_2008/post-24-1206891025_thumb.jpg HTTP/1.1" 200 2221 "http://www.sancarloscity.org/forum2/index.php?s=f33b91e60d423249a1519ad745ef3094&act=Search&nav=au&CODE=show&searchid=3d6a8aa579ffef22c41946098a4e9d92&search_in=posts&result_type=posts" "Mozilla/4.0 (compatible; MSIE 6.0; Windows NT 5.1; SV1)" "sancarloscity.org"
124.217.45.157 - - [15/Nov/2008:04:47:23 -0800] "GET /forum2/style_images/red_crysta/click2enlarge.gif HTTP/1.1" 200 304 "http://www.sancarloscity.org/forum2/index.php?s=f33b91e60d423249a1519ad745ef3094&act=Search&nav=au&CODE=show&searchid=3d6a8aa579ffef22c41946098a4e9d92&search_in=posts&result_type=posts" "Mozilla/4.0 (compatible; MSIE 6.0; Windows NT 5.1; SV1)" "sancarloscity.org"
12.25.213.2 - - [15/Nov/2008:04:47:24 -0800] "GET /picgallery/displayimage.php?album=78&pos=17 HTTP/1.1" 200 10011 "http://www.sancarloscity.org/picgallery/displayimage.php?album=78&pos=16" "Mozilla/4.0 (compatible; MSIE 6.0; Windows NT 5.1; SV1; .NET CLR 1.1.4322)" "www.sancarloscity.org"
12.25.213.2 - - [15/Nov/2008:04:47:24 -0800] "GET /picgallery/albums/userpics/10001/normal_IMG_6699.jpg HTTP/1.1" 200 12196 "http://www.sancarloscity.org/picgallery/displayimage.php?album=78&pos=17" "Mozilla/4.0 (compatible; MSIE 6.0; Windows NT 5.1; SV1; .NET CLR 1.1.4322)" "sancarloscity.org"
124.217.45.157 - - [15/Nov/2008:04:47:24 -0800] "GET /forum2/style_images/red_crysta/img-resized.png HTTP/1.1" 200 677 "http://www.sancarloscity.org/forum2/index.php?s=f33b91e60d423249a1519ad745ef3094&act=Search&nav=au&CODE=show&searchid=3d6a8aa579ffef22c41946098a4e9d92&search_in=posts&result_type=posts" "Mozilla/4.0 (compatible; MSIE 6.0; Windows NT 5.1; SV1)" "sancarloscity.org"
124.217.45.157 - - [15/Nov/2008:04:47:24 -0800] "GET /forum2/style_images/red_crysta/f_norm.gif HTTP/1.1" 200 169 "http://www.sancarloscity.org/forum2/index.php?s=f33b91e60d423249a1519ad745ef3094&act=Search&nav=au&CODE=show&searchid=3d6a8aa579ffef22c41946098a4e9d92&search_in=posts&result_type=posts" "Mozilla/4.0 (compatible; MSIE 6.0; Windows NT 5.1; SV1)" "sancarloscity.org"
124.217.45.157 - - [15/Nov/2008:04:47:25 -0800] "GET /forum2/style_images/red_crysta/f_norm_no.gif HTTP/1.1" 200 169 "http://www.sancarloscity.org/forum2/index.php?s=f33b91e60d423249a1519ad745ef3094&act=Search&nav=au&CODE=show&searchid=3d6a8aa579ffef22c41946098a4e9d92&search_in=posts&result_type=posts" "Mozilla/4.0 (compatible; MSIE 6.0; Windows NT 5.1; SV1)" "sancarloscity.org"
124.217.45.157 - - [15/Nov/2008:04:47:25 -0800] "GET /forum2/style_images/red_crysta/f_hot.gif HTTP/1.1" 200 169 "http://www.sancarloscity.org/forum2/index.php?s=f33b91e60d423249a1519ad745ef3094&act=Search&nav=au&CODE=show&searchid=3d6a8aa579ffef22c41946098a4e9d92&search_in=posts&result_type=posts" "Mozilla/4.0 (compatible; MSIE 6.0; Windows NT 5.1; SV1)" "sancarloscity.org"
203.87.198.94 - - [15/Nov/2008:04:47:25 -0800] "GET /listings/scripts/location.js HTTP/1.1" 200 4102 "http://www.sancarloscity.org/listings/listing/review.php?listing_id=14958" "Mozilla/5.0 (Windows; U; Windows NT 5.1; en-US; rv:1.9.0.4) Gecko/2008102920 Firefox/3.0.4" "www.sancarloscity.org"
124.217.45.157 - - [15/Nov/2008:04:47:25 -0800] "GET /forum2/style_images/red_crysta/f_hot_no.gif HTTP/1.1" 200 169 "http://www.sancarloscity.org/forum2/index.php?s=f33b91e60d423249a1519ad745ef3094&act=Search&nav=au&CODE=show&searchid=3d6a8aa579ffef22c41946098a4e9d92&search_in=posts&result_type=posts" "Mozilla/4.0 (compatible; MSIE 6.0; Windows NT 5.1; SV1)" "sancarloscity.org"
124.217.45.157 - - [15/Nov/2008:04:47:25 -0800] "GET /forum2/style_images/red_crysta/f_poll.gif HTTP/1.1" 200 169 "http://www.sancarloscity.org/forum2/index.php?s=f33b91e60d423249a1519ad745ef3094&act=Search&nav=au&CODE=show&searchid=3d6a8aa579ffef22c41946098a4e9d92&search_in=posts&result_type=posts" "Mozilla/4.0 (compatible; MSIE 6.0; Windows NT 5.1; SV1)" "sancarloscity.org"
124.217.45.157 - - [15/Nov/2008:04:47:26 -0800] "GET /forum2/style_images/red_crysta/f_poll_no.gif HTTP/1.1" 200 169 "http://www.sancarloscity.org/forum2/index.php?s=f33b91e60d423249a1519ad745ef3094&act=Search&nav=au&CODE=show&searchid=3d6a8aa579ffef22c41946098a4e9d92&search_in=posts&result_type=posts" "Mozilla/4.0 (compatible; MSIE 6.0; Windows NT 5.1; SV1)" "sancarloscity.org"
124.217.45.157 - - [15/Nov/2008:04:47:26 -0800] "GET /forum2/style_images/red_crysta/f_closed.gif HTTP/1.1" 200 91 "http://www.sancarloscity.org/forum2/index.php?s=f33b91e60d423249a1519ad745ef3094&act=Search&nav=au&CODE=show&searchid=3d6a8aa579ffef22c41946098a4e9d92&search_in=posts&result_type=posts" "Mozilla/4.0 (compatible; MSIE 6.0; Windows NT 5.1; SV1)" "sancarloscity.org"
124.217.45.157 - - [15/Nov/2008:04:47:27 -0800] "GET /forum2/style_images/red_crysta/f_moved.gif HTTP/1.1" 200 85 "http://www.sancarloscity.org/forum2/index.php?s=f33b91e60d423249a1519ad745ef3094&act=Search&nav=au&CODE=show&searchid=3d6a8aa579ffef22c41946098a4e9d92&search_in=posts&result_type=posts" "Mozilla/4.0 (compatible; MSIE 6.0; Windows NT 5.1; SV1)" "sancarloscity.org"
12.25.213.2 - - [15/Nov/2008:04:47:27 -0800] "GET /picgallery/displayimage.php?album=78&pos=18 HTTP/1.1" 200 10011 "http://www.sancarloscity.org/picgallery/displayimage.php?album=78&pos=17" "Mozilla/4.0 (compatible; MSIE 6.0; Windows NT 5.1; SV1; .NET CLR 1.1.4322)" "www.sancarloscity.org"
12.25.213.2 - - [15/Nov/2008:04:47:27 -0800] "GET /picgallery/albums/userpics/10001/normal_IMG_6700.jpg HTTP/1.1" 200 12159 "http://www.sancarloscity.org/picgallery/displayimage.php?album=78&pos=18" "Mozilla/4.0 (compatible; MSIE 6.0; Windows NT 5.1; SV1; .NET CLR 1.1.4322)" "sancarloscity.org"
124.217.45.157 - - [15/Nov/2008:04:47:27 -0800] "GET /forum2/style_images/red_crysta/rss.png HTTP/1.1" 200 1090 "http://www.sancarloscity.org/forum2/index.php?s=f33b91e60d423249a1519ad745ef3094&act=Search&nav=au&CODE=show&searchid=3d6a8aa579ffef22c41946098a4e9d92&search_in=posts&result_type=posts" "Mozilla/4.0 (compatible; MSIE 6.0; Windows NT 5.1; SV1)" "sancarloscity.org"
124.217.45.157 - - [15/Nov/2008:04:47:27 -0800] "GET /forum2/index.php?act=task HTTP/1.1" 200 61 "http://www.sancarloscity.org/forum2/index.php?s=f33b91e60d423249a1519ad745ef3094&act=Search&nav=au&CODE=show&searchid=3d6a8aa579ffef22c41946098a4e9d92&search_in=posts&result_type=posts" "Mozilla/4.0 (compatible; MSIE 6.0; Windows NT 5.1; SV1)" "www.sancarloscity.org"
12.25.213.2 - - [15/Nov/2008:04:47:29 -0800] "GET /picgallery/displayimage.php?album=78&pos=19 HTTP/1.1" 200 10012 "http://www.sancarloscity.org/picgallery/displayimage.php?album=78&pos=18" "Mozilla/4.0 (compatible; MSIE 6.0; Windows NT 5.1; SV1; .NET CLR 1.1.4322)" "www.sancarloscity.org"
12.25.213.2 - - [15/Nov/2008:04:47:29 -0800] "GET /picgallery/albums/userpics/10001/normal_IMG_6701.jpg HTTP/1.1" 200 11731 "http://www.sancarloscity.org/picgallery/displayimage.php?album=78&pos=19" "Mozilla/4.0 (compatible; MSIE 6.0; Windows NT 5.1; SV1; .NET CLR 1.1.4322)" "sancarloscity.org"
12.25.213.2 - - [15/Nov/2008:04:47:31 -0800] "GET /picgallery/displayimage.php?album=78&pos=20 HTTP/1.1" 200 10011 "http://www.sancarloscity.org/picgallery/displayimage.php?album=78&pos=19" "Mozilla/4.0 (compatible; MSIE 6.0; Windows NT 5.1; SV1; .NET CLR 1.1.4322)" "www.sancarloscity.org"
12.25.213.2 - - [15/Nov/2008:04:47:31 -0800] "GET /picgallery/albums/userpics/10001/normal_IMG_6702.jpg HTTP/1.1" 200 13656 "http://www.sancarloscity.org/picgallery/displayimage.php?album=78&pos=20" "Mozilla/4.0 (compatible; MSIE 6.0; Windows NT 5.1; SV1; .NET CLR 1.1.4322)" "sancarloscity.org"
203.87.198.94 - - [15/Nov/2008:04:47:32 -0800] "GET /listings/scripts/menusearch.js HTTP/1.1" 200 614 "http://www.sancarloscity.org/listings/listing/review.php?listing_id=14958" "Mozilla/5.0 (Windows; U; Windows NT 5.1; en-US; rv:1.9.0.4) Gecko/2008102920 Firefox/3.0.4" "www.sancarloscity.org"
12.25.213.2 - - [15/Nov/2008:04:47:33 -0800] "GET /picgallery/displayimage.php?album=78&pos=21 HTTP/1.1" 200 10011 "http://www.sancarloscity.org/picgallery/displayimage.php?album=78&pos=20" "Mozilla/4.0 (compatible; MSIE 6.0; Windows NT 5.1; SV1; .NET CLR 1.1.4322)" "www.sancarloscity.org"
12.25.213.2 - - [15/Nov/2008:04:47:33 -0800] "GET /picgallery/albums/userpics/10001/normal_IMG_6703.jpg HTTP/1.1" 200 18541 "http://www.sancarloscity.org/picgallery/displayimage.php?album=78&pos=21" "Mozilla/4.0 (compatible; MSIE 6.0; Windows NT 5.1; SV1; .NET CLR 1.1.4322)" "sancarloscity.org"
12.25.213.2 - - [15/Nov/2008:04:47:36 -0800] "GET /picgallery/displayimage.php?album=78&pos=22 HTTP/1.1" 200 10011 "http://www.sancarloscity.org/picgallery/displayimage.php?album=78&pos=21" "Mozilla/4.0 (compatible; MSIE 6.0; Windows NT 5.1; SV1; .NET CLR 1.1.4322)" "www.sancarloscity.org"
12.25.213.2 - - [15/Nov/2008:04:47:37 -0800] "GET /picgallery/albums/userpics/10001/normal_IMG_6722.jpg HTTP/1.1" 200 13122 "http://www.sancarloscity.org/picgallery/displayimage.php?album=78&pos=22" "Mozilla/4.0 (compatible; MSIE 6.0; Windows NT 5.1; SV1; .NET CLR 1.1.4322)" "sancarloscity.org"
124.217.45.157 - - [15/Nov/2008:04:47:37 -0800] "GET /forum2/index.php?act=Search&CODE=getalluser&mid=24 HTTP/1.1" 302 5 "http://search.yahoo.com/search?ei=UTF-8&y=Search&rd=adv&meta=fl%3D0%26vc%3Dph&fr=yfp-t-501&fp_ip=PH&p=what+are+the+elements+of+the+states&rs=0&fr2=rs-top" "Mozilla/4.0 (compatible; MSIE 6.0; Windows NT 5.1; SV1)" "www.sancarloscity.org"
203.87.198.94 - - [15/Nov/2008:04:47:38 -0800] "GET /listings/scripts/contactclick.js HTTP/1.1" 200 1110 "http://www.sancarloscity.org/listings/listing/review.php?listing_id=14958" "Mozilla/5.0 (Windows; U; Windows NT 5.1; en-US; rv:1.9.0.4) Gecko/2008102920 Firefox/3.0.4" "www.sancarloscity.org"
124.217.45.157 - - [15/Nov/2008:04:47:39 -0800] "GET /forum2/index.php?act=Search&nav=au&CODE=show&searchid=ec96893125a5599eb5d3d494482f4c39&search_in=posts&result_type=posts HTTP/1.1" 200 107148 "http://search.yahoo.com/search?ei=UTF-8&y=Search&rd=adv&meta=fl%3D0%26vc%3Dph&fr=yfp-t-501&fp_ip=PH&p=what+are+the+elements+of+the+states&rs=0&fr2=rs-top" "Mozilla/4.0 (compatible; MSIE 6.0; Windows NT 5.1; SV1)" "www.sancarloscity.org"
12.25.213.2 - - [15/Nov/2008:04:47:39 -0800] "GET /picgallery/displayimage.php?album=78&pos=23 HTTP/1.1" 200 10011 "http://www.sancarloscity.org/picgallery/displayimage.php?album=78&pos=22" "Mozilla/4.0 (compatible; MSIE 6.0; Windows NT 5.1; SV1; .NET CLR 1.1.4322)" "www.sancarloscity.org"
12.25.213.2 - - [15/Nov/2008:04:47:39 -0800] "GET /picgallery/albums/userpics/10001/normal_IMG_6723.jpg HTTP/1.1" 200 12531 "http://www.sancarloscity.org/picgallery/displayimage.php?album=78&pos=23" "Mozilla/4.0 (compatible; MSIE 6.0; Windows NT 5.1; SV1; .NET CLR 1.1.4322)" "sancarloscity.org"
203.87.198.94 - - [15/Nov/2008:04:47:40 -0800] "GET /listings/scripts/cookies.js HTTP/1.1" 200 2224 "http://www.sancarloscity.org/listings/listing/review.php?listing_id=14958" "Mozilla/5.0 (Windows; U; Windows NT 5.1; en-US; rv:1.9.0.4) Gecko/2008102920 Firefox/3.0.4" "www.sancarloscity.org"
203.87.198.94 - - [15/Nov/2008:04:47:41 -0800] "GET /listings/upload/image_files/photo_78.gif HTTP/1.1" 200 15262 "http://www.sancarloscity.org/listings/listing/review.php?listing_id=14958" "Mozilla/5.0 (Windows; U; Windows NT 5.1; en-US; rv:1.9.0.4) Gecko/2008102920 Firefox/3.0.4" "sancarloscity.org"
203.87.198.94 - - [15/Nov/2008:04:47:41 -0800] "GET /listings/images/design/bg_navbar_businessOn.gif HTTP/1.1" 200 43 "http://www.sancarloscity.org/listings/layout/listing_color.css" "Mozilla/5.0 (Windows; U; Windows NT 5.1; en-US; rv:1.9.0.4) Gecko/2008102920 Firefox/3.0.4" "sancarloscity.org"
203.87.198.94 - - [15/Nov/2008:04:47:41 -0800] "GET /listings/images/color/white_blue/bt_addlisting.gif HTTP/1.1" 200 2991 "http://www.sancarloscity.org/listings/listing/review.php?listing_id=14958" "Mozilla/5.0 (Windows; U; Windows NT 5.1; en-US; rv:1.9.0.4) Gecko/2008102920 Firefox/3.0.4" "sancarloscity.org"
203.87.198.94 - - [15/Nov/2008:04:47:41 -0800] "GET /listings/images/design/bg_businessButton.gif HTTP/1.1" 200 168 "http://www.sancarloscity.org/listings/layout/listing_color.css" "Mozilla/5.0 (Windows; U; Windows NT 5.1; en-US; rv:1.9.0.4) Gecko/2008102920 Firefox/3.0.4" "sancarloscity.org"
203.87.198.94 - - [15/Nov/2008:04:47:41 -0800] "GET /listings/images/design/bullet_headerLogin.gif HTTP/1.1" 200 57 "http://www.sancarloscity.org/listings/layout/general_structure.css" "Mozilla/5.0 (Windows; U; Windows NT 5.1; en-US; rv:1.9.0.4) Gecko/2008102920 Firefox/3.0.4" "sancarloscity.org"
203.87.198.94 - - [15/Nov/2008:04:47:41 -0800] "GET /listings/images/color/white_blue/img_logo.gif HTTP/1.1" 200 18765 "http://www.sancarloscity.org/listings/listing/review.php?listing_id=14958" "Mozilla/5.0 (Windows; U; Windows NT 5.1; en-US; rv:1.9.0.4) Gecko/2008102920 Firefox/3.0.4" "sancarloscity.org"
12.25.213.2 - - [15/Nov/2008:04:47:41 -0800] "GET /picgallery/displayimage.php?album=78&pos=24 HTTP/1.1" 200 10012 "http://www.sancarloscity.org/picgallery/displayimage.php?album=78&pos=23" "Mozilla/4.0 (compatible; MSIE 6.0; Windows NT 5.1; SV1; .NET CLR 1.1.4322)" "www.sancarloscity.org"
12.25.213.2 - - [15/Nov/2008:04:47:41 -0800] "GET /picgallery/albums/userpics/10001/normal_IMG_6724.jpg HTTP/1.1" 200 14993 "http://www.sancarloscity.org/picgallery/displayimage.php?album=78&pos=24" "Mozilla/4.0 (compatible; MSIE 6.0; Windows NT 5.1; SV1; .NET CLR 1.1.4322)" "sancarloscity.org"
203.87.198.94 - - [15/Nov/2008:04:47:42 -0800] "GET /listings/upload/image_files/photo_75.gif HTTP/1.1" 200 15159 "http://www.sancarloscity.org/listings/listing/review.php?listing_id=14958" "Mozilla/5.0 (Windows; U; Windows NT 5.1; en-US; rv:1.9.0.4) Gecko/2008102920 Firefox/3.0.4" "sancarloscity.org"
203.87.198.94 - - [15/Nov/2008:04:47:42 -0800] "GET /listings/images/content/bullet_viewQuickList.gif HTTP/1.1" 200 431 "http://www.sancarloscity.org/listings/layout/listing_color.css" "Mozilla/5.0 (Windows; U; Windows NT 5.1; en-US; rv:1.9.0.4) Gecko/2008102920 Firefox/3.0.4" "sancarloscity.org"
203.87.198.94 - - [15/Nov/2008:04:47:42 -0800] "GET /listings/upload/image_files/photo_119.jpg HTTP/1.1" 200 19617 "http://www.sancarloscity.org/listings/listing/review.php?listing_id=14958" "Mozilla/5.0 (Windows; U; Windows NT 5.1; en-US; rv:1.9.0.4) Gecko/2008102920 Firefox/3.0.4" "sancarloscity.org"
203.87.198.94 - - [15/Nov/2008:04:47:42 -0800] "GET /listings/images/design/img_rateSmallStarOff.gif HTTP/1.1" 200 607 "http://www.sancarloscity.org/listings/listing/review.php?listing_id=14958" "Mozilla/5.0 (Windows; U; Windows NT 5.1; en-US; rv:1.9.0.4) Gecko/2008102920 Firefox/3.0.4" "sancarloscity.org"
12.25.213.2 - - [15/Nov/2008:04:47:43 -0800] "GET /picgallery/displayimage.php?album=78&pos=25 HTTP/1.1" 200 10011 "http://www.sancarloscity.org/picgallery/displayimage.php?album=78&pos=24" "Mozilla/4.0 (compatible; MSIE 6.0; Windows NT 5.1; SV1; .NET CLR 1.1.4322)" "www.sancarloscity.org"
12.25.213.2 - - [15/Nov/2008:04:47:43 -0800] "GET /picgallery/albums/userpics/10001/normal_IMG_6725.jpg HTTP/1.1" 200 14977 "http://www.sancarloscity.org/picgallery/displayimage.php?album=78&pos=25" "Mozilla/4.0 (compatible; MSIE 6.0; Windows NT 5.1; SV1; .NET CLR 1.1.4322)" "sancarloscity.org"
12.25.213.2 - - [15/Nov/2008:04:47:45 -0800] "GET /picgallery/displayimage.php?album=78&pos=26 HTTP/1.1" 200 10012 "http://www.sancarloscity.org/picgallery/displayimage.php?album=78&pos=25" "Mozilla/4.0 (compatible; MSIE 6.0; Windows NT 5.1; SV1; .NET CLR 1.1.4322)" "www.sancarloscity.org"
12.25.213.2 - - [15/Nov/2008:04:47:45 -0800] "GET /picgallery/albums/userpics/10001/normal_IMG_6726.jpg HTTP/1.1" 200 14255 "http://www.sancarloscity.org/picgallery/displayimage.php?album=78&pos=26" "Mozilla/4.0 (compatible; MSIE 6.0; Windows NT 5.1; SV1; .NET CLR 1.1.4322)" "sancarloscity.org"
124.217.45.157 - - [15/Nov/2008:04:47:45 -0800] "GET /forum2/index.php?act=task HTTP/1.1" 200 61 "http://www.sancarloscity.org/forum2/index.php?act=Search&nav=au&CODE=show&searchid=ec96893125a5599eb5d3d494482f4c39&search_in=posts&result_type=posts" "Mozilla/4.0 (compatible; MSIE 6.0; Windows NT 5.1; SV1)" "www.sancarloscity.org"
203.87.198.94 - - [15/Nov/2008:04:47:46 -0800] "GET /listings/images/design/img_rateStar.gif HTTP/1.1" 200 576 "http://www.sancarloscity.org/listings/listing/review.php?listing_id=14958" "Mozilla/5.0 (Windows; U; Windows NT 5.1; en-US; rv:1.9.0.4) Gecko/2008102920 Firefox/3.0.4" "sancarloscity.org"
12.25.213.2 - - [15/Nov/2008:04:47:46 -0800] "GET /picgallery/displayimage.php?album=78&pos=27 HTTP/1.1" 200 10012 "http://www.sancarloscity.org/picgallery/displayimage.php?album=78&pos=26" "Mozilla/4.0 (compatible; MSIE 6.0; Windows NT 5.1; SV1; .NET CLR 1.1.4322)" "www.sancarloscity.org"
12.25.213.2 - - [15/Nov/2008:04:47:46 -0800] "GET /picgallery/albums/userpics/10001/normal_IMG_6727.jpg HTTP/1.1" 200 16003 "http://www.sancarloscity.org/picgallery/displayimage.php?album=78&pos=27" "Mozilla/4.0 (compatible; MSIE 6.0; Windows NT 5.1; SV1; .NET CLR 1.1.4322)" "sancarloscity.org"
12.25.213.2 - - [15/Nov/2008:04:47:48 -0800] "GET /picgallery/displayimage.php?album=78&pos=28 HTTP/1.1" 200 10011 "http://www.sancarloscity.org/picgallery/displayimage.php?album=78&pos=27" "Mozilla/4.0 (compatible; MSIE 6.0; Windows NT 5.1; SV1; .NET CLR 1.1.4322)" "www.sancarloscity.org"
12.25.213.2 - - [15/Nov/2008:04:47:48 -0800] "GET /picgallery/albums/userpics/10001/normal_IMG_6728.jpg HTTP/1.1" 200 15889 "http://www.sancarloscity.org/picgallery/displayimage.php?album=78&pos=28" "Mozilla/4.0 (compatible; MSIE 6.0; Windows NT 5.1; SV1; .NET CLR 1.1.4322)" "sancarloscity.org"
124.217.45.157 - - [15/Nov/2008:04:47:49 -0800] "GET /forum2/style_images/red_crysta/menu_action_down-padded.gif HTTP/1.1" 200 838 "http://www.sancarloscity.org/forum2/index.php?act=Search&nav=au&CODE=show&searchid=ec96893125a5599eb5d3d494482f4c39&search_in=posts&result_type=posts" "Mozilla/4.0 (compatible; MSIE 6.0; Windows NT 5.1; SV1)" "sancarloscity.org"
12.25.213.2 - - [15/Nov/2008:04:47:50 -0800] "GET /picgallery/displayimage.php?album=78&pos=29 HTTP/1.1" 200 10011 "http://www.sancarloscity.org/picgallery/displayimage.php?album=78&pos=28" "Mozilla/4.0 (compatible; MSIE 6.0; Windows NT 5.1; SV1; .NET CLR 1.1.4322)" "www.sancarloscity.org"
12.25.213.2 - - [15/Nov/2008:04:47:50 -0800] "GET /picgallery/albums/userpics/10001/normal_IMG_6729.jpg HTTP/1.1" 200 15105 "http://www.sancarloscity.org/picgallery/displayimage.php?album=78&pos=29" "Mozilla/4.0 (compatible; MSIE 6.0; Windows NT 5.1; SV1; .NET CLR 1.1.4322)" "sancarloscity.org"
12.25.213.2 - - [15/Nov/2008:04:47:51 -0800] "GET /picgallery/displayimage.php?album=78&pos=30 HTTP/1.1" 200 10203 "http://www.sancarloscity.org/picgallery/displayimage.php?album=78&pos=29" "Mozilla/4.0 (compatible; MSIE 6.0; Windows NT 5.1; SV1; .NET CLR 1.1.4322)" "www.sancarloscity.org"
12.25.213.2 - - [15/Nov/2008:04:47:51 -0800] "GET /picgallery/albums/userpics/10001/normal_IMG_6730.jpg HTTP/1.1" 200 14067 "http://www.sancarloscity.org/picgallery/displayimage.php?album=78&pos=30" "Mozilla/4.0 (compatible; MSIE 6.0; Windows NT 5.1; SV1; .NET CLR 1.1.4322)" "sancarloscity.org"
12.25.213.2 - - [15/Nov/2008:04:47:52 -0800] "GET /picgallery/displayimage.php?album=78&pos=31 HTTP/1.1" 200 10011 "http://www.sancarloscity.org/picgallery/displayimage.php?album=78&pos=30" "Mozilla/4.0 (compatible; MSIE 6.0; Windows NT 5.1; SV1; .NET CLR 1.1.4322)" "www.sancarloscity.org"
12.25.213.2 - - [15/Nov/2008:04:47:52 -0800] "GET /picgallery/albums/userpics/10001/normal_IMG_6731.jpg HTTP/1.1" 200 13495 "http://www.sancarloscity.org/picgallery/displayimage.php?album=78&pos=31" "Mozilla/4.0 (compatible; MSIE 6.0; Windows NT 5.1; SV1; .NET CLR 1.1.4322)" "sancarloscity.org"
203.87.198.94 - - [15/Nov/2008:04:47:53 -0800] "GET /favicon.ico HTTP/1.1" 404 739 "-" "Mozilla/5.0 (Windows; U; Windows NT 5.1; en-US; rv:1.9.0.4) Gecko/2008102920 Firefox/3.0.4" "sancarloscity.org"
12.25.213.2 - - [15/Nov/2008:04:47:54 -0800] "GET /picgallery/displayimage.php?album=78&pos=32 HTTP/1.1" 200 10012 "http://www.sancarloscity.org/picgallery/displayimage.php?album=78&pos=31" "Mozilla/4.0 (compatible; MSIE 6.0; Windows NT 5.1; SV1; .NET CLR 1.1.4322)" "www.sancarloscity.org"
12.25.213.2 - - [15/Nov/2008:04:47:54 -0800] "GET /picgallery/albums/userpics/10001/normal_IMG_6734.jpg HTTP/1.1" 200 14595 "http://www.sancarloscity.org/picgallery/displayimage.php?album=78&pos=32" "Mozilla/4.0 (compatible; MSIE 6.0; Windows NT 5.1; SV1; .NET CLR 1.1.4322)" "sancarloscity.org"
12.25.213.2 - - [15/Nov/2008:04:47:56 -0800] "GET /picgallery/displayimage.php?album=78&pos=33 HTTP/1.1" 200 10204 "http://www.sancarloscity.org/picgallery/displayimage.php?album=78&pos=32" "Mozilla/4.0 (compatible; MSIE 6.0; Windows NT 5.1; SV1; .NET CLR 1.1.4322)" "www.sancarloscity.org"
12.25.213.2 - - [15/Nov/2008:04:47:56 -0800] "GET /picgallery/albums/userpics/10001/normal_IMG_6736.jpg HTTP/1.1" 200 13886 "http://www.sancarloscity.org/picgallery/displayimage.php?album=78&pos=33" "Mozilla/4.0 (compatible; MSIE 6.0; Windows NT 5.1; SV1; .NET CLR 1.1.4322)" "sancarloscity.org"
12.25.213.2 - - [15/Nov/2008:04:47:58 -0800] "GET /picgallery/displayimage.php?album=78&pos=34 HTTP/1.1" 200 10204 "http://www.sancarloscity.org/picgallery/displayimage.php?album=78&pos=33" "Mozilla/4.0 (compatible; MSIE 6.0; Windows NT 5.1; SV1; .NET CLR 1.1.4322)" "www.sancarloscity.org"
12.25.213.2 - - [15/Nov/2008:04:47:58 -0800] "GET /picgallery/albums/userpics/10001/normal_IMG_6737.jpg HTTP/1.1" 200 13922 "http://www.sancarloscity.org/picgallery/displayimage.php?album=78&pos=34" "Mozilla/4.0 (compatible; MSIE 6.0; Windows NT 5.1; SV1; .NET CLR 1.1.4322)" "sancarloscity.org"
12.25.213.2 - - [15/Nov/2008:04:47:59 -0800] "GET /picgallery/displayimage.php?album=78&pos=35 HTTP/1.1" 200 10203 "http://www.sancarloscity.org/picgallery/displayimage.php?album=78&pos=34" "Mozilla/4.0 (compatible; MSIE 6.0; Windows NT 5.1; SV1; .NET CLR 1.1.4322)" "www.sancarloscity.org"
12.25.213.2 - - [15/Nov/2008:04:47:59 -0800] "GET /picgallery/albums/userpics/10001/normal_IMG_6738.jpg HTTP/1.1" 200 14338 "http://www.sancarloscity.org/picgallery/displayimage.php?album=78&pos=35" "Mozilla/4.0 (compatible; MSIE 6.0; Windows NT 5.1; SV1; .NET CLR 1.1.4322)" "sancarloscity.org"
203.87.198.94 - - [15/Nov/2008:04:48:01 -0800] "GET /favicon.ico HTTP/1.1" 404 739 "-" "Mozilla/5.0 (Windows; U; Windows NT 5.1; en-US; rv:1.9.0.4) Gecko/2008102920 Firefox/3.0.4" "sancarloscity.org"
12.25.213.2 - - [15/Nov/2008:04:48:01 -0800] "GET /picgallery/displayimage.php?album=78&pos=36 HTTP/1.1" 200 10011 "http://www.sancarloscity.org/picgallery/displayimage.php?album=78&pos=35" "Mozilla/4.0 (compatible; MSIE 6.0; Windows NT 5.1; SV1; .NET CLR 1.1.4322)" "www.sancarloscity.org"
12.25.213.2 - - [15/Nov/2008:04:48:01 -0800] "GET /picgallery/albums/userpics/10001/normal_IMG_6739.jpg HTTP/1.1" 200 14254 "http://www.sancarloscity.org/picgallery/displayimage.php?album=78&pos=36" "Mozilla/4.0 (compatible; MSIE 6.0; Windows NT 5.1; SV1; .NET CLR 1.1.4322)" "sancarloscity.org"
12.25.213.2 - - [15/Nov/2008:04:48:03 -0800] "GET /picgallery/displayimage.php?album=78&pos=37 HTTP/1.1" 200 10012 "http://www.sancarloscity.org/picgallery/displayimage.php?album=78&pos=36" "Mozilla/4.0 (compatible; MSIE 6.0; Windows NT 5.1; SV1; .NET CLR 1.1.4322)" "www.sancarloscity.org"
12.25.213.2 - - [15/Nov/2008:04:48:03 -0800] "GET /picgallery/albums/userpics/10001/normal_IMG_6740.jpg HTTP/1.1" 200 14038 "http://www.sancarloscity.org/picgallery/displayimage.php?album=78&pos=37" "Mozilla/4.0 (compatible; MSIE 6.0; Windows NT 5.1; SV1; .NET CLR 1.1.4322)" "sancarloscity.org"
12.25.213.2 - - [15/Nov/2008:04:48:04 -0800] "GET /picgallery/displayimage.php?album=78&pos=38 HTTP/1.1" 200 10012 "http://www.sancarloscity.org/picgallery/displayimage.php?album=78&pos=37" "Mozilla/4.0 (compatible; MSIE 6.0; Windows NT 5.1; SV1; .NET CLR 1.1.4322)" "www.sancarloscity.org"
12.25.213.2 - - [15/Nov/2008:04:48:04 -0800] "GET /picgallery/albums/userpics/10001/normal_IMG_6741.jpg HTTP/1.1" 200 13427 "http://www.sancarloscity.org/picgallery/displayimage.php?album=78&pos=38" "Mozilla/4.0 (compatible; MSIE 6.0; Windows NT 5.1; SV1; .NET CLR 1.1.4322)" "sancarloscity.org"
203.87.198.94 - - [15/Nov/2008:04:48:05 -0800] "GET /listings/images/design/img_rateStarOff.gif HTTP/1.1" 200 576 "http://www.sancarloscity.org/listings/listing/review.php?listing_id=14958" "Mozilla/5.0 (Windows; U; Windows NT 5.1; en-US; rv:1.9.0.4) Gecko/2008102920 Firefox/3.0.4" "sancarloscity.org"
12.25.213.2 - - [15/Nov/2008:04:48:06 -0800] "GET /picgallery/displayimage.php?album=78&pos=39 HTTP/1.1" 200 10012 "http://www.sancarloscity.org/picgallery/displayimage.php?album=78&pos=38" "Mozilla/4.0 (compatible; MSIE 6.0; Windows NT 5.1; SV1; .NET CLR 1.1.4322)" "www.sancarloscity.org"
12.25.213.2 - - [15/Nov/2008:04:48:06 -0800] "GET /picgallery/albums/userpics/10001/normal_IMG_6742.jpg HTTP/1.1" 200 12515 "http://www.sancarloscity.org/picgallery/displayimage.php?album=78&pos=39" "Mozilla/4.0 (compatible; MSIE 6.0; Windows NT 5.1; SV1; .NET CLR 1.1.4322)" "sancarloscity.org"
12.25.213.2 - - [15/Nov/2008:04:48:07 -0800] "GET /picgallery/displayimage.php?album=78&pos=40 HTTP/1.1" 200 10012 "http://www.sancarloscity.org/picgallery/displayimage.php?album=78&pos=39" "Mozilla/4.0 (compatible; MSIE 6.0; Windows NT 5.1; SV1; .NET CLR 1.1.4322)" "www.sancarloscity.org"
12.25.213.2 - - [15/Nov/2008:04:48:08 -0800] "GET /picgallery/albums/userpics/10001/normal_IMG_6743.jpg HTTP/1.1" 200 12668 "http://www.sancarloscity.org/picgallery/displayimage.php?album=78&pos=40" "Mozilla/4.0 (compatible; MSIE 6.0; Windows NT 5.1; SV1; .NET CLR 1.1.4322)" "sancarloscity.org"
12.25.213.2 - - [15/Nov/2008:04:48:09 -0800] "GET /picgallery/displayimage.php?album=78&pos=41 HTTP/1.1" 200 10011 "http://www.sancarloscity.org/picgallery/displayimage.php?album=78&pos=40" "Mozilla/4.0 (compatible; MSIE 6.0; Windows NT 5.1; SV1; .NET CLR 1.1.4322)" "www.sancarloscity.org"
12.25.213.2 - - [15/Nov/2008:04:48:09 -0800] "GET /picgallery/albums/userpics/10001/normal_IMG_6744.jpg HTTP/1.1" 200 13992 "http://www.sancarloscity.org/picgallery/displayimage.php?album=78&pos=41" "Mozilla/4.0 (compatible; MSIE 6.0; Windows NT 5.1; SV1; .NET CLR 1.1.4322)" "sancarloscity.org"
12.25.213.2 - - [15/Nov/2008:04:48:10 -0800] "GET /picgallery/displayimage.php?album=78&pos=42 HTTP/1.1" 200 10011 "http://www.sancarloscity.org/picgallery/displayimage.php?album=78&pos=41" "Mozilla/4.0 (compatible; MSIE 6.0; Windows NT 5.1; SV1; .NET CLR 1.1.4322)" "www.sancarloscity.org"
12.25.213.2 - - [15/Nov/2008:04:48:11 -0800] "GET /picgallery/albums/userpics/10001/normal_IMG_6745.jpg HTTP/1.1" 200 15098 "http://www.sancarloscity.org/picgallery/displayimage.php?album=78&pos=42" "Mozilla/4.0 (compatible; MSIE 6.0; Windows NT 5.1; SV1; .NET CLR 1.1.4322)" "sancarloscity.org"
12.25.213.2 - - [15/Nov/2008:04:48:12 -0800] "GET /picgallery/displayimage.php?album=78&pos=43 HTTP/1.1" 200 10011 "http://www.sancarloscity.org/picgallery/displayimage.php?album=78&pos=42" "Mozilla/4.0 (compatible; MSIE 6.0; Windows NT 5.1; SV1; .NET CLR 1.1.4322)" "www.sancarloscity.org"
12.25.213.2 - - [15/Nov/2008:04:48:14 -0800] "GET /picgallery/displayimage.php?album=78&pos=44 HTTP/1.1" 200 10011 "http://www.sancarloscity.org/picgallery/displayimage.php?album=78&pos=43" "Mozilla/4.0 (compatible; MSIE 6.0; Windows NT 5.1; SV1; .NET CLR 1.1.4322)" "www.sancarloscity.org"
12.25.213.2 - - [15/Nov/2008:04:48:14 -0800] "GET /picgallery/albums/userpics/10001/normal_IMG_6747.jpg HTTP/1.1" 200 15350 "http://www.sancarloscity.org/picgallery/displayimage.php?album=78&pos=44" "Mozilla/4.0 (compatible; MSIE 6.0; Windows NT 5.1; SV1; .NET CLR 1.1.4322)" "sancarloscity.org"
12.25.213.2 - - [15/Nov/2008:04:48:16 -0800] "GET /picgallery/displayimage.php?album=78&pos=45 HTTP/1.1" 200 10011 "http://www.sancarloscity.org/picgallery/displayimage.php?album=78&pos=44" "Mozilla/4.0 (compatible; MSIE 6.0; Windows NT 5.1; SV1; .NET CLR 1.1.4322)" "www.sancarloscity.org"
12.25.213.2 - - [15/Nov/2008:04:48:16 -0800] "GET /picgallery/albums/userpics/10001/normal_IMG_6748.jpg HTTP/1.1" 200 12940 "http://www.sancarloscity.org/picgallery/displayimage.php?album=78&pos=45" "Mozilla/4.0 (compatible; MSIE 6.0; Windows NT 5.1; SV1; .NET CLR 1.1.4322)" "sancarloscity.org"
12.25.213.2 - - [15/Nov/2008:04:48:18 -0800] "GET /picgallery/displayimage.php?album=78&pos=46 HTTP/1.1" 200 10012 "http://www.sancarloscity.org/picgallery/displayimage.php?album=78&pos=45" "Mozilla/4.0 (compatible; MSIE 6.0; Windows NT 5.1; SV1; .NET CLR 1.1.4322)" "www.sancarloscity.org"
12.25.213.2 - - [15/Nov/2008:04:48:18 -0800] "GET /picgallery/albums/userpics/10001/normal_IMG_6749.jpg HTTP/1.1" 200 11875 "http://www.sancarloscity.org/picgallery/displayimage.php?album=78&pos=46" "Mozilla/4.0 (compatible; MSIE 6.0; Windows NT 5.1; SV1; .NET CLR 1.1.4322)" "sancarloscity.org"
12.25.213.2 - - [15/Nov/2008:04:48:20 -0800] "GET /picgallery/displayimage.php?album=78&pos=47 HTTP/1.1" 200 10011 "http://www.sancarloscity.org/picgallery/displayimage.php?album=78&pos=46" "Mozilla/4.0 (compatible; MSIE 6.0; Windows NT 5.1; SV1; .NET CLR 1.1.4322)" "www.sancarloscity.org"
12.25.213.2 - - [15/Nov/2008:04:48:20 -0800] "GET /picgallery/albums/userpics/10001/normal_IMG_6750.jpg HTTP/1.1" 200 12127 "http://www.sancarloscity.org/picgallery/displayimage.php?album=78&pos=47" "Mozilla/4.0 (compatible; MSIE 6.0; Windows NT 5.1; SV1; .NET CLR 1.1.4322)" "sancarloscity.org"
12.25.213.2 - - [15/Nov/2008:04:48:21 -0800] "GET /picgallery/displayimage.php?album=78&pos=48 HTTP/1.1" 200 10012 "http://www.sancarloscity.org/picgallery/displayimage.php?album=78&pos=47" "Mozilla/4.0 (compatible; MSIE 6.0; Windows NT 5.1; SV1; .NET CLR 1.1.4322)" "www.sancarloscity.org"
12.25.213.2 - - [15/Nov/2008:04:48:21 -0800] "GET /picgallery/albums/userpics/10001/normal_IMG_6751.jpg HTTP/1.1" 200 11012 "http://www.sancarloscity.org/picgallery/displayimage.php?album=78&pos=48" "Mozilla/4.0 (compatible; MSIE 6.0; Windows NT 5.1; SV1; .NET CLR 1.1.4322)" "sancarloscity.org"
12.25.213.2 - - [15/Nov/2008:04:48:23 -0800] "GET /picgallery/displayimage.php?album=78&pos=49 HTTP/1.1" 200 10012 "http://www.sancarloscity.org/picgallery/displayimage.php?album=78&pos=48" "Mozilla/4.0 (compatible; MSIE 6.0; Windows NT 5.1; SV1; .NET CLR 1.1.4322)" "www.sancarloscity.org"
12.25.213.2 - - [15/Nov/2008:04:48:23 -0800] "GET /picgallery/albums/userpics/10001/normal_IMG_6752.jpg HTTP/1.1" 200 11119 "http://www.sancarloscity.org/picgallery/displayimage.php?album=78&pos=49" "Mozilla/4.0 (compatible; MSIE 6.0; Windows NT 5.1; SV1; .NET CLR 1.1.4322)" "sancarloscity.org"
12.25.213.2 - - [15/Nov/2008:04:48:24 -0800] "GET /picgallery/displayimage.php?album=78&pos=50 HTTP/1.1" 200 10010 "http://www.sancarloscity.org/picgallery/displayimage.php?album=78&pos=49" "Mozilla/4.0 (compatible; MSIE 6.0; Windows NT 5.1; SV1; .NET CLR 1.1.4322)" "www.sancarloscity.org"
12.25.213.2 - - [15/Nov/2008:04:48:24 -0800] "GET /picgallery/albums/userpics/10001/normal_IMG_6753.jpg HTTP/1.1" 200 10908 "http://www.sancarloscity.org/picgallery/displayimage.php?album=78&pos=50" "Mozilla/4.0 (compatible; MSIE 6.0; Windows NT 5.1; SV1; .NET CLR 1.1.4322)" "sancarloscity.org"
91.203.96.31 - - [15/Nov/2008:04:48:25 -0800] "GET /jodera2/viewtopic.php?p=31777 HTTP/1.1" 200 83701 "http://www.google.com/m/search?eosr=on&client=ms-opera_mb_no&q=%D0%A1%D0%BA%D1%80%D1%8B%D1%82%D0%B0%D1%8F+%D0%BA%D0%B0%D0%BC%D0%B5%D1%80%D0%B0+%D0%93%D0%BE%D0%BB%D0%B0%D1%8F+%D0%9A%D1%80%D0%B8%D0%B2%D0%BE%D0%B7%D1%83%D0%B1&channel=bm&hl=ru&site=search&mrestrict=xhtml&start=6&sa=X&oi=blended&ct=more-results" "Opera/9.50 (J2ME/MIDP; Opera Mini/4.1.11355/352; U; ru)" "www.sancarloscity.org"
91.203.96.31 - - [15/Nov/2008:04:48:25 -0800] "GET /jodera2/templates/Cobalt/Cobalt.css HTTP/1.1" 200 15663 "http://www.sancarloscity.org/jodera2/viewtopic.php?p=31777" "Opera/9.50 (J2ME/MIDP; Opera Mini/4.1.11355/352; U; ru)" "www.sancarloscity.org"
12.25.213.2 - - [15/Nov/2008:04:48:26 -0800] "GET /picgallery/displayimage.php?album=78&pos=51 HTTP/1.1" 200 10011 "http://www.sancarloscity.org/picgallery/displayimage.php?album=78&pos=50" "Mozilla/4.0 (compatible; MSIE 6.0; Windows NT 5.1; SV1; .NET CLR 1.1.4322)" "www.sancarloscity.org"
91.203.96.31 - - [15/Nov/2008:04:48:26 -0800] "GET /jodera2/templates/Cobalt/images/icon_mini_faq.gif HTTP/1.1" 200 706 "http://www.sancarloscity.org/jodera2/viewtopic.php?p=31777" "Opera/9.50 (J2ME/MIDP; Opera Mini/4.1.11355/352; U; ru)" "sancarloscity.org"
91.203.96.31 - - [15/Nov/2008:04:48:26 -0800] "GET /jodera2/templates/Cobalt/images/spacer.gif HTTP/1.1" 200 49 "http://www.sancarloscity.org/jodera2/viewtopic.php?p=31777" "Opera/9.50 (J2ME/MIDP; Opera Mini/4.1.11355/352; U; ru)" "sancarloscity.org"
91.203.96.31 - - [15/Nov/2008:04:48:26 -0800] "GET /jodera2/templates/Cobalt/images/icon_mini_search.gif HTTP/1.1" 200 722 "http://www.sancarloscity.org/jodera2/viewtopic.php?p=31777" "Opera/9.50 (J2ME/MIDP; Opera Mini/4.1.11355/352; U; ru)" "sancarloscity.org"
91.203.96.31 - - [15/Nov/2008:04:48:26 -0800] "GET /jodera2/templates/Cobalt/images/border_ltop.gif HTTP/1.1" 200 73 "http://www.sancarloscity.org/jodera2/viewtopic.php?p=31777" "Opera/9.50 (J2ME/MIDP; Opera Mini/4.1.11355/352; U; ru)" "sancarloscity.org"
91.203.96.31 - - [15/Nov/2008:04:48:26 -0800] "GET /jodera2/templates/Cobalt/images/border_rtop.gif HTTP/1.1" 200 101 "http://www.sancarloscity.org/jodera2/viewtopic.php?p=31777" "Opera/9.50 (J2ME/MIDP; Opera Mini/4.1.11355/352; U; ru)" "sancarloscity.org"
91.203.96.31 - - [15/Nov/2008:04:48:26 -0800] "GET /jodera2/templates/Cobalt/images/border_hside.gif HTTP/1.1" 200 55 "http://www.sancarloscity.org/jodera2/viewtopic.php?p=31777" "Opera/9.50 (J2ME/MIDP; Opera Mini/4.1.11355/352; U; ru)" "sancarloscity.org"
91.203.96.31 - - [15/Nov/2008:04:48:26 -0800] "GET /jodera2/templates/Cobalt/images/border_vside.gif HTTP/1.1" 200 57 "http://www.sancarloscity.org/jodera2/viewtopic.php?p=31777" "Opera/9.50 (J2ME/MIDP; Opera Mini/4.1.11355/352; U; ru)" "sancarloscity.org"
91.203.96.31 - - [15/Nov/2008:04:48:26 -0800] "GET /jodera2/templates/Cobalt/images/mainbox_bg.jpg HTTP/1.1" 200 8538 "http://www.sancarloscity.org/jodera2/viewtopic.php?p=31777" "Opera/9.50 (J2ME/MIDP; Opera Mini/4.1.11355/352; U; ru)" "sancarloscity.org"
91.203.96.31 - - [15/Nov/2008:04:48:26 -0800] "GET /jodera2/templates/Cobalt/images/logo_phpbb.jpg HTTP/1.1" 200 8430 "http://www.sancarloscity.org/jodera2/viewtopic.php?p=31777" "Opera/9.50 (J2ME/MIDP; Opera Mini/4.1.11355/352; U; ru)" "sancarloscity.org"
91.203.96.31 - - [15/Nov/2008:04:48:26 -0800] "GET /jodera2/templates/Cobalt/images/background.jpg HTTP/1.1" 200 8970 "http://www.sancarloscity.org/jodera2/viewtopic.php?p=31777" "Opera/9.50 (J2ME/MIDP; Opera Mini/4.1.11355/352; U; ru)" "sancarloscity.org"
12.25.213.2 - - [15/Nov/2008:04:48:26 -0800] "GET /picgallery/albums/userpics/10001/normal_IMG_6754.jpg HTTP/1.1" 200 10297 "http://www.sancarloscity.org/picgallery/displayimage.php?album=78&pos=51" "Mozilla/4.0 (compatible; MSIE 6.0; Windows NT 5.1; SV1; .NET CLR 1.1.4322)" "sancarloscity.org"
91.203.96.31 - - [15/Nov/2008:04:48:26 -0800] "GET /jodera2/templates/Cobalt/images/catbox_background.gif HTTP/1.1" 200 43 "http://www.sancarloscity.org/jodera2/viewtopic.php?p=31777" "Opera/9.50 (J2ME/MIDP; Opera Mini/4.1.11355/352; U; ru)" "sancarloscity.org"
91.203.96.31 - - [15/Nov/2008:04:48:26 -0800] "GET /jodera2/templates/Cobalt/images/icon_mini_register.gif HTTP/1.1" 200 705 "http://www.sancarloscity.org/jodera2/viewtopic.php?p=31777" "Opera/9.50 (J2ME/MIDP; Opera Mini/4.1.11355/352; U; ru)" "sancarloscity.org"
91.203.96.31 - - [15/Nov/2008:04:48:26 -0800] "GET /jodera2/templates/Cobalt/images/icon_mini_groups.gif HTTP/1.1" 200 751 "http://www.sancarloscity.org/jodera2/viewtopic.php?p=31777" "Opera/9.50 (J2ME/MIDP; Opera Mini/4.1.11355/352; U; ru)" "sancarloscity.org"
91.203.96.31 - - [15/Nov/2008:04:48:26 -0800] "GET /jodera2/templates/Cobalt/images/icon_mini_profile.gif HTTP/1.1" 200 716 "http://www.sancarloscity.org/jodera2/viewtopic.php?p=31777" "Opera/9.50 (J2ME/MIDP; Opera Mini/4.1.11355/352; U; ru)" "sancarloscity.org"
91.203.96.31 - - [15/Nov/2008:04:48:26 -0800] "GET /jodera2/templates/Cobalt/images/icon_mini_message.gif HTTP/1.1" 200 734 "http://www.sancarloscity.org/jodera2/viewtopic.php?p=31777" "Opera/9.50 (J2ME/MIDP; Opera Mini/4.1.11355/352; U; ru)" "sancarloscity.org"
91.203.96.31 - - [15/Nov/2008:04:48:26 -0800] "GET /jodera2/templates/Cobalt/images/icon_mini_login.gif HTTP/1.1" 200 736 "http://www.sancarloscity.org/jodera2/viewtopic.php?p=31777" "Opera/9.50 (J2ME/MIDP; Opera Mini/4.1.11355/352; U; ru)" "sancarloscity.org"
91.203.96.31 - - [15/Nov/2008:04:48:26 -0800] "GET /jodera2/templates/Cobalt/images/lang_english/post.gif HTTP/1.1" 200 3070 "http://www.sancarloscity.org/jodera2/viewtopic.php?p=31777" "Opera/9.50 (J2ME/MIDP; Opera Mini/4.1.11355/352; U; ru)" "sancarloscity.org"
91.203.96.31 - - [15/Nov/2008:04:48:26 -0800] "GET /jodera2/templates/Cobalt/images/lang_english/reply.gif HTTP/1.1" 200 3137 "http://www.sancarloscity.org/jodera2/viewtopic.php?p=31777" "Opera/9.50 (J2ME/MIDP; Opera Mini/4.1.11355/352; U; ru)" "sancarloscity.org"
91.203.96.31 - - [15/Nov/2008:04:48:26 -0800] "GET /jodera2/templates/Cobalt/images/icon_mini_members.gif HTTP/1.1" 200 740 "http://www.sancarloscity.org/jodera2/viewtopic.php?p=31777" "Opera/9.50 (J2ME/MIDP; Opera Mini/4.1.11355/352; U; ru)" "sancarloscity.org"
91.203.96.31 - - [15/Nov/2008:04:48:26 -0800] "GET /jodera2/joderaban.gif HTTP/1.1" 200 598991 "http://www.sancarloscity.org/jodera2/viewtopic.php?p=31777" "Opera/9.50 (J2ME/MIDP; Opera Mini/4.1.11355/352; U; ru)" "sancarloscity.org"
91.203.96.31 - - [15/Nov/2008:04:48:27 -0800] "GET /jodera2/templates/Cobalt/images/cellpicsilver.gif HTTP/1.1" 200 190 "http://www.sancarloscity.org/jodera2/viewtopic.php?p=31777" "Opera/9.50 (J2ME/MIDP; Opera Mini/4.1.11355/352; U; ru)" "sancarloscity.org"
91.203.96.31 - - [15/Nov/2008:04:48:27 -0800] "GET /jodera2/templates/Cobalt/images/border_rmiddle.gif HTTP/1.1" 200 69 "http://www.sancarloscity.org/jodera2/viewtopic.php?p=31777" "Opera/9.50 (J2ME/MIDP; Opera Mini/4.1.11355/352; U; ru)" "sancarloscity.org"
91.203.96.31 - - [15/Nov/2008:04:48:27 -0800] "GET /jodera2/templates/Cobalt/images/border_lmiddle.gif HTTP/1.1" 200 70 "http://www.sancarloscity.org/jodera2/viewtopic.php?p=31777" "Opera/9.50 (J2ME/MIDP; Opera Mini/4.1.11355/352; U; ru)" "sancarloscity.org"
91.203.96.31 - - [15/Nov/2008:04:48:27 -0800] "GET /jodera2/templates/Cobalt/images/minipost_read.gif HTTP/1.1" 200 118 "http://www.sancarloscity.org/jodera2/viewtopic.php?p=31777" "Opera/9.50 (J2ME/MIDP; Opera Mini/4.1.11355/352; U; ru)" "sancarloscity.org"
91.203.96.31 - - [15/Nov/2008:04:48:27 -0800] "GET /jodera2/templates/Cobalt/images/lang_english/icon_email.gif HTTP/1.1" 200 850 "http://www.sancarloscity.org/jodera2/viewtopic.php?p=31777" "Opera/9.50 (J2ME/MIDP; Opera Mini/4.1.11355/352; U; ru)" "sancarloscity.org"
91.203.96.31 - - [15/Nov/2008:04:48:27 -0800] "GET /jodera2/templates/Cobalt/images/lang_english/icon_quote.gif HTTP/1.1" 200 859 "http://www.sancarloscity.org/jodera2/viewtopic.php?p=31777" "Opera/9.50 (J2ME/MIDP; Opera Mini/4.1.11355/352; U; ru)" "sancarloscity.org"
91.203.96.31 - - [15/Nov/2008:04:48:27 -0800] "GET /jodera2/templates/Cobalt/images/lang_english/icon_profile.gif HTTP/1.1" 200 918 "http://www.sancarloscity.org/jodera2/viewtopic.php?p=31777" "Opera/9.50 (J2ME/MIDP; Opera Mini/4.1.11355/352; U; ru)" "sancarloscity.org"
91.203.96.31 - - [15/Nov/2008:04:48:27 -0800] "GET /jodera2/templates/Cobalt/images/lang_english/icon_pm.gif HTTP/1.1" 200 736 "http://www.sancarloscity.org/jodera2/viewtopic.php?p=31777" "Opera/9.50 (J2ME/MIDP; Opera Mini/4.1.11355/352; U; ru)" "sancarloscity.org"
91.203.96.31 - - [15/Nov/2008:04:48:27 -0800] "GET /jodera2/templates/Cobalt/images/icon_top.gif HTTP/1.1" 200 641 "http://www.sancarloscity.org/jodera2/viewtopic.php?p=31777" "Opera/9.50 (J2ME/MIDP; Opera Mini/4.1.11355/352; U; ru)" "sancarloscity.org"
91.203.96.31 - - [15/Nov/2008:04:48:27 -0800] "GET /jodera2/templates/Cobalt/images/catbox_bg_start.gif HTTP/1.1" 200 1105 "http://www.sancarloscity.org/jodera2/viewtopic.php?p=31777" "Opera/9.50 (J2ME/MIDP; Opera Mini/4.1.11355/352; U; ru)" "sancarloscity.org"
91.203.96.31 - - [15/Nov/2008:04:48:27 -0800] "GET /jodera2/templates/Cobalt/images/formpic.gif HTTP/1.1" 200 892 "http://www.sancarloscity.org/jodera2/viewtopic.php?p=31777" "Opera/9.50 (J2ME/MIDP; Opera Mini/4.1.11355/352; U; ru)" "sancarloscity.org"
91.203.96.31 - - [15/Nov/2008:04:48:27 -0800] "GET /jodera2/templates/Cobalt/images/lang_english/icon_msnm.gif HTTP/1.1" 200 834 "http://www.sancarloscity.org/jodera2/viewtopic.php?p=31777" "Opera/9.50 (J2ME/MIDP; Opera Mini/4.1.11355/352; U; ru)" "sancarloscity.org"
91.203.96.31 - - [15/Nov/2008:04:48:27 -0800] "GET /jodera2/templates/Cobalt/images/lang_english/icon_yim.gif HTTP/1.1" 200 772 "http://www.sancarloscity.org/jodera2/viewtopic.php?p=31777" "Opera/9.50 (J2ME/MIDP; Opera Mini/4.1.11355/352; U; ru)" "sancarloscity.org"
91.203.96.31 - - [15/Nov/2008:04:48:27 -0800] "GET /jodera2/templates/Cobalt/images/border_rbottom.gif HTTP/1.1" 200 101 "http://www.sancarloscity.org/jodera2/viewtopic.php?p=31777" "Opera/9.50 (J2ME/MIDP; Opera Mini/4.1.11355/352; U; ru)" "sancarloscity.org"
91.203.96.31 - - [15/Nov/2008:04:48:27 -0800] "GET /jodera2/templates/Cobalt/images/buttonbgpic.gif HTTP/1.1" 200 186 "http://www.sancarloscity.org/jodera2/viewtopic.php?p=31777" "Opera/9.50 (J2ME/MIDP; Opera Mini/4.1.11355/352; U; ru)" "sancarloscity.org"
91.203.96.31 - - [15/Nov/2008:04:48:27 -0800] "GET /jodera2/templates/Cobalt/images/lang_english/icon_aim.gif HTTP/1.1" 200 769 "http://www.sancarloscity.org/jodera2/viewtopic.php?p=31777" "Opera/9.50 (J2ME/MIDP; Opera Mini/4.1.11355/352; U; ru)" "sancarloscity.org"
91.203.96.31 - - [15/Nov/2008:04:48:27 -0800] "GET /jodera2/templates/Cobalt/images/lang_english/icon_www.gif HTTP/1.1" 200 776 "http://www.sancarloscity.org/jodera2/viewtopic.php?p=31777" "Opera/9.50 (J2ME/MIDP; Opera Mini/4.1.11355/352; U; ru)" "sancarloscity.org"
91.203.96.31 - - [15/Nov/2008:04:48:27 -0800] "GET /jodera2/templates/Cobalt/images/lang_english/icon_icq_add.gif HTTP/1.1" 200 752 "http://www.sancarloscity.org/jodera2/viewtopic.php?p=31777" "Opera/9.50 (J2ME/MIDP; Opera Mini/4.1.11355/352; U; ru)" "sancarloscity.org"
91.203.96.31 - - [15/Nov/2008:04:48:27 -0800] "GET /jodera2/templates/Cobalt/images/border_lbottom.gif HTTP/1.1" 200 100 "http://www.sancarloscity.org/jodera2/viewtopic.php?p=31777" "Opera/9.50 (J2ME/MIDP; Opera Mini/4.1.11355/352; U; ru)" "sancarloscity.org"
12.25.213.2 - - [15/Nov/2008:04:48:27 -0800] "GET /picgallery/displayimage.php?album=78&pos=52 HTTP/1.1" 200 10011 "http://www.sancarloscity.org/picgallery/displayimage.php?album=78&pos=51" "Mozilla/4.0 (compatible; MSIE 6.0; Windows NT 5.1; SV1; .NET CLR 1.1.4322)" "www.sancarloscity.org"
12.25.213.2 - - [15/Nov/2008:04:48:28 -0800] "GET /picgallery/albums/userpics/10001/normal_IMG_6755.jpg HTTP/1.1" 200 10842 "http://www.sancarloscity.org/picgallery/displayimage.php?album=78&pos=52" "Mozilla/4.0 (compatible; MSIE 6.0; Windows NT 5.1; SV1; .NET CLR 1.1.4322)" "sancarloscity.org"
91.203.96.31 - - [15/Nov/2008:04:48:29 -0800] "GET /favicon.ico HTTP/1.1" 404 739 "http://www.sancarloscity.org/jodera2/viewtopic.php?p=31777" "Opera/9.50 (J2ME/MIDP; Opera Mini/4.1.11355/352; U; ru)" "sancarloscity.org"
12.25.213.2 - - [15/Nov/2008:04:48:32 -0800] "GET /picgallery/displayimage.php?album=78&pos=53 HTTP/1.1" 200 10012 "http://www.sancarloscity.org/picgallery/displayimage.php?album=78&pos=52" "Mozilla/4.0 (compatible; MSIE 6.0; Windows NT 5.1; SV1; .NET CLR 1.1.4322)" "www.sancarloscity.org"
12.25.213.2 - - [15/Nov/2008:04:48:32 -0800] "GET /picgallery/albums/userpics/10001/normal_IMG_6756.jpg HTTP/1.1" 200 11931 "http://www.sancarloscity.org/picgallery/displayimage.php?album=78&pos=53" "Mozilla/4.0 (compatible; MSIE 6.0; Windows NT 5.1; SV1; .NET CLR 1.1.4322)" "sancarloscity.org"
12.25.213.2 - - [15/Nov/2008:04:48:34 -0800] "GET /picgallery/displayimage.php?album=78&pos=54 HTTP/1.1" 200 10011 "http://www.sancarloscity.org/picgallery/displayimage.php?album=78&pos=53" "Mozilla/4.0 (compatible; MSIE 6.0; Windows NT 5.1; SV1; .NET CLR 1.1.4322)" "www.sancarloscity.org"
12.25.213.2 - - [15/Nov/2008:04:48:34 -0800] "GET /picgallery/albums/userpics/10001/normal_IMG_6757.jpg HTTP/1.1" 200 14563 "http://www.sancarloscity.org/picgallery/displayimage.php?album=78&pos=54" "Mozilla/4.0 (compatible; MSIE 6.0; Windows NT 5.1; SV1; .NET CLR 1.1.4322)" "sancarloscity.org"
208.111.154.16 - - [15/Nov/2008:04:48:35 -0800] "GET /picgallery/thumbnails.php?album=lastcom&cat=-6 HTTP/1.1" 200 4064 "-" "Mozilla/5.0 (compatible; Charlotte/1.1; http://www.searchme.com/support/)" "www.sancarloscity.org"
12.25.213.2 - - [15/Nov/2008:04:48:36 -0800] "GET /picgallery/displayimage.php?album=78&pos=55 HTTP/1.1" 200 10012 "http://www.sancarloscity.org/picgallery/displayimage.php?album=78&pos=54" "Mozilla/4.0 (compatible; MSIE 6.0; Windows NT 5.1; SV1; .NET CLR 1.1.4322)" "www.sancarloscity.org"
12.25.213.2 - - [15/Nov/2008:04:48:36 -0800] "GET /picgallery/albums/userpics/10001/normal_IMG_6758.jpg HTTP/1.1" 200 13708 "http://www.sancarloscity.org/picgallery/displayimage.php?album=78&pos=55" "Mozilla/4.0 (compatible; MSIE 6.0; Windows NT 5.1; SV1; .NET CLR 1.1.4322)" "sancarloscity.org"
12.25.213.2 - - [15/Nov/2008:04:48:37 -0800] "GET /picgallery/displayimage.php?album=78&pos=56 HTTP/1.1" 200 10012 "http://www.sancarloscity.org/picgallery/displayimage.php?album=78&pos=55" "Mozilla/4.0 (compatible; MSIE 6.0; Windows NT 5.1; SV1; .NET CLR 1.1.4322)" "www.sancarloscity.org"
12.25.213.2 - - [15/Nov/2008:04:48:38 -0800] "GET /picgallery/albums/userpics/10001/normal_IMG_6760.jpg HTTP/1.1" 200 15475 "http://www.sancarloscity.org/picgallery/displayimage.php?album=78&pos=56" "Mozilla/4.0 (compatible; MSIE 6.0; Windows NT 5.1; SV1; .NET CLR 1.1.4322)" "sancarloscity.org"
