84.16.230.111 - - [15/Nov/2008:05:02:13 -0800] "POST /jodera2/posting.php HTTP/1.0" 200 11444 "http://www.sancarloscity.org/jodera2/posting.php?mode=newtopic&f=1&sid=35b2e185a3b6bd80c7ca42dea24ff8bb" "Opera/8.01 (Windows NT 5.1)" "www.sancarloscity.org"
72.30.79.34 - - [15/Nov/2008:05:02:13 -0800] "GET /listings/listing/results.php?category_id=748 HTTP/1.0" 200 26873 "-" "Mozilla/5.0 (compatible; Yahoo! Slurp; http://help.yahoo.com/help/us/ysearch/slurp)" "www.sancarloscity.org"
84.16.230.111 - - [15/Nov/2008:05:02:14 -0800] "GET /jodera2/viewtopic.php?p=42460 HTTP/1.0" 200 31265 "http://www.sancarloscity.org/viewtopic.php?p=42460#42460" "Opera/8.01 (Windows NT 5.1)" "www.sancarloscity.org"
203.177.74.136 - - [15/Nov/2008:05:02:14 -0800] "GET /logs/access_080412.log HTTP/1.1" 200 983040 "-" "Mozilla/4.0 (compatible; MSIE 6.0; Windows NT 5.1;1813)" "www.sancarloscity.org"
210.4.54.168 - - [15/Nov/2008:05:02:51 -0800] "GET /pictures/scambc/index.htm HTTP/1.1" 200 6440 "http://search.yahoo.com/search?p=mountain+bike&ei=UTF-8&vc=countryPH&fr=yfp-t-305-s&fp_ip=PH&xargs=0&pstart=1&b=21&xa=yT1FrW94MBjIqAq_MR9lLQ--,1226840384" "Mozilla/4.0 (compatible; MSIE 7.0; Windows NT 5.1)" "www.sancarloscity.org"
210.4.54.168 - - [15/Nov/2008:05:02:52 -0800] "GET /pictures/scambc/images/galleryStyle.css HTTP/1.1" 200 1368 "http://www.sancarloscity.org/pictures/scambc/index.htm" "Mozilla/4.0 (compatible; MSIE 7.0; Windows NT 5.1)" "www.sancarloscity.org"
210.4.54.168 - - [15/Nov/2008:05:02:53 -0800] "GET /pictures/scambc/images/spacer.gif HTTP/1.1" 200 43 "http://www.sancarloscity.org/pictures/scambc/index.htm" "Mozilla/4.0 (compatible; MSIE 7.0; Windows NT 5.1)" "sancarloscity.org"
210.4.54.168 - - [15/Nov/2008:05:02:53 -0800] "GET /pictures/scambc/images/bgtile01.gif HTTP/1.1" 200 173 "http://www.sancarloscity.org/pictures/scambc/index.htm" "Mozilla/4.0 (compatible; MSIE 7.0; Windows NT 5.1)" "sancarloscity.org"
210.4.54.168 - - [15/Nov/2008:05:02:54 -0800] "GET /pictures/scambc/images/lineBoxNW.gif HTTP/1.1" 200 54 "http://www.sancarloscity.org/pictures/scambc/index.htm" "Mozilla/4.0 (compatible; MSIE 7.0; Windows NT 5.1)" "sancarloscity.org"
210.4.54.168 - - [15/Nov/2008:05:02:54 -0800] "GET /pictures/scambc/images/lineBoxN.gif HTTP/1.1" 200 54 "http://www.sancarloscity.org/pictures/scambc/index.htm" "Mozilla/4.0 (compatible; MSIE 7.0; Windows NT 5.1)" "sancarloscity.org"
210.4.54.168 - - [15/Nov/2008:05:02:55 -0800] "GET /pictures/scambc/images/lineBoxNE.gif HTTP/1.1" 200 54 "http://www.sancarloscity.org/pictures/scambc/index.htm" "Mozilla/4.0 (compatible; MSIE 7.0; Windows NT 5.1)" "sancarloscity.org"
210.4.54.168 - - [15/Nov/2008:05:02:55 -0800] "GET /pictures/scambc/images/lineBoxW.gif HTTP/1.1" 200 53 "http://www.sancarloscity.org/pictures/scambc/index.htm" "Mozilla/4.0 (compatible; MSIE 7.0; Windows NT 5.1)" "sancarloscity.org"
210.4.54.168 - - [15/Nov/2008:05:02:56 -0800] "GET /pictures/scambc/images/lineBoxE.gif HTTP/1.1" 200 53 "http://www.sancarloscity.org/pictures/scambc/index.htm" "Mozilla/4.0 (compatible; MSIE 7.0; Windows NT 5.1)" "sancarloscity.org"
210.4.54.168 - - [15/Nov/2008:05:02:56 -0800] "GET /pictures/scambc/images/lineBoxSW.gif HTTP/1.1" 200 54 "http://www.sancarloscity.org/pictures/scambc/index.htm" "Mozilla/4.0 (compatible; MSIE 7.0; Windows NT 5.1)" "sancarloscity.org"
210.4.54.168 - - [15/Nov/2008:05:02:57 -0800] "GET /pictures/scambc/images/lineBoxS.gif HTTP/1.1" 200 54 "http://www.sancarloscity.org/pictures/scambc/index.htm" "Mozilla/4.0 (compatible; MSIE 7.0; Windows NT 5.1)" "sancarloscity.org"
210.4.54.168 - - [15/Nov/2008:05:02:57 -0800] "GET /pictures/scambc/images/lineBoxSE.gif HTTP/1.1" 200 54 "http://www.sancarloscity.org/pictures/scambc/index.htm" "Mozilla/4.0 (compatible; MSIE 7.0; Windows NT 5.1)" "sancarloscity.org"
210.4.54.168 - - [15/Nov/2008:05:02:58 -0800] "GET /pictures/scambc/ThumbnailFrame.htm HTTP/1.1" 200 15676 "http://www.sancarloscity.org/pictures/scambc/index.htm" "Mozilla/4.0 (compatible; MSIE 7.0; Windows NT 5.1)" "www.sancarloscity.org"
210.4.54.168 - - [15/Nov/2008:05:02:58 -0800] "GET /pictures/scambc/pages/DSC02867.htm HTTP/1.1" 200 1294 "http://www.sancarloscity.org/pictures/scambc/index.htm" "Mozilla/4.0 (compatible; MSIE 7.0; Windows NT 5.1)" "www.sancarloscity.org"
82.99.30.33 - - [15/Nov/2008:05:02:58 -0800] "GET /jodera2/index.php?sid=1b7fc4ae427eaee85d93b671be308d45 HTTP/1.0" 200 61726 "-" "Mozilla/4.0 (compatible; MSIE 6.0; Windows NT 5.1)" "www.sancarloscity.org"
210.4.54.168 - - [15/Nov/2008:05:02:58 -0800] "GET /pictures/scambc/images/DSC02867.jpg HTTP/1.1" 200 24261 "http://www.sancarloscity.org/pictures/scambc/pages/DSC02867.htm" "Mozilla/4.0 (compatible; MSIE 7.0; Windows NT 5.1)" "sancarloscity.org"
210.4.54.168 - - [15/Nov/2008:05:03:00 -0800] "GET /pictures/scambc/thumbnails/DSC02867.jpg HTTP/1.1" 200 1961 "http://www.sancarloscity.org/pictures/scambc/ThumbnailFrame.htm" "Mozilla/4.0 (compatible; MSIE 7.0; Windows NT 5.1)" "sancarloscity.org"
210.4.54.168 - - [15/Nov/2008:05:03:00 -0800] "GET /pictures/scambc/thumbnails/DSC02868.jpg HTTP/1.1" 200 1877 "http://www.sancarloscity.org/pictures/scambc/ThumbnailFrame.htm" "Mozilla/4.0 (compatible; MSIE 7.0; Windows NT 5.1)" "sancarloscity.org"
210.4.54.168 - - [15/Nov/2008:05:03:01 -0800] "GET /pictures/scambc/thumbnails/DSC02869.jpg HTTP/1.1" 200 1896 "http://www.sancarloscity.org/pictures/scambc/ThumbnailFrame.htm" "Mozilla/4.0 (compatible; MSIE 7.0; Windows NT 5.1)" "sancarloscity.org"
210.4.54.168 - - [15/Nov/2008:05:03:01 -0800] "GET /pictures/scambc/thumbnails/DSC02870.jpg HTTP/1.1" 200 2039 "http://www.sancarloscity.org/pictures/scambc/ThumbnailFrame.htm" "Mozilla/4.0 (compatible; MSIE 7.0; Windows NT 5.1)" "sancarloscity.org"
210.4.54.168 - - [15/Nov/2008:05:03:02 -0800] "GET /pictures/scambc/thumbnails/DSC02871.jpg HTTP/1.1" 200 1984 "http://www.sancarloscity.org/pictures/scambc/ThumbnailFrame.htm" "Mozilla/4.0 (compatible; MSIE 7.0; Windows NT 5.1)" "sancarloscity.org"
210.4.54.168 - - [15/Nov/2008:05:03:02 -0800] "GET /pictures/scambc/thumbnails/DSC02872.jpg HTTP/1.1" 200 2029 "http://www.sancarloscity.org/pictures/scambc/ThumbnailFrame.htm" "Mozilla/4.0 (compatible; MSIE 7.0; Windows NT 5.1)" "sancarloscity.org"
210.4.54.168 - - [15/Nov/2008:05:03:02 -0800] "GET /pictures/scambc/thumbnails/DSC02873.jpg HTTP/1.1" 200 1952 "http://www.sancarloscity.org/pictures/scambc/ThumbnailFrame.htm" "Mozilla/4.0 (compatible; MSIE 7.0; Windows NT 5.1)" "sancarloscity.org"
210.4.54.168 - - [15/Nov/2008:05:03:03 -0800] "GET /pictures/scambc/thumbnails/DSC02874.jpg HTTP/1.1" 200 2129 "http://www.sancarloscity.org/pictures/scambc/ThumbnailFrame.htm" "Mozilla/4.0 (compatible; MSIE 7.0; Windows NT 5.1)" "sancarloscity.org"
210.4.54.168 - - [15/Nov/2008:05:03:03 -0800] "GET /pictures/scambc/thumbnails/DSC02875.jpg HTTP/1.1" 200 2129 "http://www.sancarloscity.org/pictures/scambc/ThumbnailFrame.htm" "Mozilla/4.0 (compatible; MSIE 7.0; Windows NT 5.1)" "sancarloscity.org"
210.4.54.168 - - [15/Nov/2008:05:03:04 -0800] "GET /pictures/scambc/thumbnails/DSC02876.jpg HTTP/1.1" 200 2320 "http://www.sancarloscity.org/pictures/scambc/ThumbnailFrame.htm" "Mozilla/4.0 (compatible; MSIE 7.0; Windows NT 5.1)" "sancarloscity.org"
210.4.54.168 - - [15/Nov/2008:05:03:04 -0800] "GET /pictures/scambc/thumbnails/DSC02877.jpg HTTP/1.1" 200 2284 "http://www.sancarloscity.org/pictures/scambc/ThumbnailFrame.htm" "Mozilla/4.0 (compatible; MSIE 7.0; Windows NT 5.1)" "sancarloscity.org"
210.4.54.168 - - [15/Nov/2008:05:03:05 -0800] "GET /pictures/scambc/thumbnails/DSC02878.jpg HTTP/1.1" 200 2287 "http://www.sancarloscity.org/pictures/scambc/ThumbnailFrame.htm" "Mozilla/4.0 (compatible; MSIE 7.0; Windows NT 5.1)" "sancarloscity.org"
210.4.54.168 - - [15/Nov/2008:05:03:05 -0800] "GET /pictures/scambc/thumbnails/DSC02879.jpg HTTP/1.1" 200 1523 "http://www.sancarloscity.org/pictures/scambc/ThumbnailFrame.htm" "Mozilla/4.0 (compatible; MSIE 7.0; Windows NT 5.1)" "sancarloscity.org"
210.4.54.168 - - [15/Nov/2008:05:03:06 -0800] "GET /pictures/scambc/thumbnails/DSC02880.jpg HTTP/1.1" 200 1548 "http://www.sancarloscity.org/pictures/scambc/ThumbnailFrame.htm" "Mozilla/4.0 (compatible; MSIE 7.0; Windows NT 5.1)" "sancarloscity.org"
210.4.54.168 - - [15/Nov/2008:05:03:06 -0800] "GET /pictures/scambc/thumbnails/DSC02881.jpg HTTP/1.1" 200 1408 "http://www.sancarloscity.org/pictures/scambc/ThumbnailFrame.htm" "Mozilla/4.0 (compatible; MSIE 7.0; Windows NT 5.1)" "sancarloscity.org"
210.4.54.168 - - [15/Nov/2008:05:03:06 -0800] "GET /pictures/scambc/thumbnails/DSC02882.jpg HTTP/1.1" 200 1417 "http://www.sancarloscity.org/pictures/scambc/ThumbnailFrame.htm" "Mozilla/4.0 (compatible; MSIE 7.0; Windows NT 5.1)" "sancarloscity.org"
210.4.54.168 - - [15/Nov/2008:05:03:07 -0800] "GET /pictures/scambc/thumbnails/DSC02883.jpg HTTP/1.1" 200 1502 "http://www.sancarloscity.org/pictures/scambc/ThumbnailFrame.htm" "Mozilla/4.0 (compatible; MSIE 7.0; Windows NT 5.1)" "sancarloscity.org"
210.4.54.168 - - [15/Nov/2008:05:03:07 -0800] "GET /pictures/scambc/thumbnails/DSC02884.jpg HTTP/1.1" 200 1498 "http://www.sancarloscity.org/pictures/scambc/ThumbnailFrame.htm" "Mozilla/4.0 (compatible; MSIE 7.0; Windows NT 5.1)" "sancarloscity.org"
210.4.54.168 - - [15/Nov/2008:05:03:08 -0800] "GET /pictures/scambc/thumbnails/DSC02885.jpg HTTP/1.1" 200 1437 "http://www.sancarloscity.org/pictures/scambc/ThumbnailFrame.htm" "Mozilla/4.0 (compatible; MSIE 7.0; Windows NT 5.1)" "sancarloscity.org"
210.4.54.168 - - [15/Nov/2008:05:03:08 -0800] "GET /pictures/scambc/thumbnails/DSC02886.jpg HTTP/1.1" 200 1563 "http://www.sancarloscity.org/pictures/scambc/ThumbnailFrame.htm" "Mozilla/4.0 (compatible; MSIE 7.0; Windows NT 5.1)" "sancarloscity.org"
72.30.79.34 - - [15/Nov/2008:05:03:08 -0800] "GET /pjchat/?M=A HTTP/1.0" 200 4436 "-" "Mozilla/5.0 (compatible; Yahoo! Slurp; http://help.yahoo.com/help/us/ysearch/slurp)" "www.sancarloscity.org"
210.4.54.168 - - [15/Nov/2008:05:03:08 -0800] "GET /pictures/scambc/thumbnails/DSC02887.jpg HTTP/1.1" 200 1399 "http://www.sancarloscity.org/pictures/scambc/ThumbnailFrame.htm" "Mozilla/4.0 (compatible; MSIE 7.0; Windows NT 5.1)" "sancarloscity.org"
210.4.54.168 - - [15/Nov/2008:05:03:09 -0800] "GET /pictures/scambc/thumbnails/DSC02888.jpg HTTP/1.1" 200 1415 "http://www.sancarloscity.org/pictures/scambc/ThumbnailFrame.htm" "Mozilla/4.0 (compatible; MSIE 7.0; Windows NT 5.1)" "sancarloscity.org"
210.4.54.168 - - [15/Nov/2008:05:03:09 -0800] "GET /pictures/scambc/thumbnails/DSC02889.jpg HTTP/1.1" 200 1408 "http://www.sancarloscity.org/pictures/scambc/ThumbnailFrame.htm" "Mozilla/4.0 (compatible; MSIE 7.0; Windows NT 5.1)" "sancarloscity.org"
210.4.54.168 - - [15/Nov/2008:05:03:10 -0800] "GET /pictures/scambc/thumbnails/DSC02890.jpg HTTP/1.1" 200 1508 "http://www.sancarloscity.org/pictures/scambc/ThumbnailFrame.htm" "Mozilla/4.0 (compatible; MSIE 7.0; Windows NT 5.1)" "sancarloscity.org"
210.4.54.168 - - [15/Nov/2008:05:03:10 -0800] "GET /pictures/scambc/thumbnails/DSC02891.jpg HTTP/1.1" 200 1403 "http://www.sancarloscity.org/pictures/scambc/ThumbnailFrame.htm" "Mozilla/4.0 (compatible; MSIE 7.0; Windows NT 5.1)" "sancarloscity.org"
210.4.54.168 - - [15/Nov/2008:05:03:11 -0800] "GET /pictures/scambc/thumbnails/scamb.jpg HTTP/1.1" 200 2416 "http://www.sancarloscity.org/pictures/scambc/ThumbnailFrame.htm" "Mozilla/4.0 (compatible; MSIE 7.0; Windows NT 5.1)" "sancarloscity.org"
210.4.54.168 - - [15/Nov/2008:05:03:12 -0800] "GET /favicon.ico HTTP/1.1" 404 739 "-" "Mozilla/4.0 (compatible; MSIE 7.0; Windows NT 5.1)" "sancarloscity.org"
210.4.54.168 - - [15/Nov/2008:05:03:15 -0800] "GET /pictures/scambc/pages/scamb.htm HTTP/1.1" 200 1260 "http://www.sancarloscity.org/pictures/scambc/ThumbnailFrame.htm" "Mozilla/4.0 (compatible; MSIE 7.0; Windows NT 5.1)" "www.sancarloscity.org"
210.4.54.168 - - [15/Nov/2008:05:03:15 -0800] "GET /pictures/scambc/images/scamb.jpg HTTP/1.1" 200 32240 "http://www.sancarloscity.org/pictures/scambc/pages/scamb.htm" "Mozilla/4.0 (compatible; MSIE 7.0; Windows NT 5.1)" "sancarloscity.org"
92.101.229.228 - - [15/Nov/2008:05:03:24 -0800] "GET /jodera2/viewtopic.php?p=31063 HTTP/1.1" 200 82766 "http://www.google.com/search?hl=ru&client=opera&rls=ru&hs=sYz&q=%D0%B7%D0%BD%D0%B0%D0%BC%D0%B5%D0%BD%D0%B8%D1%82%D0%BE%D1%81%D1%82%D0%B8.%D0%B5%D0%BB%D0%B5%D0%BD%D0%B0+%D0%B1%D0%B8%D1%80%D1%8E%D0%BA%D0%BE%D0%B2%D0%B0++%D0%BF%D0%BE%D1%80%D0%BD%D0%BE+%D1%84%D0%BE%D1%82%D0%BE&btnG=%D0%9F%D0%BE%D0%B8%D1%81%D0%BA&lr=" "Opera/9.61 (Windows NT 5.1; U; ru) Presto/2.1.1" "www.sancarloscity.org"
92.101.229.228 - - [15/Nov/2008:05:03:25 -0800] "GET /jodera2/templates/Cobalt/Cobalt.css HTTP/1.1" 200 15663 "http://www.sancarloscity.org/jodera2/viewtopic.php?p=31063" "Opera/9.61 (Windows NT 5.1; U; ru) Presto/2.1.1" "www.sancarloscity.org"
92.101.229.228 - - [15/Nov/2008:05:03:27 -0800] "GET /jodera2/templates/Cobalt/images/spacer.gif HTTP/1.1" 200 49 "http://www.sancarloscity.org/jodera2/viewtopic.php?p=31063" "Opera/9.61 (Windows NT 5.1; U; ru) Presto/2.1.1" "sancarloscity.org"
92.101.229.228 - - [15/Nov/2008:05:03:27 -0800] "GET /jodera2/templates/Cobalt/images/logo_phpbb.jpg HTTP/1.1" 200 8430 "http://www.sancarloscity.org/jodera2/viewtopic.php?p=31063" "Opera/9.61 (Windows NT 5.1; U; ru) Presto/2.1.1" "sancarloscity.org"
92.101.229.228 - - [15/Nov/2008:05:03:27 -0800] "GET /jodera2/templates/Cobalt/images/icon_mini_search.gif HTTP/1.1" 200 722 "http://www.sancarloscity.org/jodera2/viewtopic.php?p=31063" "Opera/9.61 (Windows NT 5.1; U; ru) Presto/2.1.1" "sancarloscity.org"
92.101.229.228 - - [15/Nov/2008:05:03:27 -0800] "GET /jodera2/templates/Cobalt/images/icon_mini_faq.gif HTTP/1.1" 200 706 "http://www.sancarloscity.org/jodera2/viewtopic.php?p=31063" "Opera/9.61 (Windows NT 5.1; U; ru) Presto/2.1.1" "sancarloscity.org"
92.101.229.228 - - [15/Nov/2008:05:03:27 -0800] "GET /jodera2/templates/Cobalt/images/icon_mini_groups.gif HTTP/1.1" 200 751 "http://www.sancarloscity.org/jodera2/viewtopic.php?p=31063" "Opera/9.61 (Windows NT 5.1; U; ru) Presto/2.1.1" "sancarloscity.org"
92.101.229.228 - - [15/Nov/2008:05:03:27 -0800] "GET /jodera2/templates/Cobalt/images/icon_mini_members.gif HTTP/1.1" 200 740 "http://www.sancarloscity.org/jodera2/viewtopic.php?p=31063" "Opera/9.61 (Windows NT 5.1; U; ru) Presto/2.1.1" "sancarloscity.org"
92.101.229.228 - - [15/Nov/2008:05:03:27 -0800] "GET /jodera2/templates/Cobalt/images/icon_mini_profile.gif HTTP/1.1" 200 716 "http://www.sancarloscity.org/jodera2/viewtopic.php?p=31063" "Opera/9.61 (Windows NT 5.1; U; ru) Presto/2.1.1" "sancarloscity.org"
195.113.173.139 - - [15/Nov/2008:05:03:29 -0800] "GET /errors.php?error=http://www.samilglass.com/images/v6id.txt??? HTTP/1.1" 404 759 "-" "libwww-perl/5.805" "www.sancarloscity.org"
195.113.173.139 - - [15/Nov/2008:05:03:29 -0800] "GET /logs/access_081013.log/errors.php?error=http://www.samilglass.com/images/v6id.txt??? HTTP/1.1" 404 769 "-" "libwww-perl/5.805" "www.sancarloscity.org"
92.101.229.228 - - [15/Nov/2008:05:03:30 -0800] "GET /jodera2/templates/Cobalt/images/icon_mini_register.gif HTTP/1.1" 200 705 "http://www.sancarloscity.org/jodera2/viewtopic.php?p=31063" "Opera/9.61 (Windows NT 5.1; U; ru) Presto/2.1.1" "sancarloscity.org"
195.113.173.139 - - [15/Nov/2008:05:03:32 -0800] "GET /logs/errors.php?error=http://www.samilglass.com/images/v6id.txt??? HTTP/1.1" 404 764 "-" "libwww-perl/5.805" "www.sancarloscity.org"
210.4.54.168 - - [15/Nov/2008:05:03:34 -0800] "GET /pictures/scambc/pages/DSC02891.htm HTTP/1.1" 200 1269 "http://www.sancarloscity.org/pictures/scambc/ThumbnailFrame.htm" "Mozilla/4.0 (compatible; MSIE 7.0; Windows NT 5.1)" "www.sancarloscity.org"
210.4.54.168 - - [15/Nov/2008:05:03:35 -0800] "GET /pictures/scambc/images/DSC02891.jpg HTTP/1.1" 200 15851 "http://www.sancarloscity.org/pictures/scambc/pages/DSC02891.htm" "Mozilla/4.0 (compatible; MSIE 7.0; Windows NT 5.1)" "sancarloscity.org"
210.4.54.168 - - [15/Nov/2008:05:03:38 -0800] "GET /pictures/scambc/pages/DSC02890.htm HTTP/1.1" 200 1269 "http://www.sancarloscity.org/pictures/scambc/ThumbnailFrame.htm" "Mozilla/4.0 (compatible; MSIE 7.0; Windows NT 5.1)" "www.sancarloscity.org"
210.4.54.168 - - [15/Nov/2008:05:03:39 -0800] "GET /pictures/scambc/images/DSC02890.jpg HTTP/1.1" 200 17152 "http://www.sancarloscity.org/pictures/scambc/pages/DSC02890.htm" "Mozilla/4.0 (compatible; MSIE 7.0; Windows NT 5.1)" "sancarloscity.org"
210.4.54.168 - - [15/Nov/2008:05:03:49 -0800] "GET /pictures/scambc/pages/DSC02878.htm HTTP/1.1" 200 1269 "http://www.sancarloscity.org/pictures/scambc/ThumbnailFrame.htm" "Mozilla/4.0 (compatible; MSIE 7.0; Windows NT 5.1)" "www.sancarloscity.org"
210.4.54.168 - - [15/Nov/2008:05:03:50 -0800] "GET /pictures/scambc/images/DSC02878.jpg HTTP/1.1" 200 31852 "http://www.sancarloscity.org/pictures/scambc/pages/DSC02878.htm" "Mozilla/4.0 (compatible; MSIE 7.0; Windows NT 5.1)" "sancarloscity.org"
203.114.112.155 - - [15/Nov/2008:05:03:55 -0800] "GET /logs/access_081003.log/include/plugins/jrBrowser/purchase.php?jamroom[jm_dir]=http://www.keoeeit.com/go/arab.txt? HTTP/1.1" 404 797 "-" "libwww-perl/5.803" "www.sancarloscity.org"
210.4.54.168 - - [15/Nov/2008:05:03:56 -0800] "GET /pictures/scambc/pages/DSC02877.htm HTTP/1.1" 200 1269 "http://www.sancarloscity.org/pictures/scambc/ThumbnailFrame.htm" "Mozilla/4.0 (compatible; MSIE 7.0; Windows NT 5.1)" "www.sancarloscity.org"
210.4.54.168 - - [15/Nov/2008:05:03:56 -0800] "GET /pictures/scambc/images/DSC02877.jpg HTTP/1.1" 200 32699 "http://www.sancarloscity.org/pictures/scambc/pages/DSC02877.htm" "Mozilla/4.0 (compatible; MSIE 7.0; Windows NT 5.1)" "sancarloscity.org"
203.114.112.155 - - [15/Nov/2008:05:03:57 -0800] "GET /include/plugins/jrBrowser/purchase.php?jamroom[jm_dir]=http://www.keoeeit.com/go/arab.txt? HTTP/1.1" 404 774 "-" "libwww-perl/5.803" "www.sancarloscity.org"
203.114.112.155 - - [15/Nov/2008:05:04:07 -0800] "GET /logs/include/plugins/jrBrowser/purchase.php?jamroom[jm_dir]=http://www.keoeeit.com/go/arab.txt? HTTP/1.1" 404 779 "-" "libwww-perl/5.803" "www.sancarloscity.org"
195.113.173.139 - - [15/Nov/2008:05:04:46 -0800] "GET /logs/access_080921.log/errors.php?error=http://www.samilglass.com/images/v6id.txt??? HTTP/1.1" 404 769 "-" "libwww-perl/5.805" "www.sancarloscity.org"
195.113.173.139 - - [15/Nov/2008:05:04:47 -0800] "GET /errors.php?error=http://www.samilglass.com/images/v6id.txt??? HTTP/1.1" 404 759 "-" "libwww-perl/5.805" "www.sancarloscity.org"
195.113.173.139 - - [15/Nov/2008:05:04:47 -0800] "GET /logs/errors.php?error=http://www.samilglass.com/images/v6id.txt??? HTTP/1.1" 404 764 "-" "libwww-perl/5.805" "www.sancarloscity.org"
78.157.143.212 - - [15/Nov/2008:05:04:51 -0800] "GET /jodera2/login.php HTTP/1.0" 200 13249 "-" "Mozilla/4.7 (compatible; OffByOne; Windows 2000) Webster Pro V3.4" "www.sancarloscity.org"
78.157.143.212 - - [15/Nov/2008:05:04:52 -0800] "POST /jodera2/login.php?sid=f248e009117962af3a147fcae9e985b6 HTTP/1.0" 302 0 "http://www.sancarloscity.org/jodera2/login.php" "Mozilla/4.7 (compatible; OffByOne; Windows 2000) Webster Pro V3.4" "www.sancarloscity.org"
78.157.143.212 - - [15/Nov/2008:05:05:06 -0800] "GET /jodera2/index.php?sid=f248e009117962af3a147fcae9e985b6 HTTP/1.0" 200 55171 "-" "Mozilla/4.7 (compatible; OffByOne; Windows 2000) Webster Pro V3.4" "www.sancarloscity.org"
78.157.143.212 - - [15/Nov/2008:05:05:07 -0800] "GET /jodera2/profile.php?mode=editprofile HTTP/1.0" 200 34886 "-" "Mozilla/4.7 (compatible; OffByOne; Windows 2000) Webster Pro V3.4" "www.sancarloscity.org"
210.245.226.28 - - [15/Nov/2008:05:05:07 -0800] "GET /logs/access_080821.log//modules/vwar/admin/admin.php?vwar_root=http://siam2.com/ict/news/photo/.photo/cmdstring.swf? HTTP/1.1" 404 788 "-" "libwww-perl/5.803" "www.sancarloscity.org"
210.245.226.28 - - [15/Nov/2008:05:05:07 -0800] "GET /logs/access_080821.log//modules/vwar/admin/admin.php?vwar_root=http://siam2.com/ict/news/photo/.photo/cmdstring.swf? HTTP/1.1" 404 788 "-" "libwww-perl/5.803" "www.sancarloscity.org"
78.157.143.212 - - [15/Nov/2008:05:05:09 -0800] "GET /jodera2/index.php HTTP/1.0" 200 55171 "-" "Mozilla/4.7 (compatible; OffByOne; Windows 2000) Webster Pro V3.4" "www.sancarloscity.org"
78.157.143.212 - - [15/Nov/2008:05:05:10 -0800] "GET /jodera2/index.php HTTP/1.0" 200 55171 "-" "Mozilla/4.7 (compatible; OffByOne; Windows 2000) Webster Pro V3.4" "www.sancarloscity.org"
78.157.143.212 - - [15/Nov/2008:05:05:11 -0800] "GET /jodera2/posting.php?mode=newtopic&f=1 HTTP/1.0" 200 105 "-" "Mozilla/4.7 (compatible; OffByOne; Windows 2000) Webster Pro V3.4" "www.sancarloscity.org"
210.245.226.28 - - [15/Nov/2008:05:05:11 -0800] "GET /logs/access_080821.log//modules/vwar/admin/admin.php?vwar_root=http://siam2.com/ict/news/photo/.photo/cmdstring.swf? HTTP/1.1" 404 788 "-" "libwww-perl/5.803" "www.sancarloscity.org"
72.249.33.216 - - [15/Nov/2008:05:05:14 -0800] "GET /logs/access_081013.log/errors.php?error=http://www.soaresdacosta.pt/readme.txt?? HTTP/1.1" 404 769 "-" "libwww-perl/5.808" "www.sancarloscity.org"
72.249.33.216 - - [15/Nov/2008:05:05:14 -0800] "GET /logs/errors.php?error=http://www.soaresdacosta.pt/readme.txt?? HTTP/1.1" 404 764 "-" "libwww-perl/5.808" "www.sancarloscity.org"
210.245.226.28 - - [15/Nov/2008:05:05:19 -0800] "GET /logs/access_080821.log//modules/vwar/admin/admin.php?vwar_root=http://siam2.com/ict/news/photo/.photo/cmdstring.swf? HTTP/1.1" 404 788 "-" "libwww-perl/5.803" "www.sancarloscity.org"
89.138.173.230 - - [15/Nov/2008:05:05:33 -0800] "GET /logs/access_080415.log/wp-signup.php HTTP/1.1" 404 772 "-" "Mozilla/4.0 (compatible; MSIE 6.0; Windows NT 5.0)" "www.sancarloscity.org"
72.30.79.34 - - [15/Nov/2008:05:05:35 -0800] "GET /logs/access_080212.log HTTP/1.0" 200 1748833 "-" "Mozilla/5.0 (compatible; Yahoo! Slurp; http://help.yahoo.com/help/us/ysearch/slurp)" "www.sancarloscity.org"
82.99.30.36 - - [15/Nov/2008:05:05:51 -0800] "GET /jodera2/index.php?sid=9bc43a32917e9577ddb069cbaf3ec4c1 HTTP/1.0" 200 61836 "-" "Mozilla/4.0 (compatible; MSIE 6.0; Windows NT 5.1)" "www.sancarloscity.org"
200.57.157.28 - - [15/Nov/2008:05:06:29 -0800] "GET /logs/access_080921.log/errors.php?error=http://www.samilglass.com/images/v6id.txt??? HTTP/1.1" 404 769 "-" "libwww-perl/5.65" "www.sancarloscity.org"
72.249.33.216 - - [15/Nov/2008:05:06:40 -0800] "GET /logs/access_081021.log/errors.php?error=http://www.soaresdacosta.pt/readme.txt?? HTTP/1.1" 404 769 "-" "libwww-perl/5.808" "www.sancarloscity.org"
62.221.86.205 - - [15/Nov/2008:05:07:07 -0800] "GET /jodera2/viewtopic.php?p=30565 HTTP/1.1" 200 82995 "http://www.google.com/search?q=%D1%81%D0%BC%D0%BE%D1%82%D1%80%D0%B5%D1%82%D1%8C+%D1%8D%D1%80%D0%BE%D1%82%D0%B8%D1%87%D0%B5%D1%81%D0%BA%D0%BE%D0%B5+%D0%B2%D0%B8%D0%B4%D0%B8%D0%B2%D0%BE&rls=com.microsoft:ru:IE-SearchBox&ie=UTF-8&oe=UTF-8&sourceid=ie7&rlz=1I7SKPB" "Mozilla/4.0 (compatible; MSIE 7.0; Windows NT 5.1; MRA 5.2 (build 02405); .NET CLR 1.1.4322)" "www.sancarloscity.org"
62.221.86.205 - - [15/Nov/2008:05:07:08 -0800] "GET /jodera2/templates/Cobalt/Cobalt.css HTTP/1.1" 200 15663 "http://www.sancarloscity.org/jodera2/viewtopic.php?p=30565" "Mozilla/4.0 (compatible; MSIE 7.0; Windows NT 5.1; MRA 5.2 (build 02405); .NET CLR 1.1.4322)" "www.sancarloscity.org"
200.14.41.66 - - [15/Nov/2008:05:07:23 -0800] "GET /logs/access_080921.log/errors.php?error=http://www.samilglass.com/images/v6id.txt??? HTTP/1.1" 404 769 "-" "libwww-perl/5.803" "www.sancarloscity.org"
200.14.41.66 - - [15/Nov/2008:05:07:23 -0800] "GET /errors.php?error=http://www.samilglass.com/images/v6id.txt??? HTTP/1.1" 404 759 "-" "libwww-perl/5.803" "www.sancarloscity.org"
200.14.41.66 - - [15/Nov/2008:05:07:23 -0800] "GET /logs/errors.php?error=http://www.samilglass.com/images/v6id.txt??? HTTP/1.1" 404 764 "-" "libwww-perl/5.803" "www.sancarloscity.org"
62.221.86.205 - - [15/Nov/2008:05:07:29 -0800] "GET /jodera2/templates/Cobalt/images/spacer.gif HTTP/1.1" 200 49 "http://www.sancarloscity.org/jodera2/viewtopic.php?p=30565" "Mozilla/4.0 (compatible; MSIE 7.0; Windows NT 5.1; MRA 5.2 (build 02405); .NET CLR 1.1.4322)" "sancarloscity.org"
62.221.86.205 - - [15/Nov/2008:05:07:33 -0800] "GET /jodera2/templates/Cobalt/images/logo_phpbb.jpg HTTP/1.1" 200 8430 "http://www.sancarloscity.org/jodera2/viewtopic.php?p=30565" "Mozilla/4.0 (compatible; MSIE 7.0; Windows NT 5.1; MRA 5.2 (build 02405); .NET CLR 1.1.4322)" "sancarloscity.org"
62.221.86.205 - - [15/Nov/2008:05:07:35 -0800] "GET /jodera2/templates/Cobalt/images/icon_mini_faq.gif HTTP/1.1" 200 706 "http://www.sancarloscity.org/jodera2/viewtopic.php?p=30565" "Mozilla/4.0 (compatible; MSIE 7.0; Windows NT 5.1; MRA 5.2 (build 02405); .NET CLR 1.1.4322)" "sancarloscity.org"
62.221.86.205 - - [15/Nov/2008:05:07:36 -0800] "GET /jodera2/templates/Cobalt/images/icon_mini_search.gif HTTP/1.1" 200 722 "http://www.sancarloscity.org/jodera2/viewtopic.php?p=30565" "Mozilla/4.0 (compatible; MSIE 7.0; Windows NT 5.1; MRA 5.2 (build 02405); .NET CLR 1.1.4322)" "sancarloscity.org"
62.221.86.205 - - [15/Nov/2008:05:07:36 -0800] "GET /jodera2/templates/Cobalt/images/icon_mini_members.gif HTTP/1.1" 200 740 "http://www.sancarloscity.org/jodera2/viewtopic.php?p=30565" "Mozilla/4.0 (compatible; MSIE 7.0; Windows NT 5.1; MRA 5.2 (build 02405); .NET CLR 1.1.4322)" "sancarloscity.org"
62.221.86.205 - - [15/Nov/2008:05:07:37 -0800] "GET /jodera2/templates/Cobalt/images/icon_mini_groups.gif HTTP/1.1" 200 751 "http://www.sancarloscity.org/jodera2/viewtopic.php?p=30565" "Mozilla/4.0 (compatible; MSIE 7.0; Windows NT 5.1; MRA 5.2 (build 02405); .NET CLR 1.1.4322)" "sancarloscity.org"
62.221.86.205 - - [15/Nov/2008:05:07:37 -0800] "GET /jodera2/templates/Cobalt/images/icon_mini_register.gif HTTP/1.1" 200 705 "http://www.sancarloscity.org/jodera2/viewtopic.php?p=30565" "Mozilla/4.0 (compatible; MSIE 7.0; Windows NT 5.1; MRA 5.2 (build 02405); .NET CLR 1.1.4322)" "sancarloscity.org"
62.221.86.205 - - [15/Nov/2008:05:07:38 -0800] "GET /jodera2/templates/Cobalt/images/icon_mini_profile.gif HTTP/1.1" 200 716 "http://www.sancarloscity.org/jodera2/viewtopic.php?p=30565" "Mozilla/4.0 (compatible; MSIE 7.0; Windows NT 5.1; MRA 5.2 (build 02405); .NET CLR 1.1.4322)" "sancarloscity.org"
62.221.86.205 - - [15/Nov/2008:05:07:38 -0800] "GET /jodera2/templates/Cobalt/images/icon_mini_message.gif HTTP/1.1" 200 734 "http://www.sancarloscity.org/jodera2/viewtopic.php?p=30565" "Mozilla/4.0 (compatible; MSIE 7.0; Windows NT 5.1; MRA 5.2 (build 02405); .NET CLR 1.1.4322)" "sancarloscity.org"
62.221.86.205 - - [15/Nov/2008:05:07:39 -0800] "GET /jodera2/joderaban.gif HTTP/1.1" 200 598991 "http://www.sancarloscity.org/jodera2/viewtopic.php?p=30565" "Mozilla/4.0 (compatible; MSIE 7.0; Windows NT 5.1; MRA 5.2 (build 02405); .NET CLR 1.1.4322)" "sancarloscity.org"
89.149.227.208 - - [15/Nov/2008:05:07:54 -0800] "GET /jodera2/posting.php?mode=newtopic&f=1 HTTP/1.0" 302 0 "http://www.sancarloscity.org/jodera2/posting.php?mode=newtopic&f=1" "Mozilla/5.0 (Windows; U; Windows NT 5.1; en-US; rv:1.6) Gecko/20040206 Firefox/0.8 Mnenhy/0.6.0.103" "www.sancarloscity.org"
89.149.227.208 - - [15/Nov/2008:05:07:55 -0800] "GET /jodera2/login.php?redirect=posting.php&mode=newtopic&f=1&sid=651b4b124c67a16e44fc8fc9abba33fa HTTP/1.0" 200 12362 "http://www.sancarloscity.org/jodera2/login.php?redirect=posting.php&mode=newtopic&f=1&sid=651b4b124c67a16e44fc8fc9abba33fa" "Mozilla/5.0 (Windows; U; Windows NT 5.1; en-US; rv:1.6) Gecko/20040206 Firefox/0.8 Mnenhy/0.6.0.103" "www.sancarloscity.org"
89.149.227.208 - - [15/Nov/2008:05:07:56 -0800] "POST /jodera2/login.php HTTP/1.0" 302 0 "http://www.sancarloscity.org/jodera2/login.php?redirect=posting.php&mode=newtopic&f=1&sid=651b4b124c67a16e44fc8fc9abba33fa" "Mozilla/5.0 (Windows; U; Windows NT 5.1; en-US; rv:1.6) Gecko/20040206 Firefox/0.8 Mnenhy/0.6.0.103" "www.sancarloscity.org"
89.149.227.208 - - [15/Nov/2008:05:07:57 -0800] "GET /jodera2/posting.php?mode=newtopic&f=1&sid=651b4b124c67a16e44fc8fc9abba33fa HTTP/1.0" 200 40970 "http://www.sancarloscity.org/jodera2/posting.php?mode=newtopic&f=1&sid=651b4b124c67a16e44fc8fc9abba33fa" "Mozilla/5.0 (Windows; U; Windows NT 5.1; en-US; rv:1.6) Gecko/20040206 Firefox/0.8 Mnenhy/0.6.0.103" "www.sancarloscity.org"
124.104.82.229 - - [15/Nov/2008:05:07:57 -0800] "GET /bookweek.htm HTTP/1.1" 200 5969 "http://images.search.yahoo.com/images/view?back=http%3A%2F%2Fimages.search.yahoo.com%2Fsearch%2Fimages%3Ffr2%3Dsg-gac%26sado%3D1%26p%3Don%2520the%2520spot%2520poster%2520making%2520contest%26fr%3Dsfp%26ei%3Dutf-8%26x%3Dwrt&w=502&h=389&imgurl=www.sancarloscity.org%2FHS11.jpg&rurl=http%3A%2F%2Fwww.sancarloscity.org%2Fbookweek.htm&size=111.6kB&name=HS11.jpg&p=on+the+spot+poster+making+contest&type=JPG&oid=2b53fced935a0efc&no=4&tt=13&sigr=119spagap&sigi=10u0nn2hb&sigb=142faj4fg" "Mozilla/5.0 (Windows; U; Windows NT 5.1; en-US; rv:1.9.0.4) Gecko/2008102920 YFF3 Firefox/3.0.4" "www.sancarloscity.org"
124.104.82.229 - - [15/Nov/2008:05:07:57 -0800] "GET /HS11.jpg HTTP/1.1" 200 114251 "http://images.search.yahoo.com/search/images/view?frame=top&back=http%3A%2F%2Fimages.search.yahoo.com%2Fsearch%2Fimages%3Ffr2%3Dsg-gac%26sado%3D1%26p%3Don%2520the%2520spot%2520poster%2520making%2520contest%26fr%3Dsfp%26ei%3Dutf-8%26x%3Dwrt&w=502&h=389&imgurl=www.sancarloscity.org%2FHS11.jpg&rurl=http%3A%2F%2Fwww.sancarloscity.org%2Fbookweek.htm&size=111.6kB&name=HS11.jpg&p=on+the+spot+poster+making+contest&type=JPG&no=4&tt=13&sigr=119spagap&sigi=10u0nn2hb&sigb=142faj4fg" "Mozilla/5.0 (Windows; U; Windows NT 5.1; en-US; rv:1.9.0.4) Gecko/2008102920 YFF3 Firefox/3.0.4" "sancarloscity.org"
62.221.86.205 - - [15/Nov/2008:05:07:57 -0800] "GET /jodera2/templates/Cobalt/images/icon_mini_login.gif HTTP/1.1" 200 736 "http://www.sancarloscity.org/jodera2/viewtopic.php?p=30565" "Mozilla/4.0 (compatible; MSIE 7.0; Windows NT 5.1; MRA 5.2 (build 02405); .NET CLR 1.1.4322)" "sancarloscity.org"
124.104.82.229 - - [15/Nov/2008:05:07:57 -0800] "GET /DSC03932.JPG HTTP/1.1" 200 151148 "http://www.sancarloscity.org/bookweek.htm" "Mozilla/5.0 (Windows; U; Windows NT 5.1; en-US; rv:1.9.0.4) Gecko/2008102920 YFF3 Firefox/3.0.4" "sancarloscity.org"
62.221.86.205 - - [15/Nov/2008:05:07:58 -0800] "GET /jodera2/templates/Cobalt/images/lang_english/post.gif HTTP/1.1" 200 3070 "http://www.sancarloscity.org/jodera2/viewtopic.php?p=30565" "Mozilla/4.0 (compatible; MSIE 7.0; Windows NT 5.1; MRA 5.2 (build 02405); .NET CLR 1.1.4322)" "sancarloscity.org"
124.104.82.229 - - [15/Nov/2008:05:07:58 -0800] "GET /HS10.jpg HTTP/1.1" 200 135606 "http://www.sancarloscity.org/bookweek.htm" "Mozilla/5.0 (Windows; U; Windows NT 5.1; en-US; rv:1.9.0.4) Gecko/2008102920 YFF3 Firefox/3.0.4" "sancarloscity.org"
124.104.82.229 - - [15/Nov/2008:05:07:58 -0800] "GET /HS4.jpg HTTP/1.1" 200 104050 "http://www.sancarloscity.org/bookweek.htm" "Mozilla/5.0 (Windows; U; Windows NT 5.1; en-US; rv:1.9.0.4) Gecko/2008102920 YFF3 Firefox/3.0.4" "sancarloscity.org"
124.104.82.229 - - [15/Nov/2008:05:07:58 -0800] "GET /HS3.jpg HTTP/1.1" 200 87756 "http://www.sancarloscity.org/bookweek.htm" "Mozilla/5.0 (Windows; U; Windows NT 5.1; en-US; rv:1.9.0.4) Gecko/2008102920 YFF3 Firefox/3.0.4" "sancarloscity.org"
124.104.82.229 - - [15/Nov/2008:05:07:58 -0800] "GET /E1.jpg HTTP/1.1" 200 102095 "http://www.sancarloscity.org/bookweek.htm" "Mozilla/5.0 (Windows; U; Windows NT 5.1; en-US; rv:1.9.0.4) Gecko/2008102920 YFF3 Firefox/3.0.4" "sancarloscity.org"
124.104.82.229 - - [15/Nov/2008:05:07:58 -0800] "GET /E4.jpg HTTP/1.1" 200 215038 "http://www.sancarloscity.org/bookweek.htm" "Mozilla/5.0 (Windows; U; Windows NT 5.1; en-US; rv:1.9.0.4) Gecko/2008102920 YFF3 Firefox/3.0.4" "sancarloscity.org"
124.104.82.229 - - [15/Nov/2008:05:08:02 -0800] "GET /E2.jpg HTTP/1.1" 200 104047 "http://www.sancarloscity.org/bookweek.htm" "Mozilla/5.0 (Windows; U; Windows NT 5.1; en-US; rv:1.9.0.4) Gecko/2008102920 YFF3 Firefox/3.0.4" "sancarloscity.org"
62.221.86.205 - - [15/Nov/2008:05:08:08 -0800] "GET /jodera2/templates/Cobalt/images/lang_english/reply.gif HTTP/1.1" 200 3137 "http://www.sancarloscity.org/jodera2/viewtopic.php?p=30565" "Mozilla/4.0 (compatible; MSIE 7.0; Windows NT 5.1; MRA 5.2 (build 02405); .NET CLR 1.1.4322)" "sancarloscity.org"
124.104.82.229 - - [15/Nov/2008:05:08:08 -0800] "GET /E3.jpg HTTP/1.1" 200 183909 "http://www.sancarloscity.org/bookweek.htm" "Mozilla/5.0 (Windows; U; Windows NT 5.1; en-US; rv:1.9.0.4) Gecko/2008102920 YFF3 Firefox/3.0.4" "sancarloscity.org"
62.221.86.205 - - [15/Nov/2008:05:08:08 -0800] "GET /jodera2/templates/Cobalt/images/minipost_read.gif HTTP/1.1" 200 118 "http://www.sancarloscity.org/jodera2/viewtopic.php?p=30565" "Mozilla/4.0 (compatible; MSIE 7.0; Windows NT 5.1; MRA 5.2 (build 02405); .NET CLR 1.1.4322)" "sancarloscity.org"
62.221.86.205 - - [15/Nov/2008:05:08:09 -0800] "GET /jodera2/templates/Cobalt/images/lang_english/icon_quote.gif HTTP/1.1" 200 859 "http://www.sancarloscity.org/jodera2/viewtopic.php?p=30565" "Mozilla/4.0 (compatible; MSIE 7.0; Windows NT 5.1; MRA 5.2 (build 02405); .NET CLR 1.1.4322)" "sancarloscity.org"
62.221.86.205 - - [15/Nov/2008:05:08:09 -0800] "GET /jodera2/templates/Cobalt/images/icon_top.gif HTTP/1.1" 200 641 "http://www.sancarloscity.org/jodera2/viewtopic.php?p=30565" "Mozilla/4.0 (compatible; MSIE 7.0; Windows NT 5.1; MRA 5.2 (build 02405); .NET CLR 1.1.4322)" "sancarloscity.org"
89.149.227.208 - - [15/Nov/2008:05:08:09 -0800] "POST /jodera2/posting.php HTTP/1.0" 200 11444 "http://www.sancarloscity.org/jodera2/posting.php?mode=newtopic&f=1&sid=651b4b124c67a16e44fc8fc9abba33fa" "Mozilla/5.0 (Windows; U; Windows NT 5.1; en-US; rv:1.6) Gecko/20040206 Firefox/0.8 Mnenhy/0.6.0.103" "www.sancarloscity.org"
62.221.86.205 - - [15/Nov/2008:05:08:10 -0800] "GET /jodera2/templates/Cobalt/images/lang_english/icon_profile.gif HTTP/1.1" 200 918 "http://www.sancarloscity.org/jodera2/viewtopic.php?p=30565" "Mozilla/4.0 (compatible; MSIE 7.0; Windows NT 5.1; MRA 5.2 (build 02405); .NET CLR 1.1.4322)" "sancarloscity.org"
62.221.86.205 - - [15/Nov/2008:05:08:10 -0800] "GET /jodera2/templates/Cobalt/images/lang_english/icon_pm.gif HTTP/1.1" 200 736 "http://www.sancarloscity.org/jodera2/viewtopic.php?p=30565" "Mozilla/4.0 (compatible; MSIE 7.0; Windows NT 5.1; MRA 5.2 (build 02405); .NET CLR 1.1.4322)" "sancarloscity.org"
89.149.227.208 - - [15/Nov/2008:05:08:11 -0800] "GET /jodera2/viewtopic.php?p=42461#42461 HTTP/1.0" 200 31394 "http://www.sancarloscity.org/viewtopic.php?p=42461#42461" "Mozilla/5.0 (Windows; U; Windows NT 5.1; en-US; rv:1.6) Gecko/20040206 Firefox/0.8 Mnenhy/0.6.0.103" "www.sancarloscity.org"
62.221.86.205 - - [15/Nov/2008:05:08:11 -0800] "GET /jodera2/templates/Cobalt/images/lang_english/icon_email.gif HTTP/1.1" 200 850 "http://www.sancarloscity.org/jodera2/viewtopic.php?p=30565" "Mozilla/4.0 (compatible; MSIE 7.0; Windows NT 5.1; MRA 5.2 (build 02405); .NET CLR 1.1.4322)" "sancarloscity.org"
62.221.86.205 - - [15/Nov/2008:05:08:11 -0800] "GET /jodera2/templates/Cobalt/images/lang_english/icon_www.gif HTTP/1.1" 200 776 "http://www.sancarloscity.org/jodera2/viewtopic.php?p=30565" "Mozilla/4.0 (compatible; MSIE 7.0; Windows NT 5.1; MRA 5.2 (build 02405); .NET CLR 1.1.4322)" "sancarloscity.org"
62.221.86.205 - - [15/Nov/2008:05:08:12 -0800] "GET /jodera2/templates/Cobalt/images/lang_english/icon_aim.gif HTTP/1.1" 200 769 "http://www.sancarloscity.org/jodera2/viewtopic.php?p=30565" "Mozilla/4.0 (compatible; MSIE 7.0; Windows NT 5.1; MRA 5.2 (build 02405); .NET CLR 1.1.4322)" "sancarloscity.org"
62.221.86.205 - - [15/Nov/2008:05:08:12 -0800] "GET /jodera2/templates/Cobalt/images/lang_english/icon_yim.gif HTTP/1.1" 200 772 "http://www.sancarloscity.org/jodera2/viewtopic.php?p=30565" "Mozilla/4.0 (compatible; MSIE 7.0; Windows NT 5.1; MRA 5.2 (build 02405); .NET CLR 1.1.4322)" "sancarloscity.org"
62.221.86.205 - - [15/Nov/2008:05:08:13 -0800] "GET /jodera2/templates/Cobalt/images/lang_english/icon_msnm.gif HTTP/1.1" 200 834 "http://www.sancarloscity.org/jodera2/viewtopic.php?p=30565" "Mozilla/4.0 (compatible; MSIE 7.0; Windows NT 5.1; MRA 5.2 (build 02405); .NET CLR 1.1.4322)" "sancarloscity.org"
62.221.86.205 - - [15/Nov/2008:05:08:13 -0800] "GET /jodera2/templates/Cobalt/images/lang_english/icon_icq_add.gif HTTP/1.1" 200 752 "http://www.sancarloscity.org/jodera2/viewtopic.php?p=30565" "Mozilla/4.0 (compatible; MSIE 7.0; Windows NT 5.1; MRA 5.2 (build 02405); .NET CLR 1.1.4322)" "sancarloscity.org"
62.221.86.205 - - [15/Nov/2008:05:08:14 -0800] "GET /jodera2/templates/Cobalt/formIE.css HTTP/1.1" 200 371 "http://www.sancarloscity.org/jodera2/viewtopic.php?p=30565" "Mozilla/4.0 (compatible; MSIE 7.0; Windows NT 5.1; MRA 5.2 (build 02405); .NET CLR 1.1.4322)" "www.sancarloscity.org"
62.221.86.205 - - [15/Nov/2008:05:08:14 -0800] "GET /jodera2/templates/Cobalt/images/background.jpg HTTP/1.1" 200 8970 "http://www.sancarloscity.org/jodera2/viewtopic.php?p=30565" "Mozilla/4.0 (compatible; MSIE 7.0; Windows NT 5.1; MRA 5.2 (build 02405); .NET CLR 1.1.4322)" "sancarloscity.org"
62.221.86.205 - - [15/Nov/2008:05:08:15 -0800] "GET /jodera2/templates/Cobalt/images/border_ltop.gif HTTP/1.1" 200 73 "http://www.sancarloscity.org/jodera2/viewtopic.php?p=30565" "Mozilla/4.0 (compatible; MSIE 7.0; Windows NT 5.1; MRA 5.2 (build 02405); .NET CLR 1.1.4322)" "sancarloscity.org"
62.221.86.205 - - [15/Nov/2008:05:08:15 -0800] "GET /jodera2/templates/Cobalt/images/border_hside.gif HTTP/1.1" 200 55 "http://www.sancarloscity.org/jodera2/viewtopic.php?p=30565" "Mozilla/4.0 (compatible; MSIE 7.0; Windows NT 5.1; MRA 5.2 (build 02405); .NET CLR 1.1.4322)" "sancarloscity.org"
62.221.86.205 - - [15/Nov/2008:05:08:16 -0800] "GET /jodera2/templates/Cobalt/images/border_rtop.gif HTTP/1.1" 200 101 "http://www.sancarloscity.org/jodera2/viewtopic.php?p=30565" "Mozilla/4.0 (compatible; MSIE 7.0; Windows NT 5.1; MRA 5.2 (build 02405); .NET CLR 1.1.4322)" "sancarloscity.org"
62.221.86.205 - - [15/Nov/2008:05:08:17 -0800] "GET /jodera2/templates/Cobalt/images/border_vside.gif HTTP/1.1" 200 57 "http://www.sancarloscity.org/jodera2/viewtopic.php?p=30565" "Mozilla/4.0 (compatible; MSIE 7.0; Windows NT 5.1; MRA 5.2 (build 02405); .NET CLR 1.1.4322)" "sancarloscity.org"
62.221.86.205 - - [15/Nov/2008:05:08:17 -0800] "GET /jodera2/templates/Cobalt/images/mainbox_bg.jpg HTTP/1.1" 200 8538 "http://www.sancarloscity.org/jodera2/viewtopic.php?p=30565" "Mozilla/4.0 (compatible; MSIE 7.0; Windows NT 5.1; MRA 5.2 (build 02405); .NET CLR 1.1.4322)" "sancarloscity.org"
62.221.86.205 - - [15/Nov/2008:05:08:19 -0800] "GET /jodera2/templates/Cobalt/images/catbox_background.gif HTTP/1.1" 200 43 "http://www.sancarloscity.org/jodera2/viewtopic.php?p=30565" "Mozilla/4.0 (compatible; MSIE 7.0; Windows NT 5.1; MRA 5.2 (build 02405); .NET CLR 1.1.4322)" "sancarloscity.org"
62.221.86.205 - - [15/Nov/2008:05:08:20 -0800] "GET /jodera2/templates/Cobalt/images/catbox_bg_start.gif HTTP/1.1" 200 1105 "http://www.sancarloscity.org/jodera2/viewtopic.php?p=30565" "Mozilla/4.0 (compatible; MSIE 7.0; Windows NT 5.1; MRA 5.2 (build 02405); .NET CLR 1.1.4322)" "sancarloscity.org"
62.221.86.205 - - [15/Nov/2008:05:08:20 -0800] "GET /jodera2/templates/Cobalt/images/cellpicsilver.gif HTTP/1.1" 200 190 "http://www.sancarloscity.org/jodera2/viewtopic.php?p=30565" "Mozilla/4.0 (compatible; MSIE 7.0; Windows NT 5.1; MRA 5.2 (build 02405); .NET CLR 1.1.4322)" "sancarloscity.org"
62.221.86.205 - - [15/Nov/2008:05:08:21 -0800] "GET /jodera2/templates/Cobalt/images/border_lmiddle.gif HTTP/1.1" 200 70 "http://www.sancarloscity.org/jodera2/viewtopic.php?p=30565" "Mozilla/4.0 (compatible; MSIE 7.0; Windows NT 5.1; MRA 5.2 (build 02405); .NET CLR 1.1.4322)" "sancarloscity.org"
62.221.86.205 - - [15/Nov/2008:05:08:21 -0800] "GET /jodera2/templates/Cobalt/images/border_rmiddle.gif HTTP/1.1" 200 69 "http://www.sancarloscity.org/jodera2/viewtopic.php?p=30565" "Mozilla/4.0 (compatible; MSIE 7.0; Windows NT 5.1; MRA 5.2 (build 02405); .NET CLR 1.1.4322)" "sancarloscity.org"
62.221.86.205 - - [15/Nov/2008:05:08:22 -0800] "GET /jodera2/templates/Cobalt/images/formpic.gif HTTP/1.1" 200 892 "http://www.sancarloscity.org/jodera2/viewtopic.php?p=30565" "Mozilla/4.0 (compatible; MSIE 7.0; Windows NT 5.1; MRA 5.2 (build 02405); .NET CLR 1.1.4322)" "sancarloscity.org"
62.221.86.205 - - [15/Nov/2008:05:08:22 -0800] "GET /jodera2/templates/Cobalt/images/buttonbgpic.gif HTTP/1.1" 200 186 "http://www.sancarloscity.org/jodera2/viewtopic.php?p=30565" "Mozilla/4.0 (compatible; MSIE 7.0; Windows NT 5.1; MRA 5.2 (build 02405); .NET CLR 1.1.4322)" "sancarloscity.org"
62.221.86.205 - - [15/Nov/2008:05:08:23 -0800] "GET /jodera2/templates/Cobalt/images/border_lbottom.gif HTTP/1.1" 200 100 "http://www.sancarloscity.org/jodera2/viewtopic.php?p=30565" "Mozilla/4.0 (compatible; MSIE 7.0; Windows NT 5.1; MRA 5.2 (build 02405); .NET CLR 1.1.4322)" "sancarloscity.org"
62.221.86.205 - - [15/Nov/2008:05:08:23 -0800] "GET /jodera2/templates/Cobalt/images/border_rbottom.gif HTTP/1.1" 200 101 "http://www.sancarloscity.org/jodera2/viewtopic.php?p=30565" "Mozilla/4.0 (compatible; MSIE 7.0; Windows NT 5.1; MRA 5.2 (build 02405); .NET CLR 1.1.4322)" "sancarloscity.org"
62.221.86.205 - - [15/Nov/2008:05:08:28 -0800] "GET /favicon.ico HTTP/1.1" 404 739 "-" "Mozilla/4.0 (compatible; MSIE 7.0; Windows NT 5.1; MRA 5.2 (build 02405); .NET CLR 1.1.4322)" "sancarloscity.org"
84.16.231.171 - - [15/Nov/2008:05:08:34 -0800] "GET /jodera2/posting.php?mode=newtopic&f=1 HTTP/1.0" 302 0 "http://www.sancarloscity.org/jodera2/posting.php?mode=newtopic&f=1" "Mozilla/4.0 (compatible; MSIE 6.0; Windows 98; Win 9x 4.90)" "www.sancarloscity.org"
84.16.231.171 - - [15/Nov/2008:05:08:34 -0800] "GET /jodera2/login.php?redirect=posting.php&mode=newtopic&f=1&sid=8ffd5458764f559de5bbcba960b71d97 HTTP/1.0" 200 12362 "http://www.sancarloscity.org/jodera2/login.php?redirect=posting.php&mode=newtopic&f=1&sid=8ffd5458764f559de5bbcba960b71d97" "Mozilla/4.0 (compatible; MSIE 6.0; Windows 98; Win 9x 4.90)" "www.sancarloscity.org"
84.16.231.171 - - [15/Nov/2008:05:08:36 -0800] "POST /jodera2/login.php HTTP/1.0" 302 0 "http://www.sancarloscity.org/jodera2/login.php?redirect=posting.php&mode=newtopic&f=1&sid=8ffd5458764f559de5bbcba960b71d97" "Mozilla/4.0 (compatible; MSIE 6.0; Windows 98; Win 9x 4.90)" "www.sancarloscity.org"
84.16.231.171 - - [15/Nov/2008:05:08:36 -0800] "GET /jodera2/posting.php?mode=newtopic&f=1&sid=8ffd5458764f559de5bbcba960b71d97 HTTP/1.0" 200 40970 "http://www.sancarloscity.org/jodera2/posting.php?mode=newtopic&f=1&sid=8ffd5458764f559de5bbcba960b71d97" "Mozilla/4.0 (compatible; MSIE 6.0; Windows 98; Win 9x 4.90)" "www.sancarloscity.org"
82.99.30.37 - - [15/Nov/2008:05:08:47 -0800] "GET /jodera2/faq.php?sid=9bc43a32917e9577ddb069cbaf3ec4c1 HTTP/1.0" 200 68232 "-" "Mozilla/4.0 (compatible; MSIE 6.0; Windows NT 5.1)" "www.sancarloscity.org"
84.16.231.171 - - [15/Nov/2008:05:08:48 -0800] "POST /jodera2/posting.php HTTP/1.0" 200 11444 "http://www.sancarloscity.org/jodera2/posting.php?mode=newtopic&f=1&sid=8ffd5458764f559de5bbcba960b71d97" "Mozilla/4.0 (compatible; MSIE 6.0; Windows 98; Win 9x 4.90)" "www.sancarloscity.org"
84.16.231.171 - - [15/Nov/2008:05:08:49 -0800] "GET /jodera2/viewtopic.php?p=42462 HTTP/1.0" 200 31284 "http://www.sancarloscity.org/viewtopic.php?p=42462#42462" "Mozilla/4.0 (compatible; MSIE 6.0; Windows 98; Win 9x 4.90)" "www.sancarloscity.org"
72.30.79.34 - - [15/Nov/2008:05:09:32 -0800] "GET /logs/access_070708.log HTTP/1.0" 200 4011200 "-" "Mozilla/5.0 (compatible; Yahoo! Slurp; http://help.yahoo.com/help/us/ysearch/slurp)" "www.sancarloscity.org"
122.55.21.35 - - [15/Nov/2008:05:09:42 -0800] "GET /nui HTTP/1.1" 301 96 "http://nuicabales.tripod.com/" "Mozilla/4.0 (compatible; MSIE 6.0; Windows NT 5.1; SV1)" "www.sancarloscity.org"
122.55.21.35 - - [15/Nov/2008:05:09:43 -0800] "GET /nui/ HTTP/1.1" 200 4481 "http://nuicabales.tripod.com/" "Mozilla/4.0 (compatible; MSIE 6.0; Windows NT 5.1; SV1)" "www.sancarloscity.org"
122.55.21.35 - - [15/Nov/2008:05:09:43 -0800] "GET /favicon.ico HTTP/1.1" 404 739 "-" "Mozilla/4.0 (compatible; MSIE 6.0; Windows NT 5.1; SV1)" "sancarloscity.org"
122.55.21.35 - - [15/Nov/2008:05:09:44 -0800] "GET /nui/images/back.jpg HTTP/1.1" 200 116755 "http://www.sancarloscity.org/nui/" "Mozilla/4.0 (compatible; MSIE 6.0; Windows NT 5.1; SV1)" "sancarloscity.org"
122.55.21.35 - - [15/Nov/2008:05:09:44 -0800] "GET /nui/images/body2.gif HTTP/1.1" 200 653 "http://www.sancarloscity.org/nui/" "Mozilla/4.0 (compatible; MSIE 6.0; Windows NT 5.1; SV1)" "sancarloscity.org"
122.55.21.35 - - [15/Nov/2008:05:09:45 -0800] "GET /nui/images/photo11.gif HTTP/1.1" 200 644 "http://www.sancarloscity.org/nui/" "Mozilla/4.0 (compatible; MSIE 6.0; Windows NT 5.1; SV1)" "sancarloscity.org"
122.55.21.35 - - [15/Nov/2008:05:09:45 -0800] "GET /nui/images/pinta.gif HTTP/1.1" 200 508 "http://www.sancarloscity.org/nui/" "Mozilla/4.0 (compatible; MSIE 6.0; Windows NT 5.1; SV1)" "sancarloscity.org"
121.54.27.122 - - [15/Nov/2008:05:09:45 -0800] "GET /forum2/index.php?automodule=blog&blogid=1& HTTP/1.1" 200 21360 "http://www.google.com.ph/search?client=firefox-a&channel=s&rls=org.mozilla%3Aen-US%3Aofficial&hl=tl&q=fighting+cocks&btnG=Hanapin+sa+Google&meta=" "Mozilla/5.0 (Windows; U; Windows NT 5.1; en-US; rv:1.9.0.4) Gecko/2008102920 Firefox/3.0.4" "www.sancarloscity.org"
122.55.21.35 - - [15/Nov/2008:05:09:46 -0800] "GET /nui/images/blog1.gif HTTP/1.1" 200 327 "http://www.sancarloscity.org/nui/" "Mozilla/4.0 (compatible; MSIE 6.0; Windows NT 5.1; SV1)" "sancarloscity.org"
121.54.27.122 - - [15/Nov/2008:05:09:46 -0800] "GET /forum2/style_images/css_2.css HTTP/1.1" 200 31951 "http://www.sancarloscity.org/forum2/index.php?automodule=blog&blogid=1&" "Mozilla/5.0 (Windows; U; Windows NT 5.1; en-US; rv:1.9.0.4) Gecko/2008102920 Firefox/3.0.4" "www.sancarloscity.org"
122.55.21.35 - - [15/Nov/2008:05:09:46 -0800] "GET /nui/images/body.gif HTTP/1.1" 200 653 "http://www.sancarloscity.org/nui/" "Mozilla/4.0 (compatible; MSIE 6.0; Windows NT 5.1; SV1)" "sancarloscity.org"
122.55.21.35 - - [15/Nov/2008:05:09:47 -0800] "GET /nui/images/photo1.gif HTTP/1.1" 200 644 "http://www.sancarloscity.org/nui/" "Mozilla/4.0 (compatible; MSIE 6.0; Windows NT 5.1; SV1)" "sancarloscity.org"
122.55.21.35 - - [15/Nov/2008:05:09:48 -0800] "GET /nui/images/pinta2.gif HTTP/1.1" 200 508 "http://www.sancarloscity.org/nui/" "Mozilla/4.0 (compatible; MSIE 6.0; Windows NT 5.1; SV1)" "sancarloscity.org"
122.55.21.35 - - [15/Nov/2008:05:09:48 -0800] "GET /nui/images/blog12.gif HTTP/1.1" 200 327 "http://www.sancarloscity.org/nui/" "Mozilla/4.0 (compatible; MSIE 6.0; Windows NT 5.1; SV1)" "sancarloscity.org"
121.54.27.122 - - [15/Nov/2008:05:09:48 -0800] "GET /forum2/jscripts/ips_ipsclass.js HTTP/1.1" 200 6562 "http://www.sancarloscity.org/forum2/index.php?automodule=blog&blogid=1&" "Mozilla/5.0 (Windows; U; Windows NT 5.1; en-US; rv:1.9.0.4) Gecko/2008102920 Firefox/3.0.4" "www.sancarloscity.org"
121.54.27.122 - - [15/Nov/2008:05:09:51 -0800] "GET /forum2/jscripts/ipb_global.js HTTP/1.1" 200 17304 "http://www.sancarloscity.org/forum2/index.php?automodule=blog&blogid=1&" "Mozilla/5.0 (Windows; U; Windows NT 5.1; en-US; rv:1.9.0.4) Gecko/2008102920 Firefox/3.0.4" "www.sancarloscity.org"
61.247.222.55 - - [15/Nov/2008:05:09:52 -0800] "GET /robots.txt HTTP/1.1" 200 44 "-" "Yeti/1.0 (NHN Corp.; http://help.naver.com/robots/)" "www.sancarloscity.org"
61.247.222.55 - - [15/Nov/2008:05:09:53 -0800] "GET /jodera2/viewtopic.php?p=22051 HTTP/1.1" 200 33016 "-" "Yeti/1.0 (NHN Corp.; http://help.naver.com/robots/)" "www.sancarloscity.org"
121.54.27.122 - - [15/Nov/2008:05:09:54 -0800] "GET /forum2/jscripts/ips_menu.js HTTP/1.1" 200 6059 "http://www.sancarloscity.org/forum2/index.php?automodule=blog&blogid=1&" "Mozilla/5.0 (Windows; U; Windows NT 5.1; en-US; rv:1.9.0.4) Gecko/2008102920 Firefox/3.0.4" "www.sancarloscity.org"
121.54.27.122 - - [15/Nov/2008:05:09:56 -0800] "GET /forum2/style_images/red_crysta/folder_js_skin/ips_menu_html.js HTTP/1.1" 200 2931 "http://www.sancarloscity.org/forum2/index.php?automodule=blog&blogid=1&" "Mozilla/5.0 (Windows; U; Windows NT 5.1; en-US; rv:1.9.0.4) Gecko/2008102920 Firefox/3.0.4" "www.sancarloscity.org"
121.54.27.122 - - [15/Nov/2008:05:09:57 -0800] "GET /forum2/cache/lang_cache/en/lang_javascript.js HTTP/1.1" 200 2294 "http://www.sancarloscity.org/forum2/index.php?automodule=blog&blogid=1&" "Mozilla/5.0 (Windows; U; Windows NT 5.1; en-US; rv:1.9.0.4) Gecko/2008102920 Firefox/3.0.4" "www.sancarloscity.org"
121.54.27.122 - - [15/Nov/2008:05:09:58 -0800] "GET /forum2/jscripts/ipb_blog.js HTTP/1.1" 200 3710 "http://www.sancarloscity.org/forum2/index.php?automodule=blog&blogid=1&" "Mozilla/5.0 (Windows; U; Windows NT 5.1; en-US; rv:1.9.0.4) Gecko/2008102920 Firefox/3.0.4" "www.sancarloscity.org"
121.54.27.122 - - [15/Nov/2008:05:10:01 -0800] "GET /forum2/jscripts/ips_xmlhttprequest.js HTTP/1.1" 200 3619 "http://www.sancarloscity.org/forum2/index.php?automodule=blog&blogid=1&" "Mozilla/5.0 (Windows; U; Windows NT 5.1; en-US; rv:1.9.0.4) Gecko/2008102920 Firefox/3.0.4" "www.sancarloscity.org"
121.54.27.122 - - [15/Nov/2008:05:10:02 -0800] "GET /forum2/jscripts/ipb_global_xmlenhanced.js HTTP/1.1" 200 5981 "http://www.sancarloscity.org/forum2/index.php?automodule=blog&blogid=1&" "Mozilla/5.0 (Windows; U; Windows NT 5.1; en-US; rv:1.9.0.4) Gecko/2008102920 Firefox/3.0.4" "www.sancarloscity.org"
121.54.27.122 - - [15/Nov/2008:05:10:03 -0800] "GET /forum2/jscripts/dom-drag.js HTTP/1.1" 200 4105 "http://www.sancarloscity.org/forum2/index.php?automodule=blog&blogid=1&" "Mozilla/5.0 (Windows; U; Windows NT 5.1; en-US; rv:1.9.0.4) Gecko/2008102920 Firefox/3.0.4" "www.sancarloscity.org"
121.54.27.122 - - [15/Nov/2008:05:10:04 -0800] "GET /forum2/jscripts/ipb_xhr_findnames.js HTTP/1.1" 200 7486 "http://www.sancarloscity.org/forum2/index.php?automodule=blog&blogid=1&" "Mozilla/5.0 (Windows; U; Windows NT 5.1; en-US; rv:1.9.0.4) Gecko/2008102920 Firefox/3.0.4" "www.sancarloscity.org"
