78.110.175.11 - - [15/Nov/2008:04:00:01 -0800] "POST /jodera2/posting.php HTTP/1.0" 200 11440 "http://sancarloscity.org/jodera2/posting.php?mode=newtopic&f=1" "Mozilla/4.0 (compatible; MSIE 6.0; Windows NT 5.1; SV1; .NET CLR 1.0.3705; .NET CLR 1.1.4322; .NET CLR 2.0.40607)" "sancarloscity.org"
78.110.175.11 - - [15/Nov/2008:04:00:02 -0800] "GET /jodera2/viewtopic.php?p=42403 HTTP/1.0" 200 36548 "-" "Mozilla/4.0 (compatible; MSIE 6.0; Windows NT 5.1; SV1; .NET CLR 1.0.3705; .NET CLR 1.1.4322; .NET CLR 2.0.40607)" "sancarloscity.org"
78.110.175.11 - - [15/Nov/2008:04:00:04 -0800] "GET /jodera2/viewforum.php?f=2&sid=cd0ead73c070f00d928e45a25a7f8b29 HTTP/1.0" 200 83020 "-" "Mozilla/4.0 (compatible; MSIE 6.0; Windows NT 5.1; SV1; .NET CLR 1.0.3705; .NET CLR 1.1.4322; .NET CLR 2.0.40607)" "sancarloscity.org"
78.110.175.11 - - [15/Nov/2008:04:00:26 -0800] "GET /jodera2/posting.php?mode=newtopic&f=2 HTTP/1.0" 200 41359 "-" "Mozilla/4.0 (compatible; MSIE 6.0; Windows NT 5.1; SV1; .NET CLR 1.0.3705; .NET CLR 1.1.4322; .NET CLR 2.0.40607)" "sancarloscity.org"
78.110.175.11 - - [15/Nov/2008:04:00:39 -0800] "POST /jodera2/posting.php HTTP/1.0" 200 11440 "http://sancarloscity.org/jodera2/posting.php?mode=newtopic&f=2" "Mozilla/4.0 (compatible; MSIE 6.0; Windows NT 5.1; SV1; .NET CLR 1.0.3705; .NET CLR 1.1.4322; .NET CLR 2.0.40607)" "sancarloscity.org"
78.110.175.11 - - [15/Nov/2008:04:00:40 -0800] "GET /jodera2/viewtopic.php?p=42404 HTTP/1.0" 200 36361 "-" "Mozilla/4.0 (compatible; MSIE 6.0; Windows NT 5.1; SV1; .NET CLR 1.0.3705; .NET CLR 1.1.4322; .NET CLR 2.0.40607)" "sancarloscity.org"
78.110.175.11 - - [15/Nov/2008:04:00:42 -0800] "GET /jodera2/viewforum.php?f=6&sid=cd0ead73c070f00d928e45a25a7f8b29 HTTP/1.0" 200 82997 "-" "Mozilla/4.0 (compatible; MSIE 6.0; Windows NT 5.1; SV1; .NET CLR 1.0.3705; .NET CLR 1.1.4322; .NET CLR 2.0.40607)" "sancarloscity.org"
81.122.81.86 - - [15/Nov/2008:04:00:46 -0800] "GET /logs/access_081013.log/errors.php?error=http://www.lucrei.com.br/temp/safe.txt? HTTP/1.1" 404 769 "-" "libwww-perl/5.76" "www.sancarloscity.org"
81.122.81.86 - - [15/Nov/2008:04:00:46 -0800] "GET /logs/errors.php?error=http://www.lucrei.com.br/temp/safe.txt? HTTP/1.1" 404 764 "-" "libwww-perl/5.76" "www.sancarloscity.org"
72.30.79.34 - - [15/Nov/2008:04:00:48 -0800] "GET /forum2/index.php?showtopic=67&view=getlastpost HTTP/1.0" 302 0 "-" "Mozilla/5.0 (compatible; Yahoo! Slurp; http://help.yahoo.com/help/us/ysearch/slurp)" "www.sancarloscity.org"
72.30.79.34 - - [15/Nov/2008:04:01:00 -0800] "GET /forum2/index.php?s=a3e4edacd09bac656d29cdb7ebe62595&showtopic=67&pid=1202&st=0& HTTP/1.0" 200 85597 "-" "Mozilla/5.0 (compatible; Yahoo! Slurp; http://help.yahoo.com/help/us/ysearch/slurp)" "www.sancarloscity.org"
72.30.79.34 - - [15/Nov/2008:04:01:04 -0800] "GET /logs/access_080831.log HTTP/1.0" 200 5494429 "-" "Mozilla/5.0 (compatible; Yahoo! Slurp; http://help.yahoo.com/help/us/ysearch/slurp)" "www.sancarloscity.org"
78.110.175.11 - - [15/Nov/2008:04:01:05 -0800] "GET /jodera2/posting.php?mode=newtopic&f=6 HTTP/1.0" 200 41351 "-" "Mozilla/4.0 (compatible; MSIE 6.0; Windows NT 5.1; SV1; .NET CLR 1.0.3705; .NET CLR 1.1.4322; .NET CLR 2.0.40607)" "sancarloscity.org"
78.110.175.11 - - [15/Nov/2008:04:01:21 -0800] "POST /jodera2/posting.php HTTP/1.0" 200 11440 "http://sancarloscity.org/jodera2/posting.php?mode=newtopic&f=6" "Mozilla/4.0 (compatible; MSIE 6.0; Windows NT 5.1; SV1; .NET CLR 1.0.3705; .NET CLR 1.1.4322; .NET CLR 2.0.40607)" "sancarloscity.org"
78.110.175.11 - - [15/Nov/2008:04:01:22 -0800] "GET /jodera2/viewtopic.php?p=42405 HTTP/1.0" 200 36726 "-" "Mozilla/4.0 (compatible; MSIE 6.0; Windows NT 5.1; SV1; .NET CLR 1.0.3705; .NET CLR 1.1.4322; .NET CLR 2.0.40607)" "sancarloscity.org"
78.110.175.11 - - [15/Nov/2008:04:01:24 -0800] "GET /jodera2/viewforum.php?f=15&sid=cd0ead73c070f00d928e45a25a7f8b29 HTTP/1.0" 200 83368 "-" "Mozilla/4.0 (compatible; MSIE 6.0; Windows NT 5.1; SV1; .NET CLR 1.0.3705; .NET CLR 1.1.4322; .NET CLR 2.0.40607)" "sancarloscity.org"
84.16.231.171 - - [15/Nov/2008:04:01:43 -0800] "GET /jodera2/posting.php?mode=reply&t=32638 HTTP/1.0" 302 0 "http://www.sancarloscity.org/jodera2/posting.php?mode=reply&t=32638" "Mozilla/4.0 (compatible; MSIE 6.0; Windows NT 5.1; SV1)" "www.sancarloscity.org"
84.16.231.171 - - [15/Nov/2008:04:01:44 -0800] "GET /jodera2/login.php?redirect=posting.php&mode=reply&t=32638&sid=bbb2d6661db1e335bd3eb0e2f62157b6 HTTP/1.0" 200 12363 "http://www.sancarloscity.org/jodera2/login.php?redirect=posting.php&mode=reply&t=32638&sid=bbb2d6661db1e335bd3eb0e2f62157b6" "Mozilla/4.0 (compatible; MSIE 6.0; Windows NT 5.1; SV1)" "www.sancarloscity.org"
78.110.175.11 - - [15/Nov/2008:04:01:45 -0800] "GET /jodera2/posting.php?mode=newtopic&f=15 HTTP/1.0" 200 41374 "-" "Mozilla/4.0 (compatible; MSIE 6.0; Windows NT 5.1; SV1; .NET CLR 1.0.3705; .NET CLR 1.1.4322; .NET CLR 2.0.40607)" "sancarloscity.org"
84.16.231.171 - - [15/Nov/2008:04:01:46 -0800] "POST /jodera2/login.php HTTP/1.0" 302 0 "http://www.sancarloscity.org/jodera2/login.php?redirect=posting.php&mode=reply&t=32638&sid=bbb2d6661db1e335bd3eb0e2f62157b6" "Mozilla/4.0 (compatible; MSIE 6.0; Windows NT 5.1; SV1)" "www.sancarloscity.org"
84.16.231.171 - - [15/Nov/2008:04:01:46 -0800] "GET /jodera2/posting.php?mode=reply&t=32638&sid=bbb2d6661db1e335bd3eb0e2f62157b6 HTTP/1.0" 200 50500 "http://www.sancarloscity.org/jodera2/posting.php?mode=reply&t=32638&sid=bbb2d6661db1e335bd3eb0e2f62157b6" "Mozilla/4.0 (compatible; MSIE 6.0; Windows NT 5.1; SV1)" "www.sancarloscity.org"
90.151.213.19 - - [15/Nov/2008:04:01:49 -0800] "GET /jodera2/viewtopic.php?p=15418 HTTP/1.1" 200 77206 "http://www.google.ru/search?hl=ru&q=%D0%B4%D0%BE%D0%BC2+%D1%84%D0%BE%D1%82%D0%BE+%D0%B2%D1%82%D1%83%D0%B0%D0%BB%D0%B5%D1%82%D0%B5&lr=&aq=f&oq=" "Mozilla/4.0 (compatible; MSIE 6.0; Windows NT 5.1)" "www.sancarloscity.org"
90.151.213.19 - - [15/Nov/2008:04:01:50 -0800] "GET /jodera2/templates/Cobalt/Cobalt.css HTTP/1.1" 200 15663 "http://www.sancarloscity.org/jodera2/viewtopic.php?p=15418" "Mozilla/4.0 (compatible; MSIE 6.0; Windows NT 5.1)" "www.sancarloscity.org"
90.151.213.19 - - [15/Nov/2008:04:01:57 -0800] "GET /jodera2/templates/Cobalt/images/spacer.gif HTTP/1.1" 200 49 "http://www.sancarloscity.org/jodera2/viewtopic.php?p=15418" "Mozilla/4.0 (compatible; MSIE 6.0; Windows NT 5.1)" "sancarloscity.org"
90.151.213.19 - - [15/Nov/2008:04:01:58 -0800] "GET /jodera2/templates/Cobalt/images/logo_phpbb.jpg HTTP/1.1" 200 8430 "http://www.sancarloscity.org/jodera2/viewtopic.php?p=15418" "Mozilla/4.0 (compatible; MSIE 6.0; Windows NT 5.1)" "sancarloscity.org"
82.99.30.29 - - [15/Nov/2008:04:01:59 -0800] "GET /jodera2/groupcp.php?sid=9d72fa9be99f85091ec36d13f4e4259f HTTP/1.0" 200 17496 "-" "Mozilla/4.0 (compatible; MSIE 6.0; Windows NT 5.1)" "www.sancarloscity.org"
90.151.213.19 - - [15/Nov/2008:04:02:00 -0800] "GET /jodera2/templates/Cobalt/images/icon_mini_faq.gif HTTP/1.1" 200 706 "http://www.sancarloscity.org/jodera2/viewtopic.php?p=15418" "Mozilla/4.0 (compatible; MSIE 6.0; Windows NT 5.1)" "sancarloscity.org"
90.151.213.19 - - [15/Nov/2008:04:02:00 -0800] "GET /jodera2/templates/Cobalt/images/icon_mini_search.gif HTTP/1.1" 200 722 "http://www.sancarloscity.org/jodera2/viewtopic.php?p=15418" "Mozilla/4.0 (compatible; MSIE 6.0; Windows NT 5.1)" "sancarloscity.org"
90.151.213.19 - - [15/Nov/2008:04:02:00 -0800] "GET /jodera2/templates/Cobalt/images/icon_mini_members.gif HTTP/1.1" 200 740 "http://www.sancarloscity.org/jodera2/viewtopic.php?p=15418" "Mozilla/4.0 (compatible; MSIE 6.0; Windows NT 5.1)" "sancarloscity.org"
90.151.213.19 - - [15/Nov/2008:04:02:03 -0800] "GET /jodera2/templates/Cobalt/images/icon_mini_groups.gif HTTP/1.1" 200 751 "http://www.sancarloscity.org/jodera2/viewtopic.php?p=15418" "Mozilla/4.0 (compatible; MSIE 6.0; Windows NT 5.1)" "sancarloscity.org"
90.151.213.19 - - [15/Nov/2008:04:02:04 -0800] "GET /jodera2/templates/Cobalt/images/icon_mini_register.gif HTTP/1.1" 200 705 "http://www.sancarloscity.org/jodera2/viewtopic.php?p=15418" "Mozilla/4.0 (compatible; MSIE 6.0; Windows NT 5.1)" "sancarloscity.org"
90.151.213.19 - - [15/Nov/2008:04:02:07 -0800] "GET /jodera2/templates/Cobalt/images/icon_mini_profile.gif HTTP/1.1" 200 716 "http://www.sancarloscity.org/jodera2/viewtopic.php?p=15418" "Mozilla/4.0 (compatible; MSIE 6.0; Windows NT 5.1)" "sancarloscity.org"
90.151.213.19 - - [15/Nov/2008:04:02:07 -0800] "GET /jodera2/templates/Cobalt/images/icon_mini_message.gif HTTP/1.1" 200 734 "http://www.sancarloscity.org/jodera2/viewtopic.php?p=15418" "Mozilla/4.0 (compatible; MSIE 6.0; Windows NT 5.1)" "sancarloscity.org"
90.151.213.19 - - [15/Nov/2008:04:02:07 -0800] "GET /jodera2/templates/Cobalt/images/icon_mini_login.gif HTTP/1.1" 200 736 "http://www.sancarloscity.org/jodera2/viewtopic.php?p=15418" "Mozilla/4.0 (compatible; MSIE 6.0; Windows NT 5.1)" "sancarloscity.org"
90.151.213.19 - - [15/Nov/2008:04:02:08 -0800] "GET /jodera2/joderaban.gif HTTP/1.1" 200 598991 "http://www.sancarloscity.org/jodera2/viewtopic.php?p=15418" "Mozilla/4.0 (compatible; MSIE 6.0; Windows NT 5.1)" "sancarloscity.org"
90.151.213.19 - - [15/Nov/2008:04:02:08 -0800] "GET /jodera2/templates/Cobalt/images/lang_english/post.gif HTTP/1.1" 200 3070 "http://www.sancarloscity.org/jodera2/viewtopic.php?p=15418" "Mozilla/4.0 (compatible; MSIE 6.0; Windows NT 5.1)" "sancarloscity.org"
90.151.213.19 - - [15/Nov/2008:04:02:09 -0800] "GET /jodera2/templates/Cobalt/images/lang_english/reply.gif HTTP/1.1" 200 3137 "http://www.sancarloscity.org/jodera2/viewtopic.php?p=15418" "Mozilla/4.0 (compatible; MSIE 6.0; Windows NT 5.1)" "sancarloscity.org"
90.151.213.19 - - [15/Nov/2008:04:02:11 -0800] "GET /jodera2/templates/Cobalt/images/minipost_read.gif HTTP/1.1" 200 118 "http://www.sancarloscity.org/jodera2/viewtopic.php?p=15418" "Mozilla/4.0 (compatible; MSIE 6.0; Windows NT 5.1)" "sancarloscity.org"
90.151.213.19 - - [15/Nov/2008:04:02:14 -0800] "GET /jodera2/templates/Cobalt/images/lang_english/icon_quote.gif HTTP/1.1" 200 859 "http://www.sancarloscity.org/jodera2/viewtopic.php?p=15418" "Mozilla/4.0 (compatible; MSIE 6.0; Windows NT 5.1)" "sancarloscity.org"
90.151.213.19 - - [15/Nov/2008:04:02:16 -0800] "GET /jodera2/templates/Cobalt/images/icon_top.gif HTTP/1.1" 200 641 "http://www.sancarloscity.org/jodera2/viewtopic.php?p=15418" "Mozilla/4.0 (compatible; MSIE 6.0; Windows NT 5.1)" "sancarloscity.org"
208.111.154.16 - - [15/Nov/2008:04:02:17 -0800] "GET /picgallery/displayimage.php?album=13&pos=7 HTTP/1.1" 200 9213 "-" "Mozilla/5.0 (compatible; Charlotte/1.1; http://www.searchme.com/support/)" "www.sancarloscity.org"
90.151.213.19 - - [15/Nov/2008:04:02:18 -0800] "GET /jodera2/templates/Cobalt/images/lang_english/icon_profile.gif HTTP/1.1" 200 918 "http://www.sancarloscity.org/jodera2/viewtopic.php?p=15418" "Mozilla/4.0 (compatible; MSIE 6.0; Windows NT 5.1)" "sancarloscity.org"
90.151.213.19 - - [15/Nov/2008:04:02:20 -0800] "GET /jodera2/templates/Cobalt/images/lang_english/icon_pm.gif HTTP/1.1" 200 736 "http://www.sancarloscity.org/jodera2/viewtopic.php?p=15418" "Mozilla/4.0 (compatible; MSIE 6.0; Windows NT 5.1)" "sancarloscity.org"
90.151.213.19 - - [15/Nov/2008:04:02:22 -0800] "GET /jodera2/templates/Cobalt/images/lang_english/icon_email.gif HTTP/1.1" 200 850 "http://www.sancarloscity.org/jodera2/viewtopic.php?p=15418" "Mozilla/4.0 (compatible; MSIE 6.0; Windows NT 5.1)" "sancarloscity.org"
84.19.178.210 - - [15/Nov/2008:04:02:22 -0800] "GET /modules/TotalCalendar/about.php?inc_dir=http://siam2.com/ict/news/photo/.photo/cmdstring.swf? HTTP/1.1" 404 767 "-" "libwww-perl/5.805" "www.sancarloscity.org"
90.151.213.19 - - [15/Nov/2008:04:02:24 -0800] "GET /jodera2/templates/Cobalt/images/lang_english/icon_www.gif HTTP/1.1" 200 776 "http://www.sancarloscity.org/jodera2/viewtopic.php?p=15418" "Mozilla/4.0 (compatible; MSIE 6.0; Windows NT 5.1)" "sancarloscity.org"
90.151.213.19 - - [15/Nov/2008:04:02:25 -0800] "GET /jodera2/templates/Cobalt/images/lang_english/icon_aim.gif HTTP/1.1" 200 769 "http://www.sancarloscity.org/jodera2/viewtopic.php?p=15418" "Mozilla/4.0 (compatible; MSIE 6.0; Windows NT 5.1)" "sancarloscity.org"
84.16.231.171 - - [15/Nov/2008:04:02:25 -0800] "POST /jodera2/posting.php HTTP/1.0" 200 11444 "http://www.sancarloscity.org/jodera2/posting.php?mode=reply&t=32638&sid=bbb2d6661db1e335bd3eb0e2f62157b6" "Mozilla/4.0 (compatible; MSIE 6.0; Windows NT 5.1; SV1)" "www.sancarloscity.org"
78.110.175.11 - - [15/Nov/2008:04:02:25 -0800] "POST /jodera2/posting.php HTTP/1.0" 200 11441 "http://sancarloscity.org/jodera2/posting.php?mode=newtopic&f=15" "Mozilla/4.0 (compatible; MSIE 6.0; Windows NT 5.1; SV1; .NET CLR 1.0.3705; .NET CLR 1.1.4322; .NET CLR 2.0.40607)" "sancarloscity.org"
78.110.175.11 - - [15/Nov/2008:04:02:26 -0800] "GET /jodera2/viewforum.php?f=10&sid=cd0ead73c070f00d928e45a25a7f8b29 HTTP/1.0" 200 11228 "-" "Mozilla/4.0 (compatible; MSIE 6.0; Windows NT 5.1; SV1; .NET CLR 1.0.3705; .NET CLR 1.1.4322; .NET CLR 2.0.40607)" "sancarloscity.org"
84.19.178.210 - - [15/Nov/2008:04:02:27 -0800] "GET /modules/TotalCalendar/about.php?inc_dir=http://siam2.com/ict/news/photo/.photo/cmdstring.swf? HTTP/1.1" 404 767 "-" "libwww-perl/5.805" "www.sancarloscity.org"
90.151.213.19 - - [15/Nov/2008:04:02:31 -0800] "GET /jodera2/templates/Cobalt/images/lang_english/icon_yim.gif HTTP/1.1" 200 772 "http://www.sancarloscity.org/jodera2/viewtopic.php?p=15418" "Mozilla/4.0 (compatible; MSIE 6.0; Windows NT 5.1)" "sancarloscity.org"
72.30.78.248 - - [15/Nov/2008:04:02:32 -0800] "GET /qphotogallery/displayimage.php?album=random&cat=0&pos=-297 HTTP/1.0" 200 21657 "-" "Mozilla/5.0 (compatible; Yahoo! Slurp; http://help.yahoo.com/help/us/ysearch/slurp)" "sancarloscity.org"
90.151.213.19 - - [15/Nov/2008:04:02:32 -0800] "GET /jodera2/templates/Cobalt/images/lang_english/icon_msnm.gif HTTP/1.1" 200 834 "http://www.sancarloscity.org/jodera2/viewtopic.php?p=15418" "Mozilla/4.0 (compatible; MSIE 6.0; Windows NT 5.1)" "sancarloscity.org"
90.151.213.19 - - [15/Nov/2008:04:02:36 -0800] "GET /jodera2/templates/Cobalt/images/lang_english/icon_icq_add.gif HTTP/1.1" 200 752 "http://www.sancarloscity.org/jodera2/viewtopic.php?p=15418" "Mozilla/4.0 (compatible; MSIE 6.0; Windows NT 5.1)" "sancarloscity.org"
90.151.213.19 - - [15/Nov/2008:04:02:36 -0800] "GET /jodera2/templates/Cobalt/formIE.css HTTP/1.1" 200 371 "http://www.sancarloscity.org/jodera2/viewtopic.php?p=15418" "Mozilla/4.0 (compatible; MSIE 6.0; Windows NT 5.1)" "www.sancarloscity.org"
90.151.213.19 - - [15/Nov/2008:04:02:37 -0800] "GET /jodera2/templates/Cobalt/images/background.jpg HTTP/1.1" 200 8970 "http://www.sancarloscity.org/jodera2/viewtopic.php?p=15418" "Mozilla/4.0 (compatible; MSIE 6.0; Windows NT 5.1)" "sancarloscity.org"
90.151.213.19 - - [15/Nov/2008:04:02:39 -0800] "GET /jodera2/templates/Cobalt/images/border_ltop.gif HTTP/1.1" 200 73 "http://www.sancarloscity.org/jodera2/viewtopic.php?p=15418" "Mozilla/4.0 (compatible; MSIE 6.0; Windows NT 5.1)" "sancarloscity.org"
90.151.213.19 - - [15/Nov/2008:04:02:40 -0800] "GET /jodera2/templates/Cobalt/images/border_hside.gif HTTP/1.1" 200 55 "http://www.sancarloscity.org/jodera2/viewtopic.php?p=15418" "Mozilla/4.0 (compatible; MSIE 6.0; Windows NT 5.1)" "sancarloscity.org"
90.151.213.19 - - [15/Nov/2008:04:02:41 -0800] "GET /jodera2/templates/Cobalt/images/border_rtop.gif HTTP/1.1" 200 101 "http://www.sancarloscity.org/jodera2/viewtopic.php?p=15418" "Mozilla/4.0 (compatible; MSIE 6.0; Windows NT 5.1)" "sancarloscity.org"
90.151.213.19 - - [15/Nov/2008:04:02:41 -0800] "GET /jodera2/templates/Cobalt/images/border_vside.gif HTTP/1.1" 200 57 "http://www.sancarloscity.org/jodera2/viewtopic.php?p=15418" "Mozilla/4.0 (compatible; MSIE 6.0; Windows NT 5.1)" "sancarloscity.org"
90.151.213.19 - - [15/Nov/2008:04:02:42 -0800] "GET /jodera2/templates/Cobalt/images/mainbox_bg.jpg HTTP/1.1" 200 8538 "http://www.sancarloscity.org/jodera2/viewtopic.php?p=15418" "Mozilla/4.0 (compatible; MSIE 6.0; Windows NT 5.1)" "sancarloscity.org"
90.151.213.19 - - [15/Nov/2008:04:02:46 -0800] "GET /jodera2/templates/Cobalt/images/catbox_background.gif HTTP/1.1" 200 43 "http://www.sancarloscity.org/jodera2/viewtopic.php?p=15418" "Mozilla/4.0 (compatible; MSIE 6.0; Windows NT 5.1)" "sancarloscity.org"
78.110.175.11 - - [15/Nov/2008:04:02:47 -0800] "GET /jodera2/index.php HTTP/1.0" 200 55161 "-" "Mozilla/4.0 (compatible; MSIE 6.0; Windows NT 5.1; SV1; .NET CLR 1.0.3705; .NET CLR 1.1.4322; .NET CLR 2.0.40607)" "sancarloscity.org"
90.151.213.19 - - [15/Nov/2008:04:02:47 -0800] "GET /jodera2/templates/Cobalt/images/catbox_bg_start.gif HTTP/1.1" 200 1105 "http://www.sancarloscity.org/jodera2/viewtopic.php?p=15418" "Mozilla/4.0 (compatible; MSIE 6.0; Windows NT 5.1)" "sancarloscity.org"
78.110.175.11 - - [15/Nov/2008:04:02:48 -0800] "GET /jodera2//posting.php?mode=newtopic&f=15 HTTP/1.0" 200 41374 "-" "Mozilla/4.0 (compatible; MSIE 6.0; Windows NT 5.1; SV1; .NET CLR 1.0.3705; .NET CLR 1.1.4322; .NET CLR 2.0.40607)" "sancarloscity.org"
90.151.213.19 - - [15/Nov/2008:04:02:48 -0800] "GET /jodera2/templates/Cobalt/images/cellpicsilver.gif HTTP/1.1" 200 190 "http://www.sancarloscity.org/jodera2/viewtopic.php?p=15418" "Mozilla/4.0 (compatible; MSIE 6.0; Windows NT 5.1)" "sancarloscity.org"
90.151.213.19 - - [15/Nov/2008:04:02:50 -0800] "GET /jodera2/templates/Cobalt/images/border_rmiddle.gif HTTP/1.1" 200 69 "http://www.sancarloscity.org/jodera2/viewtopic.php?p=15418" "Mozilla/4.0 (compatible; MSIE 6.0; Windows NT 5.1)" "sancarloscity.org"
90.151.213.19 - - [15/Nov/2008:04:02:51 -0800] "GET /jodera2/templates/Cobalt/images/border_lmiddle.gif HTTP/1.1" 200 70 "http://www.sancarloscity.org/jodera2/viewtopic.php?p=15418" "Mozilla/4.0 (compatible; MSIE 6.0; Windows NT 5.1)" "sancarloscity.org"
90.151.213.19 - - [15/Nov/2008:04:02:53 -0800] "GET /jodera2/templates/Cobalt/images/buttonbgpic.gif HTTP/1.1" 200 186 "http://www.sancarloscity.org/jodera2/viewtopic.php?p=15418" "Mozilla/4.0 (compatible; MSIE 6.0; Windows NT 5.1)" "sancarloscity.org"
90.151.213.19 - - [15/Nov/2008:04:02:55 -0800] "GET /jodera2/templates/Cobalt/images/border_lbottom.gif HTTP/1.1" 200 100 "http://www.sancarloscity.org/jodera2/viewtopic.php?p=15418" "Mozilla/4.0 (compatible; MSIE 6.0; Windows NT 5.1)" "sancarloscity.org"
78.110.175.11 - - [15/Nov/2008:04:03:04 -0800] "POST /jodera2//posting.php HTTP/1.0" 200 11441 "http://sancarloscity.org/jodera2//posting.php?mode=newtopic&f=15" "Mozilla/4.0 (compatible; MSIE 6.0; Windows NT 5.1; SV1; .NET CLR 1.0.3705; .NET CLR 1.1.4322; .NET CLR 2.0.40607)" "sancarloscity.org"
78.110.175.11 - - [15/Nov/2008:04:03:05 -0800] "GET /jodera2//viewtopic.php?p=42408 HTTP/1.0" 200 36639 "-" "Mozilla/4.0 (compatible; MSIE 6.0; Windows NT 5.1; SV1; .NET CLR 1.0.3705; .NET CLR 1.1.4322; .NET CLR 2.0.40607)" "sancarloscity.org"
78.110.175.11 - - [15/Nov/2008:04:03:06 -0800] "GET /jodera2//viewforum.php?f=11&sid=cd0ead73c070f00d928e45a25a7f8b29 HTTP/1.0" 200 82763 "-" "Mozilla/4.0 (compatible; MSIE 6.0; Windows NT 5.1; SV1; .NET CLR 1.0.3705; .NET CLR 1.1.4322; .NET CLR 2.0.40607)" "sancarloscity.org"
203.209.240.146 - - [15/Nov/2008:04:03:07 -0800] "HEAD /sccinewsidepan1.jpg HTTP/1.1" 200 0 "-" "iearthworm/1.0, mailto:iearthworm@yahoo.com.cn" "sancarloscity.org"
62.118.182.51 - - [15/Nov/2008:04:03:18 -0800] "GET /forum2/index.php?act=Reg&CODE=00&coppa_pass=1 HTTP/1.0" 200 10956 "-" "Mozilla/4.0 (compatible; MSIE 6.0; Windows NT 5.1; SV1; .NET CLR 1.1.4322; .NET CLR 2.0.50727)" "www.sancarloscity.org"
208.111.154.28 - - [15/Nov/2008:04:03:20 -0800] "GET /business/clothingandfashion HTTP/1.1" 301 120 "-" "Mozilla/5.0 (compatible; Charlotte/1.1; http://www.searchme.com/support/)" "www.sancarloscity.org"
208.111.154.28 - - [15/Nov/2008:04:03:21 -0800] "GET /business/clothingandfashion/ HTTP/1.1" 200 4962 "-" "Mozilla/5.0 (compatible; Charlotte/1.1; http://www.searchme.com/support/)" "www.sancarloscity.org"
78.110.175.11 - - [15/Nov/2008:04:03:28 -0800] "GET /jodera2//posting.php?mode=newtopic&f=11 HTTP/1.0" 200 41360 "-" "Mozilla/4.0 (compatible; MSIE 6.0; Windows NT 5.1; SV1; .NET CLR 1.0.3705; .NET CLR 1.1.4322; .NET CLR 2.0.40607)" "sancarloscity.org"
78.110.175.11 - - [15/Nov/2008:04:03:30 -0800] "GET /jodera2//viewforum.php?f=11&topicdays=0&start=150 HTTP/1.0" 200 73856 "-" "Mozilla/4.0 (compatible; MSIE 6.0; Windows NT 5.1; SV1; .NET CLR 1.0.3705; .NET CLR 1.1.4322; .NET CLR 2.0.40607)" "sancarloscity.org"
78.110.175.11 - - [15/Nov/2008:04:03:32 -0800] "GET /jodera2//posting.php?mode=newtopic&f=11 HTTP/1.0" 200 41360 "-" "Mozilla/4.0 (compatible; MSIE 6.0; Windows NT 5.1; SV1; .NET CLR 1.0.3705; .NET CLR 1.1.4322; .NET CLR 2.0.40607)" "sancarloscity.org"
89.149.241.165 - - [15/Nov/2008:04:03:38 -0800] "GET /jodera2/posting.php?mode=reply&t=32639 HTTP/1.0" 302 0 "http://www.sancarloscity.org/jodera2/posting.php?mode=reply&t=32639" "Mozilla/5.0 (Windows; U; Windows NT 5.1; en-US; rv:1.9a1) Gecko/20060612 Minefield/3.0a1" "www.sancarloscity.org"
89.149.241.165 - - [15/Nov/2008:04:03:39 -0800] "GET /jodera2/login.php?redirect=posting.php&mode=reply&t=32639&sid=35fcaa45ad426d1abcb32a0cd34eac08 HTTP/1.0" 200 12363 "http://www.sancarloscity.org/jodera2/login.php?redirect=posting.php&mode=reply&t=32639&sid=35fcaa45ad426d1abcb32a0cd34eac08" "Mozilla/5.0 (Windows; U; Windows NT 5.1; en-US; rv:1.9a1) Gecko/20060612 Minefield/3.0a1" "www.sancarloscity.org"
89.149.241.165 - - [15/Nov/2008:04:03:40 -0800] "POST /jodera2/login.php HTTP/1.0" 302 0 "http://www.sancarloscity.org/jodera2/login.php?redirect=posting.php&mode=reply&t=32639&sid=35fcaa45ad426d1abcb32a0cd34eac08" "Mozilla/5.0 (Windows; U; Windows NT 5.1; en-US; rv:1.9a1) Gecko/20060612 Minefield/3.0a1" "www.sancarloscity.org"
89.149.241.165 - - [15/Nov/2008:04:03:41 -0800] "GET /jodera2/posting.php?mode=reply&t=32639&sid=35fcaa45ad426d1abcb32a0cd34eac08 HTTP/1.0" 200 50857 "http://www.sancarloscity.org/jodera2/posting.php?mode=reply&t=32639&sid=35fcaa45ad426d1abcb32a0cd34eac08" "Mozilla/5.0 (Windows; U; Windows NT 5.1; en-US; rv:1.9a1) Gecko/20060612 Minefield/3.0a1" "www.sancarloscity.org"
78.110.175.11 - - [15/Nov/2008:04:04:05 -0800] "GET /jodera2//viewforum.php?f=16&sid=cd0ead73c070f00d928e45a25a7f8b29 HTTP/1.0" 200 82787 "-" "Mozilla/4.0 (compatible; MSIE 6.0; Windows NT 5.1; SV1; .NET CLR 1.0.3705; .NET CLR 1.1.4322; .NET CLR 2.0.40607)" "sancarloscity.org"
78.110.175.11 - - [15/Nov/2008:04:04:05 -0800] "POST /jodera2//posting.php HTTP/1.0" 200 11441 "http://sancarloscity.org/jodera2//posting.php?mode=newtopic&f=11" "Mozilla/4.0 (compatible; MSIE 6.0; Windows NT 5.1; SV1; .NET CLR 1.0.3705; .NET CLR 1.1.4322; .NET CLR 2.0.40607)" "sancarloscity.org"
89.149.241.165 - - [15/Nov/2008:04:04:10 -0800] "POST /jodera2/posting.php HTTP/1.0" 200 11444 "http://www.sancarloscity.org/jodera2/posting.php?mode=reply&t=32639&sid=35fcaa45ad426d1abcb32a0cd34eac08" "Mozilla/5.0 (Windows; U; Windows NT 5.1; en-US; rv:1.9a1) Gecko/20060612 Minefield/3.0a1" "www.sancarloscity.org"
89.149.241.165 - - [15/Nov/2008:04:04:11 -0800] "GET /jodera2/viewtopic.php?p=42410 HTTP/1.0" 200 82650 "http://www.sancarloscity.org/viewtopic.php?p=42410#42410" "Mozilla/5.0 (Windows; U; Windows NT 5.1; en-US; rv:1.9a1) Gecko/20060612 Minefield/3.0a1" "www.sancarloscity.org"
82.99.30.59 - - [15/Nov/2008:04:04:23 -0800] "GET /jodera2/groupcp.php?sid=53b07711ae86e44646a766f3167f5f0d HTTP/1.0" 200 17496 "-" "Mozilla/4.0 (compatible; MSIE 6.0; Windows NT 5.1)" "www.sancarloscity.org"
78.110.175.11 - - [15/Nov/2008:04:04:27 -0800] "GET /jodera2//posting.php?mode=newtopic&f=16 HTTP/1.0" 200 41353 "-" "Mozilla/4.0 (compatible; MSIE 6.0; Windows NT 5.1; SV1; .NET CLR 1.0.3705; .NET CLR 1.1.4322; .NET CLR 2.0.40607)" "sancarloscity.org"
78.110.175.11 - - [15/Nov/2008:04:04:29 -0800] "GET /jodera2//viewforum.php?f=16&topicdays=0&start=150 HTTP/1.0" 200 61198 "-" "Mozilla/4.0 (compatible; MSIE 6.0; Windows NT 5.1; SV1; .NET CLR 1.0.3705; .NET CLR 1.1.4322; .NET CLR 2.0.40607)" "sancarloscity.org"
78.110.175.11 - - [15/Nov/2008:04:04:31 -0800] "GET /jodera2//posting.php?mode=newtopic&f=16 HTTP/1.0" 200 41353 "-" "Mozilla/4.0 (compatible; MSIE 6.0; Windows NT 5.1; SV1; .NET CLR 1.0.3705; .NET CLR 1.1.4322; .NET CLR 2.0.40607)" "sancarloscity.org"
78.110.175.11 - - [15/Nov/2008:04:04:45 -0800] "POST /jodera2//posting.php HTTP/1.0" 200 11441 "http://sancarloscity.org/jodera2//posting.php?mode=newtopic&f=16" "Mozilla/4.0 (compatible; MSIE 6.0; Windows NT 5.1; SV1; .NET CLR 1.0.3705; .NET CLR 1.1.4322; .NET CLR 2.0.40607)" "sancarloscity.org"
78.110.175.11 - - [15/Nov/2008:04:04:47 -0800] "GET /jodera2//viewtopic.php?p=42411 HTTP/1.0" 200 36810 "-" "Mozilla/4.0 (compatible; MSIE 6.0; Windows NT 5.1; SV1; .NET CLR 1.0.3705; .NET CLR 1.1.4322; .NET CLR 2.0.40607)" "sancarloscity.org"
78.110.175.11 - - [15/Nov/2008:04:04:48 -0800] "GET /jodera2//viewforum.php?f=21&sid=cd0ead73c070f00d928e45a25a7f8b29 HTTP/1.0" 200 83083 "-" "Mozilla/4.0 (compatible; MSIE 6.0; Windows NT 5.1; SV1; .NET CLR 1.0.3705; .NET CLR 1.1.4322; .NET CLR 2.0.40607)" "sancarloscity.org"
78.110.175.11 - - [15/Nov/2008:04:05:10 -0800] "GET /jodera2//posting.php?mode=newtopic&f=21 HTTP/1.0" 200 41358 "-" "Mozilla/4.0 (compatible; MSIE 6.0; Windows NT 5.1; SV1; .NET CLR 1.0.3705; .NET CLR 1.1.4322; .NET CLR 2.0.40607)" "sancarloscity.org"
208.111.154.16 - - [15/Nov/2008:04:05:16 -0800] "GET /robots.txt HTTP/1.0" 200 44 "-" "Mozilla/5.0 (compatible; Charlotte/1.1; http://www.searchme.com/support/)" "sancarloscity.org"
78.110.175.11 - - [15/Nov/2008:04:05:23 -0800] "POST /jodera2//posting.php HTTP/1.0" 200 11441 "http://sancarloscity.org/jodera2//posting.php?mode=newtopic&f=21" "Mozilla/4.0 (compatible; MSIE 6.0; Windows NT 5.1; SV1; .NET CLR 1.0.3705; .NET CLR 1.1.4322; .NET CLR 2.0.40607)" "sancarloscity.org"
78.110.175.11 - - [15/Nov/2008:04:05:24 -0800] "GET /jodera2//viewtopic.php?p=42412 HTTP/1.0" 200 36680 "-" "Mozilla/4.0 (compatible; MSIE 6.0; Windows NT 5.1; SV1; .NET CLR 1.0.3705; .NET CLR 1.1.4322; .NET CLR 2.0.40607)" "sancarloscity.org"
78.110.175.11 - - [15/Nov/2008:04:05:26 -0800] "GET /jodera2//viewforum.php?f=7&sid=cd0ead73c070f00d928e45a25a7f8b29 HTTP/1.0" 200 11228 "-" "Mozilla/4.0 (compatible; MSIE 6.0; Windows NT 5.1; SV1; .NET CLR 1.0.3705; .NET CLR 1.1.4322; .NET CLR 2.0.40607)" "sancarloscity.org"
208.111.154.16 - - [15/Nov/2008:04:05:31 -0800] "GET /rtpan1frame3.htm HTTP/1.1" 200 5171 "-" "Mozilla/5.0 (compatible; Charlotte/1.1; http://www.searchme.com/support/)" "sancarloscity.org"
208.111.154.15 - - [15/Nov/2008:04:05:41 -0800] "GET /picgallery/displayimage.php?album=toprated&cat=0&pos=7 HTTP/1.1" 200 10234 "-" "Mozilla/5.0 (compatible; Charlotte/1.1; http://www.searchme.com/support/)" "www.sancarloscity.org"
78.110.175.11 - - [15/Nov/2008:04:05:47 -0800] "GET /jodera2//posting.php?mode=newtopic&f=21 HTTP/1.0" 200 41358 "-" "Mozilla/4.0 (compatible; MSIE 6.0; Windows NT 5.1; SV1; .NET CLR 1.0.3705; .NET CLR 1.1.4322; .NET CLR 2.0.40607)" "sancarloscity.org"
78.110.175.11 - - [15/Nov/2008:04:05:48 -0800] "GET /jodera2//viewforum.php?f=10&sid=cd0ead73c070f00d928e45a25a7f8b29 HTTP/1.0" 200 11228 "-" "Mozilla/4.0 (compatible; MSIE 6.0; Windows NT 5.1; SV1; .NET CLR 1.0.3705; .NET CLR 1.1.4322; .NET CLR 2.0.40607)" "sancarloscity.org"
78.110.175.11 - - [15/Nov/2008:04:06:00 -0800] "GET /jodera2//index.php HTTP/1.0" 200 55159 "-" "Mozilla/4.0 (compatible; MSIE 6.0; Windows NT 5.1; SV1; .NET CLR 1.0.3705; .NET CLR 1.1.4322; .NET CLR 2.0.40607)" "sancarloscity.org"
78.110.175.11 - - [15/Nov/2008:04:06:02 -0800] "GET /jodera2///posting.php?mode=newtopic&f=21 HTTP/1.0" 200 41358 "-" "Mozilla/4.0 (compatible; MSIE 6.0; Windows NT 5.1; SV1; .NET CLR 1.0.3705; .NET CLR 1.1.4322; .NET CLR 2.0.40607)" "sancarloscity.org"
78.110.175.11 - - [15/Nov/2008:04:06:16 -0800] "POST /jodera2///posting.php HTTP/1.0" 200 11441 "http://sancarloscity.org/jodera2///posting.php?mode=newtopic&f=21" "Mozilla/4.0 (compatible; MSIE 6.0; Windows NT 5.1; SV1; .NET CLR 1.0.3705; .NET CLR 1.1.4322; .NET CLR 2.0.40607)" "sancarloscity.org"
78.110.175.11 - - [15/Nov/2008:04:06:17 -0800] "GET /jodera2///viewtopic.php?p=42413 HTTP/1.0" 200 36377 "-" "Mozilla/4.0 (compatible; MSIE 6.0; Windows NT 5.1; SV1; .NET CLR 1.0.3705; .NET CLR 1.1.4322; .NET CLR 2.0.40607)" "sancarloscity.org"
78.110.175.11 - - [15/Nov/2008:04:06:18 -0800] "GET /jodera2///viewforum.php?f=9&sid=cd0ead73c070f00d928e45a25a7f8b29 HTTP/1.0" 200 11228 "-" "Mozilla/4.0 (compatible; MSIE 6.0; Windows NT 5.1; SV1; .NET CLR 1.0.3705; .NET CLR 1.1.4322; .NET CLR 2.0.40607)" "sancarloscity.org"
78.86.31.144 - - [15/Nov/2008:04:06:35 -0800] "GET /business/sportsandrecreation/ HTTP/1.1" 200 4679 "http://ph.search.yahoo.com/search?p=guns+and+ammo&y=Philippines&fr=yfp-t-web-two&toggle=1&cop=&ei=UTF-8&vc=countryPH" "Mozilla/4.0 (compatible; MSIE 7.0; Windows NT 6.0; Trident/4.0; SLCC1; .NET CLR 2.0.50727; Media Center PC 5.0; .NET CLR 3.0.04506; InfoPath.2; .NET CLR 1.1.4322)" "www.sancarloscity.org"
78.86.31.144 - - [15/Nov/2008:04:06:35 -0800] "GET /scci01.jpg HTTP/1.1" 200 40666 "http://www.sancarloscity.org/business/sportsandrecreation/" "Mozilla/4.0 (compatible; MSIE 8.0; Windows NT 6.0; Trident/4.0; SLCC1; .NET CLR 2.0.50727; Media Center PC 5.0; .NET CLR 3.0.04506; InfoPath.2; .NET CLR 1.1.4322)" "sancarloscity.org"
78.86.31.144 - - [15/Nov/2008:04:06:35 -0800] "GET /images/bannerdir.gif HTTP/1.1" 200 7375 "http://www.sancarloscity.org/business/sportsandrecreation/" "Mozilla/4.0 (compatible; MSIE 8.0; Windows NT 6.0; Trident/4.0; SLCC1; .NET CLR 2.0.50727; Media Center PC 5.0; .NET CLR 3.0.04506; InfoPath.2; .NET CLR 1.1.4322)" "sancarloscity.org"
78.86.31.144 - - [15/Nov/2008:04:06:39 -0800] "GET /favicon.ico HTTP/1.1" 404 739 "-" "Mozilla/4.0 (compatible; MSIE 8.0; Windows NT 6.0; Trident/4.0; SLCC1; .NET CLR 2.0.50727; Media Center PC 5.0; .NET CLR 3.0.04506; InfoPath.2; .NET CLR 1.1.4322)" "sancarloscity.org"
78.110.175.11 - - [15/Nov/2008:04:06:39 -0800] "GET /jodera2///posting.php?mode=newtopic&f=21 HTTP/1.0" 200 41358 "-" "Mozilla/4.0 (compatible; MSIE 6.0; Windows NT 5.1; SV1; .NET CLR 1.0.3705; .NET CLR 1.1.4322; .NET CLR 2.0.40607)" "sancarloscity.org"
78.110.175.11 - - [15/Nov/2008:04:07:37 -0800] "POST /jodera2///posting.php HTTP/1.0" 200 11441 "http://sancarloscity.org/jodera2///posting.php?mode=newtopic&f=21" "Mozilla/4.0 (compatible; MSIE 6.0; Windows NT 5.1; SV1; .NET CLR 1.0.3705; .NET CLR 1.1.4322; .NET CLR 2.0.40607)" "sancarloscity.org"
78.110.175.11 - - [15/Nov/2008:04:07:37 -0800] "GET /jodera2///viewforum.php?f=8&sid=cd0ead73c070f00d928e45a25a7f8b29 HTTP/1.0" 200 11228 "-" "Mozilla/4.0 (compatible; MSIE 6.0; Windows NT 5.1; SV1; .NET CLR 1.0.3705; .NET CLR 1.1.4322; .NET CLR 2.0.40607)" "sancarloscity.org"
82.99.30.22 - - [15/Nov/2008:04:07:37 -0800] "GET /jodera2/search.php?search_id=unanswered&sid=53b07711ae86e44646a766f3167f5f0d HTTP/1.0" 200 93334 "-" "Mozilla/4.0 (compatible; MSIE 6.0; Windows NT 5.1)" "www.sancarloscity.org"
89.149.196.210 - - [15/Nov/2008:04:07:40 -0800] "GET /jodera2/posting.php?mode=newtopic&f=1 HTTP/1.0" 302 0 "http://www.sancarloscity.org/jodera2/posting.php?mode=newtopic&f=1" "Mozilla/4.5 RPT-HTTPClient/0.3-2" "www.sancarloscity.org"
89.149.196.210 - - [15/Nov/2008:04:07:41 -0800] "GET /jodera2/login.php?redirect=posting.php&mode=newtopic&f=1&sid=d5e2d11a5c6ae65bf1dbdcb7c55d40b0 HTTP/1.0" 200 12362 "http://www.sancarloscity.org/jodera2/login.php?redirect=posting.php&mode=newtopic&f=1&sid=d5e2d11a5c6ae65bf1dbdcb7c55d40b0" "Mozilla/4.5 RPT-HTTPClient/0.3-2" "www.sancarloscity.org"
89.149.196.210 - - [15/Nov/2008:04:07:42 -0800] "POST /jodera2/login.php HTTP/1.0" 302 0 "http://www.sancarloscity.org/jodera2/login.php?redirect=posting.php&mode=newtopic&f=1&sid=d5e2d11a5c6ae65bf1dbdcb7c55d40b0" "Mozilla/4.5 RPT-HTTPClient/0.3-2" "www.sancarloscity.org"
89.149.196.210 - - [15/Nov/2008:04:07:42 -0800] "GET /jodera2/posting.php?mode=newtopic&f=1&sid=d5e2d11a5c6ae65bf1dbdcb7c55d40b0 HTTP/1.0" 200 40970 "http://www.sancarloscity.org/jodera2/posting.php?mode=newtopic&f=1&sid=d5e2d11a5c6ae65bf1dbdcb7c55d40b0" "Mozilla/4.5 RPT-HTTPClient/0.3-2" "www.sancarloscity.org"
94.102.60.74 - - [15/Nov/2008:04:07:45 -0800] "GET /jodera2/index.php HTTP/1.0" 200 61834 "-" "Mozilla/4.0 (compatible; MSIE 6.0; Windows NT 5.1; SV1)" "sancarloscity.org"
78.110.175.11 - - [15/Nov/2008:04:07:59 -0800] "GET /jodera2///viewforum.php?f=16&sid=cd0ead73c070f00d928e45a25a7f8b29 HTTP/1.0" 200 82788 "-" "Mozilla/4.0 (compatible; MSIE 6.0; Windows NT 5.1; SV1; .NET CLR 1.0.3705; .NET CLR 1.1.4322; .NET CLR 2.0.40607)" "sancarloscity.org"
94.102.60.74 - - [15/Nov/2008:04:08:00 -0800] "GET /jodera2/viewforum.php?f=1&sid=dc564630b2d7c11670569231c5594e0d HTTP/1.0" 200 85314 "-" "Mozilla/4.0 (compatible; MSIE 6.0; Windows NT 5.1; SV1)" "sancarloscity.org"
78.110.175.11 - - [15/Nov/2008:04:08:01 -0800] "GET /jodera2///posting.php?mode=newtopic&f=16 HTTP/1.0" 200 41353 "-" "Mozilla/4.0 (compatible; MSIE 6.0; Windows NT 5.1; SV1; .NET CLR 1.0.3705; .NET CLR 1.1.4322; .NET CLR 2.0.40607)" "sancarloscity.org"
89.149.196.210 - - [15/Nov/2008:04:08:02 -0800] "POST /jodera2/posting.php HTTP/1.0" 200 11444 "http://www.sancarloscity.org/jodera2/posting.php?mode=newtopic&f=1&sid=d5e2d11a5c6ae65bf1dbdcb7c55d40b0" "Mozilla/4.5 RPT-HTTPClient/0.3-2" "www.sancarloscity.org"
94.102.60.74 - - [15/Nov/2008:04:08:02 -0800] "GET /jodera2/profile.php?mode=register HTTP/1.0" 200 14310 "-" "Mozilla/4.0 (compatible; MSIE 6.0; Windows NT 5.1; SV1)" "sancarloscity.org"
94.102.60.74 - - [15/Nov/2008:04:08:04 -0800] "GET /jodera2/profile.php?mode=register&agreed=true HTTP/1.0" 200 30036 "-" "Mozilla/4.0 (compatible; MSIE 6.0; Windows NT 5.1; SV1)" "sancarloscity.org"
89.149.196.210 - - [15/Nov/2008:04:08:04 -0800] "GET /jodera2/viewtopic.php?p=42415#42415 HTTP/1.0" 200 31200 "http://www.sancarloscity.org/viewtopic.php?p=42415#42415" "Mozilla/4.5 RPT-HTTPClient/0.3-2" "www.sancarloscity.org"
94.102.60.74 - - [15/Nov/2008:04:08:05 -0800] "POST /jodera2/profile.php HTTP/1.0" 200 32032 "http://sancarloscity.org/jodera2/profile.php?mode=register&agreed=true" "Mozilla/4.0 (compatible; MSIE 6.0; Windows NT 5.1; SV1)" "sancarloscity.org"
94.102.60.74 - - [15/Nov/2008:04:08:07 -0800] "GET /jodera2/login.php HTTP/1.0" 200 12333 "-" "Mozilla/4.0 (compatible; MSIE 6.0; Windows NT 5.1; SV1)" "sancarloscity.org"
94.102.60.74 - - [15/Nov/2008:04:08:08 -0800] "POST /jodera2/login.php HTTP/1.0" 302 0 "http://sancarloscity.org/jodera2/login.php" "Mozilla/4.0 (compatible; MSIE 6.0; Windows NT 5.1; SV1)" "sancarloscity.org"
78.110.175.11 - - [15/Nov/2008:04:08:35 -0800] "POST /jodera2///posting.php HTTP/1.0" 200 11441 "http://sancarloscity.org/jodera2///posting.php?mode=newtopic&f=16" "Mozilla/4.0 (compatible; MSIE 6.0; Windows NT 5.1; SV1; .NET CLR 1.0.3705; .NET CLR 1.1.4322; .NET CLR 2.0.40607)" "sancarloscity.org"
94.102.60.74 - - [15/Nov/2008:04:08:35 -0800] "GET /jodera2/index.php?sid=dc564630b2d7c11670569231c5594e0d HTTP/1.0" 200 55215 "-" "Mozilla/4.0 (compatible; MSIE 6.0; Windows NT 5.1; SV1)" "www.sancarloscity.org"
78.110.175.11 - - [15/Nov/2008:04:08:35 -0800] "GET /jodera2///viewforum.php?f=12&sid=cd0ead73c070f00d928e45a25a7f8b29 HTTP/1.0" 200 82587 "-" "Mozilla/4.0 (compatible; MSIE 6.0; Windows NT 5.1; SV1; .NET CLR 1.0.3705; .NET CLR 1.1.4322; .NET CLR 2.0.40607)" "sancarloscity.org"
94.102.60.74 - - [15/Nov/2008:04:08:36 -0800] "GET /jodera2/posting.php?mode=newtopic&f=1 HTTP/1.0" 200 41362 "-" "Mozilla/4.0 (compatible; MSIE 6.0; Windows NT 5.1; SV1)" "sancarloscity.org"
94.102.60.74 - - [15/Nov/2008:04:08:50 -0800] "POST /jodera2/posting.php HTTP/1.0" 200 11440 "http://sancarloscity.org/jodera2/posting.php?mode=newtopic&f=1" "Mozilla/4.0 (compatible; MSIE 6.0; Windows NT 5.1; SV1)" "sancarloscity.org"
94.102.60.74 - - [15/Nov/2008:04:08:51 -0800] "GET /jodera2/viewtopic.php?p=42417 HTTP/1.0" 200 36636 "-" "Mozilla/4.0 (compatible; MSIE 6.0; Windows NT 5.1; SV1)" "sancarloscity.org"
78.110.175.11 - - [15/Nov/2008:04:08:58 -0800] "GET /jodera2///posting.php?mode=newtopic&f=12 HTTP/1.0" 200 41352 "-" "Mozilla/4.0 (compatible; MSIE 6.0; Windows NT 5.1; SV1; .NET CLR 1.0.3705; .NET CLR 1.1.4322; .NET CLR 2.0.40607)" "sancarloscity.org"
94.102.60.74 - - [15/Nov/2008:04:09:05 -0800] "GET /jodera2/viewforum.php?f=1&sid=dc564630b2d7c11670569231c5594e0d HTTP/1.0" 200 87429 "-" "Mozilla/4.0 (compatible; MSIE 6.0; Windows NT 5.1; SV1)" "sancarloscity.org"
84.19.178.210 - - [15/Nov/2008:04:09:12 -0800] "GET /modules/TotalCalendar/about.php?inc_dir=http://siam2.com/ict/news/photo/.photo/cmdstring.swf? HTTP/1.1" 404 767 "-" "libwww-perl/5.805" "www.sancarloscity.org"
78.110.175.11 - - [15/Nov/2008:04:09:14 -0800] "POST /jodera2///posting.php HTTP/1.0" 200 11441 "http://sancarloscity.org/jodera2///posting.php?mode=newtopic&f=12" "Mozilla/4.0 (compatible; MSIE 6.0; Windows NT 5.1; SV1; .NET CLR 1.0.3705; .NET CLR 1.1.4322; .NET CLR 2.0.40607)" "sancarloscity.org"
78.110.175.11 - - [15/Nov/2008:04:09:15 -0800] "GET /jodera2///viewtopic.php?p=42418 HTTP/1.0" 200 36855 "-" "Mozilla/4.0 (compatible; MSIE 6.0; Windows NT 5.1; SV1; .NET CLR 1.0.3705; .NET CLR 1.1.4322; .NET CLR 2.0.40607)" "sancarloscity.org"
78.110.175.11 - - [15/Nov/2008:04:09:17 -0800] "GET /jodera2///viewforum.php?f=13&sid=cd0ead73c070f00d928e45a25a7f8b29 HTTP/1.0" 200 82489 "-" "Mozilla/4.0 (compatible; MSIE 6.0; Windows NT 5.1; SV1; .NET CLR 1.0.3705; .NET CLR 1.1.4322; .NET CLR 2.0.40607)" "sancarloscity.org"
203.87.198.94 - - [15/Nov/2008:04:09:22 -0800] "GET / HTTP/1.1" 200 44225 "-" "Mozilla/5.0 (Windows; U; Windows NT 5.1; en-US; rv:1.9.0.4) Gecko/2008102920 Firefox/3.0.4" "sancarloscity.org"
94.102.60.74 - - [15/Nov/2008:04:09:27 -0800] "GET /jodera2/posting.php?mode=newtopic&f=1 HTTP/1.0" 200 41362 "-" "Mozilla/4.0 (compatible; MSIE 6.0; Windows NT 5.1; SV1)" "sancarloscity.org"
203.87.198.94 - - [15/Nov/2008:04:09:37 -0800] "GET /antenna.css HTTP/1.0" 200 1748 "http://sancarloscity.org/" "Mozilla/5.0 (Windows; U; Windows NT 5.1; en-US; rv:1.9.0.4) Gecko/2008102920 Firefox/3.0.4" "sancarloscity.org"
203.87.198.94 - - [15/Nov/2008:04:09:38 -0800] "GET /autoactivate.js HTTP/1.1" 200 5474 "http://sancarloscity.org/" "Mozilla/5.0 (Windows; U; Windows NT 5.1; en-US; rv:1.9.0.4) Gecko/2008102920 Firefox/3.0.4" "sancarloscity.org"
94.102.60.74 - - [15/Nov/2008:04:09:38 -0800] "POST /jodera2/posting.php HTTP/1.0" 200 11440 "http://sancarloscity.org/jodera2/posting.php?mode=newtopic&f=1" "Mozilla/4.0 (compatible; MSIE 6.0; Windows NT 5.1; SV1)" "sancarloscity.org"
78.110.175.11 - - [15/Nov/2008:04:09:39 -0800] "GET /jodera2///posting.php?mode=newtopic&f=13 HTTP/1.0" 200 41354 "-" "Mozilla/4.0 (compatible; MSIE 6.0; Windows NT 5.1; SV1; .NET CLR 1.0.3705; .NET CLR 1.1.4322; .NET CLR 2.0.40607)" "sancarloscity.org"
94.102.60.74 - - [15/Nov/2008:04:09:39 -0800] "GET /jodera2/viewtopic.php?p=42419 HTTP/1.0" 200 36979 "-" "Mozilla/4.0 (compatible; MSIE 6.0; Windows NT 5.1; SV1)" "sancarloscity.org"
78.110.175.11 - - [15/Nov/2008:04:09:40 -0800] "GET /jodera2///viewforum.php?f=13&topicdays=0&start=100 HTTP/1.0" 200 34451 "-" "Mozilla/4.0 (compatible; MSIE 6.0; Windows NT 5.1; SV1; .NET CLR 1.0.3705; .NET CLR 1.1.4322; .NET CLR 2.0.40607)" "sancarloscity.org"
94.102.60.74 - - [15/Nov/2008:04:09:41 -0800] "GET /jodera2/viewforum.php?f=2&sid=dc564630b2d7c11670569231c5594e0d HTTP/1.0" 200 83188 "-" "Mozilla/4.0 (compatible; MSIE 6.0; Windows NT 5.1; SV1)" "sancarloscity.org"
78.110.175.11 - - [15/Nov/2008:04:09:42 -0800] "GET /jodera2///posting.php?mode=newtopic&f=13 HTTP/1.0" 200 41354 "-" "Mozilla/4.0 (compatible; MSIE 6.0; Windows NT 5.1; SV1; .NET CLR 1.0.3705; .NET CLR 1.1.4322; .NET CLR 2.0.40607)" "sancarloscity.org"
82.99.30.26 - - [15/Nov/2008:04:09:46 -0800] "GET /jodera2/search.php?sid=1dd0e40f860cf7218fbdc22cf4f86f55 HTTP/1.0" 200 24425 "-" "Mozilla/4.0 (compatible; MSIE 6.0; Windows NT 5.1)" "www.sancarloscity.org"
203.87.198.94 - - [15/Nov/2008:04:09:48 -0800] "GET /bg_red_aurora.jpg HTTP/1.1" 200 32099 "http://sancarloscity.org/" "Mozilla/5.0 (Windows; U; Windows NT 5.1; en-US; rv:1.9.0.4) Gecko/2008102920 Firefox/3.0.4" "sancarloscity.org"
65.55.165.48 - - [15/Nov/2008:04:09:55 -0800] "GET /jodera2/viewtopic.php?p=168 HTTP/1.0" 200 36196 "http://search.live.com/results.aspx?q=jodera2" "Mozilla/4.0 (compatible; MSIE 6.0; Windows NT 5.2; SV1; .NET CLR 1.1.4322)" "www.sancarloscity.org"
65.55.165.99 - - [15/Nov/2008:04:09:55 -0800] "GET /jodera2/viewtopic.php?p=217 HTTP/1.0" 200 99481 "http://search.live.com/results.aspx?q=viewtopic" "Mozilla/4.0 (compatible; MSIE 6.0; Windows NT 5.2; SV1; .NET CLR 1.1.4322)" "www.sancarloscity.org"
65.55.165.48 - - [15/Nov/2008:04:09:55 -0800] "GET /jodera2/templates/Cobalt/Cobalt.css HTTP/1.0" 200 15663 "http://www.sancarloscity.org/jodera2/viewtopic.php?p=168" "Mozilla/4.0 (compatible; MSIE 6.0; Windows NT 5.2; SV1; .NET CLR 1.1.4322)" "www.sancarloscity.org"
65.55.165.99 - - [15/Nov/2008:04:09:55 -0800] "GET /jodera2/templates/Cobalt/Cobalt.css HTTP/1.0" 200 15663 "http://www.sancarloscity.org/jodera2/viewtopic.php?p=217" "Mozilla/4.0 (compatible; MSIE 6.0; Windows NT 5.2; SV1; .NET CLR 1.1.4322)" "www.sancarloscity.org"
65.55.165.36 - - [15/Nov/2008:04:09:56 -0800] "GET /jodera2/viewtopic.php?p=4391 HTTP/1.0" 200 118366 "http://search.live.com/results.aspx?q=sancarloscity" "Mozilla/4.0 (compatible; MSIE 6.0; Windows NT 5.2; SV1; .NET CLR 1.1.4322)" "www.sancarloscity.org"
78.110.175.11 - - [15/Nov/2008:04:09:56 -0800] "POST /jodera2///posting.php HTTP/1.0" 200 11441 "http://sancarloscity.org/jodera2///posting.php?mode=newtopic&f=13" "Mozilla/4.0 (compatible; MSIE 6.0; Windows NT 5.1; SV1; .NET CLR 1.0.3705; .NET CLR 1.1.4322; .NET CLR 2.0.40607)" "sancarloscity.org"
65.55.165.48 - - [15/Nov/2008:04:09:56 -0800] "GET /jodera2/templates/Cobalt/formIE.css HTTP/1.0" 200 371 "http://www.sancarloscity.org/jodera2/viewtopic.php?p=168" "Mozilla/4.0 (compatible; MSIE 6.0; Windows NT 5.2; SV1; .NET CLR 1.1.4322)" "www.sancarloscity.org"
65.55.165.99 - - [15/Nov/2008:04:09:56 -0800] "GET /jodera2/templates/Cobalt/formIE.css HTTP/1.0" 200 371 "http://www.sancarloscity.org/jodera2/viewtopic.php?p=217" "Mozilla/4.0 (compatible; MSIE 6.0; Windows NT 5.2; SV1; .NET CLR 1.1.4322)" "www.sancarloscity.org"
65.55.165.36 - - [15/Nov/2008:04:09:56 -0800] "GET /jodera2/templates/Cobalt/Cobalt.css HTTP/1.0" 200 15663 "http://www.sancarloscity.org/jodera2/viewtopic.php?p=4391" "Mozilla/4.0 (compatible; MSIE 6.0; Windows NT 5.2; SV1; .NET CLR 1.1.4322)" "www.sancarloscity.org"
65.55.165.36 - - [15/Nov/2008:04:09:56 -0800] "GET /jodera2/templates/Cobalt/formIE.css HTTP/1.0" 200 371 "http://www.sancarloscity.org/jodera2/viewtopic.php?p=4391" "Mozilla/4.0 (compatible; MSIE 6.0; Windows NT 5.2; SV1; .NET CLR 1.1.4322)" "www.sancarloscity.org"
78.110.175.11 - - [15/Nov/2008:04:09:56 -0800] "GET /jodera2///viewtopic.php?p=42420 HTTP/1.0" 200 36571 "-" "Mozilla/4.0 (compatible; MSIE 6.0; Windows NT 5.1; SV1; .NET CLR 1.0.3705; .NET CLR 1.1.4322; .NET CLR 2.0.40607)" "sancarloscity.org"
78.110.175.11 - - [15/Nov/2008:04:09:58 -0800] "GET /jodera2///viewforum.php?f=14&sid=cd0ead73c070f00d928e45a25a7f8b29 HTTP/1.0" 200 82406 "-" "Mozilla/4.0 (compatible; MSIE 6.0; Windows NT 5.1; SV1; .NET CLR 1.0.3705; .NET CLR 1.1.4322; .NET CLR 2.0.40607)" "sancarloscity.org"
94.102.60.74 - - [15/Nov/2008:04:10:02 -0800] "GET /jodera2/posting.php?mode=newtopic&f=2 HTTP/1.0" 200 41359 "-" "Mozilla/4.0 (compatible; MSIE 6.0; Windows NT 5.1; SV1)" "sancarloscity.org"
203.87.198.94 - - [15/Nov/2008:04:10:06 -0800] "GET /gettingaround.htm HTTP/1.1" 200 20762 "http://sancarloscity.org/" "Mozilla/5.0 (Windows; U; Windows NT 5.1; en-US; rv:1.9.0.4) Gecko/2008102920 Firefox/3.0.4" "sancarloscity.org"
208.111.154.16 - - [15/Nov/2008:04:10:10 -0800] "GET /rtpan1frame5.htm HTTP/1.1" 200 5619 "-" "Mozilla/5.0 (compatible; Charlotte/1.1; http://www.searchme.com/support/)" "www.sancarloscity.org"
94.102.60.74 - - [15/Nov/2008:04:10:16 -0800] "POST /jodera2/posting.php HTTP/1.0" 200 11440 "http://sancarloscity.org/jodera2/posting.php?mode=newtopic&f=2" "Mozilla/4.0 (compatible; MSIE 6.0; Windows NT 5.1; SV1)" "sancarloscity.org"
94.102.60.74 - - [15/Nov/2008:04:10:17 -0800] "GET /jodera2/viewtopic.php?p=42421 HTTP/1.0" 200 36665 "-" "Mozilla/4.0 (compatible; MSIE 6.0; Windows NT 5.1; SV1)" "sancarloscity.org"
94.102.60.74 - - [15/Nov/2008:04:10:19 -0800] "GET /jodera2/viewforum.php?f=6&sid=dc564630b2d7c11670569231c5594e0d HTTP/1.0" 200 83163 "-" "Mozilla/4.0 (compatible; MSIE 6.0; Windows NT 5.1; SV1)" "sancarloscity.org"
59.126.46.141 - - [15/Nov/2008:04:10:19 -0800] "GET /logs/access_081007.log//index.php?DOCUMENT_ROOT=http://www.tbns.net/monjali/id.txt??? HTTP/1.1" 404 769 "-" "libwww-perl/5.79" "www.sancarloscity.org"
59.126.46.141 - - [15/Nov/2008:04:10:20 -0800] "GET /index.php?DOCUMENT_ROOT=http://www.tbns.net/monjali/id.txt??? HTTP/1.1" 404 758 "-" "libwww-perl/5.79" "www.sancarloscity.org"
78.110.175.11 - - [15/Nov/2008:04:10:20 -0800] "GET /jodera2///posting.php?mode=newtopic&f=14 HTTP/1.0" 200 41357 "-" "Mozilla/4.0 (compatible; MSIE 6.0; Windows NT 5.1; SV1; .NET CLR 1.0.3705; .NET CLR 1.1.4322; .NET CLR 2.0.40607)" "sancarloscity.org"
59.126.46.141 - - [15/Nov/2008:04:10:20 -0800] "GET /logs//index.php?DOCUMENT_ROOT=http://www.tbns.net/monjali/id.txt??? HTTP/1.1" 404 764 "-" "libwww-perl/5.79" "www.sancarloscity.org"
59.126.46.141 - - [15/Nov/2008:04:10:22 -0800] "GET /logs/access_080907.log//index.php?DOCUMENT_ROOT=http://www.tbns.net/monjali/id.txt??? HTTP/1.1" 404 769 "-" "libwww-perl/5.79" "www.sancarloscity.org"
203.87.198.94 - - [15/Nov/2008:04:10:24 -0800] "GET /favicon.ico HTTP/1.1" 404 739 "-" "Mozilla/5.0 (Windows; U; Windows NT 5.1; en-US; rv:1.9.0.4) Gecko/2008102920 Firefox/3.0.4" "sancarloscity.org"
203.87.198.94 - - [15/Nov/2008:04:10:24 -0800] "GET /background_scci_top.jpg HTTP/1.1" 200 69602 "http://sancarloscity.org/gettingaround.htm" "Mozilla/5.0 (Windows; U; Windows NT 5.1; en-US; rv:1.9.0.4) Gecko/2008102920 Firefox/3.0.4" "sancarloscity.org"
203.87.198.94 - - [15/Nov/2008:04:10:24 -0800] "GET /sccirtpan1.jpg HTTP/1.1" 200 25068 "http://sancarloscity.org/gettingaround.htm" "Mozilla/5.0 (Windows; U; Windows NT 5.1; en-US; rv:1.9.0.4) Gecko/2008102920 Firefox/3.0.4" "sancarloscity.org"
203.87.198.94 - - [15/Nov/2008:04:10:26 -0800] "GET /bg_glass_bottomleft3.jpg HTTP/1.1" 200 18715 "http://sancarloscity.org/gettingaround.htm" "Mozilla/5.0 (Windows; U; Windows NT 5.1; en-US; rv:1.9.0.4) Gecko/2008102920 Firefox/3.0.4" "sancarloscity.org"
203.87.198.94 - - [15/Nov/2008:04:10:27 -0800] "GET /bg_glass_bottomright3.jpg HTTP/1.1" 200 18715 "http://sancarloscity.org/gettingaround.htm" "Mozilla/5.0 (Windows; U; Windows NT 5.1; en-US; rv:1.9.0.4) Gecko/2008102920 Firefox/3.0.4" "sancarloscity.org"
203.87.198.94 - - [15/Nov/2008:04:10:27 -0800] "GET /wheretoflash.jpg HTTP/1.1" 200 73620 "http://sancarloscity.org/gettingaround.htm" "Mozilla/5.0 (Windows; U; Windows NT 5.1; en-US; rv:1.9.0.4) Gecko/2008102920 Firefox/3.0.4" "sancarloscity.org"
203.87.198.94 - - [15/Nov/2008:04:10:30 -0800] "GET /scctranspo.jpg HTTP/1.1" 200 37241 "http://sancarloscity.org/gettingaround.htm" "Mozilla/5.0 (Windows; U; Windows NT 5.1; en-US; rv:1.9.0.4) Gecko/2008102920 Firefox/3.0.4" "sancarloscity.org"
203.87.198.94 - - [15/Nov/2008:04:10:30 -0800] "GET /sccisamplepage_02.gif HTTP/1.1" 200 7431 "http://sancarloscity.org/gettingaround.htm" "Mozilla/5.0 (Windows; U; Windows NT 5.1; en-US; rv:1.9.0.4) Gecko/2008102920 Firefox/3.0.4" "sancarloscity.org"
78.110.175.11 - - [15/Nov/2008:04:10:30 -0800] "POST /jodera2///posting.php HTTP/1.0" 200 11441 "http://sancarloscity.org/jodera2///posting.php?mode=newtopic&f=14" "Mozilla/4.0 (compatible; MSIE 6.0; Windows NT 5.1; SV1; .NET CLR 1.0.3705; .NET CLR 1.1.4322; .NET CLR 2.0.40607)" "sancarloscity.org"
78.110.175.11 - - [15/Nov/2008:04:10:31 -0800] "GET /jodera2///viewtopic.php?p=42422 HTTP/1.0" 200 36590 "-" "Mozilla/4.0 (compatible; MSIE 6.0; Windows NT 5.1; SV1; .NET CLR 1.0.3705; .NET CLR 1.1.4322; .NET CLR 2.0.40607)" "sancarloscity.org"
203.87.198.94 - - [15/Nov/2008:04:10:31 -0800] "GET /newpanmaster.png HTTP/1.1" 200 943 "http://sancarloscity.org/gettingaround.htm" "Mozilla/5.0 (Windows; U; Windows NT 5.1; en-US; rv:1.9.0.4) Gecko/2008102920 Firefox/3.0.4" "sancarloscity.org"
203.87.198.94 - - [15/Nov/2008:04:10:32 -0800] "GET /sccinewsidepan1.jpg HTTP/1.1" 200 29777 "http://sancarloscity.org/gettingaround.htm" "Mozilla/5.0 (Windows; U; Windows NT 5.1; en-US; rv:1.9.0.4) Gecko/2008102920 Firefox/3.0.4" "sancarloscity.org"
203.87.198.94 - - [15/Nov/2008:04:10:32 -0800] "GET /newpanmaster2.png HTTP/1.1" 200 927 "http://sancarloscity.org/gettingaround.htm" "Mozilla/5.0 (Windows; U; Windows NT 5.1; en-US; rv:1.9.0.4) Gecko/2008102920 Firefox/3.0.4" "sancarloscity.org"
203.87.198.94 - - [15/Nov/2008:04:10:32 -0800] "GET /wheretostaytab2.jpg HTTP/1.1" 200 26860 "http://sancarloscity.org/gettingaround.htm" "Mozilla/5.0 (Windows; U; Windows NT 5.1; en-US; rv:1.9.0.4) Gecko/2008102920 Firefox/3.0.4" "sancarloscity.org"
78.110.175.11 - - [15/Nov/2008:04:10:32 -0800] "GET /jodera2///viewforum.php?f=20&sid=cd0ead73c070f00d928e45a25a7f8b29 HTTP/1.0" 200 82468 "-" "Mozilla/4.0 (compatible; MSIE 6.0; Windows NT 5.1; SV1; .NET CLR 1.0.3705; .NET CLR 1.1.4322; .NET CLR 2.0.40607)" "sancarloscity.org"
203.87.198.94 - - [15/Nov/2008:04:10:37 -0800] "GET /wheretostaytab1.jpg HTTP/1.1" 200 25858 "http://sancarloscity.org/gettingaround.htm" "Mozilla/5.0 (Windows; U; Windows NT 5.1; en-US; rv:1.9.0.4) Gecko/2008102920 Firefox/3.0.4" "sancarloscity.org"
203.87.198.94 - - [15/Nov/2008:04:10:40 -0800] "GET /wheretoeattab2.jpg HTTP/1.1" 200 26730 "http://sancarloscity.org/gettingaround.htm" "Mozilla/5.0 (Windows; U; Windows NT 5.1; en-US; rv:1.9.0.4) Gecko/2008102920 Firefox/3.0.4" "sancarloscity.org"
