94.102.60.74 - - [15/Nov/2008:04:44:46 -0800] "GET /jodera2/index.php?sid=d6759448d30031c7c71fb7010210a387 HTTP/1.0" 200 55287 "-" "Mozilla/4.0 (compatible; MSIE 6.0; Windows NT 5.1; SV1)" "www.sancarloscity.org"
94.102.60.74 - - [15/Nov/2008:04:44:47 -0800] "GET /jodera2/posting.php?mode=newtopic&f=1 HTTP/1.0" 200 41362 "-" "Mozilla/4.0 (compatible; MSIE 6.0; Windows NT 5.1; SV1)" "sancarloscity.org"
12.25.213.2 - - [15/Nov/2008:04:44:54 -0800] "GET /sampo/flv/11132008/1.flv HTTP/1.1" 200 19162895 "-" "Mozilla/4.0 (compatible; MSIE 6.0; Windows NT 5.1; SV1; .NET CLR 1.1.4322)" "www.sancarloscity.org"
94.102.60.74 - - [15/Nov/2008:04:45:02 -0800] "POST /jodera2/posting.php HTTP/1.0" 200 11440 "http://sancarloscity.org/jodera2/posting.php?mode=newtopic&f=1" "Mozilla/4.0 (compatible; MSIE 6.0; Windows NT 5.1; SV1)" "sancarloscity.org"
94.102.60.74 - - [15/Nov/2008:04:45:03 -0800] "GET /jodera2/viewtopic.php?p=42454 HTTP/1.0" 200 36507 "-" "Mozilla/4.0 (compatible; MSIE 6.0; Windows NT 5.1; SV1)" "sancarloscity.org"
82.99.30.60 - - [15/Nov/2008:04:45:04 -0800] "GET /jodera2/index.php?sid=d749067cffda5e3fd68329652d590b48 HTTP/1.0" 200 62046 "-" "Mozilla/4.0 (compatible; MSIE 6.0; Windows NT 5.1)" "www.sancarloscity.org"
94.102.60.74 - - [15/Nov/2008:04:45:17 -0800] "GET /jodera2/viewforum.php?f=1&sid=d6759448d30031c7c71fb7010210a387 HTTP/1.0" 200 86741 "-" "Mozilla/4.0 (compatible; MSIE 6.0; Windows NT 5.1; SV1)" "sancarloscity.org"
213.189.20.67 - - [15/Nov/2008:04:45:17 -0800] "GET /logs/access_080929.log/administrator/components/com_dbquery/classes/DBQ/admin/common.class.php?mosConfig_absolute_path=http://www.easysupportdesk.com/cache/id.txt??? HTTP/1.1" 404 830 "-" "libwww-perl/5.803" "www.sancarloscity.org"
12.25.213.2 - - [15/Nov/2008:04:45:25 -0800] "GET /picgallery HTTP/1.1" 301 103 "http://www.sancarloscity.org/" "Mozilla/4.0 (compatible; MSIE 6.0; Windows NT 5.1; SV1; .NET CLR 1.1.4322)" "www.sancarloscity.org"
72.30.79.34 - - [15/Nov/2008:04:45:26 -0800] "GET /listings/banner_reports.php?id=74 HTTP/1.0" 302 0 "-" "Mozilla/5.0 (compatible; Yahoo! Slurp; http://help.yahoo.com/help/us/ysearch/slurp)" "www.sancarloscity.org"
12.25.213.2 - - [15/Nov/2008:04:45:26 -0800] "GET /picgallery/ HTTP/1.1" 200 62098 "http://www.sancarloscity.org/" "Mozilla/4.0 (compatible; MSIE 6.0; Windows NT 5.1; SV1; .NET CLR 1.1.4322)" "www.sancarloscity.org"
12.25.213.2 - - [15/Nov/2008:04:45:26 -0800] "GET /picgallery/themes/classic/style.css HTTP/1.1" 200 10890 "http://www.sancarloscity.org/picgallery/" "Mozilla/4.0 (compatible; MSIE 6.0; Windows NT 5.1; SV1; .NET CLR 1.1.4322)" "www.sancarloscity.org"
12.25.213.2 - - [15/Nov/2008:04:45:26 -0800] "GET /picgallery/scripts.js HTTP/1.1" 200 2715 "http://www.sancarloscity.org/picgallery/" "Mozilla/4.0 (compatible; MSIE 6.0; Windows NT 5.1; SV1; .NET CLR 1.1.4322)" "www.sancarloscity.org"
12.25.213.2 - - [15/Nov/2008:04:45:26 -0800] "GET /picgallery/images/spacer.gif HTTP/1.1" 200 43 "http://www.sancarloscity.org/picgallery/" "Mozilla/4.0 (compatible; MSIE 6.0; Windows NT 5.1; SV1; .NET CLR 1.1.4322)" "sancarloscity.org"
12.25.213.2 - - [15/Nov/2008:04:45:26 -0800] "GET /picgallery/themes/classic/images/site_logo.png HTTP/1.1" 200 15752 "http://www.sancarloscity.org/picgallery/" "Mozilla/4.0 (compatible; MSIE 6.0; Windows NT 5.1; SV1; .NET CLR 1.1.4322)" "sancarloscity.org"
12.25.213.2 - - [15/Nov/2008:04:45:26 -0800] "GET /picgallery/albums/userpics/10001/thumb_00000011.jpg HTTP/1.1" 200 2564 "http://www.sancarloscity.org/picgallery/" "Mozilla/4.0 (compatible; MSIE 6.0; Windows NT 5.1; SV1; .NET CLR 1.1.4322)" "sancarloscity.org"
12.25.213.2 - - [15/Nov/2008:04:45:26 -0800] "GET /picgallery/albums/userpics/10001/thumb_paseo1.jpg HTTP/1.1" 200 3087 "http://www.sancarloscity.org/picgallery/" "Mozilla/4.0 (compatible; MSIE 6.0; Windows NT 5.1; SV1; .NET CLR 1.1.4322)" "sancarloscity.org"
12.25.213.2 - - [15/Nov/2008:04:45:26 -0800] "GET /picgallery/albums/userpics/10001/thumb_DSC04606.JPG HTTP/1.1" 200 3182 "http://www.sancarloscity.org/picgallery/" "Mozilla/4.0 (compatible; MSIE 6.0; Windows NT 5.1; SV1; .NET CLR 1.1.4322)" "sancarloscity.org"
12.25.213.2 - - [15/Nov/2008:04:45:26 -0800] "GET /picgallery/albums/userpics/10001/thumb_DSC04702.JPG HTTP/1.1" 200 2716 "http://www.sancarloscity.org/picgallery/" "Mozilla/4.0 (compatible; MSIE 6.0; Windows NT 5.1; SV1; .NET CLR 1.1.4322)" "sancarloscity.org"
12.25.213.2 - - [15/Nov/2008:04:45:26 -0800] "GET /picgallery/albums/userpics/10001/thumb_Img7.jpg HTTP/1.1" 200 4101 "http://www.sancarloscity.org/picgallery/" "Mozilla/4.0 (compatible; MSIE 6.0; Windows NT 5.1; SV1; .NET CLR 1.1.4322)" "sancarloscity.org"
12.25.213.2 - - [15/Nov/2008:04:45:26 -0800] "GET /picgallery/albums/userpics/10001/thumb_lagoon6.jpg HTTP/1.1" 200 2498 "http://www.sancarloscity.org/picgallery/" "Mozilla/4.0 (compatible; MSIE 6.0; Windows NT 5.1; SV1; .NET CLR 1.1.4322)" "sancarloscity.org"
12.25.213.2 - - [15/Nov/2008:04:45:26 -0800] "GET /picgallery/albums/userpics/10001/thumb_mURI_temp_7d182830.jpg HTTP/1.1" 200 2134 "http://www.sancarloscity.org/picgallery/" "Mozilla/4.0 (compatible; MSIE 6.0; Windows NT 5.1; SV1; .NET CLR 1.1.4322)" "sancarloscity.org"
12.25.213.2 - - [15/Nov/2008:04:45:26 -0800] "GET /picgallery/albums/userpics/10001/thumb_san-carlos-4%2B8-scrap-2007.jpg HTTP/1.1" 200 2938 "http://www.sancarloscity.org/picgallery/" "Mozilla/4.0 (compatible; MSIE 6.0; Windows NT 5.1; SV1; .NET CLR 1.1.4322)" "sancarloscity.org"
12.25.213.2 - - [15/Nov/2008:04:45:26 -0800] "GET /picgallery/albums/userpics/10001/thumb_a1.jpg HTTP/1.1" 200 2888 "http://www.sancarloscity.org/picgallery/" "Mozilla/4.0 (compatible; MSIE 6.0; Windows NT 5.1; SV1; .NET CLR 1.1.4322)" "sancarloscity.org"
12.25.213.2 - - [15/Nov/2008:04:45:26 -0800] "GET /picgallery/albums/userpics/10001/thumb_rikschavergl.jpg HTTP/1.1" 200 3713 "http://www.sancarloscity.org/picgallery/" "Mozilla/4.0 (compatible; MSIE 6.0; Windows NT 5.1; SV1; .NET CLR 1.1.4322)" "sancarloscity.org"
12.25.213.2 - - [15/Nov/2008:04:45:26 -0800] "GET /picgallery/albums/userpics/10001/thumb_peoplespark.jpg HTTP/1.1" 200 4777 "http://www.sancarloscity.org/picgallery/" "Mozilla/4.0 (compatible; MSIE 6.0; Windows NT 5.1; SV1; .NET CLR 1.1.4322)" "sancarloscity.org"
12.25.213.2 - - [15/Nov/2008:04:45:26 -0800] "GET /picgallery/albums/userpics/10001/thumb_oldcityhall.jpg HTTP/1.1" 200 2468 "http://www.sancarloscity.org/picgallery/" "Mozilla/4.0 (compatible; MSIE 6.0; Windows NT 5.1; SV1; .NET CLR 1.1.4322)" "sancarloscity.org"
12.25.213.2 - - [15/Nov/2008:04:45:26 -0800] "GET /picgallery/albums/userpics/10001/thumb_mURI_temp_0c0e86d0.jpg HTTP/1.1" 200 2510 "http://www.sancarloscity.org/picgallery/" "Mozilla/4.0 (compatible; MSIE 6.0; Windows NT 5.1; SV1; .NET CLR 1.1.4322)" "sancarloscity.org"
12.25.213.2 - - [15/Nov/2008:04:45:27 -0800] "GET /picgallery/albums/userpics/10001/thumb_DSC00251.JPG HTTP/1.1" 200 2728 "http://www.sancarloscity.org/picgallery/" "Mozilla/4.0 (compatible; MSIE 6.0; Windows NT 5.1; SV1; .NET CLR 1.1.4322)" "sancarloscity.org"
12.25.213.2 - - [15/Nov/2008:04:45:27 -0800] "GET /picgallery/albums/userpics/10001/thumb_DSC01065.JPG HTTP/1.1" 200 2871 "http://www.sancarloscity.org/picgallery/" "Mozilla/4.0 (compatible; MSIE 6.0; Windows NT 5.1; SV1; .NET CLR 1.1.4322)" "sancarloscity.org"
12.25.213.2 - - [15/Nov/2008:04:45:27 -0800] "GET /picgallery/albums/userpics/10001/thumb_DSC04546.JPG HTTP/1.1" 200 3188 "http://www.sancarloscity.org/picgallery/" "Mozilla/4.0 (compatible; MSIE 6.0; Windows NT 5.1; SV1; .NET CLR 1.1.4322)" "sancarloscity.org"
12.25.213.2 - - [15/Nov/2008:04:45:27 -0800] "GET /picgallery/albums/userpics/10001/thumb_mURI_temp_98a6ec13.jpg HTTP/1.1" 200 3182 "http://www.sancarloscity.org/picgallery/" "Mozilla/4.0 (compatible; MSIE 6.0; Windows NT 5.1; SV1; .NET CLR 1.1.4322)" "sancarloscity.org"
12.25.213.2 - - [15/Nov/2008:04:45:27 -0800] "GET /picgallery/albums/userpics/10001/thumb_Teambriefingb4thetournament2.jpg HTTP/1.1" 200 2760 "http://www.sancarloscity.org/picgallery/" "Mozilla/4.0 (compatible; MSIE 6.0; Windows NT 5.1; SV1; .NET CLR 1.1.4322)" "sancarloscity.org"
12.25.213.2 - - [15/Nov/2008:04:45:27 -0800] "GET /picgallery/albums/userpics/10001/thumb_DSC05598.JPG HTTP/1.1" 200 3178 "http://www.sancarloscity.org/picgallery/" "Mozilla/4.0 (compatible; MSIE 6.0; Windows NT 5.1; SV1; .NET CLR 1.1.4322)" "sancarloscity.org"
12.25.213.2 - - [15/Nov/2008:04:45:27 -0800] "GET /picgallery/albums/userpics/10001/thumb_mURI_temp_9796d561.jpg HTTP/1.1" 200 3457 "http://www.sancarloscity.org/picgallery/" "Mozilla/4.0 (compatible; MSIE 6.0; Windows NT 5.1; SV1; .NET CLR 1.1.4322)" "sancarloscity.org"
12.25.213.2 - - [15/Nov/2008:04:45:27 -0800] "GET /picgallery/albums/userpics/10001/thumb_mURI_temp_1e632acf.jpg HTTP/1.1" 200 3420 "http://www.sancarloscity.org/picgallery/" "Mozilla/4.0 (compatible; MSIE 6.0; Windows NT 5.1; SV1; .NET CLR 1.1.4322)" "sancarloscity.org"
12.25.213.2 - - [15/Nov/2008:04:45:27 -0800] "GET /picgallery/albums/userpics/10001/thumb_DSC01502.JPG HTTP/1.1" 200 3422 "http://www.sancarloscity.org/picgallery/" "Mozilla/4.0 (compatible; MSIE 6.0; Windows NT 5.1; SV1; .NET CLR 1.1.4322)" "sancarloscity.org"
12.25.213.2 - - [15/Nov/2008:04:45:27 -0800] "GET /picgallery/albums/userpics/10001/thumb_Img13.jpg HTTP/1.1" 200 3859 "http://www.sancarloscity.org/picgallery/" "Mozilla/4.0 (compatible; MSIE 6.0; Windows NT 5.1; SV1; .NET CLR 1.1.4322)" "sancarloscity.org"
12.25.213.2 - - [15/Nov/2008:04:45:27 -0800] "GET /picgallery/albums/userpics/10001/thumb_IMG_6746.jpg HTTP/1.1" 200 2533 "http://www.sancarloscity.org/picgallery/" "Mozilla/4.0 (compatible; MSIE 6.0; Windows NT 5.1; SV1; .NET CLR 1.1.4322)" "sancarloscity.org"
12.25.213.2 - - [15/Nov/2008:04:45:27 -0800] "GET /picgallery/albums/userpics/10001/thumb_1.jpg HTTP/1.1" 200 3353 "http://www.sancarloscity.org/picgallery/" "Mozilla/4.0 (compatible; MSIE 6.0; Windows NT 5.1; SV1; .NET CLR 1.1.4322)" "sancarloscity.org"
12.25.213.2 - - [15/Nov/2008:04:45:27 -0800] "GET /picgallery/albums/userpics/10001/thumb_028.JPG HTTP/1.1" 200 3595 "http://www.sancarloscity.org/picgallery/" "Mozilla/4.0 (compatible; MSIE 6.0; Windows NT 5.1; SV1; .NET CLR 1.1.4322)" "sancarloscity.org"
12.25.213.2 - - [15/Nov/2008:04:45:27 -0800] "GET /picgallery/albums/userpics/10001/thumb_IMG_6791.jpg HTTP/1.1" 200 2025 "http://www.sancarloscity.org/picgallery/" "Mozilla/4.0 (compatible; MSIE 6.0; Windows NT 5.1; SV1; .NET CLR 1.1.4322)" "sancarloscity.org"
12.25.213.2 - - [15/Nov/2008:04:45:27 -0800] "GET /picgallery/albums/userpics/10001/thumb_mURI_temp_0a0d6ed6.jpg HTTP/1.1" 200 3104 "http://www.sancarloscity.org/picgallery/" "Mozilla/4.0 (compatible; MSIE 6.0; Windows NT 5.1; SV1; .NET CLR 1.1.4322)" "sancarloscity.org"
12.25.213.2 - - [15/Nov/2008:04:45:27 -0800] "GET /picgallery/albums/userpics/10001/thumb_mURI_temp_c09a8837.jpg HTTP/1.1" 200 2956 "http://www.sancarloscity.org/picgallery/" "Mozilla/4.0 (compatible; MSIE 6.0; Windows NT 5.1; SV1; .NET CLR 1.1.4322)" "sancarloscity.org"
12.25.213.2 - - [15/Nov/2008:04:45:27 -0800] "GET /picgallery/albums/userpics/10001/thumb_S6302892.jpg HTTP/1.1" 200 2493 "http://www.sancarloscity.org/picgallery/" "Mozilla/4.0 (compatible; MSIE 6.0; Windows NT 5.1; SV1; .NET CLR 1.1.4322)" "sancarloscity.org"
12.25.213.2 - - [15/Nov/2008:04:45:27 -0800] "GET /picgallery/albums/userpics/10001/thumb_mURI_temp_ba48678f.jpg HTTP/1.1" 200 2484 "http://www.sancarloscity.org/picgallery/" "Mozilla/4.0 (compatible; MSIE 6.0; Windows NT 5.1; SV1; .NET CLR 1.1.4322)" "sancarloscity.org"
12.25.213.2 - - [15/Nov/2008:04:45:27 -0800] "GET /picgallery/albums/userpics/10001/thumb_mURI_temp_2809c4d2.jpg HTTP/1.1" 200 2235 "http://www.sancarloscity.org/picgallery/" "Mozilla/4.0 (compatible; MSIE 6.0; Windows NT 5.1; SV1; .NET CLR 1.1.4322)" "sancarloscity.org"
12.25.213.2 - - [15/Nov/2008:04:45:27 -0800] "GET /picgallery/albums/userpics/10001/thumb_mURI_temp_610a3861.jpg HTTP/1.1" 200 2541 "http://www.sancarloscity.org/picgallery/" "Mozilla/4.0 (compatible; MSIE 6.0; Windows NT 5.1; SV1; .NET CLR 1.1.4322)" "sancarloscity.org"
12.25.213.2 - - [15/Nov/2008:04:45:27 -0800] "GET /picgallery/albums/userpics/10001/thumb_pic4.jpg HTTP/1.1" 200 2207 "http://www.sancarloscity.org/picgallery/" "Mozilla/4.0 (compatible; MSIE 6.0; Windows NT 5.1; SV1; .NET CLR 1.1.4322)" "sancarloscity.org"
12.25.213.2 - - [15/Nov/2008:04:45:27 -0800] "GET /picgallery/albums/userpics/10001/thumb_mURI_temp_e858d556.jpg HTTP/1.1" 200 2001 "http://www.sancarloscity.org/picgallery/" "Mozilla/4.0 (compatible; MSIE 6.0; Windows NT 5.1; SV1; .NET CLR 1.1.4322)" "sancarloscity.org"
12.25.213.2 - - [15/Nov/2008:04:45:27 -0800] "GET /picgallery/albums/userpics/10001/thumb_mURI_temp_459b7a96.jpg HTTP/1.1" 200 2613 "http://www.sancarloscity.org/picgallery/" "Mozilla/4.0 (compatible; MSIE 6.0; Windows NT 5.1; SV1; .NET CLR 1.1.4322)" "sancarloscity.org"
12.25.213.2 - - [15/Nov/2008:04:45:27 -0800] "GET /picgallery/albums/userpics/10001/thumb_mURI_temp_d1610a57.jpg HTTP/1.1" 200 2803 "http://www.sancarloscity.org/picgallery/" "Mozilla/4.0 (compatible; MSIE 6.0; Windows NT 5.1; SV1; .NET CLR 1.1.4322)" "sancarloscity.org"
89.149.241.165 - - [15/Nov/2008:04:45:37 -0800] "GET /jodera2/posting.php?mode=reply&t=32676 HTTP/1.0" 302 0 "http://www.sancarloscity.org/jodera2/posting.php?mode=reply&t=32676" "Mozilla/4.0 (compatible; MSIE 6.0; Windows NT 5.1) Netscape/8.0.4" "www.sancarloscity.org"
89.149.241.165 - - [15/Nov/2008:04:45:38 -0800] "GET /jodera2/login.php?redirect=posting.php&mode=reply&t=32676&sid=d45462bdafa50d4bb287a0c59f4cd31f HTTP/1.0" 200 12363 "http://www.sancarloscity.org/jodera2/login.php?redirect=posting.php&mode=reply&t=32676&sid=d45462bdafa50d4bb287a0c59f4cd31f" "Mozilla/4.0 (compatible; MSIE 6.0; Windows NT 5.1) Netscape/8.0.4" "www.sancarloscity.org"
94.102.60.74 - - [15/Nov/2008:04:45:39 -0800] "GET /jodera2/posting.php?mode=newtopic&f=1 HTTP/1.0" 200 41362 "-" "Mozilla/4.0 (compatible; MSIE 6.0; Windows NT 5.1; SV1)" "sancarloscity.org"
89.149.241.165 - - [15/Nov/2008:04:45:39 -0800] "POST /jodera2/login.php HTTP/1.0" 302 0 "http://www.sancarloscity.org/jodera2/login.php?redirect=posting.php&mode=reply&t=32676&sid=d45462bdafa50d4bb287a0c59f4cd31f" "Mozilla/4.0 (compatible; MSIE 6.0; Windows NT 5.1) Netscape/8.0.4" "www.sancarloscity.org"
89.149.241.165 - - [15/Nov/2008:04:45:40 -0800] "GET /jodera2/posting.php?mode=reply&t=32676&sid=d45462bdafa50d4bb287a0c59f4cd31f HTTP/1.0" 200 50833 "http://www.sancarloscity.org/jodera2/posting.php?mode=reply&t=32676&sid=d45462bdafa50d4bb287a0c59f4cd31f" "Mozilla/4.0 (compatible; MSIE 6.0; Windows NT 5.1) Netscape/8.0.4" "www.sancarloscity.org"
91.184.4.157 - - [15/Nov/2008:04:45:46 -0800] "GET /logs/access_080928.log//components/com_simpleboard/image_upload.php?sbp=http://oursoultvxq.com/bbs/data/vip/id.txt?? HTTP/1.1" 404 803 "-" "libwww-perl/5.79" "www.sancarloscity.org"
12.25.213.2 - - [15/Nov/2008:04:45:54 -0800] "GET /picgallery/displayimage.php?album=random&cat=0&pos=-742 HTTP/1.1" 200 10028 "http://www.sancarloscity.org/picgallery/" "Mozilla/4.0 (compatible; MSIE 6.0; Windows NT 5.1; SV1; .NET CLR 1.1.4322)" "www.sancarloscity.org"
12.25.213.2 - - [15/Nov/2008:04:45:54 -0800] "GET /picgallery/images/info.gif HTTP/1.1" 200 249 "http://www.sancarloscity.org/picgallery/displayimage.php?album=random&cat=0&pos=-742" "Mozilla/4.0 (compatible; MSIE 6.0; Windows NT 5.1; SV1; .NET CLR 1.1.4322)" "sancarloscity.org"
12.25.213.2 - - [15/Nov/2008:04:45:54 -0800] "GET /picgallery/images/folder.gif HTTP/1.1" 200 352 "http://www.sancarloscity.org/picgallery/displayimage.php?album=random&cat=0&pos=-742" "Mozilla/4.0 (compatible; MSIE 6.0; Windows NT 5.1; SV1; .NET CLR 1.1.4322)" "sancarloscity.org"
12.25.213.2 - - [15/Nov/2008:04:45:54 -0800] "GET /picgallery/images/slideshow.gif HTTP/1.1" 200 385 "http://www.sancarloscity.org/picgallery/displayimage.php?album=random&cat=0&pos=-742" "Mozilla/4.0 (compatible; MSIE 6.0; Windows NT 5.1; SV1; .NET CLR 1.1.4322)" "sancarloscity.org"
12.25.213.2 - - [15/Nov/2008:04:45:54 -0800] "GET /picgallery/images/ecard.gif HTTP/1.1" 200 340 "http://www.sancarloscity.org/picgallery/displayimage.php?album=random&cat=0&pos=-742" "Mozilla/4.0 (compatible; MSIE 6.0; Windows NT 5.1; SV1; .NET CLR 1.1.4322)" "sancarloscity.org"
12.25.213.2 - - [15/Nov/2008:04:45:54 -0800] "GET /picgallery/images/prev.gif HTTP/1.1" 200 559 "http://www.sancarloscity.org/picgallery/displayimage.php?album=random&cat=0&pos=-742" "Mozilla/4.0 (compatible; MSIE 6.0; Windows NT 5.1; SV1; .NET CLR 1.1.4322)" "sancarloscity.org"
12.25.213.2 - - [15/Nov/2008:04:45:54 -0800] "GET /picgallery/albums/userpics/10001/normal_IMG_6746.jpg HTTP/1.1" 200 14538 "http://www.sancarloscity.org/picgallery/displayimage.php?album=random&cat=0&pos=-742" "Mozilla/4.0 (compatible; MSIE 6.0; Windows NT 5.1; SV1; .NET CLR 1.1.4322)" "sancarloscity.org"
12.25.213.2 - - [15/Nov/2008:04:45:55 -0800] "GET /picgallery/images/rating0.gif HTTP/1.1" 200 437 "http://www.sancarloscity.org/picgallery/displayimage.php?album=random&cat=0&pos=-742" "Mozilla/4.0 (compatible; MSIE 6.0; Windows NT 5.1; SV1; .NET CLR 1.1.4322)" "sancarloscity.org"
12.25.213.2 - - [15/Nov/2008:04:45:55 -0800] "GET /picgallery/images/next.gif HTTP/1.1" 200 565 "http://www.sancarloscity.org/picgallery/displayimage.php?album=random&cat=0&pos=-742" "Mozilla/4.0 (compatible; MSIE 6.0; Windows NT 5.1; SV1; .NET CLR 1.1.4322)" "sancarloscity.org"
12.25.213.2 - - [15/Nov/2008:04:45:55 -0800] "GET /picgallery/images/rating1.gif HTTP/1.1" 200 601 "http://www.sancarloscity.org/picgallery/displayimage.php?album=random&cat=0&pos=-742" "Mozilla/4.0 (compatible; MSIE 6.0; Windows NT 5.1; SV1; .NET CLR 1.1.4322)" "sancarloscity.org"
12.25.213.2 - - [15/Nov/2008:04:45:55 -0800] "GET /picgallery/images/rating3.gif HTTP/1.1" 200 636 "http://www.sancarloscity.org/picgallery/displayimage.php?album=random&cat=0&pos=-742" "Mozilla/4.0 (compatible; MSIE 6.0; Windows NT 5.1; SV1; .NET CLR 1.1.4322)" "sancarloscity.org"
12.25.213.2 - - [15/Nov/2008:04:45:55 -0800] "GET /picgallery/images/rating2.gif HTTP/1.1" 200 628 "http://www.sancarloscity.org/picgallery/displayimage.php?album=random&cat=0&pos=-742" "Mozilla/4.0 (compatible; MSIE 6.0; Windows NT 5.1; SV1; .NET CLR 1.1.4322)" "sancarloscity.org"
12.25.213.2 - - [15/Nov/2008:04:45:55 -0800] "GET /picgallery/images/rating4.gif HTTP/1.1" 200 627 "http://www.sancarloscity.org/picgallery/displayimage.php?album=random&cat=0&pos=-742" "Mozilla/4.0 (compatible; MSIE 6.0; Windows NT 5.1; SV1; .NET CLR 1.1.4322)" "sancarloscity.org"
12.25.213.2 - - [15/Nov/2008:04:45:55 -0800] "GET /picgallery/images/rating5.gif HTTP/1.1" 200 561 "http://www.sancarloscity.org/picgallery/displayimage.php?album=random&cat=0&pos=-742" "Mozilla/4.0 (compatible; MSIE 6.0; Windows NT 5.1; SV1; .NET CLR 1.1.4322)" "sancarloscity.org"
94.102.60.74 - - [15/Nov/2008:04:46:12 -0800] "GET /jodera2/viewforum.php?f=2&sid=d6759448d30031c7c71fb7010210a387 HTTP/1.0" 200 83185 "-" "Mozilla/4.0 (compatible; MSIE 6.0; Windows NT 5.1; SV1)" "sancarloscity.org"
89.149.241.165 - - [15/Nov/2008:04:46:15 -0800] "POST /jodera2/posting.php HTTP/1.0" 200 11444 "http://www.sancarloscity.org/jodera2/posting.php?mode=reply&t=32676&sid=d45462bdafa50d4bb287a0c59f4cd31f" "Mozilla/4.0 (compatible; MSIE 6.0; Windows NT 5.1) Netscape/8.0.4" "www.sancarloscity.org"
94.102.60.74 - - [15/Nov/2008:04:46:15 -0800] "POST /jodera2/posting.php HTTP/1.0" 200 11440 "http://sancarloscity.org/jodera2/posting.php?mode=newtopic&f=1" "Mozilla/4.0 (compatible; MSIE 6.0; Windows NT 5.1; SV1)" "sancarloscity.org"
12.25.213.2 - - [15/Nov/2008:04:46:16 -0800] "GET /picgallery/thumbnails.php?album=11 HTTP/1.1" 200 16465 "http://www.sancarloscity.org/picgallery/" "Mozilla/4.0 (compatible; MSIE 6.0; Windows NT 5.1; SV1; .NET CLR 1.1.4322)" "www.sancarloscity.org"
12.25.213.2 - - [15/Nov/2008:04:46:17 -0800] "GET /picgallery/albums/userpics/10001/thumb_DSC04699.JPG HTTP/1.1" 200 2879 "http://www.sancarloscity.org/picgallery/thumbnails.php?album=11" "Mozilla/4.0 (compatible; MSIE 6.0; Windows NT 5.1; SV1; .NET CLR 1.1.4322)" "sancarloscity.org"
12.25.213.2 - - [15/Nov/2008:04:46:17 -0800] "GET /picgallery/albums/userpics/10001/thumb_DSC04703.JPG HTTP/1.1" 200 3215 "http://www.sancarloscity.org/picgallery/thumbnails.php?album=11" "Mozilla/4.0 (compatible; MSIE 6.0; Windows NT 5.1; SV1; .NET CLR 1.1.4322)" "sancarloscity.org"
12.25.213.2 - - [15/Nov/2008:04:46:17 -0800] "GET /picgallery/albums/userpics/10001/thumb_DSC04708.JPG HTTP/1.1" 200 2955 "http://www.sancarloscity.org/picgallery/thumbnails.php?album=11" "Mozilla/4.0 (compatible; MSIE 6.0; Windows NT 5.1; SV1; .NET CLR 1.1.4322)" "sancarloscity.org"
12.25.213.2 - - [15/Nov/2008:04:46:17 -0800] "GET /picgallery/albums/userpics/10001/thumb_DSC04705.JPG HTTP/1.1" 200 3258 "http://www.sancarloscity.org/picgallery/thumbnails.php?album=11" "Mozilla/4.0 (compatible; MSIE 6.0; Windows NT 5.1; SV1; .NET CLR 1.1.4322)" "sancarloscity.org"
12.25.213.2 - - [15/Nov/2008:04:46:17 -0800] "GET /picgallery/albums/userpics/10001/thumb_DSC04710.JPG HTTP/1.1" 200 2960 "http://www.sancarloscity.org/picgallery/thumbnails.php?album=11" "Mozilla/4.0 (compatible; MSIE 6.0; Windows NT 5.1; SV1; .NET CLR 1.1.4322)" "sancarloscity.org"
12.25.213.2 - - [15/Nov/2008:04:46:17 -0800] "GET /picgallery/albums/userpics/10001/thumb_DSC04704.JPG HTTP/1.1" 200 3012 "http://www.sancarloscity.org/picgallery/thumbnails.php?album=11" "Mozilla/4.0 (compatible; MSIE 6.0; Windows NT 5.1; SV1; .NET CLR 1.1.4322)" "sancarloscity.org"
12.25.213.2 - - [15/Nov/2008:04:46:17 -0800] "GET /picgallery/albums/userpics/10001/thumb_DSC04711.JPG HTTP/1.1" 200 2733 "http://www.sancarloscity.org/picgallery/thumbnails.php?album=11" "Mozilla/4.0 (compatible; MSIE 6.0; Windows NT 5.1; SV1; .NET CLR 1.1.4322)" "sancarloscity.org"
12.25.213.2 - - [15/Nov/2008:04:46:17 -0800] "GET /picgallery/albums/userpics/10001/thumb_DSC04712.JPG HTTP/1.1" 200 2947 "http://www.sancarloscity.org/picgallery/thumbnails.php?album=11" "Mozilla/4.0 (compatible; MSIE 6.0; Windows NT 5.1; SV1; .NET CLR 1.1.4322)" "sancarloscity.org"
12.25.213.2 - - [15/Nov/2008:04:46:17 -0800] "GET /picgallery/albums/userpics/10001/thumb_DSC04719.JPG HTTP/1.1" 200 2924 "http://www.sancarloscity.org/picgallery/thumbnails.php?album=11" "Mozilla/4.0 (compatible; MSIE 6.0; Windows NT 5.1; SV1; .NET CLR 1.1.4322)" "sancarloscity.org"
12.25.213.2 - - [15/Nov/2008:04:46:17 -0800] "GET /picgallery/albums/userpics/10001/thumb_DSC04709.JPG HTTP/1.1" 200 2978 "http://www.sancarloscity.org/picgallery/thumbnails.php?album=11" "Mozilla/4.0 (compatible; MSIE 6.0; Windows NT 5.1; SV1; .NET CLR 1.1.4322)" "sancarloscity.org"
12.25.213.2 - - [15/Nov/2008:04:46:17 -0800] "GET /picgallery/albums/userpics/10001/thumb_DSC04713.JPG HTTP/1.1" 200 2325 "http://www.sancarloscity.org/picgallery/thumbnails.php?album=11" "Mozilla/4.0 (compatible; MSIE 6.0; Windows NT 5.1; SV1; .NET CLR 1.1.4322)" "sancarloscity.org"
12.25.213.2 - - [15/Nov/2008:04:46:33 -0800] "GET /picgallery/thumbnails.php?album=7 HTTP/1.1" 200 16466 "http://www.sancarloscity.org/picgallery/" "Mozilla/4.0 (compatible; MSIE 6.0; Windows NT 5.1; SV1; .NET CLR 1.1.4322)" "www.sancarloscity.org"
12.25.213.2 - - [15/Nov/2008:04:46:33 -0800] "GET /picgallery/albums/userpics/10001/thumb_00000001.jpg HTTP/1.1" 200 3446 "http://www.sancarloscity.org/picgallery/thumbnails.php?album=7" "Mozilla/4.0 (compatible; MSIE 6.0; Windows NT 5.1; SV1; .NET CLR 1.1.4322)" "sancarloscity.org"
12.25.213.2 - - [15/Nov/2008:04:46:33 -0800] "GET /picgallery/albums/userpics/10001/thumb_00000002.jpg HTTP/1.1" 200 2766 "http://www.sancarloscity.org/picgallery/thumbnails.php?album=7" "Mozilla/4.0 (compatible; MSIE 6.0; Windows NT 5.1; SV1; .NET CLR 1.1.4322)" "sancarloscity.org"
12.25.213.2 - - [15/Nov/2008:04:46:34 -0800] "GET /picgallery/albums/userpics/10001/thumb_00000003.jpg HTTP/1.1" 200 3083 "http://www.sancarloscity.org/picgallery/thumbnails.php?album=7" "Mozilla/4.0 (compatible; MSIE 6.0; Windows NT 5.1; SV1; .NET CLR 1.1.4322)" "sancarloscity.org"
12.25.213.2 - - [15/Nov/2008:04:46:34 -0800] "GET /picgallery/albums/userpics/10001/thumb_00000004.jpg HTTP/1.1" 200 2932 "http://www.sancarloscity.org/picgallery/thumbnails.php?album=7" "Mozilla/4.0 (compatible; MSIE 6.0; Windows NT 5.1; SV1; .NET CLR 1.1.4322)" "sancarloscity.org"
12.25.213.2 - - [15/Nov/2008:04:46:34 -0800] "GET /picgallery/albums/userpics/10001/thumb_00000007.jpg HTTP/1.1" 200 2879 "http://www.sancarloscity.org/picgallery/thumbnails.php?album=7" "Mozilla/4.0 (compatible; MSIE 6.0; Windows NT 5.1; SV1; .NET CLR 1.1.4322)" "sancarloscity.org"
12.25.213.2 - - [15/Nov/2008:04:46:34 -0800] "GET /picgallery/albums/userpics/10001/thumb_00000005.jpg HTTP/1.1" 200 3195 "http://www.sancarloscity.org/picgallery/thumbnails.php?album=7" "Mozilla/4.0 (compatible; MSIE 6.0; Windows NT 5.1; SV1; .NET CLR 1.1.4322)" "sancarloscity.org"
12.25.213.2 - - [15/Nov/2008:04:46:34 -0800] "GET /picgallery/albums/userpics/10001/thumb_00000006.jpg HTTP/1.1" 200 2781 "http://www.sancarloscity.org/picgallery/thumbnails.php?album=7" "Mozilla/4.0 (compatible; MSIE 6.0; Windows NT 5.1; SV1; .NET CLR 1.1.4322)" "sancarloscity.org"
12.25.213.2 - - [15/Nov/2008:04:46:34 -0800] "GET /picgallery/albums/userpics/10001/thumb_00000009.jpg HTTP/1.1" 200 2866 "http://www.sancarloscity.org/picgallery/thumbnails.php?album=7" "Mozilla/4.0 (compatible; MSIE 6.0; Windows NT 5.1; SV1; .NET CLR 1.1.4322)" "sancarloscity.org"
12.25.213.2 - - [15/Nov/2008:04:46:34 -0800] "GET /picgallery/albums/userpics/10001/thumb_00000008.jpg HTTP/1.1" 200 3003 "http://www.sancarloscity.org/picgallery/thumbnails.php?album=7" "Mozilla/4.0 (compatible; MSIE 6.0; Windows NT 5.1; SV1; .NET CLR 1.1.4322)" "sancarloscity.org"
12.25.213.2 - - [15/Nov/2008:04:46:34 -0800] "GET /picgallery/albums/userpics/10001/thumb_00000010.jpg HTTP/1.1" 200 2761 "http://www.sancarloscity.org/picgallery/thumbnails.php?album=7" "Mozilla/4.0 (compatible; MSIE 6.0; Windows NT 5.1; SV1; .NET CLR 1.1.4322)" "sancarloscity.org"
12.25.213.2 - - [15/Nov/2008:04:46:34 -0800] "GET /picgallery/albums/userpics/10001/thumb_00000012.jpg HTTP/1.1" 200 3653 "http://www.sancarloscity.org/picgallery/thumbnails.php?album=7" "Mozilla/4.0 (compatible; MSIE 6.0; Windows NT 5.1; SV1; .NET CLR 1.1.4322)" "sancarloscity.org"
12.25.213.2 - - [15/Nov/2008:04:46:46 -0800] "GET /picgallery/thumbnails.php?album=16 HTTP/1.1" 200 16411 "http://www.sancarloscity.org/picgallery/" "Mozilla/4.0 (compatible; MSIE 6.0; Windows NT 5.1; SV1; .NET CLR 1.1.4322)" "www.sancarloscity.org"
12.25.213.2 - - [15/Nov/2008:04:46:46 -0800] "GET /picgallery/albums/userpics/10001/thumb_Img17.jpg HTTP/1.1" 200 4097 "http://www.sancarloscity.org/picgallery/thumbnails.php?album=16" "Mozilla/4.0 (compatible; MSIE 6.0; Windows NT 5.1; SV1; .NET CLR 1.1.4322)" "sancarloscity.org"
12.25.213.2 - - [15/Nov/2008:04:46:46 -0800] "GET /picgallery/albums/userpics/10001/thumb_Img14.jpg HTTP/1.1" 200 4083 "http://www.sancarloscity.org/picgallery/thumbnails.php?album=16" "Mozilla/4.0 (compatible; MSIE 6.0; Windows NT 5.1; SV1; .NET CLR 1.1.4322)" "sancarloscity.org"
12.25.213.2 - - [15/Nov/2008:04:46:46 -0800] "GET /picgallery/albums/userpics/10001/thumb_Img11.jpg HTTP/1.1" 200 4070 "http://www.sancarloscity.org/picgallery/thumbnails.php?album=16" "Mozilla/4.0 (compatible; MSIE 6.0; Windows NT 5.1; SV1; .NET CLR 1.1.4322)" "sancarloscity.org"
12.25.213.2 - - [15/Nov/2008:04:46:46 -0800] "GET /picgallery/albums/userpics/10001/thumb_Img18.jpg HTTP/1.1" 200 4002 "http://www.sancarloscity.org/picgallery/thumbnails.php?album=16" "Mozilla/4.0 (compatible; MSIE 6.0; Windows NT 5.1; SV1; .NET CLR 1.1.4322)" "sancarloscity.org"
12.25.213.2 - - [15/Nov/2008:04:46:46 -0800] "GET /picgallery/albums/userpics/10001/thumb_Img21.jpg HTTP/1.1" 200 4431 "http://www.sancarloscity.org/picgallery/thumbnails.php?album=16" "Mozilla/4.0 (compatible; MSIE 6.0; Windows NT 5.1; SV1; .NET CLR 1.1.4322)" "sancarloscity.org"
12.25.213.2 - - [15/Nov/2008:04:46:46 -0800] "GET /picgallery/albums/userpics/10001/thumb_Img22.jpg HTTP/1.1" 200 4302 "http://www.sancarloscity.org/picgallery/thumbnails.php?album=16" "Mozilla/4.0 (compatible; MSIE 6.0; Windows NT 5.1; SV1; .NET CLR 1.1.4322)" "sancarloscity.org"
12.25.213.2 - - [15/Nov/2008:04:46:46 -0800] "GET /picgallery/albums/userpics/10001/thumb_Img20.jpg HTTP/1.1" 200 3916 "http://www.sancarloscity.org/picgallery/thumbnails.php?album=16" "Mozilla/4.0 (compatible; MSIE 6.0; Windows NT 5.1; SV1; .NET CLR 1.1.4322)" "sancarloscity.org"
12.25.213.2 - - [15/Nov/2008:04:46:46 -0800] "GET /picgallery/albums/userpics/10001/thumb_Img26.jpg HTTP/1.1" 200 4396 "http://www.sancarloscity.org/picgallery/thumbnails.php?album=16" "Mozilla/4.0 (compatible; MSIE 6.0; Windows NT 5.1; SV1; .NET CLR 1.1.4322)" "sancarloscity.org"
12.25.213.2 - - [15/Nov/2008:04:46:46 -0800] "GET /picgallery/albums/userpics/10001/thumb_Img26%7E0.jpg HTTP/1.1" 200 4396 "http://www.sancarloscity.org/picgallery/thumbnails.php?album=16" "Mozilla/4.0 (compatible; MSIE 6.0; Windows NT 5.1; SV1; .NET CLR 1.1.4322)" "sancarloscity.org"
12.25.213.2 - - [15/Nov/2008:04:46:46 -0800] "GET /picgallery/albums/userpics/10001/thumb_Img27.jpg HTTP/1.1" 200 4244 "http://www.sancarloscity.org/picgallery/thumbnails.php?album=16" "Mozilla/4.0 (compatible; MSIE 6.0; Windows NT 5.1; SV1; .NET CLR 1.1.4322)" "sancarloscity.org"
12.25.213.2 - - [15/Nov/2008:04:46:47 -0800] "GET /picgallery/albums/userpics/10001/thumb_Img23.jpg HTTP/1.1" 200 4389 "http://www.sancarloscity.org/picgallery/thumbnails.php?album=16" "Mozilla/4.0 (compatible; MSIE 6.0; Windows NT 5.1; SV1; .NET CLR 1.1.4322)" "sancarloscity.org"
65.55.37.234 - - [15/Nov/2008:04:46:47 -0800] "GET /jodera2/memberlist.php?sid=e3d9cb4b03df02aba47d4ffdd4983d24 HTTP/1.1" 200 80986 "-" "msnbot/1.1 (+http://search.msn.com/msnbot.htm)" "www.sancarloscity.org"
65.55.37.234 - - [15/Nov/2008:04:46:48 -0800] "GET /jodera2/profile.php?mode=viewprofile&u=37&sid=545d72afa79a831e57c56cf7ad4d7d6e HTTP/1.1" 200 21910 "-" "msnbot/1.1 (+http://search.msn.com/msnbot.htm)" "www.sancarloscity.org"
65.55.37.234 - - [15/Nov/2008:04:46:48 -0800] "GET /jodera2/profile.php?mode=viewprofile&u=17&sid=958466e5eebabe71ef51788ccaeca160 HTTP/1.1" 200 21449 "-" "msnbot/1.1 (+http://search.msn.com/msnbot.htm)" "www.sancarloscity.org"
65.55.37.234 - - [15/Nov/2008:04:46:55 -0800] "GET /jodera2/viewforum.php?f=1&sid=cd84ff6c91e0b0973c1946756e2089a4 HTTP/1.1" 200 95501 "-" "msnbot/1.1 (+http://search.msn.com/msnbot.htm)" "www.sancarloscity.org"
124.217.45.157 - - [15/Nov/2008:04:46:55 -0800] "GET /forum2/index.php?act=Search&CODE=getalluser&mid=24 HTTP/1.1" 302 5 "http://search.yahoo.com/search?ei=UTF-8&y=Search&rd=adv&meta=fl%3D0%26vc%3Dph&fr=yfp-t-501&fp_ip=PH&p=what+are+the+elements+of+the+states&rs=0&fr2=rs-top" "Mozilla/4.0 (compatible; MSIE 6.0; Windows NT 5.1; SV1)" "www.sancarloscity.org"
65.55.37.234 - - [15/Nov/2008:04:46:56 -0800] "GET /jodera2/profile.php?mode=viewprofile&u=1987&sid=cffe479986cece9bb77ef322661d8cf2 HTTP/1.1" 200 22105 "-" "msnbot/1.1 (+http://search.msn.com/msnbot.htm)" "www.sancarloscity.org"
124.217.45.157 - - [15/Nov/2008:04:46:57 -0800] "GET /forum2/index.php?s=f33b91e60d423249a1519ad745ef3094&act=Search&nav=au&CODE=show&searchid=3d6a8aa579ffef22c41946098a4e9d92&search_in=posts&result_type=posts HTTP/1.1" 200 107148 "http://search.yahoo.com/search?ei=UTF-8&y=Search&rd=adv&meta=fl%3D0%26vc%3Dph&fr=yfp-t-501&fp_ip=PH&p=what+are+the+elements+of+the+states&rs=0&fr2=rs-top" "Mozilla/4.0 (compatible; MSIE 6.0; Windows NT 5.1; SV1)" "www.sancarloscity.org"
124.217.45.157 - - [15/Nov/2008:04:46:58 -0800] "GET /forum2/style_images/css_2.css HTTP/1.1" 200 31951 "http://www.sancarloscity.org/forum2/index.php?s=f33b91e60d423249a1519ad745ef3094&act=Search&nav=au&CODE=show&searchid=3d6a8aa579ffef22c41946098a4e9d92&search_in=posts&result_type=posts" "Mozilla/4.0 (compatible; MSIE 6.0; Windows NT 5.1; SV1)" "www.sancarloscity.org"
12.25.213.2 - - [15/Nov/2008:04:47:01 -0800] "GET /picgallery/index.php?cat=20 HTTP/1.1" 200 22582 "http://www.sancarloscity.org/picgallery/" "Mozilla/4.0 (compatible; MSIE 6.0; Windows NT 5.1; SV1; .NET CLR 1.1.4322)" "www.sancarloscity.org"
12.25.213.2 - - [15/Nov/2008:04:47:01 -0800] "GET /picgallery/albums/userpics/10001/thumb_S6302951.jpg HTTP/1.1" 200 3655 "http://www.sancarloscity.org/picgallery/index.php?cat=20" "Mozilla/4.0 (compatible; MSIE 6.0; Windows NT 5.1; SV1; .NET CLR 1.1.4322)" "sancarloscity.org"
12.25.213.2 - - [15/Nov/2008:04:47:02 -0800] "GET /picgallery/albums/userpics/10001/thumb_S6302841.jpg HTTP/1.1" 200 3428 "http://www.sancarloscity.org/picgallery/index.php?cat=20" "Mozilla/4.0 (compatible; MSIE 6.0; Windows NT 5.1; SV1; .NET CLR 1.1.4322)" "sancarloscity.org"
12.25.213.2 - - [15/Nov/2008:04:47:02 -0800] "GET /picgallery/albums/userpics/10001/thumb_IMG_6878.jpg HTTP/1.1" 200 2355 "http://www.sancarloscity.org/picgallery/index.php?cat=20" "Mozilla/4.0 (compatible; MSIE 6.0; Windows NT 5.1; SV1; .NET CLR 1.1.4322)" "sancarloscity.org"
12.25.213.2 - - [15/Nov/2008:04:47:02 -0800] "GET /picgallery/albums/userpics/10001/thumb_IMG_6694.jpg HTTP/1.1" 200 2535 "http://www.sancarloscity.org/picgallery/index.php?cat=20" "Mozilla/4.0 (compatible; MSIE 6.0; Windows NT 5.1; SV1; .NET CLR 1.1.4322)" "sancarloscity.org"
12.25.213.2 - - [15/Nov/2008:04:47:02 -0800] "GET /picgallery/albums/userpics/10001/thumb_IMG_7704.jpg HTTP/1.1" 200 2618 "http://www.sancarloscity.org/picgallery/index.php?cat=20" "Mozilla/4.0 (compatible; MSIE 6.0; Windows NT 5.1; SV1; .NET CLR 1.1.4322)" "sancarloscity.org"
12.25.213.2 - - [15/Nov/2008:04:47:02 -0800] "GET /picgallery/albums/userpics/10001/thumb_IMG_6939.jpg HTTP/1.1" 200 1899 "http://www.sancarloscity.org/picgallery/index.php?cat=20" "Mozilla/4.0 (compatible; MSIE 6.0; Windows NT 5.1; SV1; .NET CLR 1.1.4322)" "sancarloscity.org"
12.25.213.2 - - [15/Nov/2008:04:47:02 -0800] "GET /picgallery/albums/userpics/10001/thumb_IMG_7659.jpg HTTP/1.1" 200 2695 "http://www.sancarloscity.org/picgallery/index.php?cat=20" "Mozilla/4.0 (compatible; MSIE 6.0; Windows NT 5.1; SV1; .NET CLR 1.1.4322)" "sancarloscity.org"
12.25.213.2 - - [15/Nov/2008:04:47:02 -0800] "GET /picgallery/albums/userpics/10001/thumb_IMG_6877.jpg HTTP/1.1" 200 2362 "http://www.sancarloscity.org/picgallery/index.php?cat=20" "Mozilla/4.0 (compatible; MSIE 6.0; Windows NT 5.1; SV1; .NET CLR 1.1.4322)" "sancarloscity.org"
12.25.213.2 - - [15/Nov/2008:04:47:02 -0800] "GET /picgallery/albums/userpics/10001/thumb_IMG_6762%7E0.jpg HTTP/1.1" 200 2323 "http://www.sancarloscity.org/picgallery/index.php?cat=20" "Mozilla/4.0 (compatible; MSIE 6.0; Windows NT 5.1; SV1; .NET CLR 1.1.4322)" "sancarloscity.org"
12.25.213.2 - - [15/Nov/2008:04:47:02 -0800] "GET /picgallery/albums/userpics/10001/thumb_IMG_7592.jpg HTTP/1.1" 200 2286 "http://www.sancarloscity.org/picgallery/index.php?cat=20" "Mozilla/4.0 (compatible; MSIE 6.0; Windows NT 5.1; SV1; .NET CLR 1.1.4322)" "sancarloscity.org"
12.25.213.2 - - [15/Nov/2008:04:47:02 -0800] "GET /picgallery/albums/userpics/10001/thumb_IMG_7712.jpg HTTP/1.1" 200 3086 "http://www.sancarloscity.org/picgallery/index.php?cat=20" "Mozilla/4.0 (compatible; MSIE 6.0; Windows NT 5.1; SV1; .NET CLR 1.1.4322)" "sancarloscity.org"
12.25.213.2 - - [15/Nov/2008:04:47:02 -0800] "GET /picgallery/albums/userpics/10001/thumb_IMG_6883.jpg HTTP/1.1" 200 2141 "http://www.sancarloscity.org/picgallery/index.php?cat=20" "Mozilla/4.0 (compatible; MSIE 6.0; Windows NT 5.1; SV1; .NET CLR 1.1.4322)" "sancarloscity.org"
12.25.213.2 - - [15/Nov/2008:04:47:02 -0800] "GET /picgallery/albums/userpics/10001/thumb_IMG_7711.jpg HTTP/1.1" 200 3100 "http://www.sancarloscity.org/picgallery/index.php?cat=20" "Mozilla/4.0 (compatible; MSIE 6.0; Windows NT 5.1; SV1; .NET CLR 1.1.4322)" "sancarloscity.org"
12.25.213.2 - - [15/Nov/2008:04:47:02 -0800] "GET /picgallery/albums/userpics/10001/thumb_IMG_7700.jpg HTTP/1.1" 200 2525 "http://www.sancarloscity.org/picgallery/index.php?cat=20" "Mozilla/4.0 (compatible; MSIE 6.0; Windows NT 5.1; SV1; .NET CLR 1.1.4322)" "sancarloscity.org"
12.25.213.2 - - [15/Nov/2008:04:47:02 -0800] "GET /picgallery/albums/userpics/10001/thumb_IMG_7701.jpg HTTP/1.1" 200 2272 "http://www.sancarloscity.org/picgallery/index.php?cat=20" "Mozilla/4.0 (compatible; MSIE 6.0; Windows NT 5.1; SV1; .NET CLR 1.1.4322)" "sancarloscity.org"
12.25.213.2 - - [15/Nov/2008:04:47:02 -0800] "GET /picgallery/albums/userpics/10001/thumb_IMG_7702.jpg HTTP/1.1" 200 2323 "http://www.sancarloscity.org/picgallery/index.php?cat=20" "Mozilla/4.0 (compatible; MSIE 6.0; Windows NT 5.1; SV1; .NET CLR 1.1.4322)" "sancarloscity.org"
12.25.213.2 - - [15/Nov/2008:04:47:02 -0800] "GET /picgallery/albums/userpics/10001/thumb_IMG_7697.jpg HTTP/1.1" 200 2300 "http://www.sancarloscity.org/picgallery/index.php?cat=20" "Mozilla/4.0 (compatible; MSIE 6.0; Windows NT 5.1; SV1; .NET CLR 1.1.4322)" "sancarloscity.org"
12.25.213.2 - - [15/Nov/2008:04:47:02 -0800] "GET /picgallery/albums/userpics/10001/thumb_IMG_7698.jpg HTTP/1.1" 200 2334 "http://www.sancarloscity.org/picgallery/index.php?cat=20" "Mozilla/4.0 (compatible; MSIE 6.0; Windows NT 5.1; SV1; .NET CLR 1.1.4322)" "sancarloscity.org"
124.217.45.157 - - [15/Nov/2008:04:47:03 -0800] "GET /forum2/jscripts/ips_ipsclass.js HTTP/1.1" 200 6562 "http://www.sancarloscity.org/forum2/index.php?s=f33b91e60d423249a1519ad745ef3094&act=Search&nav=au&CODE=show&searchid=3d6a8aa579ffef22c41946098a4e9d92&search_in=posts&result_type=posts" "Mozilla/4.0 (compatible; MSIE 6.0; Windows NT 5.1; SV1)" "www.sancarloscity.org"
124.217.45.157 - - [15/Nov/2008:04:47:04 -0800] "GET /forum2/jscripts/ipb_global.js HTTP/1.1" 200 17304 "http://www.sancarloscity.org/forum2/index.php?s=f33b91e60d423249a1519ad745ef3094&act=Search&nav=au&CODE=show&searchid=3d6a8aa579ffef22c41946098a4e9d92&search_in=posts&result_type=posts" "Mozilla/4.0 (compatible; MSIE 6.0; Windows NT 5.1; SV1)" "www.sancarloscity.org"
12.25.213.2 - - [15/Nov/2008:04:47:05 -0800] "GET /picgallery/displayimage.php?album=random&cat=20&pos=-715 HTTP/1.1" 200 10029 "http://www.sancarloscity.org/picgallery/index.php?cat=20" "Mozilla/4.0 (compatible; MSIE 6.0; Windows NT 5.1; SV1; .NET CLR 1.1.4322)" "www.sancarloscity.org"
12.25.213.2 - - [15/Nov/2008:04:47:05 -0800] "GET /picgallery/albums/userpics/10001/normal_IMG_6694.jpg HTTP/1.1" 200 19441 "http://www.sancarloscity.org/picgallery/displayimage.php?album=random&cat=20&pos=-715" "Mozilla/4.0 (compatible; MSIE 6.0; Windows NT 5.1; SV1; .NET CLR 1.1.4322)" "sancarloscity.org"
124.217.45.157 - - [15/Nov/2008:04:47:06 -0800] "GET /forum2/jscripts/ips_menu.js HTTP/1.1" 200 6059 "http://www.sancarloscity.org/forum2/index.php?s=f33b91e60d423249a1519ad745ef3094&act=Search&nav=au&CODE=show&searchid=3d6a8aa579ffef22c41946098a4e9d92&search_in=posts&result_type=posts" "Mozilla/4.0 (compatible; MSIE 6.0; Windows NT 5.1; SV1)" "www.sancarloscity.org"
124.217.45.157 - - [15/Nov/2008:04:47:07 -0800] "GET /forum2/style_images/red_crysta/folder_js_skin/ips_menu_html.js HTTP/1.1" 200 2931 "http://www.sancarloscity.org/forum2/index.php?s=f33b91e60d423249a1519ad745ef3094&act=Search&nav=au&CODE=show&searchid=3d6a8aa579ffef22c41946098a4e9d92&search_in=posts&result_type=posts" "Mozilla/4.0 (compatible; MSIE 6.0; Windows NT 5.1; SV1)" "www.sancarloscity.org"
124.217.45.157 - - [15/Nov/2008:04:47:08 -0800] "GET /forum2/cache/lang_cache/en/lang_javascript.js HTTP/1.1" 200 2294 "http://www.sancarloscity.org/forum2/index.php?s=f33b91e60d423249a1519ad745ef3094&act=Search&nav=au&CODE=show&searchid=3d6a8aa579ffef22c41946098a4e9d92&search_in=posts&result_type=posts" "Mozilla/4.0 (compatible; MSIE 6.0; Windows NT 5.1; SV1)" "www.sancarloscity.org"
124.217.45.157 - - [15/Nov/2008:04:47:09 -0800] "GET /forum2/style_images/2_2_sccilogobluebkgrd.gif HTTP/1.1" 200 8834 "http://www.sancarloscity.org/forum2/index.php?s=f33b91e60d423249a1519ad745ef3094&act=Search&nav=au&CODE=show&searchid=3d6a8aa579ffef22c41946098a4e9d92&search_in=posts&result_type=posts" "Mozilla/4.0 (compatible; MSIE 6.0; Windows NT 5.1; SV1)" "sancarloscity.org"
124.217.45.157 - - [15/Nov/2008:04:47:09 -0800] "GET /forum2/style_images/red_crysta/login-button.gif HTTP/1.1" 200 1226 "http://www.sancarloscity.org/forum2/index.php?s=f33b91e60d423249a1519ad745ef3094&act=Search&nav=au&CODE=show&searchid=3d6a8aa579ffef22c41946098a4e9d92&search_in=posts&result_type=posts" "Mozilla/4.0 (compatible; MSIE 6.0; Windows NT 5.1; SV1)" "sancarloscity.org"
124.217.45.157 - - [15/Nov/2008:04:47:09 -0800] "GET /forum2/style_images/red_crysta/tile_back.gif HTTP/1.1" 200 940 "http://www.sancarloscity.org/forum2/index.php?s=f33b91e60d423249a1519ad745ef3094&act=Search&nav=au&CODE=show&searchid=3d6a8aa579ffef22c41946098a4e9d92&search_in=posts&result_type=posts" "Mozilla/4.0 (compatible; MSIE 6.0; Windows NT 5.1; SV1)" "sancarloscity.org"
82.99.30.8 - - [15/Nov/2008:04:47:10 -0800] "GET /jodera2/search.php?sid=d749067cffda5e3fd68329652d590b48 HTTP/1.0" 200 24425 "-" "Mozilla/4.0 (compatible; MSIE 6.0; Windows NT 5.1)" "www.sancarloscity.org"
124.217.45.157 - - [15/Nov/2008:04:47:10 -0800] "GET /forum2/style_images/red_crysta/tile_sub.gif HTTP/1.1" 200 1581 "http://www.sancarloscity.org/forum2/index.php?s=f33b91e60d423249a1519ad745ef3094&act=Search&nav=au&CODE=show&searchid=3d6a8aa579ffef22c41946098a4e9d92&search_in=posts&result_type=posts" "Mozilla/4.0 (compatible; MSIE 6.0; Windows NT 5.1; SV1)" "sancarloscity.org"
124.217.45.157 - - [15/Nov/2008:04:47:11 -0800] "GET /forum2/style_images/red_crysta/tile_sub-lite.gif HTTP/1.1" 200 1511 "http://www.sancarloscity.org/forum2/index.php?s=f33b91e60d423249a1519ad745ef3094&act=Search&nav=au&CODE=show&searchid=3d6a8aa579ffef22c41946098a4e9d92&search_in=posts&result_type=posts" "Mozilla/4.0 (compatible; MSIE 6.0; Windows NT 5.1; SV1)" "sancarloscity.org"
12.25.213.2 - - [15/Nov/2008:04:47:11 -0800] "GET /picgallery/displayimage.php?album=78&pos=13 HTTP/1.1" 200 10011 "http://www.sancarloscity.org/picgallery/displayimage.php?album=random&cat=20&pos=-715" "Mozilla/4.0 (compatible; MSIE 6.0; Windows NT 5.1; SV1; .NET CLR 1.1.4322)" "www.sancarloscity.org"
12.25.213.2 - - [15/Nov/2008:04:47:11 -0800] "GET /picgallery/albums/userpics/10001/normal_IMG_6695.jpg HTTP/1.1" 200 20384 "http://www.sancarloscity.org/picgallery/displayimage.php?album=78&pos=13" "Mozilla/4.0 (compatible; MSIE 6.0; Windows NT 5.1; SV1; .NET CLR 1.1.4322)" "sancarloscity.org"
203.87.198.94 - - [15/Nov/2008:04:47:13 -0800] "GET /listings/listing/review.php?listing_id=14958 HTTP/1.1" 200 21558 "http://www.google.com.ph/search?hl=tl&q=basilia+beach+resort&btnG=Maghanap&meta=" "Mozilla/5.0 (Windows; U; Windows NT 5.1; en-US; rv:1.9.0.4) Gecko/2008102920 Firefox/3.0.4" "www.sancarloscity.org"
124.217.45.157 - - [15/Nov/2008:04:47:13 -0800] "GET /forum2/jscripts/ips_xmlhttprequest.js HTTP/1.1" 200 3619 "http://www.sancarloscity.org/forum2/index.php?s=f33b91e60d423249a1519ad745ef3094&act=Search&nav=au&CODE=show&searchid=3d6a8aa579ffef22c41946098a4e9d92&search_in=posts&result_type=posts" "Mozilla/4.0 (compatible; MSIE 6.0; Windows NT 5.1; SV1)" "www.sancarloscity.org"
124.217.45.157 - - [15/Nov/2008:04:47:14 -0800] "GET /forum2/jscripts/ipb_global_xmlenhanced.js HTTP/1.1" 200 5981 "http://www.sancarloscity.org/forum2/index.php?s=f33b91e60d423249a1519ad745ef3094&act=Search&nav=au&CODE=show&searchid=3d6a8aa579ffef22c41946098a4e9d92&search_in=posts&result_type=posts" "Mozilla/4.0 (compatible; MSIE 6.0; Windows NT 5.1; SV1)" "www.sancarloscity.org"
12.25.213.2 - - [15/Nov/2008:04:47:14 -0800] "GET /picgallery/displayimage.php?album=78&pos=14 HTTP/1.1" 200 10012 "http://www.sancarloscity.org/picgallery/displayimage.php?album=78&pos=13" "Mozilla/4.0 (compatible; MSIE 6.0; Windows NT 5.1; SV1; .NET CLR 1.1.4322)" "www.sancarloscity.org"
12.25.213.2 - - [15/Nov/2008:04:47:15 -0800] "GET /picgallery/albums/userpics/10001/normal_IMG_6696.jpg HTTP/1.1" 200 16641 "http://www.sancarloscity.org/picgallery/displayimage.php?album=78&pos=14" "Mozilla/4.0 (compatible; MSIE 6.0; Windows NT 5.1; SV1; .NET CLR 1.1.4322)" "sancarloscity.org"
124.217.45.157 - - [15/Nov/2008:04:47:15 -0800] "GET /forum2/jscripts/dom-drag.js HTTP/1.1" 200 4105 "http://www.sancarloscity.org/forum2/index.php?s=f33b91e60d423249a1519ad745ef3094&act=Search&nav=au&CODE=show&searchid=3d6a8aa579ffef22c41946098a4e9d92&search_in=posts&result_type=posts" "Mozilla/4.0 (compatible; MSIE 6.0; Windows NT 5.1; SV1)" "www.sancarloscity.org"
124.217.45.157 - - [15/Nov/2008:04:47:16 -0800] "GET /forum2/style_images/red_crysta/loading_anim.gif HTTP/1.1" 200 2800 "http://www.sancarloscity.org/forum2/index.php?s=f33b91e60d423249a1519ad745ef3094&act=Search&nav=au&CODE=show&searchid=3d6a8aa579ffef22c41946098a4e9d92&search_in=posts&result_type=posts" "Mozilla/4.0 (compatible; MSIE 6.0; Windows NT 5.1; SV1)" "sancarloscity.org"
124.217.45.157 - - [15/Nov/2008:04:47:16 -0800] "GET /forum2/style_images/red_crysta/css_pp_header.gif HTTP/1.1" 200 2719 "http://www.sancarloscity.org/forum2/index.php?s=f33b91e60d423249a1519ad745ef3094&act=Search&nav=au&CODE=show&searchid=3d6a8aa579ffef22c41946098a4e9d92&search_in=posts&result_type=posts" "Mozilla/4.0 (compatible; MSIE 6.0; Windows NT 5.1; SV1)" "sancarloscity.org"
124.217.45.157 - - [15/Nov/2008:04:47:17 -0800] "GET /forum2/style_images/red_crysta/iframe.html HTTP/1.1" 200 474 "http://www.sancarloscity.org/forum2/index.php?s=f33b91e60d423249a1519ad745ef3094&act=Search&nav=au&CODE=show&searchid=3d6a8aa579ffef22c41946098a4e9d92&search_in=posts&result_type=posts" "Mozilla/4.0 (compatible; MSIE 6.0; Windows NT 5.1; SV1)" "www.sancarloscity.org"
203.87.198.94 - - [15/Nov/2008:04:47:17 -0800] "GET /listings/layout/general_structure.css HTTP/1.1" 200 28444 "http://www.sancarloscity.org/listings/listing/review.php?listing_id=14958" "Mozilla/5.0 (Windows; U; Windows NT 5.1; en-US; rv:1.9.0.4) Gecko/2008102920 Firefox/3.0.4" "www.sancarloscity.org"
124.217.45.157 - - [15/Nov/2008:04:47:18 -0800] "GET /forum2/style_images/red_crysta/close.png HTTP/1.1" 200 834 "http://www.sancarloscity.org/forum2/index.php?s=f33b91e60d423249a1519ad745ef3094&act=Search&nav=au&CODE=show&searchid=3d6a8aa579ffef22c41946098a4e9d92&search_in=posts&result_type=posts" "Mozilla/4.0 (compatible; MSIE 6.0; Windows NT 5.1; SV1)" "sancarloscity.org"
124.217.45.157 - - [15/Nov/2008:04:47:18 -0800] "GET /forum2/style_images/red_crysta/nav.gif HTTP/1.1" 200 113 "http://www.sancarloscity.org/forum2/index.php?s=f33b91e60d423249a1519ad745ef3094&act=Search&nav=au&CODE=show&searchid=3d6a8aa579ffef22c41946098a4e9d92&search_in=posts&result_type=posts" "Mozilla/4.0 (compatible; MSIE 6.0; Windows NT 5.1; SV1)" "sancarloscity.org"
12.25.213.2 - - [15/Nov/2008:04:47:18 -0800] "GET /picgallery/displayimage.php?album=78&pos=15 HTTP/1.1" 200 10012 "http://www.sancarloscity.org/picgallery/displayimage.php?album=78&pos=14" "Mozilla/4.0 (compatible; MSIE 6.0; Windows NT 5.1; SV1; .NET CLR 1.1.4322)" "www.sancarloscity.org"
12.25.213.2 - - [15/Nov/2008:04:47:18 -0800] "GET /picgallery/albums/userpics/10001/normal_IMG_6697.jpg HTTP/1.1" 200 17924 "http://www.sancarloscity.org/picgallery/displayimage.php?album=78&pos=15" "Mozilla/4.0 (compatible; MSIE 6.0; Windows NT 5.1; SV1; .NET CLR 1.1.4322)" "sancarloscity.org"
203.87.198.94 - - [15/Nov/2008:04:47:18 -0800] "GET /listings/layout/general_noimage.css HTTP/1.1" 200 89 "http://www.sancarloscity.org/listings/listing/review.php?listing_id=14958" "Mozilla/5.0 (Windows; U; Windows NT 5.1; en-US; rv:1.9.0.4) Gecko/2008102920 Firefox/3.0.4" "www.sancarloscity.org"
124.217.45.157 - - [15/Nov/2008:04:47:18 -0800] "GET /forum2/style_images/red_crysta/menu_action_down.gif HTTP/1.1" 200 100 "http://www.sancarloscity.org/forum2/index.php?s=f33b91e60d423249a1519ad745ef3094&act=Search&nav=au&CODE=show&searchid=3d6a8aa579ffef22c41946098a4e9d92&search_in=posts&result_type=posts" "Mozilla/4.0 (compatible; MSIE 6.0; Windows NT 5.1; SV1)" "sancarloscity.org"
124.217.45.157 - - [15/Nov/2008:04:47:18 -0800] "GET /forum2/jscripts/ipb_topic.js HTTP/1.1" 200 14082 "http://www.sancarloscity.org/forum2/index.php?s=f33b91e60d423249a1519ad745ef3094&act=Search&nav=au&CODE=show&searchid=3d6a8aa579ffef22c41946098a4e9d92&search_in=posts&result_type=posts" "Mozilla/4.0 (compatible; MSIE 6.0; Windows NT 5.1; SV1)" "www.sancarloscity.org"
203.87.198.94 - - [15/Nov/2008:04:47:19 -0800] "GET /listings/layout/listing_color.css HTTP/1.1" 200 4496 "http://www.sancarloscity.org/listings/listing/review.php?listing_id=14958" "Mozilla/5.0 (Windows; U; Windows NT 5.1; en-US; rv:1.9.0.4) Gecko/2008102920 Firefox/3.0.4" "www.sancarloscity.org"
203.87.198.94 - - [15/Nov/2008:04:47:19 -0800] "GET /listings/layout/color/white_blue.css HTTP/1.1" 200 24170 "http://www.sancarloscity.org/listings/listing/review.php?listing_id=14958" "Mozilla/5.0 (Windows; U; Windows NT 5.1; en-US; rv:1.9.0.4) Gecko/2008102920 Firefox/3.0.4" "www.sancarloscity.org"
203.87.198.94 - - [15/Nov/2008:04:47:19 -0800] "GET /listings/scripts/common.js HTTP/1.1" 200 5162 "http://www.sancarloscity.org/listings/listing/review.php?listing_id=14958" "Mozilla/5.0 (Windows; U; Windows NT 5.1; en-US; rv:1.9.0.4) Gecko/2008102920 Firefox/3.0.4" "www.sancarloscity.org"
12.25.213.2 - - [15/Nov/2008:04:47:20 -0800] "GET /picgallery/displayimage.php?album=78&pos=16 HTTP/1.1" 200 10012 "http://www.sancarloscity.org/picgallery/displayimage.php?album=78&pos=15" "Mozilla/4.0 (compatible; MSIE 6.0; Windows NT 5.1; SV1; .NET CLR 1.1.4322)" "www.sancarloscity.org"
