94.102.60.74 - - [15/Nov/2008:04:10:40 -0800] "GET /jodera2/posting.php?mode=newtopic&f=6 HTTP/1.0" 200 41351 "-" "Mozilla/4.0 (compatible; MSIE 6.0; Windows NT 5.1; SV1)" "sancarloscity.org"
203.87.198.94 - - [15/Nov/2008:04:10:42 -0800] "GET /wheretoeattab1.jpg HTTP/1.1" 200 25761 "http://sancarloscity.org/gettingaround.htm" "Mozilla/5.0 (Windows; U; Windows NT 5.1; en-US; rv:1.9.0.4) Gecko/2008102920 Firefox/3.0.4" "sancarloscity.org"
203.87.198.94 - - [15/Nov/2008:04:10:45 -0800] "GET /whattodotab2.jpg HTTP/1.1" 200 26426 "http://sancarloscity.org/gettingaround.htm" "Mozilla/5.0 (Windows; U; Windows NT 5.1; en-US; rv:1.9.0.4) Gecko/2008102920 Firefox/3.0.4" "sancarloscity.org"
203.87.198.94 - - [15/Nov/2008:04:10:51 -0800] "GET /whattodotab1.jpg HTTP/1.1" 200 25422 "http://sancarloscity.org/gettingaround.htm" "Mozilla/5.0 (Windows; U; Windows NT 5.1; en-US; rv:1.9.0.4) Gecko/2008102920 Firefox/3.0.4" "sancarloscity.org"
78.110.175.11 - - [15/Nov/2008:04:10:55 -0800] "GET /jodera2///posting.php?mode=newtopic&f=20 HTTP/1.0" 200 41363 "-" "Mozilla/4.0 (compatible; MSIE 6.0; Windows NT 5.1; SV1; .NET CLR 1.0.3705; .NET CLR 1.1.4322; .NET CLR 2.0.40607)" "sancarloscity.org"
203.87.198.94 - - [15/Nov/2008:04:10:55 -0800] "GET /whattoseetab2.jpg HTTP/1.1" 200 26704 "http://sancarloscity.org/gettingaround.htm" "Mozilla/5.0 (Windows; U; Windows NT 5.1; en-US; rv:1.9.0.4) Gecko/2008102920 Firefox/3.0.4" "sancarloscity.org"
94.102.60.74 - - [15/Nov/2008:04:10:55 -0800] "POST /jodera2/posting.php HTTP/1.0" 200 11440 "http://sancarloscity.org/jodera2/posting.php?mode=newtopic&f=6" "Mozilla/4.0 (compatible; MSIE 6.0; Windows NT 5.1; SV1)" "sancarloscity.org"
94.102.60.74 - - [15/Nov/2008:04:10:56 -0800] "GET /jodera2/viewtopic.php?p=42423 HTTP/1.0" 200 36833 "-" "Mozilla/4.0 (compatible; MSIE 6.0; Windows NT 5.1; SV1)" "sancarloscity.org"
78.110.175.11 - - [15/Nov/2008:04:10:56 -0800] "GET /jodera2///viewforum.php?f=20&topicdays=0&start=50 HTTP/1.0" 200 73653 "-" "Mozilla/4.0 (compatible; MSIE 6.0; Windows NT 5.1; SV1; .NET CLR 1.0.3705; .NET CLR 1.1.4322; .NET CLR 2.0.40607)" "sancarloscity.org"
94.102.60.74 - - [15/Nov/2008:04:10:57 -0800] "GET /jodera2/viewforum.php?f=15&sid=dc564630b2d7c11670569231c5594e0d HTTP/1.0" 200 83721 "-" "Mozilla/4.0 (compatible; MSIE 6.0; Windows NT 5.1; SV1)" "sancarloscity.org"
203.87.198.94 - - [15/Nov/2008:04:10:58 -0800] "GET /attractions.htm HTTP/1.1" 200 20789 "http://sancarloscity.org/gettingaround.htm" "Mozilla/5.0 (Windows; U; Windows NT 5.1; en-US; rv:1.9.0.4) Gecko/2008102920 Firefox/3.0.4" "sancarloscity.org"
78.110.175.11 - - [15/Nov/2008:04:10:58 -0800] "GET /jodera2///posting.php?mode=newtopic&f=20 HTTP/1.0" 200 41363 "-" "Mozilla/4.0 (compatible; MSIE 6.0; Windows NT 5.1; SV1; .NET CLR 1.0.3705; .NET CLR 1.1.4322; .NET CLR 2.0.40607)" "sancarloscity.org"
203.87.198.94 - - [15/Nov/2008:04:11:02 -0800] "GET /whattodotab1.jpg HTTP/1.1" 200 25422 "http://sancarloscity.org/attractions.htm" "Mozilla/5.0 (Windows; U; Windows NT 5.1; en-US; rv:1.9.0.4) Gecko/2008102920 Firefox/3.0.4" "sancarloscity.org"
203.87.198.94 - - [15/Nov/2008:04:11:03 -0800] "GET /whattoseetab2.jpg HTTP/1.1" 200 26704 "http://sancarloscity.org/attractions.htm" "Mozilla/5.0 (Windows; U; Windows NT 5.1; en-US; rv:1.9.0.4) Gecko/2008102920 Firefox/3.0.4" "sancarloscity.org"
203.87.198.94 - - [15/Nov/2008:04:11:03 -0800] "GET /whattoseetab1.jpg HTTP/1.1" 200 25736 "http://sancarloscity.org/attractions.htm" "Mozilla/5.0 (Windows; U; Windows NT 5.1; en-US; rv:1.9.0.4) Gecko/2008102920 Firefox/3.0.4" "sancarloscity.org"
203.87.198.94 - - [15/Nov/2008:04:11:07 -0800] "GET /sccilinksicons.jpg HTTP/1.1" 200 33512 "http://sancarloscity.org/attractions.htm" "Mozilla/5.0 (Windows; U; Windows NT 5.1; en-US; rv:1.9.0.4) Gecko/2008102920 Firefox/3.0.4" "sancarloscity.org"
203.87.198.94 - - [15/Nov/2008:04:11:08 -0800] "GET /rtpanarrow.jpg HTTP/1.1" 200 21787 "http://sancarloscity.org/attractions.htm" "Mozilla/5.0 (Windows; U; Windows NT 5.1; en-US; rv:1.9.0.4) Gecko/2008102920 Firefox/3.0.4" "sancarloscity.org"
203.87.198.94 - - [15/Nov/2008:04:11:11 -0800] "GET /wheretoflash3.jpg HTTP/1.1" 200 49194 "http://sancarloscity.org/attractions.htm" "Mozilla/5.0 (Windows; U; Windows NT 5.1; en-US; rv:1.9.0.4) Gecko/2008102920 Firefox/3.0.4" "sancarloscity.org"
78.110.175.11 - - [15/Nov/2008:04:11:13 -0800] "POST /jodera2///posting.php HTTP/1.0" 200 11441 "http://sancarloscity.org/jodera2///posting.php?mode=newtopic&f=20" "Mozilla/4.0 (compatible; MSIE 6.0; Windows NT 5.1; SV1; .NET CLR 1.0.3705; .NET CLR 1.1.4322; .NET CLR 2.0.40607)" "sancarloscity.org"
78.110.175.11 - - [15/Nov/2008:04:11:14 -0800] "GET /jodera2///viewtopic.php?p=42424 HTTP/1.0" 200 36610 "-" "Mozilla/4.0 (compatible; MSIE 6.0; Windows NT 5.1; SV1; .NET CLR 1.0.3705; .NET CLR 1.1.4322; .NET CLR 2.0.40607)" "sancarloscity.org"
78.110.175.11 - - [15/Nov/2008:04:11:15 -0800] "GET /jodera2///viewforum.php?f=17&sid=cd0ead73c070f00d928e45a25a7f8b29 HTTP/1.0" 200 82340 "-" "Mozilla/4.0 (compatible; MSIE 6.0; Windows NT 5.1; SV1; .NET CLR 1.0.3705; .NET CLR 1.1.4322; .NET CLR 2.0.40607)" "sancarloscity.org"
203.87.198.94 - - [15/Nov/2008:04:11:18 -0800] "GET /sccsites/thumbnails.htm HTTP/1.1" 200 4994 "http://sancarloscity.org/attractions.htm" "Mozilla/5.0 (Windows; U; Windows NT 5.1; en-US; rv:1.9.0.4) Gecko/2008102920 Firefox/3.0.4" "sancarloscity.org"
203.87.198.94 - - [15/Nov/2008:04:11:19 -0800] "GET /sccsites/alinsyawanbigbanner_photo.htm HTTP/1.1" 200 1120 "http://sancarloscity.org/attractions.htm" "Mozilla/5.0 (Windows; U; Windows NT 5.1; en-US; rv:1.9.0.4) Gecko/2008102920 Firefox/3.0.4" "sancarloscity.org"
94.102.60.74 - - [15/Nov/2008:04:11:19 -0800] "GET /jodera2/posting.php?mode=newtopic&f=15 HTTP/1.0" 200 41374 "-" "Mozilla/4.0 (compatible; MSIE 6.0; Windows NT 5.1; SV1)" "sancarloscity.org"
203.87.198.94 - - [15/Nov/2008:04:11:20 -0800] "GET /sccinewsearch.jpg HTTP/1.1" 200 22686 "http://sancarloscity.org/attractions.htm" "Mozilla/5.0 (Windows; U; Windows NT 5.1; en-US; rv:1.9.0.4) Gecko/2008102920 Firefox/3.0.4" "sancarloscity.org"
203.87.198.94 - - [15/Nov/2008:04:11:25 -0800] "GET /sccsites/tmb_alinsyawanbigbanner.jpg HTTP/1.1" 200 2171 "http://sancarloscity.org/sccsites/thumbnails.htm" "Mozilla/5.0 (Windows; U; Windows NT 5.1; en-US; rv:1.9.0.4) Gecko/2008102920 Firefox/3.0.4" "sancarloscity.org"
203.87.198.94 - - [15/Nov/2008:04:11:26 -0800] "GET /sccsites/tmb_cathedralbigbanner.jpg HTTP/1.1" 200 1997 "http://sancarloscity.org/sccsites/thumbnails.htm" "Mozilla/5.0 (Windows; U; Windows NT 5.1; en-US; rv:1.9.0.4) Gecko/2008102920 Firefox/3.0.4" "sancarloscity.org"
203.87.198.94 - - [15/Nov/2008:04:11:26 -0800] "GET /sccsites/tmb_cavebigbanner.jpg HTTP/1.1" 200 1931 "http://sancarloscity.org/sccsites/thumbnails.htm" "Mozilla/5.0 (Windows; U; Windows NT 5.1; en-US; rv:1.9.0.4) Gecko/2008102920 Firefox/3.0.4" "sancarloscity.org"
203.87.198.94 - - [15/Nov/2008:04:11:26 -0800] "GET /sccsites/tmb_chocohillsbigbanner.jpg HTTP/1.1" 200 1462 "http://sancarloscity.org/sccsites/thumbnails.htm" "Mozilla/5.0 (Windows; U; Windows NT 5.1; en-US; rv:1.9.0.4) Gecko/2008102920 Firefox/3.0.4" "sancarloscity.org"
203.87.198.94 - - [15/Nov/2008:04:11:28 -0800] "GET /sccsites/tmb_cityhallbigbanner.jpg HTTP/1.1" 200 2171 "http://sancarloscity.org/sccsites/thumbnails.htm" "Mozilla/5.0 (Windows; U; Windows NT 5.1; en-US; rv:1.9.0.4) Gecko/2008102920 Firefox/3.0.4" "sancarloscity.org"
203.87.198.94 - - [15/Nov/2008:04:11:28 -0800] "GET /sccsites/tmb_codcodbigbanner.jpg HTTP/1.1" 200 2097 "http://sancarloscity.org/sccsites/thumbnails.htm" "Mozilla/5.0 (Windows; U; Windows NT 5.1; en-US; rv:1.9.0.4) Gecko/2008102920 Firefox/3.0.4" "sancarloscity.org"
203.87.198.94 - - [15/Nov/2008:04:11:29 -0800] "GET /sccsites/tmb_ermitabigbanner.jpg HTTP/1.1" 200 2139 "http://sancarloscity.org/sccsites/thumbnails.htm" "Mozilla/5.0 (Windows; U; Windows NT 5.1; en-US; rv:1.9.0.4) Gecko/2008102920 Firefox/3.0.4" "sancarloscity.org"
203.87.198.94 - - [15/Nov/2008:04:11:29 -0800] "GET /sccsites/tmb_fortunabigbanner.jpg HTTP/1.1" 200 2477 "http://sancarloscity.org/sccsites/thumbnails.htm" "Mozilla/5.0 (Windows; U; Windows NT 5.1; en-US; rv:1.9.0.4) Gecko/2008102920 Firefox/3.0.4" "sancarloscity.org"
203.87.198.94 - - [15/Nov/2008:04:11:30 -0800] "GET /sccsites/tmb_oldtreebanner.jpg HTTP/1.1" 200 2137 "http://sancarloscity.org/sccsites/thumbnails.htm" "Mozilla/5.0 (Windows; U; Windows NT 5.1; en-US; rv:1.9.0.4) Gecko/2008102920 Firefox/3.0.4" "sancarloscity.org"
203.87.198.94 - - [15/Nov/2008:04:11:30 -0800] "GET /sccsites/tmb_pebblesbigbanner.jpg HTTP/1.1" 200 1866 "http://sancarloscity.org/sccsites/thumbnails.htm" "Mozilla/5.0 (Windows; U; Windows NT 5.1; en-US; rv:1.9.0.4) Gecko/2008102920 Firefox/3.0.4" "sancarloscity.org"
203.87.198.94 - - [15/Nov/2008:04:11:31 -0800] "GET /sccsites/tmb_pintafloresfestivalbigbanner.jpg HTTP/1.1" 200 2724 "http://sancarloscity.org/sccsites/thumbnails.htm" "Mozilla/5.0 (Windows; U; Windows NT 5.1; en-US; rv:1.9.0.4) Gecko/2008102920 Firefox/3.0.4" "sancarloscity.org"
94.102.60.74 - - [15/Nov/2008:04:11:32 -0800] "POST /jodera2/posting.php HTTP/1.0" 200 11441 "http://sancarloscity.org/jodera2/posting.php?mode=newtopic&f=15" "Mozilla/4.0 (compatible; MSIE 6.0; Windows NT 5.1; SV1)" "sancarloscity.org"
94.102.60.74 - - [15/Nov/2008:04:11:33 -0800] "GET /jodera2/viewtopic.php?p=42425 HTTP/1.0" 200 36806 "-" "Mozilla/4.0 (compatible; MSIE 6.0; Windows NT 5.1; SV1)" "sancarloscity.org"
203.87.198.94 - - [15/Nov/2008:04:11:33 -0800] "GET /sccsites/tmb_santaanabanner.jpg HTTP/1.1" 200 2544 "http://sancarloscity.org/sccsites/thumbnails.htm" "Mozilla/5.0 (Windows; U; Windows NT 5.1; en-US; rv:1.9.0.4) Gecko/2008102920 Firefox/3.0.4" "sancarloscity.org"
94.102.60.74 - - [15/Nov/2008:04:11:34 -0800] "GET /jodera2/viewforum.php?f=10&sid=dc564630b2d7c11670569231c5594e0d HTTP/1.0" 200 11228 "-" "Mozilla/4.0 (compatible; MSIE 6.0; Windows NT 5.1; SV1)" "sancarloscity.org"
78.110.175.11 - - [15/Nov/2008:04:11:37 -0800] "GET /jodera2///posting.php?mode=newtopic&f=17 HTTP/1.0" 200 41351 "-" "Mozilla/4.0 (compatible; MSIE 6.0; Windows NT 5.1; SV1; .NET CLR 1.0.3705; .NET CLR 1.1.4322; .NET CLR 2.0.40607)" "sancarloscity.org"
203.87.198.94 - - [15/Nov/2008:04:11:41 -0800] "GET /sccsites/tmb_whisperingpalmbigbanner.jpg HTTP/1.1" 200 2189 "http://sancarloscity.org/sccsites/thumbnails.htm" "Mozilla/5.0 (Windows; U; Windows NT 5.1; en-US; rv:1.9.0.4) Gecko/2008102920 Firefox/3.0.4" "sancarloscity.org"
203.87.198.94 - - [15/Nov/2008:04:11:42 -0800] "GET /sccsites/alinsyawanbigbanner.jpg HTTP/1.1" 200 42532 "http://sancarloscity.org/sccsites/alinsyawanbigbanner_photo.htm" "Mozilla/5.0 (Windows; U; Windows NT 5.1; en-US; rv:1.9.0.4) Gecko/2008102920 Firefox/3.0.4" "sancarloscity.org"
82.99.30.47 - - [15/Nov/2008:04:11:50 -0800] "GET /jodera2/memberlist.php?sid=1dd0e40f860cf7218fbdc22cf4f86f55 HTTP/1.0" 200 80951 "-" "Mozilla/4.0 (compatible; MSIE 6.0; Windows NT 5.1)" "www.sancarloscity.org"
78.110.175.11 - - [15/Nov/2008:04:11:50 -0800] "POST /jodera2///posting.php HTTP/1.0" 200 11441 "http://sancarloscity.org/jodera2///posting.php?mode=newtopic&f=17" "Mozilla/4.0 (compatible; MSIE 6.0; Windows NT 5.1; SV1; .NET CLR 1.0.3705; .NET CLR 1.1.4322; .NET CLR 2.0.40607)" "sancarloscity.org"
78.110.175.11 - - [15/Nov/2008:04:11:51 -0800] "GET /jodera2///viewtopic.php?p=42426 HTTP/1.0" 200 36506 "-" "Mozilla/4.0 (compatible; MSIE 6.0; Windows NT 5.1; SV1; .NET CLR 1.0.3705; .NET CLR 1.1.4322; .NET CLR 2.0.40607)" "sancarloscity.org"
78.110.175.11 - - [15/Nov/2008:04:11:53 -0800] "GET /jodera2///viewforum.php?f=18&sid=cd0ead73c070f00d928e45a25a7f8b29 HTTP/1.0" 200 82331 "-" "Mozilla/4.0 (compatible; MSIE 6.0; Windows NT 5.1; SV1; .NET CLR 1.0.3705; .NET CLR 1.1.4322; .NET CLR 2.0.40607)" "sancarloscity.org"
94.102.60.74 - - [15/Nov/2008:04:11:55 -0800] "GET /jodera2/posting.php?mode=newtopic&f=15 HTTP/1.0" 200 41374 "-" "Mozilla/4.0 (compatible; MSIE 6.0; Windows NT 5.1; SV1)" "sancarloscity.org"
84.16.230.107 - - [15/Nov/2008:04:11:58 -0800] "GET /jodera2/posting.php?mode=reply&t=32640 HTTP/1.0" 302 0 "http://www.sancarloscity.org/jodera2/posting.php?mode=reply&t=32640" "Mozilla/4.0 (compatible; MSIE 6.0; Windows NT 5.1; SV1)" "www.sancarloscity.org"
84.16.230.107 - - [15/Nov/2008:04:11:59 -0800] "GET /jodera2/login.php?redirect=posting.php&mode=reply&t=32640&sid=65a66eef7776c264b52b0a2e4877bb48 HTTP/1.0" 200 12363 "http://www.sancarloscity.org/jodera2/login.php?redirect=posting.php&mode=reply&t=32640&sid=65a66eef7776c264b52b0a2e4877bb48" "Mozilla/4.0 (compatible; MSIE 6.0; Windows NT 5.1; SV1)" "www.sancarloscity.org"
84.16.230.107 - - [15/Nov/2008:04:12:00 -0800] "POST /jodera2/login.php HTTP/1.0" 302 0 "http://www.sancarloscity.org/jodera2/login.php?redirect=posting.php&mode=reply&t=32640&sid=65a66eef7776c264b52b0a2e4877bb48" "Mozilla/4.0 (compatible; MSIE 6.0; Windows NT 5.1; SV1)" "www.sancarloscity.org"
84.16.230.107 - - [15/Nov/2008:04:12:01 -0800] "GET /jodera2/posting.php?mode=reply&t=32640&sid=65a66eef7776c264b52b0a2e4877bb48 HTTP/1.0" 200 50614 "http://www.sancarloscity.org/jodera2/posting.php?mode=reply&t=32640&sid=65a66eef7776c264b52b0a2e4877bb48" "Mozilla/4.0 (compatible; MSIE 6.0; Windows NT 5.1; SV1)" "www.sancarloscity.org"
78.110.175.11 - - [15/Nov/2008:04:12:16 -0800] "GET /jodera2///posting.php?mode=newtopic&f=18 HTTP/1.0" 200 41354 "-" "Mozilla/4.0 (compatible; MSIE 6.0; Windows NT 5.1; SV1; .NET CLR 1.0.3705; .NET CLR 1.1.4322; .NET CLR 2.0.40607)" "sancarloscity.org"
78.110.175.11 - - [15/Nov/2008:04:12:18 -0800] "GET /jodera2///viewforum.php?f=18&topicdays=0&start=50 HTTP/1.0" 200 54485 "-" "Mozilla/4.0 (compatible; MSIE 6.0; Windows NT 5.1; SV1; .NET CLR 1.0.3705; .NET CLR 1.1.4322; .NET CLR 2.0.40607)" "sancarloscity.org"
92.241.169.171 - - [15/Nov/2008:04:12:20 -0800] "GET /forum2/index.php HTTP/1.0" 200 37150 "-" "Mozilla/4.0 (compatible; MSIE 6.0; Windows NT 5.1; .NET CLR 1.1.4322; Alexa Toolbar; (R1 1.5))" "www.sancarloscity.org"
78.110.175.11 - - [15/Nov/2008:04:12:20 -0800] "GET /jodera2///posting.php?mode=newtopic&f=18 HTTP/1.0" 200 41354 "-" "Mozilla/4.0 (compatible; MSIE 6.0; Windows NT 5.1; SV1; .NET CLR 1.0.3705; .NET CLR 1.1.4322; .NET CLR 2.0.40607)" "sancarloscity.org"
94.102.60.74 - - [15/Nov/2008:04:12:21 -0800] "POST /jodera2/posting.php HTTP/1.0" 200 11441 "http://sancarloscity.org/jodera2/posting.php?mode=newtopic&f=15" "Mozilla/4.0 (compatible; MSIE 6.0; Windows NT 5.1; SV1)" "sancarloscity.org"
94.102.60.74 - - [15/Nov/2008:04:12:22 -0800] "GET /jodera2/viewtopic.php?p=42427 HTTP/1.0" 200 36591 "-" "Mozilla/4.0 (compatible; MSIE 6.0; Windows NT 5.1; SV1)" "sancarloscity.org"
92.241.169.171 - - [15/Nov/2008:04:12:22 -0800] "GET /forum2/index.php HTTP/1.0" 200 33264 "-" "Mozilla/4.0 (compatible; MSIE 6.0; Windows NT 5.1; .NET CLR 1.1.4322; Alexa Toolbar; (R1 1.5))" "www.sancarloscity.org"
121.170.11.100 - - [15/Nov/2008:04:12:24 -0800] "GET /logs/access_081103.log/index.php?sourcedir=http://www.geocities.com/kucluk_pamungkas/safe.txt??? HTTP/1.1" 404 768 "-" "libwww-perl/5.79" "www.sancarloscity.org"
94.102.60.74 - - [15/Nov/2008:04:12:24 -0800] "GET /jodera2/viewforum.php?f=11&sid=dc564630b2d7c11670569231c5594e0d HTTP/1.0" 200 82929 "-" "Mozilla/4.0 (compatible; MSIE 6.0; Windows NT 5.1; SV1)" "sancarloscity.org"
92.241.169.171 - - [15/Nov/2008:04:12:24 -0800] "GET /forum2/index.php?act=Reg&CODE=00&coppa_pass=1 HTTP/1.0" 200 10307 "-" "Mozilla/4.0 (compatible; MSIE 6.0; Windows NT 5.1; .NET CLR 1.1.4322; Alexa Toolbar; (R1 1.5))" "www.sancarloscity.org"
121.170.11.100 - - [15/Nov/2008:04:12:24 -0800] "GET /index.php?sourcedir=http://www.geocities.com/kucluk_pamungkas/safe.txt??? HTTP/1.1" 404 758 "-" "libwww-perl/5.79" "www.sancarloscity.org"
121.170.11.100 - - [15/Nov/2008:04:12:25 -0800] "GET /logs/index.php?sourcedir=http://www.geocities.com/kucluk_pamungkas/safe.txt??? HTTP/1.1" 404 763 "-" "libwww-perl/5.79" "www.sancarloscity.org"
92.241.169.171 - - [15/Nov/2008:04:12:26 -0800] "POST /forum2/index.php?act=Reg&coppa_user=0&termsread=1&coppa_pass=1 HTTP/1.0" 200 19430 "http://www.sancarloscity.org/forum2/index.php?act=Reg&CODE=00&coppa_pass=1" "Mozilla/4.0 (compatible; MSIE 6.0; Windows NT 5.1; .NET CLR 1.1.4322; Alexa Toolbar; (R1 1.5))" "www.sancarloscity.org"
203.177.74.135 - - [15/Nov/2008:04:12:27 -0800] "GET /travelguide.htm HTTP/1.1" 200 17017 "http://search.yahoo.com/search;_ylt=A0oGkl5Cuh5JLcUAgRxXNyoA?fr2=sg-gac&sado=1&p=ceres%20liner%20schedule&fr=yfp-t-501-s&ei=UTF-8&fp_ip=PH&rd=r1&meta=vc%3Dph" "Mozilla/5.0 (Windows; U; Windows NT 5.1; en-US) AppleWebKit/525.19 (KHTML, like Gecko) Version/3.1.2 Safari/525.21" "www.sancarloscity.org"
92.241.169.171 - - [15/Nov/2008:04:12:28 -0800] "GET /forum2/index.php?act=Reg&CODE=image&rc=5567397a2b6d56ab932feaa71fefb9b9 HTTP/1.0" 200 7864 "-" "Mozilla/4.0 (compatible; MSIE 6.0; Windows NT 5.1; .NET CLR 1.1.4322; Alexa Toolbar; (R1 1.5))" "www.sancarloscity.org"
203.177.74.135 - - [15/Nov/2008:04:12:28 -0800] "GET /scci01.jpg HTTP/1.1" 200 40666 "http://www.sancarloscity.org/travelguide.htm" "Mozilla/5.0 (Windows; U; Windows NT 5.1; en-US) AppleWebKit/525.19 (KHTML, like Gecko) Version/3.1.2 Safari/525.21" "sancarloscity.org"
203.177.74.135 - - [15/Nov/2008:04:12:28 -0800] "GET /images/bannerdir.gif HTTP/1.1" 200 7375 "http://www.sancarloscity.org/travelguide.htm" "Mozilla/5.0 (Windows; U; Windows NT 5.1; en-US) AppleWebKit/525.19 (KHTML, like Gecko) Version/3.1.2 Safari/525.21" "sancarloscity.org"
203.177.74.135 - - [15/Nov/2008:04:12:28 -0800] "GET /favicon.ico HTTP/1.1" 404 739 "http://www.sancarloscity.org/travelguide.htm" "Mozilla/5.0 (Windows; U; Windows NT 5.1; en-US) AppleWebKit/525.19 (KHTML, like Gecko) Version/3.1.2 Safari/525.21" "sancarloscity.org"
84.16.230.107 - - [15/Nov/2008:04:12:30 -0800] "POST /jodera2/posting.php HTTP/1.0" 200 11444 "http://www.sancarloscity.org/jodera2/posting.php?mode=reply&t=32640&sid=65a66eef7776c264b52b0a2e4877bb48" "Mozilla/4.0 (compatible; MSIE 6.0; Windows NT 5.1; SV1)" "www.sancarloscity.org"
92.241.169.171 - - [15/Nov/2008:04:12:31 -0800] "POST /forum2/index.php HTTP/1.0" 200 19785 "http://www.sancarloscity.org/forum2/index.php?act=Reg&CODE=00&coppa_pass=1" "Mozilla/4.0 (compatible; MSIE 6.0; Windows NT 5.1; .NET CLR 1.1.4322; Alexa Toolbar; (R1 1.5))" "www.sancarloscity.org"
84.16.230.107 - - [15/Nov/2008:04:12:31 -0800] "GET /jodera2/viewtopic.php?p=42428 HTTP/1.0" 200 83042 "http://www.sancarloscity.org/viewtopic.php?p=42428#42428" "Mozilla/4.0 (compatible; MSIE 6.0; Windows NT 5.1; SV1)" "www.sancarloscity.org"
92.241.169.171 - - [15/Nov/2008:04:12:33 -0800] "GET /forum2/index.php?act=Reg&CODE=image&rc=cbddca9721135e2c501a234a1b82287b HTTP/1.0" 200 8011 "-" "Mozilla/4.0 (compatible; MSIE 6.0; Windows NT 5.1; .NET CLR 1.1.4322; Alexa Toolbar; (R1 1.5))" "www.sancarloscity.org"
78.110.175.11 - - [15/Nov/2008:04:12:34 -0800] "POST /jodera2///posting.php HTTP/1.0" 200 11441 "http://sancarloscity.org/jodera2///posting.php?mode=newtopic&f=18" "Mozilla/4.0 (compatible; MSIE 6.0; Windows NT 5.1; SV1; .NET CLR 1.0.3705; .NET CLR 1.1.4322; .NET CLR 2.0.40607)" "sancarloscity.org"
78.110.175.11 - - [15/Nov/2008:04:12:34 -0800] "GET /jodera2///viewtopic.php?p=42429 HTTP/1.0" 200 36030 "-" "Mozilla/4.0 (compatible; MSIE 6.0; Windows NT 5.1; SV1; .NET CLR 1.0.3705; .NET CLR 1.1.4322; .NET CLR 2.0.40607)" "sancarloscity.org"
92.241.169.171 - - [15/Nov/2008:04:12:35 -0800] "POST /forum2/index.php HTTP/1.0" 200 19785 "http://www.sancarloscity.org/forum2/index.php?act=Reg&CODE=00&coppa_pass=1" "Mozilla/4.0 (compatible; MSIE 6.0; Windows NT 5.1; .NET CLR 1.1.4322; Alexa Toolbar; (R1 1.5))" "www.sancarloscity.org"
78.110.175.11 - - [15/Nov/2008:04:12:36 -0800] "GET /jodera2///viewforum.php?f=19&sid=cd0ead73c070f00d928e45a25a7f8b29 HTTP/1.0" 200 83642 "-" "Mozilla/4.0 (compatible; MSIE 6.0; Windows NT 5.1; SV1; .NET CLR 1.0.3705; .NET CLR 1.1.4322; .NET CLR 2.0.40607)" "sancarloscity.org"
92.241.169.171 - - [15/Nov/2008:04:12:36 -0800] "GET /forum2/index.php?act=Reg&CODE=image&rc=4decd338e74322b88301cfd0f4995cec HTTP/1.0" 200 8360 "-" "Mozilla/4.0 (compatible; MSIE 6.0; Windows NT 5.1; .NET CLR 1.1.4322; Alexa Toolbar; (R1 1.5))" "www.sancarloscity.org"
92.241.169.171 - - [15/Nov/2008:04:12:39 -0800] "POST /forum2/index.php HTTP/1.0" 200 19785 "http://www.sancarloscity.org/forum2/index.php?act=Reg&CODE=00&coppa_pass=1" "Mozilla/4.0 (compatible; MSIE 6.0; Windows NT 5.1; .NET CLR 1.1.4322; Alexa Toolbar; (R1 1.5))" "www.sancarloscity.org"
92.241.169.171 - - [15/Nov/2008:04:12:41 -0800] "GET /forum2/index.php?act=Reg&CODE=image&rc=e7a8883688072a2011d77c9df173d7fa HTTP/1.0" 200 7319 "-" "Mozilla/4.0 (compatible; MSIE 6.0; Windows NT 5.1; .NET CLR 1.1.4322; Alexa Toolbar; (R1 1.5))" "www.sancarloscity.org"
92.241.169.171 - - [15/Nov/2008:04:12:42 -0800] "POST /forum2/index.php HTTP/1.0" 200 19785 "http://www.sancarloscity.org/forum2/index.php?act=Reg&CODE=00&coppa_pass=1" "Mozilla/4.0 (compatible; MSIE 6.0; Windows NT 5.1; .NET CLR 1.1.4322; Alexa Toolbar; (R1 1.5))" "www.sancarloscity.org"
92.241.169.171 - - [15/Nov/2008:04:12:43 -0800] "GET /forum2/index.php?act=Reg&CODE=image&rc=273bc94e78dd38d0b4a32daf05931be4 HTTP/1.0" 200 8086 "-" "Mozilla/4.0 (compatible; MSIE 6.0; Windows NT 5.1; .NET CLR 1.1.4322; Alexa Toolbar; (R1 1.5))" "www.sancarloscity.org"
92.241.169.171 - - [15/Nov/2008:04:12:45 -0800] "POST /forum2/index.php HTTP/1.0" 200 19785 "http://www.sancarloscity.org/forum2/index.php?act=Reg&CODE=00&coppa_pass=1" "Mozilla/4.0 (compatible; MSIE 6.0; Windows NT 5.1; .NET CLR 1.1.4322; Alexa Toolbar; (R1 1.5))" "www.sancarloscity.org"
94.102.60.74 - - [15/Nov/2008:04:12:46 -0800] "GET /jodera2/posting.php?mode=newtopic&f=11 HTTP/1.0" 200 41360 "-" "Mozilla/4.0 (compatible; MSIE 6.0; Windows NT 5.1; SV1)" "sancarloscity.org"
92.241.169.171 - - [15/Nov/2008:04:12:46 -0800] "GET /forum2/index.php?act=Reg&CODE=image&rc=618917dabb678b2d434fa6e67e4da8e8 HTTP/1.0" 200 7144 "-" "Mozilla/4.0 (compatible; MSIE 6.0; Windows NT 5.1; .NET CLR 1.1.4322; Alexa Toolbar; (R1 1.5))" "www.sancarloscity.org"
94.102.60.74 - - [15/Nov/2008:04:12:47 -0800] "GET /jodera2/viewforum.php?f=11&topicdays=0&start=150 HTTP/1.0" 200 75124 "-" "Mozilla/4.0 (compatible; MSIE 6.0; Windows NT 5.1; SV1)" "sancarloscity.org"
92.241.169.171 - - [15/Nov/2008:04:12:48 -0800] "POST /forum2/index.php HTTP/1.0" 200 19785 "http://www.sancarloscity.org/forum2/index.php?act=Reg&CODE=00&coppa_pass=1" "Mozilla/4.0 (compatible; MSIE 6.0; Windows NT 5.1; .NET CLR 1.1.4322; Alexa Toolbar; (R1 1.5))" "www.sancarloscity.org"
94.102.60.74 - - [15/Nov/2008:04:12:49 -0800] "GET /jodera2/posting.php?mode=newtopic&f=11 HTTP/1.0" 200 41360 "-" "Mozilla/4.0 (compatible; MSIE 6.0; Windows NT 5.1; SV1)" "sancarloscity.org"
74.124.198.61 - - [15/Nov/2008:04:12:50 -0800] "GET /logs/access_080831.log//convert/mvcw.php?step=1&vwar_root=http://www.keoeeit.com/go/readme.txt???? HTTP/1.1" 404 776 "-" "libwww-perl/5.812" "www.sancarloscity.org"
74.124.198.61 - - [15/Nov/2008:04:12:50 -0800] "GET /logs//convert/mvcw.php?step=1&vwar_root=http://www.keoeeit.com/go/readme.txt???? HTTP/1.1" 404 758 "-" "libwww-perl/5.812" "www.sancarloscity.org"
74.124.198.61 - - [15/Nov/2008:04:12:50 -0800] "GET /convert/mvcw.php?step=1&vwar_root=http://www.keoeeit.com/go/readme.txt???? HTTP/1.1" 404 752 "-" "libwww-perl/5.812" "www.sancarloscity.org"
78.110.175.11 - - [15/Nov/2008:04:12:58 -0800] "GET /jodera2///posting.php?mode=newtopic&f=19 HTTP/1.0" 200 41357 "-" "Mozilla/4.0 (compatible; MSIE 6.0; Windows NT 5.1; SV1; .NET CLR 1.0.3705; .NET CLR 1.1.4322; .NET CLR 2.0.40607)" "sancarloscity.org"
94.102.60.74 - - [15/Nov/2008:04:13:08 -0800] "POST /jodera2/posting.php HTTP/1.0" 200 11441 "http://sancarloscity.org/jodera2/posting.php?mode=newtopic&f=11" "Mozilla/4.0 (compatible; MSIE 6.0; Windows NT 5.1; SV1)" "sancarloscity.org"
94.102.60.74 - - [15/Nov/2008:04:13:09 -0800] "GET /jodera2/viewtopic.php?p=42430 HTTP/1.0" 200 36752 "-" "Mozilla/4.0 (compatible; MSIE 6.0; Windows NT 5.1; SV1)" "sancarloscity.org"
94.102.60.74 - - [15/Nov/2008:04:13:11 -0800] "GET /jodera2/viewforum.php?f=16&sid=dc564630b2d7c11670569231c5594e0d HTTP/1.0" 200 83126 "-" "Mozilla/4.0 (compatible; MSIE 6.0; Windows NT 5.1; SV1)" "sancarloscity.org"
78.110.175.11 - - [15/Nov/2008:04:13:15 -0800] "POST /jodera2///posting.php HTTP/1.0" 200 11441 "http://sancarloscity.org/jodera2///posting.php?mode=newtopic&f=19" "Mozilla/4.0 (compatible; MSIE 6.0; Windows NT 5.1; SV1; .NET CLR 1.0.3705; .NET CLR 1.1.4322; .NET CLR 2.0.40607)" "sancarloscity.org"
78.110.175.11 - - [15/Nov/2008:04:13:16 -0800] "GET /jodera2///viewtopic.php?p=42431 HTTP/1.0" 200 36345 "-" "Mozilla/4.0 (compatible; MSIE 6.0; Windows NT 5.1; SV1; .NET CLR 1.0.3705; .NET CLR 1.1.4322; .NET CLR 2.0.40607)" "sancarloscity.org"
94.102.60.74 - - [15/Nov/2008:04:13:34 -0800] "GET /jodera2/posting.php?mode=newtopic&f=16 HTTP/1.0" 200 41353 "-" "Mozilla/4.0 (compatible; MSIE 6.0; Windows NT 5.1; SV1)" "sancarloscity.org"
208.109.122.104 - - [15/Nov/2008:04:13:39 -0800] "POST /forum2/index.php?automodule=blog&blogid=1&req=trackback&eid=31 HTTP/1.0" 200 127 "-" "Mozilla/5.0 (Windows; U; Windows NT 6.0; en-US; rv:1.9)" "www.sancarloscity.org"
94.102.60.74 - - [15/Nov/2008:04:13:48 -0800] "POST /jodera2/posting.php HTTP/1.0" 200 11441 "http://sancarloscity.org/jodera2/posting.php?mode=newtopic&f=16" "Mozilla/4.0 (compatible; MSIE 6.0; Windows NT 5.1; SV1)" "sancarloscity.org"
94.102.60.74 - - [15/Nov/2008:04:13:49 -0800] "GET /jodera2/viewtopic.php?p=42432 HTTP/1.0" 200 36690 "-" "Mozilla/4.0 (compatible; MSIE 6.0; Windows NT 5.1; SV1)" "sancarloscity.org"
94.102.60.74 - - [15/Nov/2008:04:13:50 -0800] "GET /jodera2/viewforum.php?f=21&sid=dc564630b2d7c11670569231c5594e0d HTTP/1.0" 200 83600 "-" "Mozilla/4.0 (compatible; MSIE 6.0; Windows NT 5.1; SV1)" "sancarloscity.org"
72.30.79.34 - - [15/Nov/2008:04:14:11 -0800] "GET /logs/access_080401.log HTTP/1.0" 200 1507328 "-" "Mozilla/5.0 (compatible; Yahoo! Slurp; http://help.yahoo.com/help/us/ysearch/slurp)" "www.sancarloscity.org"
94.102.60.74 - - [15/Nov/2008:04:14:12 -0800] "GET /jodera2/posting.php?mode=newtopic&f=21 HTTP/1.0" 200 41358 "-" "Mozilla/4.0 (compatible; MSIE 6.0; Windows NT 5.1; SV1)" "sancarloscity.org"
94.102.60.74 - - [15/Nov/2008:04:14:14 -0800] "GET /jodera2/viewforum.php?f=21&topicdays=0&start=500 HTTP/1.0" 200 77878 "-" "Mozilla/4.0 (compatible; MSIE 6.0; Windows NT 5.1; SV1)" "sancarloscity.org"
94.102.60.74 - - [15/Nov/2008:04:14:15 -0800] "GET /jodera2/posting.php?mode=newtopic&f=21 HTTP/1.0" 200 41358 "-" "Mozilla/4.0 (compatible; MSIE 6.0; Windows NT 5.1; SV1)" "sancarloscity.org"
203.87.198.94 - - [15/Nov/2008:04:14:19 -0800] "GET /sccsites/cathedralbigbanner_photo.htm HTTP/1.1" 200 1120 "http://sancarloscity.org/sccsites/thumbnails.htm" "Mozilla/5.0 (Windows; U; Windows NT 5.1; en-US; rv:1.9.0.4) Gecko/2008102920 Firefox/3.0.4" "sancarloscity.org"
203.87.198.94 - - [15/Nov/2008:04:14:23 -0800] "GET /sccsites/cathedralbigbanner.jpg HTTP/1.1" 200 32458 "http://sancarloscity.org/sccsites/cathedralbigbanner_photo.htm" "Mozilla/5.0 (Windows; U; Windows NT 5.1; en-US; rv:1.9.0.4) Gecko/2008102920 Firefox/3.0.4" "sancarloscity.org"
94.102.60.74 - - [15/Nov/2008:04:14:29 -0800] "POST /jodera2/posting.php HTTP/1.0" 200 11441 "http://sancarloscity.org/jodera2/posting.php?mode=newtopic&f=21" "Mozilla/4.0 (compatible; MSIE 6.0; Windows NT 5.1; SV1)" "sancarloscity.org"
94.102.60.74 - - [15/Nov/2008:04:14:30 -0800] "GET /jodera2/viewtopic.php?p=42433 HTTP/1.0" 200 36636 "-" "Mozilla/4.0 (compatible; MSIE 6.0; Windows NT 5.1; SV1)" "sancarloscity.org"
94.102.60.74 - - [15/Nov/2008:04:14:31 -0800] "GET /jodera2/viewforum.php?f=7&sid=dc564630b2d7c11670569231c5594e0d HTTP/1.0" 200 11228 "-" "Mozilla/4.0 (compatible; MSIE 6.0; Windows NT 5.1; SV1)" "sancarloscity.org"
203.87.198.94 - - [15/Nov/2008:04:14:32 -0800] "GET /sccsites/cityhallbigbanner_photo.htm HTTP/1.1" 200 1119 "http://sancarloscity.org/sccsites/thumbnails.htm" "Mozilla/5.0 (Windows; U; Windows NT 5.1; en-US; rv:1.9.0.4) Gecko/2008102920 Firefox/3.0.4" "sancarloscity.org"
203.87.198.94 - - [15/Nov/2008:04:14:36 -0800] "GET /sccsites/cityhallbigbanner.jpg HTTP/1.1" 200 45226 "http://sancarloscity.org/sccsites/cityhallbigbanner_photo.htm" "Mozilla/5.0 (Windows; U; Windows NT 5.1; en-US; rv:1.9.0.4) Gecko/2008102920 Firefox/3.0.4" "sancarloscity.org"
59.126.46.141 - - [15/Nov/2008:04:14:45 -0800] "GET /logs/access_081009.log//index.php?DOCUMENT_ROOT=http://www.tbns.net/monjali/id.txt??? HTTP/1.1" 404 769 "-" "libwww-perl/5.79" "www.sancarloscity.org"
94.102.60.74 - - [15/Nov/2008:04:14:52 -0800] "GET /jodera2/posting.php?mode=newtopic&f=21 HTTP/1.0" 200 41358 "-" "Mozilla/4.0 (compatible; MSIE 6.0; Windows NT 5.1; SV1)" "sancarloscity.org"
208.80.194.46 - - [15/Nov/2008:04:14:56 -0800] "GET / HTTP/1.0" 200 44225 "-" "Mozilla/4.0 (compatible; MSIE 7.0; Windows NT 6.0; SV1; SLCC1; .NET CLR 2.0.50727; .NET CLR 3.0.04506; .NET CLR 1.1.4322; Zango 10.0.370.0)" "sancarloscity.org"
208.80.194.46 - - [15/Nov/2008:04:14:56 -0800] "GET / HTTP/1.0" 200 44225 "-" "Mozilla/4.0 (compatible; MSIE 7.0; Windows NT 5.1; acc=dreese; (dreese); FunWebProducts; .NET CLR 1.0.3705; PeoplePal 3.0)" "www.sancarloscity.org"
89.149.202.60 - - [15/Nov/2008:04:14:57 -0800] "GET /jodera2/posting.php?mode=newtopic&f=1 HTTP/1.0" 302 0 "http://www.sancarloscity.org/jodera2/posting.php?mode=newtopic&f=1" "Mozilla/5.0 (Windows; U; Windows NT 5.1; en-US; rv:1.7.12) Gecko/20050915 Firefox/1.0.7" "www.sancarloscity.org"
89.149.202.60 - - [15/Nov/2008:04:14:58 -0800] "GET /jodera2/login.php?redirect=posting.php&mode=newtopic&f=1&sid=358b9055b9ac2c8d8dd8afe4fac46670 HTTP/1.0" 200 12362 "http://www.sancarloscity.org/jodera2/login.php?redirect=posting.php&mode=newtopic&f=1&sid=358b9055b9ac2c8d8dd8afe4fac46670" "Mozilla/5.0 (Windows; U; Windows NT 5.1; en-US; rv:1.7.12) Gecko/20050915 Firefox/1.0.7" "www.sancarloscity.org"
89.149.202.60 - - [15/Nov/2008:04:14:59 -0800] "POST /jodera2/login.php HTTP/1.0" 302 0 "http://www.sancarloscity.org/jodera2/login.php?redirect=posting.php&mode=newtopic&f=1&sid=358b9055b9ac2c8d8dd8afe4fac46670" "Mozilla/5.0 (Windows; U; Windows NT 5.1; en-US; rv:1.7.12) Gecko/20050915 Firefox/1.0.7" "www.sancarloscity.org"
89.149.202.60 - - [15/Nov/2008:04:15:00 -0800] "GET /jodera2/posting.php?mode=newtopic&f=1&sid=358b9055b9ac2c8d8dd8afe4fac46670 HTTP/1.0" 200 40970 "http://www.sancarloscity.org/jodera2/posting.php?mode=newtopic&f=1&sid=358b9055b9ac2c8d8dd8afe4fac46670" "Mozilla/5.0 (Windows; U; Windows NT 5.1; en-US; rv:1.7.12) Gecko/20050915 Firefox/1.0.7" "www.sancarloscity.org"
94.102.60.74 - - [15/Nov/2008:04:15:22 -0800] "POST /jodera2/posting.php HTTP/1.0" 200 11441 "http://sancarloscity.org/jodera2/posting.php?mode=newtopic&f=21" "Mozilla/4.0 (compatible; MSIE 6.0; Windows NT 5.1; SV1)" "sancarloscity.org"
94.102.60.74 - - [15/Nov/2008:04:15:24 -0800] "GET /jodera2/viewtopic.php?p=42434 HTTP/1.0" 200 36376 "-" "Mozilla/4.0 (compatible; MSIE 6.0; Windows NT 5.1; SV1)" "sancarloscity.org"
89.149.202.60 - - [15/Nov/2008:04:15:25 -0800] "POST /jodera2/posting.php HTTP/1.0" 200 11444 "http://www.sancarloscity.org/jodera2/posting.php?mode=newtopic&f=1&sid=358b9055b9ac2c8d8dd8afe4fac46670" "Mozilla/5.0 (Windows; U; Windows NT 5.1; en-US; rv:1.7.12) Gecko/20050915 Firefox/1.0.7" "www.sancarloscity.org"
94.102.60.74 - - [15/Nov/2008:04:15:25 -0800] "GET /jodera2/viewforum.php?f=9&sid=dc564630b2d7c11670569231c5594e0d HTTP/1.0" 200 11228 "-" "Mozilla/4.0 (compatible; MSIE 6.0; Windows NT 5.1; SV1)" "sancarloscity.org"
89.149.202.60 - - [15/Nov/2008:04:15:26 -0800] "GET /jodera2/viewtopic.php?p=42435 HTTP/1.0" 200 31548 "http://www.sancarloscity.org/viewtopic.php?p=42435#42435" "Mozilla/5.0 (Windows; U; Windows NT 5.1; en-US; rv:1.7.12) Gecko/20050915 Firefox/1.0.7" "www.sancarloscity.org"
94.102.60.74 - - [15/Nov/2008:04:15:46 -0800] "GET /jodera2/posting.php?mode=newtopic&f=21 HTTP/1.0" 200 41358 "-" "Mozilla/4.0 (compatible; MSIE 6.0; Windows NT 5.1; SV1)" "sancarloscity.org"
203.177.52.226 - - [15/Nov/2008:04:15:51 -0800] "GET /aboutsancarlos/ HTTP/1.0" 200 83799 "http://images.google.com.ph/imgres?imgurl=http://www.sancarloscity.org/misssancarlos2004/pageantnight/DSC02611.JPG&imgrefurl=http://www.sancarloscity.org/aboutsancarlos/&usg=__3DkGz1n4qZIfQy7ktX-JMwzABuY=&h=960&w=1280&sz=605&hl=en&start=60&um=1&tbnid=i-tfy2qPhos5JM:&tbnh=113&tbnw=150&prev=/images%3Fq%3Dmiss%2Bcebu%26start%3D54%26ndsp%3D18%26um%3D1%26hl%3Den%26sa%3DN" "Mozilla/5.0 (Windows; U; Windows NT 5.1; en-US; rv:1.9.0.3) Gecko/2008092417 Firefox/3.0.3" "www.sancarloscity.org"
203.177.52.226 - - [15/Nov/2008:04:15:51 -0800] "GET /misssancarlos2004/pageantnight/DSC02611.JPG HTTP/1.0" 200 619150 "http://images.google.com.ph/imgres?imgurl=http://www.sancarloscity.org/misssancarlos2004/pageantnight/DSC02611.JPG&imgrefurl=http://www.sancarloscity.org/aboutsancarlos/&h=960&w=1280&sz=605&tbnid=i-tfy2qPhos5JM:&tbnh=113&tbnw=150&hl=en&um=1&prev=/images%3Fq%3Dmiss%2Bcebu%26start%3D54%26ndsp%3D18%26um%3D1%26hl%3Den%26sa%3DN&frame=small" "Mozilla/5.0 (Windows; U; Windows NT 5.1; en-US; rv:1.9.0.3) Gecko/2008092417 Firefox/3.0.3" "sancarloscity.org"
78.157.143.212 - - [15/Nov/2008:04:15:56 -0800] "GET /jodera2/login.php HTTP/1.0" 200 13249 "-" "Mozilla/4.0 (compatible; MSIE 7.0; Windows NT 5.1; SV1; .NET CLR 2.0.50727)" "www.sancarloscity.org"
78.157.143.212 - - [15/Nov/2008:04:15:58 -0800] "POST /jodera2/login.php?sid=26feabacee3f4f5044685966b58df73d HTTP/1.0" 302 0 "http://www.sancarloscity.org/jodera2/login.php" "Mozilla/4.0 (compatible; MSIE 7.0; Windows NT 5.1; SV1; .NET CLR 2.0.50727)" "www.sancarloscity.org"
94.102.60.74 - - [15/Nov/2008:04:15:59 -0800] "GET /jodera2/index.php HTTP/1.0" 200 55268 "-" "Mozilla/4.0 (compatible; MSIE 6.0; Windows NT 5.1; SV1)" "sancarloscity.org"
94.102.60.74 - - [15/Nov/2008:04:16:01 -0800] "GET /jodera2//posting.php?mode=newtopic&f=21 HTTP/1.0" 200 41358 "-" "Mozilla/4.0 (compatible; MSIE 6.0; Windows NT 5.1; SV1)" "sancarloscity.org"
203.177.52.226 - - [15/Nov/2008:04:16:17 -0800] "GET /dot.gif HTTP/1.0" 200 54 "http://www.sancarloscity.org/aboutsancarlos/" "Mozilla/5.0 (Windows; U; Windows NT 5.1; en-US; rv:1.9.0.3) Gecko/2008092417 Firefox/3.0.3" "sancarloscity.org"
203.177.52.226 - - [15/Nov/2008:04:16:17 -0800] "GET /scci01.jpg HTTP/1.0" 200 40666 "http://www.sancarloscity.org/aboutsancarlos/" "Mozilla/5.0 (Windows; U; Windows NT 5.1; en-US; rv:1.9.0.3) Gecko/2008092417 Firefox/3.0.3" "sancarloscity.org"
203.177.52.226 - - [15/Nov/2008:04:16:17 -0800] "GET /banner/bannerdir.gif HTTP/1.0" 200 7375 "http://www.sancarloscity.org/aboutsancarlos/" "Mozilla/5.0 (Windows; U; Windows NT 5.1; en-US; rv:1.9.0.3) Gecko/2008092417 Firefox/3.0.3" "sancarloscity.org"
203.177.52.226 - - [15/Nov/2008:04:16:17 -0800] "GET /style.css HTTP/1.0" 200 17050 "http://www.sancarloscity.org/aboutsancarlos/" "Mozilla/5.0 (Windows; U; Windows NT 5.1; en-US; rv:1.9.0.3) Gecko/2008092417 Firefox/3.0.3" "www.sancarloscity.org"
203.177.52.226 - - [15/Nov/2008:04:16:19 -0800] "GET /aboutsancarlos/bro2.jpg HTTP/1.0" 200 45916 "http://www.sancarloscity.org/aboutsancarlos/" "Mozilla/5.0 (Windows; U; Windows NT 5.1; en-US; rv:1.9.0.3) Gecko/2008092417 Firefox/3.0.3" "sancarloscity.org"
203.177.52.226 - - [15/Nov/2008:04:16:19 -0800] "GET /aboutsancarlos/bro3.jpg HTTP/1.0" 200 49795 "http://www.sancarloscity.org/aboutsancarlos/" "Mozilla/5.0 (Windows; U; Windows NT 5.1; en-US; rv:1.9.0.3) Gecko/2008092417 Firefox/3.0.3" "sancarloscity.org"
203.177.52.226 - - [15/Nov/2008:04:16:19 -0800] "GET /aboutsancarlos/bro1.jpg HTTP/1.0" 200 40233 "http://www.sancarloscity.org/aboutsancarlos/" "Mozilla/5.0 (Windows; U; Windows NT 5.1; en-US; rv:1.9.0.3) Gecko/2008092417 Firefox/3.0.3" "sancarloscity.org"
203.177.52.226 - - [15/Nov/2008:04:16:19 -0800] "GET /aboutsancarlos/logsc.gif HTTP/1.0" 200 4614 "http://www.sancarloscity.org/aboutsancarlos/" "Mozilla/5.0 (Windows; U; Windows NT 5.1; en-US; rv:1.9.0.3) Gecko/2008092417 Firefox/3.0.3" "sancarloscity.org"
203.177.52.226 - - [15/Nov/2008:04:16:19 -0800] "GET /aboutsancarlos/sancarlos.gif HTTP/1.0" 200 18413 "http://www.sancarloscity.org/aboutsancarlos/" "Mozilla/5.0 (Windows; U; Windows NT 5.1; en-US; rv:1.9.0.3) Gecko/2008092417 Firefox/3.0.3" "sancarloscity.org"
203.177.52.226 - - [15/Nov/2008:04:16:19 -0800] "GET /aboutsancarlos/1stof.gif HTTP/1.0" 200 45962 "http://www.sancarloscity.org/aboutsancarlos/" "Mozilla/5.0 (Windows; U; Windows NT 5.1; en-US; rv:1.9.0.3) Gecko/2008092417 Firefox/3.0.3" "sancarloscity.org"
203.177.52.226 - - [15/Nov/2008:04:16:19 -0800] "GET /aboutsancarlos/aetas.gif HTTP/1.0" 200 19003 "http://www.sancarloscity.org/aboutsancarlos/" "Mozilla/5.0 (Windows; U; Windows NT 5.1; en-US; rv:1.9.0.3) Gecko/2008092417 Firefox/3.0.3" "sancarloscity.org"
203.177.52.226 - - [15/Nov/2008:04:16:19 -0800] "GET /pictures/oldpic/oldcityhall.jpg HTTP/1.0" 200 22790 "http://www.sancarloscity.org/aboutsancarlos/" "Mozilla/5.0 (Windows; U; Windows NT 5.1; en-US; rv:1.9.0.3) Gecko/2008092417 Firefox/3.0.3" "sancarloscity.org"
78.157.143.212 - - [15/Nov/2008:04:16:20 -0800] "GET /jodera2/index.php?sid=26feabacee3f4f5044685966b58df73d HTTP/1.0" 200 55278 "-" "Mozilla/4.0 (compatible; MSIE 7.0; Windows NT 5.1; SV1; .NET CLR 2.0.50727)" "www.sancarloscity.org"
78.157.143.212 - - [15/Nov/2008:04:16:20 -0800] "GET /jodera2/profile.php?mode=editprofile HTTP/1.0" 200 34886 "-" "Mozilla/4.0 (compatible; MSIE 7.0; Windows NT 5.1; SV1; .NET CLR 2.0.50727)" "www.sancarloscity.org"
203.177.52.226 - - [15/Nov/2008:04:16:20 -0800] "GET /pictures/oldpic/a1.jpg HTTP/1.0" 200 254084 "http://www.sancarloscity.org/aboutsancarlos/" "Mozilla/5.0 (Windows; U; Windows NT 5.1; en-US; rv:1.9.0.3) Gecko/2008092417 Firefox/3.0.3" "sancarloscity.org"
203.177.52.226 - - [15/Nov/2008:04:16:23 -0800] "GET /pictures/oldpic/pic9.jpg HTTP/1.0" 200 56872 "http://www.sancarloscity.org/aboutsancarlos/" "Mozilla/5.0 (Windows; U; Windows NT 5.1; en-US; rv:1.9.0.3) Gecko/2008092417 Firefox/3.0.3" "sancarloscity.org"
203.177.52.226 - - [15/Nov/2008:04:16:23 -0800] "GET /pictures/oldpic/pic10.jpg HTTP/1.0" 200 54638 "http://www.sancarloscity.org/aboutsancarlos/" "Mozilla/5.0 (Windows; U; Windows NT 5.1; en-US; rv:1.9.0.3) Gecko/2008092417 Firefox/3.0.3" "sancarloscity.org"
203.177.52.226 - - [15/Nov/2008:04:16:23 -0800] "GET /government/govban.gif HTTP/1.0" 200 7438 "http://www.sancarloscity.org/aboutsancarlos/" "Mozilla/5.0 (Windows; U; Windows NT 5.1; en-US; rv:1.9.0.3) Gecko/2008092417 Firefox/3.0.3" "sancarloscity.org"
203.177.52.226 - - [15/Nov/2008:04:16:23 -0800] "GET /pictures/oldpic/a2.jpg HTTP/1.0" 200 137782 "http://www.sancarloscity.org/aboutsancarlos/" "Mozilla/5.0 (Windows; U; Windows NT 5.1; en-US; rv:1.9.0.3) Gecko/2008092417 Firefox/3.0.3" "sancarloscity.org"
203.177.52.226 - - [15/Nov/2008:04:16:23 -0800] "GET /aboutsancarlos/sealscc.jpg HTTP/1.0" 200 338016 "http://www.sancarloscity.org/aboutsancarlos/" "Mozilla/5.0 (Windows; U; Windows NT 5.1; en-US; rv:1.9.0.3) Gecko/2008092417 Firefox/3.0.3" "sancarloscity.org"
203.177.52.226 - - [15/Nov/2008:04:16:23 -0800] "GET /aboutsancarlos/vgustilo.gif HTTP/1.0" 200 26992 "http://www.sancarloscity.org/aboutsancarlos/" "Mozilla/5.0 (Windows; U; Windows NT 5.1; en-US; rv:1.9.0.3) Gecko/2008092417 Firefox/3.0.3" "sancarloscity.org"
203.177.52.226 - - [15/Nov/2008:04:16:24 -0800] "GET /aboutsancarlos/sign.gif HTTP/1.0" 200 46007 "http://www.sancarloscity.org/aboutsancarlos/" "Mozilla/5.0 (Windows; U; Windows NT 5.1; en-US; rv:1.9.0.3) Gecko/2008092417 Firefox/3.0.3" "sancarloscity.org"
203.177.52.226 - - [15/Nov/2008:04:16:26 -0800] "GET /images/church2.jpg HTTP/1.0" 200 24545 "http://www.sancarloscity.org/aboutsancarlos/" "Mozilla/5.0 (Windows; U; Windows NT 5.1; en-US; rv:1.9.0.3) Gecko/2008092417 Firefox/3.0.3" "sancarloscity.org"
203.177.52.226 - - [15/Nov/2008:04:16:30 -0800] "GET /pintaflores/pf.gif HTTP/1.0" 200 1954 "http://www.sancarloscity.org/aboutsancarlos/" "Mozilla/5.0 (Windows; U; Windows NT 5.1; en-US; rv:1.9.0.3) Gecko/2008092417 Firefox/3.0.3" "sancarloscity.org"
203.177.52.226 - - [15/Nov/2008:04:16:31 -0800] "GET /pintaflores/Pintaflores1.jpg HTTP/1.0" 200 24049 "http://www.sancarloscity.org/aboutsancarlos/" "Mozilla/5.0 (Windows; U; Windows NT 5.1; en-US; rv:1.9.0.3) Gecko/2008092417 Firefox/3.0.3" "sancarloscity.org"
94.102.60.74 - - [15/Nov/2008:04:16:35 -0800] "GET /jodera2//viewforum.php?f=8&sid=dc564630b2d7c11670569231c5594e0d HTTP/1.0" 200 11228 "-" "Mozilla/4.0 (compatible; MSIE 6.0; Windows NT 5.1; SV1)" "sancarloscity.org"
94.102.60.74 - - [15/Nov/2008:04:16:51 -0800] "POST /jodera2//posting.php HTTP/1.0" 200 11441 "http://sancarloscity.org/jodera2//posting.php?mode=newtopic&f=21" "Mozilla/4.0 (compatible; MSIE 6.0; Windows NT 5.1; SV1)" "sancarloscity.org"
78.157.143.212 - - [15/Nov/2008:04:16:51 -0800] "GET /jodera2/index.php HTTP/1.0" 200 55279 "-" "Mozilla/4.0 (compatible; MSIE 7.0; Windows NT 5.1; SV1; .NET CLR 2.0.50727)" "www.sancarloscity.org"
78.157.143.212 - - [15/Nov/2008:04:17:05 -0800] "GET /jodera2/posting.php?mode=newtopic&f=1 HTTP/1.0" 200 41372 "-" "Mozilla/4.0 (compatible; MSIE 7.0; Windows NT 5.1; SV1; .NET CLR 2.0.50727)" "www.sancarloscity.org"
78.157.143.212 - - [15/Nov/2008:04:17:13 -0800] "GET /jodera2/index.php HTTP/1.0" 200 55279 "-" "Mozilla/4.0 (compatible; MSIE 7.0; Windows NT 5.1; SV1; .NET CLR 2.0.50727)" "www.sancarloscity.org"
72.30.79.34 - - [15/Nov/2008:04:17:31 -0800] "GET /picgallery/thumbnails.php?album=16&page=1 HTTP/1.0" 200 16406 "-" "Mozilla/5.0 (compatible; Yahoo! Slurp; http://help.yahoo.com/help/us/ysearch/slurp)" "www.sancarloscity.org"
84.244.189.99 - - [15/Nov/2008:04:17:59 -0800] "GET /forum2/index.php?automodule=blog&blogid=1&&req=printentry&eid=31 HTTP/1.1" 200 32271 "-" "Mozilla/4.0 (compatible; MSIE 6.0; Windows NT 5.1; SV1)" "www.sancarloscity.org"
84.16.230.111 - - [15/Nov/2008:04:18:03 -0800] "GET /jodera2/posting.php?mode=newtopic&f=1 HTTP/1.0" 302 0 "http://www.sancarloscity.org/jodera2/posting.php?mode=newtopic&f=1" "Mozilla/4.0 (compatible; MSIE 6.0; Windows NT 5.1; TheFreeDictionary.com; .NET CLR 1.1.4322; .NET CLR 1.0.3705; .NET CLR 2.0.50727)" "www.sancarloscity.org"
84.16.230.111 - - [15/Nov/2008:04:18:04 -0800] "GET /jodera2/login.php?redirect=posting.php&mode=newtopic&f=1&sid=341b1169ece699955c2fb8c97c284a67 HTTP/1.0" 200 12362 "http://www.sancarloscity.org/jodera2/login.php?redirect=posting.php&mode=newtopic&f=1&sid=341b1169ece699955c2fb8c97c284a67" "Mozilla/4.0 (compatible; MSIE 6.0; Windows NT 5.1; TheFreeDictionary.com; .NET CLR 1.1.4322; .NET CLR 1.0.3705; .NET CLR 2.0.50727)" "www.sancarloscity.org"
84.16.230.111 - - [15/Nov/2008:04:18:05 -0800] "POST /jodera2/login.php HTTP/1.0" 302 0 "http://www.sancarloscity.org/jodera2/login.php?redirect=posting.php&mode=newtopic&f=1&sid=341b1169ece699955c2fb8c97c284a67" "Mozilla/4.0 (compatible; MSIE 6.0; Windows NT 5.1; TheFreeDictionary.com; .NET CLR 1.1.4322; .NET CLR 1.0.3705; .NET CLR 2.0.50727)" "www.sancarloscity.org"
84.244.189.99 - - [15/Nov/2008:04:18:05 -0800] "GET /forum2/index.php?s=830eb61e65531cd0c655a06c11568f9d&automodule=blog&blogid=1&showentry=31 HTTP/1.1" 200 20817 "-" "Mozilla/4.0 (compatible; MSIE 6.0; Windows NT 5.1; SV1)" "www.sancarloscity.org"
84.16.230.111 - - [15/Nov/2008:04:18:05 -0800] "GET /jodera2/posting.php?mode=newtopic&f=1&sid=341b1169ece699955c2fb8c97c284a67 HTTP/1.0" 200 40970 "http://www.sancarloscity.org/jodera2/posting.php?mode=newtopic&f=1&sid=341b1169ece699955c2fb8c97c284a67" "Mozilla/4.0 (compatible; MSIE 6.0; Windows NT 5.1; TheFreeDictionary.com; .NET CLR 1.1.4322; .NET CLR 1.0.3705; .NET CLR 2.0.50727)" "www.sancarloscity.org"
121.170.11.100 - - [15/Nov/2008:04:18:10 -0800] "GET /logs/access_080929.log/index.php?sourcedir=http://www.geocities.com/kucluk_pamungkas/safe.txt??? HTTP/1.1" 404 768 "-" "libwww-perl/5.79" "www.sancarloscity.org"
77.222.131.35 - - [15/Nov/2008:04:18:17 -0800] "GET /skin/zero_vote/error.php?dir=http://siam2.com/ict/news/photo/.photo/cmdstring.swf? HTTP/1.1" 404 760 "-" "libwww-perl/5.805" "www.sancarloscity.org"
84.16.230.111 - - [15/Nov/2008:04:18:17 -0800] "POST /jodera2/posting.php HTTP/1.0" 200 11444 "http://www.sancarloscity.org/jodera2/posting.php?mode=newtopic&f=1&sid=341b1169ece699955c2fb8c97c284a67" "Mozilla/4.0 (compatible; MSIE 6.0; Windows NT 5.1; TheFreeDictionary.com; .NET CLR 1.1.4322; .NET CLR 1.0.3705; .NET CLR 2.0.50727)" "www.sancarloscity.org"
84.16.230.111 - - [15/Nov/2008:04:18:18 -0800] "GET /jodera2/viewtopic.php?p=42437 HTTP/1.0" 200 31366 "http://www.sancarloscity.org/viewtopic.php?p=42437#42437" "Mozilla/4.0 (compatible; MSIE 6.0; Windows NT 5.1; TheFreeDictionary.com; .NET CLR 1.1.4322; .NET CLR 1.0.3705; .NET CLR 2.0.50727)" "www.sancarloscity.org"
219.117.252.226 - - [15/Nov/2008:04:18:49 -0800] "GET /logs/access_080305.log/start.php?lang=http://dwcable.co.kr/technote/board/.or/id.txt?? HTTP/1.1" 404 768 "-" "libwww-perl/5.803" "www.sancarloscity.org"
219.117.252.226 - - [15/Nov/2008:04:18:50 -0800] "GET /start.php?lang=http://dwcable.co.kr/technote/board/.or/id.txt?? HTTP/1.1" 404 758 "-" "libwww-perl/5.803" "www.sancarloscity.org"
219.117.252.226 - - [15/Nov/2008:04:18:50 -0800] "GET /logs/start.php?lang=http://dwcable.co.kr/technote/board/.or/id.txt?? HTTP/1.1" 404 763 "-" "libwww-perl/5.803" "www.sancarloscity.org"
86.109.103.251 - - [15/Nov/2008:04:19:06 -0800] "GET /logs/access_081101.log/modules/vwar/convert/mvcw_conver.php?step=1&vwar_root=http://www.samilglass.com/images/bratid.txt??? HTTP/1.1" 404 795 "-" "libwww-perl/5.805" "www.sancarloscity.org"
86.109.103.251 - - [15/Nov/2008:04:19:07 -0800] "GET /modules/vwar/convert/mvcw_conver.php?step=1&vwar_root=http://www.samilglass.com/images/bratid.txt??? HTTP/1.1" 404 772 "-" "libwww-perl/5.805" "www.sancarloscity.org"
86.109.103.251 - - [15/Nov/2008:04:19:07 -0800] "GET /logs/modules/vwar/convert/mvcw_conver.php?step=1&vwar_root=http://www.samilglass.com/images/bratid.txt??? HTTP/1.1" 404 777 "-" "libwww-perl/5.805" "www.sancarloscity.org"
72.30.79.34 - - [15/Nov/2008:04:19:26 -0800] "GET /listings/classified/detail.php?id=7 HTTP/1.0" 200 12292 "-" "Mozilla/5.0 (compatible; Yahoo! Slurp; http://help.yahoo.com/help/us/ysearch/slurp)" "www.sancarloscity.org"
82.99.30.44 - - [15/Nov/2008:04:19:34 -0800] "GET /jodera2/viewtopic.php?p=38434 HTTP/1.0" 200 85085 "-" "Mozilla/4.0 (compatible; MSIE 6.0; Windows NT 5.1)" "www.sancarloscity.org"
61.152.144.67 - - [15/Nov/2008:04:20:06 -0800] "GET /logs//convert/mvcw.php?step=1&vwar_root=http://www.keoeeit.com/go/readme.txt???? HTTP/1.1" 404 758 "-" "libwww-perl/5.805" "www.sancarloscity.org"
61.152.144.67 - - [15/Nov/2008:04:20:06 -0800] "GET /convert/mvcw.php?step=1&vwar_root=http://www.keoeeit.com/go/readme.txt???? HTTP/1.1" 404 752 "-" "libwww-perl/5.805" "www.sancarloscity.org"
61.152.144.67 - - [15/Nov/2008:04:20:06 -0800] "GET /logs/access_080831.log//convert/mvcw.php?step=1&vwar_root=http://www.keoeeit.com/go/readme.txt???? HTTP/1.1" 404 776 "-" "libwww-perl/5.805" "www.sancarloscity.org"
72.249.33.216 - - [15/Nov/2008:04:20:17 -0800] "GET /logs/access.log//components/com_zoom/includes/database.php?mosConfig_absolute_path=http://www.soaresdacosta.pt/readme.txt?? HTTP/1.1" 404 794 "-" "libwww-perl/5.808" "www.sancarloscity.org"
72.249.33.216 - - [15/Nov/2008:04:20:17 -0800] "GET /components/com_zoom/includes/database.php?mosConfig_absolute_path=http://www.soaresdacosta.pt/readme.txt?? HTTP/1.1" 404 777 "-" "libwww-perl/5.808" "www.sancarloscity.org"
72.249.33.216 - - [15/Nov/2008:04:20:17 -0800] "GET /logs//components/com_zoom/includes/database.php?mosConfig_absolute_path=http://www.soaresdacosta.pt/readme.txt?? HTTP/1.1" 404 783 "-" "libwww-perl/5.808" "www.sancarloscity.org"
91.124.90.128 - - [15/Nov/2008:04:20:20 -0800] "GET /jodera2/viewtopic.php?p=31382 HTTP/1.1" 200 84246 "http://www.google.ru/search?hl=ru&q=%D0%BF%D1%89%D1%80%D0%BD%D0%BE+%D0%BC%D0%B0%D0%BB%D0%BE%D0%BB%D0%B5%D1%82%D0%BA%D0%B8+%D1%84i%D0%BB%D1%8C%D0%BC%D0%B8+%D1%81%D0%BC%D0%BE%D1%82%D1%80%D0%B5%D1%82%D1%8C&btnG=%D0%9F%D0%BE%D0%B8%D1%81%D0%BA+%D0%B2+Google&lr=&aq=f&oq=" "Opera/9.27 (Windows NT 5.1; U; ru)" "www.sancarloscity.org"
91.124.90.128 - - [15/Nov/2008:04:20:24 -0800] "GET /jodera2/templates/Cobalt/Cobalt.css HTTP/1.1" 200 15663 "http://www.sancarloscity.org/jodera2/viewtopic.php?p=31382" "Opera/9.27 (Windows NT 5.1; U; ru)" "www.sancarloscity.org"
65.55.210.91 - - [15/Nov/2008:04:20:25 -0800] "GET /listings/listing/results.php?letter=no&category_id=722 HTTP/1.1" 200 25598 "-" "msnbot/1.1 (+http://search.msn.com/msnbot.htm)" "www.sancarloscity.org"
91.124.90.128 - - [15/Nov/2008:04:20:26 -0800] "GET /jodera2/templates/Cobalt/images/icon_mini_faq.gif HTTP/1.1" 200 706 "http://www.sancarloscity.org/jodera2/viewtopic.php?p=31382" "Opera/9.27 (Windows NT 5.1; U; ru)" "sancarloscity.org"
91.124.90.128 - - [15/Nov/2008:04:20:26 -0800] "GET /jodera2/templates/Cobalt/images/logo_phpbb.jpg HTTP/1.1" 200 8430 "http://www.sancarloscity.org/jodera2/viewtopic.php?p=31382" "Opera/9.27 (Windows NT 5.1; U; ru)" "sancarloscity.org"
91.124.90.128 - - [15/Nov/2008:04:20:26 -0800] "GET /jodera2/templates/Cobalt/images/spacer.gif HTTP/1.1" 200 49 "http://www.sancarloscity.org/jodera2/viewtopic.php?p=31382" "Opera/9.27 (Windows NT 5.1; U; ru)" "sancarloscity.org"
91.124.90.128 - - [15/Nov/2008:04:20:27 -0800] "GET /jodera2/templates/Cobalt/images/icon_mini_register.gif HTTP/1.1" 200 705 "http://www.sancarloscity.org/jodera2/viewtopic.php?p=31382" "Opera/9.27 (Windows NT 5.1; U; ru)" "sancarloscity.org"
91.124.90.128 - - [15/Nov/2008:04:20:27 -0800] "GET /jodera2/joderaban.gif HTTP/1.1" 200 598991 "http://www.sancarloscity.org/jodera2/viewtopic.php?p=31382" "Opera/9.27 (Windows NT 5.1; U; ru)" "sancarloscity.org"
